Jan 14 19:41:50.304080 dv-neutron-824773-1-hyperv neutron-server[110251]: DEBUG neutron.api.rpc.handlers.resources_rpc [None req-98813e2b-76aa-4fcf-a39d-faf6c27be0fe admin admin] Pushing event updated for resources: {'SecurityGroup': ['ID=f58095c4-b1a3-4b58-a476-67858b11916d,revision_number=1']} {{(pid=110251) push /opt/stack/neutron/neutron/api/rpc/handlers/resources_rpc.py:237}}
Jan 14 19:41:50.323684 dv-neutron-824773-1-hyperv neutron-server[110253]: DEBUG neutron.scheduler.dhcp_agent_scheduler [None req-1dd6cc4b-37c8-4634-a15b-e439ae3524be None None] Network 4a011eef-435b-4c58-8c06-66d2a2ff49b7 is already hosted by enough agents. {{(pid=110253) _get_dhcp_agents_hosting_network /opt/stack/neutron/neutron/scheduler/dhcp_agent_scheduler.py:275}}
Jan 14 19:41:50.352166 dv-neutron-824773-1-hyperv neutron-server[110252]: DEBUG neutron.scheduler.l3_agent_scheduler [None req-cceb333e-8f2f-4e9d-be1c-fdabfbc89dbb admin admin] Router 431f4892-363b-4c23-a42d-35f9c6ebaa5d has already been hosted by L3 agent 4a8cf46b-b96a-4c1e-9f17-892996729392 {{(pid=110252) _get_candidates /opt/stack/neutron/neutron/scheduler/l3_agent_scheduler.py:126}}
Jan 14 19:41:50.413981 dv-neutron-824773-1-hyperv neutron-server[110253]: DEBUG neutron.scheduler.base_scheduler [None req-1dd6cc4b-37c8-4634-a15b-e439ae3524be None None] Resources bound (agent type, host, resource id): {{(pid=110253) schedule /opt/stack/neutron/neutron/scheduler/base_scheduler.py:57}}
Jan 14 19:41:50.421548 dv-neutron-824773-1-hyperv neutron-server[110253]: DEBUG neutron.db.l3_dvrscheduler_db [None req-1dd6cc4b-37c8-4634-a15b-e439ae3524be None None] Received port after_create {{(pid=110253) _notify_l3_agent_new_port /opt/stack/neutron/neutron/db/l3_dvrscheduler_db.py:535}}
Jan 14 19:41:50.460168 dv-neutron-824773-1-hyperv neutron-server[110252]: DEBUG neutron_lib.callbacks.manager [None req-35afa232-c870-427d-ae4a-90c08861671f admin admin] Publish callbacks ['neutron.plugins.ml2.ovo_rpc._ObjectChangeHandler.handle_event-2039113'] for security_group (f58095c4-b1a3-4b58-a476-67858b11916d), after_delete {{(pid=110252) _notify_loop /usr/local/lib/python3.8/dist-packages/neutron_lib/callbacks/manager.py:176}}
Jan 14 19:41:50.461853 dv-neutron-824773-1-hyperv neutron-server[110253]: DEBUG neutron.db.provisioning_blocks [None req-00fb4086-d8b2-4a95-8cca-1848c7c1a5ed None None] Provisioning complete for port f9ba4b0e-13b4-4886-97db-c29b67ba2959 triggered by entity DHCP. {{(pid=110253) provisioning_complete /opt/stack/neutron/neutron/db/provisioning_blocks.py:139}}
Jan 14 19:41:50.462249 dv-neutron-824773-1-hyperv neutron-server[110253]: DEBUG neutron_lib.callbacks.manager [None req-00fb4086-d8b2-4a95-8cca-1848c7c1a5ed None None] Publish callbacks ['neutron.plugins.ml2.plugin.Ml2Plugin._port_provisioned-581728'] for port (f9ba4b0e-13b4-4886-97db-c29b67ba2959), provisioning_complete {{(pid=110253) _notify_loop /usr/local/lib/python3.8/dist-packages/neutron_lib/callbacks/manager.py:176}}
Jan 14 19:41:50.463250 dv-neutron-824773-1-hyperv neutron-server[110252]: DEBUG neutron_lib.callbacks.manager [None req-35afa232-c870-427d-ae4a-90c08861671f admin admin] Publish callbacks [] for security_group (None), before_response {{(pid=110252) _notify_loop /usr/local/lib/python3.8/dist-packages/neutron_lib/callbacks/manager.py:176}}
Jan 14 19:41:50.466334 dv-neutron-824773-1-hyperv neutron-server[110252]: INFO neutron.wsgi [None req-35afa232-c870-427d-ae4a-90c08861671f admin admin] 10.222.0.73 "DELETE /v2.0/security-groups/f58095c4-b1a3-4b58-a476-67858b11916d HTTP/1.1" status: 204 len: 168 time: 0.8700805
Jan 14 19:41:50.512295 dv-neutron-824773-1-hyperv neutron-server[110252]: DEBUG neutron.api.rpc.handlers.resources_rpc [None req-35afa232-c870-427d-ae4a-90c08861671f admin admin] Pushing event deleted for resources: {'SecurityGroup': ['ID=f58095c4-b1a3-4b58-a476-67858b11916d,revision_number=None']} {{(pid=110252) push /opt/stack/neutron/neutron/api/rpc/handlers/resources_rpc.py:237}}
Jan 14 19:41:50.674833 dv-neutron-824773-1-hyperv neutron-server[110254]: DEBUG neutron.api.rpc.handlers.l3_rpc [None req-8acfb96e-06a9-4dfc-8cb5-34a975815894 None None] Sync routers for ids ['7e1932b5-7163-43ff-bbe3-1fd3607dab80'] in dv-neutron-824773-1-hyperv {{(pid=110254) sync_routers /opt/stack/neutron/neutron/api/rpc/handlers/l3_rpc.py:125}}
Jan 14 19:41:50.674833 dv-neutron-824773-1-hyperv neutron-server[110254]: DEBUG neutron.db.l3_dvrscheduler_db [None req-8acfb96e-06a9-4dfc-8cb5-34a975815894 None None] Routers {'7e1932b5-7163-43ff-bbe3-1fd3607dab80'} bound to L3 agent in host dv-neutron-824773-1-hyperv {{(pid=110254) _get_router_ids_for_agent /opt/stack/neutron/neutron/db/l3_dvrscheduler_db.py:420}}
Jan 14 19:41:50.674833 dv-neutron-824773-1-hyperv neutron-server[110254]: DEBUG neutron.db.l3_hamode_db [None req-8acfb96e-06a9-4dfc-8cb5-34a975815894 None None] neutron.services.l3_router.l3_router_plugin.L3RouterPlugin method get_ha_sync_data_for_host called with arguments (, 'dv-neutron-824773-1-hyperv', Agent(admin_state_up=True,agent_type='L3 agent',availability_zone='nova',binary='neutron-l3-agent',configurations={"agent_mode": "legacy", "ex_gw_ports": 1, "extensions": [], "floating_ips": 0, "handle_internal_only_routers": true, "interface_driver": "openvswitch", "interfaces": 1, "log_agent_heartbeats": false, "routers": 1},created_at=2022-01-14T19:33:43Z,description=,heartbeat_timestamp=2022-01-14T19:41:43Z,host='dv-neutron-824773-1-hyperv',id=4a8cf46b-b96a-4c1e-9f17-892996729392,load=0,resource_versions=,resources_synced=,started_at=2022-01-14T19:33:44Z,topic='l3_agent')) {'router_ids': ['7e1932b5-7163-43ff-bbe3-1fd3607dab80'], 'active': True} {{(pid=110254) wrapper /usr/local/lib/python3.8/dist-packages/oslo_log/helpers.py:65}}
Jan 14 19:41:50.731700 dv-neutron-824773-1-hyperv neutron-server[110251]: DEBUG neutron.plugins.ml2.plugin [None req-e8e8e635-49e0-4fc6-8c4c-32b9f599b53f tempest-DHCPAgentSchedulersTestJSON-1887058377 tempest-DHCPAgentSchedulersTestJSON-1887058377-project] Deleting port 0c841cdd-085d-42c1-a26d-2cbbe98a030c {{(pid=110251) _pre_delete_port /opt/stack/neutron/neutron/plugins/ml2/plugin.py:1959}}
Jan 14 19:41:50.731700 dv-neutron-824773-1-hyperv neutron-server[110251]: DEBUG neutron_lib.callbacks.manager [None req-e8e8e635-49e0-4fc6-8c4c-32b9f599b53f tempest-DHCPAgentSchedulersTestJSON-1887058377 tempest-DHCPAgentSchedulersTestJSON-1887058377-project] Publish callbacks ['neutron.db.l3_db.L3_NAT_dbonly_mixin._prevent_l3_port_delete_callback-8791006682076'] for port (0c841cdd-085d-42c1-a26d-2cbbe98a030c), before_delete {{(pid=110251) _notify_loop /usr/local/lib/python3.8/dist-packages/neutron_lib/callbacks/manager.py:176}}
Jan 14 19:41:50.732790 dv-neutron-824773-1-hyperv neutron-server[110253]: DEBUG neutron.api.rpc.handlers.resources_rpc [None req-1dd6cc4b-37c8-4634-a15b-e439ae3524be None None] Pushing event updated for resources: {'Port': ['ID=64d9fc00-6b17-4ada-afa3-11b71d9273e1,revision_number=1']} {{(pid=110253) push /opt/stack/neutron/neutron/api/rpc/handlers/resources_rpc.py:237}}
Jan 14 19:41:50.732790 dv-neutron-824773-1-hyperv neutron-server[110253]: DEBUG neutron.plugins.ml2.managers [None req-1dd6cc4b-37c8-4634-a15b-e439ae3524be None None] Attempting to bind port 64d9fc00-6b17-4ada-afa3-11b71d9273e1 on host dv-neutron-824773-1-hyperv for vnic_type normal with profile {{(pid=110253) bind_port /opt/stack/neutron/neutron/plugins/ml2/managers.py:795}}
Jan 14 19:41:50.732790 dv-neutron-824773-1-hyperv neutron-server[110253]: DEBUG neutron.plugins.ml2.managers [None req-1dd6cc4b-37c8-4634-a15b-e439ae3524be None None] Attempting to bind port 64d9fc00-6b17-4ada-afa3-11b71d9273e1 by drivers openvswitch,hyperv on host dv-neutron-824773-1-hyperv at level 0 using segments [{'id': '0d42b53c-f6d1-4a04-b872-b6bfb37d22c5', 'network_type': 'vlan', 'physical_network': 'physnet1', 'segmentation_id': 74, 'network_id': '4a011eef-435b-4c58-8c06-66d2a2ff49b7'}] {{(pid=110253) _bind_port_level /opt/stack/neutron/neutron/plugins/ml2/managers.py:820}}
Jan 14 19:41:50.732790 dv-neutron-824773-1-hyperv neutron-server[110253]: DEBUG neutron.plugins.ml2.drivers.mech_agent [None req-1dd6cc4b-37c8-4634-a15b-e439ae3524be None None] Attempting to bind port 64d9fc00-6b17-4ada-afa3-11b71d9273e1 on network 4a011eef-435b-4c58-8c06-66d2a2ff49b7 {{(pid=110253) bind_port /opt/stack/neutron/neutron/plugins/ml2/drivers/mech_agent.py:91}}
Jan 14 19:41:50.734588 dv-neutron-824773-1-hyperv neutron-server[110252]: DEBUG neutron.api.rpc.agentnotifiers.l3_rpc_agent_api [None req-cceb333e-8f2f-4e9d-be1c-fdabfbc89dbb admin admin] Notify agent at l3_agent.dv-neutron-824773-1-hyperv the message routers_updated {{(pid=110252) _agent_notification /opt/stack/neutron/neutron/api/rpc/agentnotifiers/l3_rpc_agent_api.py:65}}
Jan 14 19:41:50.734588 dv-neutron-824773-1-hyperv neutron-server[110252]: INFO neutron.wsgi [None req-cceb333e-8f2f-4e9d-be1c-fdabfbc89dbb admin admin] 10.222.0.73 "PUT /v2.0/routers/431f4892-363b-4c23-a42d-35f9c6ebaa5d/add_router_interface HTTP/1.1" status: 200 len: 503 time: 7.3284950
Jan 14 19:41:50.735093 dv-neutron-824773-1-hyperv neutron-server[110253]: DEBUG neutron.api.rpc.handlers.l3_rpc [None req-e706a2cd-3261-41c3-838f-45ad7b166c6e None None] Sync routers for ids ['431f4892-363b-4c23-a42d-35f9c6ebaa5d'] in dv-neutron-824773-1-hyperv {{(pid=110253) sync_routers /opt/stack/neutron/neutron/api/rpc/handlers/l3_rpc.py:125}}
Jan 14 19:41:50.735093 dv-neutron-824773-1-hyperv neutron-server[110253]: DEBUG neutron.plugins.ml2.drivers.mech_agent [None req-1dd6cc4b-37c8-4634-a15b-e439ae3524be None None] Checking agent: {'id': 'b17ff777-71c4-4a6c-917a-2f7abeef08b2', 'agent_type': 'Open vSwitch agent', 'binary': 'neutron-openvswitch-agent', 'topic': 'N/A', 'host': 'dv-neutron-824773-1-hyperv', 'admin_state_up': True, 'created_at': datetime.datetime(2022, 1, 14, 19, 33, 47), 'started_at': datetime.datetime(2022, 1, 14, 19, 34, 17), 'heartbeat_timestamp': datetime.datetime(2022, 1, 14, 19, 41, 47), 'description': None, 'resources_synced': None, 'availability_zone': None, 'alive': True, 'configurations': {'arp_responder_enabled': False, 'baremetal_smartnic': False, 'bridge_mappings': {'physnet1': 'br-data'}, 'datapath_type': 'system', 'devices': 0, 'enable_distributed_routing': False, 'extensions': [], 'in_distributed_mode': False, 'integration_bridge': 'br-int', 'l2_population': False, 'log_agent_heartbeats': False, 'ovs_capabilities': {'datapath_types': ['netdev', 'system'], 'iface_types': ['erspan', 'geneve', 'gre', 'internal', 'ip6erspan', 'ip6gre', 'lisp', 'patch', 'stt', 'system', 'tap', 'vxlan']}, 'ovs_hybrid_plug': False, 'resource_provider_bandwidths': {}, 'resource_provider_hypervisors': {'br-data': 'dv-neutron-824773-1-hyperv'}, 'resource_provider_inventory_defaults': {'allocation_ratio': 1.0, 'min_unit': 1, 'step_size': 1, 'reserved': 0}, 'resource_provider_packet_processing_inventory_defaults': {'allocation_ratio': 1.0, 'min_unit': 1, 'step_size': 1, 'reserved': 0}, 'resource_provider_packet_processing_with_direction': {}, 'resource_provider_packet_processing_without_direction': {}, 'tunnel_types': [], 'tunneling_ip': None, 'vhostuser_socket_dir': '/var/run/openvswitch'}, 'resource_versions': {'AddressGroup': '1.2', 'ConntrackHelper': '1.0', 'LocalIPAssociation': '1.0', 'Log': '1.0', 'Network': '1.1', 'Port': '1.7', 'PortForwarding': '1.2', 'QosPolicy': '1.10', 'SecurityGroup': '1.5', 'SecurityGroupRule': '1.2', 'SubPort': '1.0', 'Subnet': '1.1', 'Trunk': '1.1'}} {{(pid=110253) bind_port /opt/stack/neutron/neutron/plugins/ml2/drivers/mech_agent.py:110}}
Jan 14 19:41:50.735093 dv-neutron-824773-1-hyperv neutron-server[110253]: DEBUG neutron.plugins.ml2.drivers.mech_agent [None req-1dd6cc4b-37c8-4634-a15b-e439ae3524be None None] Checking segment: {'id': '0d42b53c-f6d1-4a04-b872-b6bfb37d22c5', 'network_type': 'vlan', 'physical_network': 'physnet1', 'segmentation_id': 74, 'network_id': '4a011eef-435b-4c58-8c06-66d2a2ff49b7'} for mappings: {'physnet1': 'br-data'} with network types: ['local', 'flat', 'vlan'] {{(pid=110253) check_segment_for_agent /opt/stack/neutron/neutron/plugins/ml2/drivers/mech_agent.py:371}}
Jan 14 19:41:50.735093 dv-neutron-824773-1-hyperv neutron-server[110253]: DEBUG neutron_lib.callbacks.manager [None req-1dd6cc4b-37c8-4634-a15b-e439ae3524be None None] Publish callbacks [] for ovs_bridge_name (None), before_read {{(pid=110253) _notify_loop /usr/local/lib/python3.8/dist-packages/neutron_lib/callbacks/manager.py:176}}
Jan 14 19:41:50.735093 dv-neutron-824773-1-hyperv neutron-server[110253]: DEBUG neutron.plugins.ml2.drivers.mech_agent [None req-1dd6cc4b-37c8-4634-a15b-e439ae3524be None None] Bound using segment: {'id': '0d42b53c-f6d1-4a04-b872-b6bfb37d22c5', 'network_type': 'vlan', 'physical_network': 'physnet1', 'segmentation_id': 74, 'network_id': '4a011eef-435b-4c58-8c06-66d2a2ff49b7'} {{(pid=110253) bind_port /opt/stack/neutron/neutron/plugins/ml2/drivers/mech_agent.py:120}}
Jan 14 19:41:50.735093 dv-neutron-824773-1-hyperv neutron-server[110253]: DEBUG neutron.plugins.ml2.managers [None req-1dd6cc4b-37c8-4634-a15b-e439ae3524be None None] Bound port: 64d9fc00-6b17-4ada-afa3-11b71d9273e1, host: dv-neutron-824773-1-hyperv, vif_type: ovs, vif_details: {"connectivity": "l2", "port_filter": true, "ovs_hybrid_plug": false, "datapath_type": "system", "bridge_name": "br-int"}, binding_levels: [{'bound_driver': 'openvswitch', 'bound_segment': {'id': '0d42b53c-f6d1-4a04-b872-b6bfb37d22c5', 'network_type': 'vlan', 'physical_network': 'physnet1', 'segmentation_id': 74, 'network_id': '4a011eef-435b-4c58-8c06-66d2a2ff49b7'}}] {{(pid=110253) _bind_port_level /opt/stack/neutron/neutron/plugins/ml2/managers.py:932}}
Jan 14 19:41:50.735093 dv-neutron-824773-1-hyperv neutron-server[110253]: DEBUG neutron_lib.callbacks.manager [None req-1dd6cc4b-37c8-4634-a15b-e439ae3524be None None] Publish callbacks ['neutron.plugins.ml2.plugin.SecurityGroupDbMixin._ensure_default_security_group_handler-934861'] for port (64d9fc00-6b17-4ada-afa3-11b71d9273e1), before_update {{(pid=110253) _notify_loop /usr/local/lib/python3.8/dist-packages/neutron_lib/callbacks/manager.py:176}}
Jan 14 19:41:50.769201 dv-neutron-824773-1-hyperv neutron-server[110253]: DEBUG neutron.plugins.ml2.rpc [None req-fbc84b6d-cc8d-4c58-bebc-99677015f365 None None] Device 188a53a5-aacc-487c-8250-9d6602b1d262 up at agent ovs-agent-dv-neutron-824773-1-hyperv {{(pid=110253) update_device_up /opt/stack/neutron/neutron/plugins/ml2/rpc.py:296}}
Jan 14 19:41:50.810791 dv-neutron-824773-1-hyperv neutron-server[110254]: DEBUG neutron.db.l3_dvr_db [None req-8acfb96e-06a9-4dfc-8cb5-34a975815894 None None] Set router 7e1932b5-7163-43ff-bbe3-1fd3607dab80 gateway port host: dv-neutron-824773-1-hyperv {{(pid=110254) _build_routers_list /opt/stack/neutron/neutron/db/l3_dvr_db.py:906}}
Jan 14 19:41:50.854837 dv-neutron-824773-1-hyperv neutron-server[110251]: DEBUG neutron_lib.callbacks.manager [None req-e8e8e635-49e0-4fc6-8c4c-32b9f599b53f tempest-DHCPAgentSchedulersTestJSON-1887058377 tempest-DHCPAgentSchedulersTestJSON-1887058377-project] Publish callbacks ['neutron.services.l3_router.l3_router_plugin.L3_NAT_dbonly_mixin._precommit_delete_port_callback-2060379'] for port (0c841cdd-085d-42c1-a26d-2cbbe98a030c), precommit_delete {{(pid=110251) _notify_loop /usr/local/lib/python3.8/dist-packages/neutron_lib/callbacks/manager.py:176}}
Jan 14 19:41:50.899400 dv-neutron-824773-1-hyperv neutron-server[110253]: DEBUG neutron.db.l3_dvrscheduler_db [None req-e706a2cd-3261-41c3-838f-45ad7b166c6e None None] Routers {'431f4892-363b-4c23-a42d-35f9c6ebaa5d'} bound to L3 agent in host dv-neutron-824773-1-hyperv {{(pid=110253) _get_router_ids_for_agent /opt/stack/neutron/neutron/db/l3_dvrscheduler_db.py:420}}
Jan 14 19:41:50.901989 dv-neutron-824773-1-hyperv neutron-server[110253]: DEBUG neutron.db.l3_hamode_db [None req-e706a2cd-3261-41c3-838f-45ad7b166c6e None None] neutron.services.l3_router.l3_router_plugin.L3RouterPlugin method get_ha_sync_data_for_host called with arguments (, 'dv-neutron-824773-1-hyperv', Agent(admin_state_up=True,agent_type='L3 agent',availability_zone='nova',binary='neutron-l3-agent',configurations={"agent_mode": "legacy", "ex_gw_ports": 1, "extensions": [], "floating_ips": 0, "handle_internal_only_routers": true, "interface_driver": "openvswitch", "interfaces": 1, "log_agent_heartbeats": false, "routers": 1},created_at=2022-01-14T19:33:43Z,description=,heartbeat_timestamp=2022-01-14T19:41:43Z,host='dv-neutron-824773-1-hyperv',id=4a8cf46b-b96a-4c1e-9f17-892996729392,load=0,resource_versions=,resources_synced=,started_at=2022-01-14T19:33:44Z,topic='l3_agent')) {'router_ids': ['431f4892-363b-4c23-a42d-35f9c6ebaa5d'], 'active': True} {{(pid=110253) wrapper /usr/local/lib/python3.8/dist-packages/oslo_log/helpers.py:65}}
Jan 14 19:41:50.901989 dv-neutron-824773-1-hyperv neutron-server[110253]: DEBUG neutron.plugins.ml2.plugin [None req-00fb4086-d8b2-4a95-8cca-1848c7c1a5ed None None] Current status of the port f9ba4b0e-13b4-4886-97db-c29b67ba2959 is: ACTIVE; New status is: ACTIVE {{(pid=110253) _update_individual_port_db_status /opt/stack/neutron/neutron/plugins/ml2/plugin.py:2213}}
Jan 14 19:41:50.915040 dv-neutron-824773-1-hyperv neutron-server[110252]: DEBUG neutron.wsgi [-] (110252) accepted ('10.222.0.73', 54230) {{(pid=110252) server /usr/local/lib/python3.8/dist-packages/eventlet/wsgi.py:1004}}
Jan 14 19:41:50.935017 dv-neutron-824773-1-hyperv neutron-server[110252]: DEBUG neutron_lib.callbacks.manager [None req-887218fa-3d10-45d8-947f-9194c751cced admin admin] Publish callbacks [] for security_group (None), before_create {{(pid=110252) _notify_loop /usr/local/lib/python3.8/dist-packages/neutron_lib/callbacks/manager.py:176}}
Jan 14 19:41:50.977884 dv-neutron-824773-1-hyperv neutron-server[110251]: DEBUG neutron.plugins.ml2.plugin [None req-e8e8e635-49e0-4fc6-8c4c-32b9f599b53f tempest-DHCPAgentSchedulersTestJSON-1887058377 tempest-DHCPAgentSchedulersTestJSON-1887058377-project] Calling delete_port for 0c841cdd-085d-42c1-a26d-2cbbe98a030c owned by {{(pid=110251) delete_port /opt/stack/neutron/neutron/plugins/ml2/plugin.py:2037}}
Jan 14 19:41:51.033144 dv-neutron-824773-1-hyperv neutron-server[110253]: DEBUG neutron.db.provisioning_blocks [None req-00fb4086-d8b2-4a95-8cca-1848c7c1a5ed None None] Provisioning complete for port 0c841cdd-085d-42c1-a26d-2cbbe98a030c triggered by entity DHCP. {{(pid=110253) provisioning_complete /opt/stack/neutron/neutron/db/provisioning_blocks.py:139}}
Jan 14 19:41:51.033570 dv-neutron-824773-1-hyperv neutron-server[110253]: DEBUG neutron_lib.callbacks.manager [None req-00fb4086-d8b2-4a95-8cca-1848c7c1a5ed None None] Publish callbacks ['neutron.plugins.ml2.plugin.Ml2Plugin._port_provisioned-581728'] for port (0c841cdd-085d-42c1-a26d-2cbbe98a030c), provisioning_complete {{(pid=110253) _notify_loop /usr/local/lib/python3.8/dist-packages/neutron_lib/callbacks/manager.py:176}}
Jan 14 19:41:51.108660 dv-neutron-824773-1-hyperv neutron-server[110252]: DEBUG neutron_lib.callbacks.manager [None req-887218fa-3d10-45d8-947f-9194c751cced admin admin] Publish callbacks [] for security_group (25bfbe35-97fa-42d8-94cc-c3e836195c81), precommit_create {{(pid=110252) _notify_loop /usr/local/lib/python3.8/dist-packages/neutron_lib/callbacks/manager.py:176}}
Jan 14 19:41:51.143010 dv-neutron-824773-1-hyperv neutron-server[110253]: DEBUG neutron.plugins.ml2.plugin [None req-00fb4086-d8b2-4a95-8cca-1848c7c1a5ed None None] Port 0c841cdd-085d-42c1-a26d-2cbbe98a030c cannot update to ACTIVE because it is not bound. {{(pid=110253) _port_provisioned /opt/stack/neutron/neutron/plugins/ml2/plugin.py:342}}
Jan 14 19:41:51.190995 dv-neutron-824773-1-hyperv neutron-server[110254]: DEBUG neutron.db.l3_hamode_db [None req-8acfb96e-06a9-4dfc-8cb5-34a975815894 None None] neutron.services.l3_router.l3_router_plugin.L3RouterPlugin method _process_sync_ha_data called with arguments (, [{'id': '7e1932b5-7163-43ff-bbe3-1fd3607dab80', 'name': 'tempest-ServersTestManualDisk-3360534-router', 'tenant_id': '4cd37a5ec7434303ade0773ad9da10de', 'admin_state_up': True, 'status': 'ACTIVE', 'external_gateway_info': {'network_id': '57b9ac97-d5ca-4f65-804b-034881049e79', 'external_fixed_ips': [{'subnet_id': 'bb779712-941c-4fc5-ae73-a73ec019792f', 'ip_address': '172.26.5.207'}], 'enable_snat': True}, 'gw_port_id': 'fa03ca97-096c-4081-bc4f-1b73afc55064', 'description': '', 'availability_zones': ['nova'], 'distributed': False, 'ha': False, 'ha_vr_id': 0, 'availability_zone_hints': [], 'routes': [], 'flavor_id': None, 'tags': [], 'created_at': '2022-01-14T19:41:38Z', 'updated_at': '2022-01-14T19:41:47Z', 'revision_number': 4, 'project_id': '4cd37a5ec7434303ade0773ad9da10de', 'gw_port': {'id': 'fa03ca97-096c-4081-bc4f-1b73afc55064', 'name': '', 'network_id': '57b9ac97-d5ca-4f65-804b-034881049e79', 'tenant_id': '', 'mac_address': 'fa:16:3e:d7:31:16', 'admin_state_up': True, 'status': 'DOWN', 'device_id': '7e1932b5-7163-43ff-bbe3-1fd3607dab80', 'device_owner': 'network:router_gateway', 'standard_attr_id': 62, 'fixed_ips': [{'subnet_id': 'bb779712-941c-4fc5-ae73-a73ec019792f', 'ip_address': '172.26.5.207', 'prefixlen': 24}], 'allowed_address_pairs': [], 'extra_dhcp_opts': [], 'security_groups': [], 'description': '', 'binding:vnic_type': 'normal', 'binding:profile': {}, 'binding:host_id': 'dv-neutron-824773-1-hyperv', 'binding:vif_type': 'ovs', 'binding:vif_details': {'connectivity': 'l2', 'port_filter': True, 'ovs_hybrid_plug': False, 'datapath_type': 'system', 'bridge_name': 'br-int'}, 'port_security_enabled': False, 'tags': [], 'created_at': '2022-01-14T19:41:39Z', 'updated_at': '2022-01-14T19:41:46Z', 'revision_number': 3, 'project_id': '', 'subnets': [{'id': 'bb779712-941c-4fc5-ae73-a73ec019792f', 'cidr': '172.26.5.0/24', 'gateway_ip': '172.26.5.1', 'dns_nameservers': [], 'ipv6_ra_mode': None, 'subnetpool_id': None}], 'extra_subnets': [], 'address_scopes': {4: None, 6: None}, 'mtu': 1500}, 'enable_snat': True, 'gw_port_host': 'dv-neutron-824773-1-hyperv', '_interfaces': [{'id': '3f52c323-b062-4bff-a5a1-a3dc9fba4df6', 'name': '', 'network_id': '02d308e6-0758-44f3-b35b-500c94966a56', 'tenant_id': '4cd37a5ec7434303ade0773ad9da10de', 'mac_address': 'fa:16:3e:c4:46:af', 'admin_state_up': True, 'status': 'DOWN', 'device_id': '7e1932b5-7163-43ff-bbe3-1fd3607dab80', 'device_owner': 'network:router_interface', 'standard_attr_id': 86, 'fixed_ips': [{'subnet_id': '41aa6a71-1dc6-4e47-92c4-bdd5999478d1', 'ip_address': '172.20.0.1', 'prefixlen': 28}], 'allowed_address_pairs': [], 'extra_dhcp_opts': [], 'security_groups': [], 'description': '', 'binding:vnic_type': 'normal', 'binding:profile': {}, 'binding:host_id': '', 'binding:vif_type': 'unbound', 'binding:vif_details': {}, 'port_security_enabled': False, 'tags': [], 'created_at': '2022-01-14T19:41:45Z', 'updated_at': '2022-01-14T19:41:47Z', 'revision_number': 2, 'project_id': '4cd37a5ec7434303ade0773ad9da10de', 'subnets': [{'id': '41aa6a71-1dc6-4e47-92c4-bdd5999478d1', 'cidr': '172.20.0.0/28', 'gateway_ip': '172.20.0.1', 'dns_nameservers': [], 'ipv6_ra_mode': None, 'subnetpool_id': None}], 'extra_subnets': [], 'address_scopes': {4: None, 6: None}, 'mtu': 1500}]}], 'dv-neutron-824773-1-hyperv', False) {} {{(pid=110254) wrapper /usr/local/lib/python3.8/dist-packages/oslo_log/helpers.py:65}}
Jan 14 19:41:51.202741 dv-neutron-824773-1-hyperv neutron-server[110251]: DEBUG neutron_lib.callbacks.manager [None req-70861f24-fa28-482c-af2d-d32a21ea74c4 tempest-FloatingIPAdminTestJSON-1908103882 tempest-FloatingIPAdminTestJSON-1908103882-project] Publish callbacks [] for router_gateway (213b0c9b-4478-44d5-8249-daa84f8a0771), before_create {{(pid=110251) _notify_loop /usr/local/lib/python3.8/dist-packages/neutron_lib/callbacks/manager.py:176}}
Jan 14 19:41:51.209578 dv-neutron-824773-1-hyperv neutron-server[110252]: DEBUG neutron_lib.callbacks.manager [None req-887218fa-3d10-45d8-947f-9194c751cced admin admin] Publish callbacks ['neutron.plugins.ml2.ovo_rpc._ObjectChangeHandler.handle_event-2039113'] for security_group (25bfbe35-97fa-42d8-94cc-c3e836195c81), after_create {{(pid=110252) _notify_loop /usr/local/lib/python3.8/dist-packages/neutron_lib/callbacks/manager.py:176}}
Jan 14 19:41:51.224692 dv-neutron-824773-1-hyperv neutron-server[110251]: DEBUG neutron_lib.callbacks.manager [None req-70861f24-fa28-482c-af2d-d32a21ea74c4 tempest-FloatingIPAdminTestJSON-1908103882 tempest-FloatingIPAdminTestJSON-1908103882-project] Publish callbacks ['neutron.plugins.ml2.plugin.SecurityGroupDbMixin._ensure_default_security_group_handler-934861'] for port (None), before_create {{(pid=110251) _notify_loop /usr/local/lib/python3.8/dist-packages/neutron_lib/callbacks/manager.py:176}}
Jan 14 19:41:51.258656 dv-neutron-824773-1-hyperv neutron-server[110254]: DEBUG neutron.api.rpc.handlers.l3_rpc [None req-8acfb96e-06a9-4dfc-8cb5-34a975815894 None None] Checking router: 7e1932b5-7163-43ff-bbe3-1fd3607dab80 for host: dv-neutron-824773-1-hyperv {{(pid=110254) _ensure_host_set_on_ports /opt/stack/neutron/neutron/api/rpc/handlers/l3_rpc.py:155}}
Jan 14 19:41:51.258656 dv-neutron-824773-1-hyperv neutron-server[110254]: DEBUG neutron.api.rpc.handlers.l3_rpc [None req-8acfb96e-06a9-4dfc-8cb5-34a975815894 None None] Updating router 7e1932b5-7163-43ff-bbe3-1fd3607dab80 port 3f52c323-b062-4bff-a5a1-a3dc9fba4df6 binding host dv-neutron-824773-1-hyperv {{(pid=110254) _ensure_host_set_on_port /opt/stack/neutron/neutron/api/rpc/handlers/l3_rpc.py:205}}
Jan 14 19:41:51.265110 dv-neutron-824773-1-hyperv neutron-server[110252]: INFO neutron.wsgi [None req-887218fa-3d10-45d8-947f-9194c751cced admin admin] 10.222.0.73 "GET /v2.0/security-groups?tenant_id=498184019ba94ca6be6424ce6b6eba4d&name=default HTTP/1.1" status: 200 len: 2996 time: 0.3489711
Jan 14 19:41:51.267593 dv-neutron-824773-1-hyperv neutron-server[110252]: DEBUG neutron.wsgi [-] (110252) accepted ('10.222.0.73', 54238) {{(pid=110252) server /usr/local/lib/python3.8/dist-packages/eventlet/wsgi.py:1004}}
Jan 14 19:41:51.276425 dv-neutron-824773-1-hyperv neutron-server[110253]: DEBUG neutron.plugins.ml2.db [None req-1dd6cc4b-37c8-4634-a15b-e439ae3524be None None] For port 64d9fc00-6b17-4ada-afa3-11b71d9273e1, host dv-neutron-824773-1-hyperv, cleared binding levels {{(pid=110253) clear_binding_levels /opt/stack/neutron/neutron/plugins/ml2/db.py:87}}
Jan 14 19:41:51.310163 dv-neutron-824773-1-hyperv neutron-server[110253]: DEBUG neutron.db.provisioning_blocks [None req-fbc84b6d-cc8d-4c58-bebc-99677015f365 None None] Provisioning complete for port 188a53a5-aacc-487c-8250-9d6602b1d262 triggered by entity L2. {{(pid=110253) provisioning_complete /opt/stack/neutron/neutron/db/provisioning_blocks.py:139}}
Jan 14 19:41:51.310705 dv-neutron-824773-1-hyperv neutron-server[110253]: DEBUG neutron_lib.callbacks.manager [None req-fbc84b6d-cc8d-4c58-bebc-99677015f365 None None] Publish callbacks ['neutron.plugins.ml2.plugin.Ml2Plugin._port_provisioned-581728'] for port (188a53a5-aacc-487c-8250-9d6602b1d262), provisioning_complete {{(pid=110253) _notify_loop /usr/local/lib/python3.8/dist-packages/neutron_lib/callbacks/manager.py:176}}
Jan 14 19:41:51.313590 dv-neutron-824773-1-hyperv neutron-server[110252]: DEBUG neutron.wsgi [-] (110252) accepted ('10.222.0.73', 54244) {{(pid=110252) server /usr/local/lib/python3.8/dist-packages/eventlet/wsgi.py:1004}}
Jan 14 19:41:51.328200 dv-neutron-824773-1-hyperv neutron-server[110254]: DEBUG neutron_lib.callbacks.manager [None req-8acfb96e-06a9-4dfc-8cb5-34a975815894 None None] Publish callbacks ['neutron.plugins.ml2.plugin.SecurityGroupDbMixin._ensure_default_security_group_handler-934861'] for port (3f52c323-b062-4bff-a5a1-a3dc9fba4df6), before_update {{(pid=110254) _notify_loop /usr/local/lib/python3.8/dist-packages/neutron_lib/callbacks/manager.py:176}}
Jan 14 19:41:51.363602 dv-neutron-824773-1-hyperv neutron-server[110252]: DEBUG neutron.wsgi [-] (110252) accepted ('10.222.0.73', 54250) {{(pid=110252) server /usr/local/lib/python3.8/dist-packages/eventlet/wsgi.py:1004}}
Jan 14 19:41:51.372052 dv-neutron-824773-1-hyperv neutron-server[110252]: DEBUG neutron.api.v2.base [None req-05db1f87-24b7-4f5c-ab47-565368548e47 tempest-ServersTestManualDisk-321184843 tempest-ServersTestManualDisk-321184843-project] Request body: {'security_group': {'name': 'tempest-securitygroup--1101673765', 'description': 'tempest-description--2096083820'}} {{(pid=110252) prepare_request_body /opt/stack/neutron/neutron/api/v2/base.py:729}}
Jan 14 19:41:51.391947 dv-neutron-824773-1-hyperv neutron-server[110253]: DEBUG neutron.plugins.ml2.db [None req-1dd6cc4b-37c8-4634-a15b-e439ae3524be None None] For port 64d9fc00-6b17-4ada-afa3-11b71d9273e1, host dv-neutron-824773-1-hyperv, set binding levels [PortBindingLevel(driver='openvswitch',host='dv-neutron-824773-1-hyperv',level=0,port_id=64d9fc00-6b17-4ada-afa3-11b71d9273e1,segment=NetworkSegment(0d42b53c-f6d1-4a04-b872-b6bfb37d22c5),segment_id=0d42b53c-f6d1-4a04-b872-b6bfb37d22c5)] {{(pid=110253) set_binding_levels /opt/stack/neutron/neutron/plugins/ml2/db.py:59}}
Jan 14 19:41:51.392950 dv-neutron-824773-1-hyperv neutron-server[110253]: DEBUG neutron.db.provisioning_blocks [None req-f1a92a19-fdee-4823-b55e-a81f19a1f9c0 None None] Provisioning complete for port 0c841cdd-085d-42c1-a26d-2cbbe98a030c triggered by entity DHCP. {{(pid=110253) provisioning_complete /opt/stack/neutron/neutron/db/provisioning_blocks.py:139}}
Jan 14 19:41:51.393346 dv-neutron-824773-1-hyperv neutron-server[110253]: DEBUG neutron_lib.callbacks.manager [None req-f1a92a19-fdee-4823-b55e-a81f19a1f9c0 None None] Publish callbacks ['neutron.plugins.ml2.plugin.Ml2Plugin._port_provisioned-581728'] for port (0c841cdd-085d-42c1-a26d-2cbbe98a030c), provisioning_complete {{(pid=110253) _notify_loop /usr/local/lib/python3.8/dist-packages/neutron_lib/callbacks/manager.py:176}}
Jan 14 19:41:51.396546 dv-neutron-824773-1-hyperv neutron-server[110252]: DEBUG neutron.api.rpc.handlers.resources_rpc [None req-887218fa-3d10-45d8-947f-9194c751cced admin admin] Pushing event updated for resources: {'SecurityGroup': ['ID=25bfbe35-97fa-42d8-94cc-c3e836195c81,revision_number=1']} {{(pid=110252) push /opt/stack/neutron/neutron/api/rpc/handlers/resources_rpc.py:237}}
Jan 14 19:41:51.437427 dv-neutron-824773-1-hyperv neutron-server[110252]: DEBUG neutron_lib.callbacks.manager [None req-f111c554-54b6-4088-bb53-0db9d7d2cd6a admin admin] Publish callbacks [] for security_group (25bfbe35-97fa-42d8-94cc-c3e836195c81), before_delete {{(pid=110252) _notify_loop /usr/local/lib/python3.8/dist-packages/neutron_lib/callbacks/manager.py:176}}
Jan 14 19:41:51.465465 dv-neutron-824773-1-hyperv neutron-server[110252]: DEBUG neutron_lib.callbacks.manager [None req-f111c554-54b6-4088-bb53-0db9d7d2cd6a admin admin] Publish callbacks [] for security_group (25bfbe35-97fa-42d8-94cc-c3e836195c81), precommit_delete {{(pid=110252) _notify_loop /usr/local/lib/python3.8/dist-packages/neutron_lib/callbacks/manager.py:176}}
Jan 14 19:41:51.492145 dv-neutron-824773-1-hyperv neutron-server[110253]: DEBUG neutron.db.l3_dvr_db [None req-e706a2cd-3261-41c3-838f-45ad7b166c6e None None] Set router 431f4892-363b-4c23-a42d-35f9c6ebaa5d gateway port host: dv-neutron-824773-1-hyperv {{(pid=110253) _build_routers_list /opt/stack/neutron/neutron/db/l3_dvr_db.py:906}}
Jan 14 19:41:51.498846 dv-neutron-824773-1-hyperv neutron-server[110253]: DEBUG neutron_lib.callbacks.manager [None req-1dd6cc4b-37c8-4634-a15b-e439ae3524be None None] Publish callbacks ['neutron.plugins.ml2.plugin.SecurityGroupServerNotifierRpcMixin._notify_sg_on_port_change-934154', 'neutron.plugins.ml2.ovo_rpc._ObjectChangeHandler.handle_event-100087', 'neutron.api.rpc.agentnotifiers.dhcp_rpc_agent_api.DhcpAgentNotifyAPI._native_event_send_dhcp_notification-2017599', 'neutron.db.l3_db.L3RpcNotifierMixin._notify_gateway_port_ip_changed-8791006689612', 'neutron.db.l3_dvrscheduler_db._notify_l3_agent_port_update-8791006126394', 'neutron.db.l3_hascheduler_db._notify_l3_agent_ha_port_update-8791006126412'] for port (64d9fc00-6b17-4ada-afa3-11b71d9273e1), after_update {{(pid=110253) _notify_loop /usr/local/lib/python3.8/dist-packages/neutron_lib/callbacks/manager.py:176}}
Jan 14 19:41:51.533411 dv-neutron-824773-1-hyperv neutron-server[110252]: DEBUG neutron_lib.callbacks.manager [None req-05db1f87-24b7-4f5c-ab47-565368548e47 tempest-ServersTestManualDisk-321184843 tempest-ServersTestManualDisk-321184843-project] Publish callbacks [] for security_group (None), before_create {{(pid=110252) _notify_loop /usr/local/lib/python3.8/dist-packages/neutron_lib/callbacks/manager.py:176}}
Jan 14 19:41:51.554540 dv-neutron-824773-1-hyperv neutron-server[110251]: DEBUG neutron_lib.callbacks.manager [None req-e8e8e635-49e0-4fc6-8c4c-32b9f599b53f tempest-DHCPAgentSchedulersTestJSON-1887058377 tempest-DHCPAgentSchedulersTestJSON-1887058377-project] Publish callbacks ['neutron.plugins.ml2.plugin.SecurityGroupServerNotifierRpcMixin._notify_sg_on_port_change-934154', 'neutron.plugins.ml2.ovo_rpc._ObjectChangeHandler.handle_event-100087', 'neutron.api.rpc.agentnotifiers.dhcp_rpc_agent_api.DhcpAgentNotifyAPI._native_event_send_dhcp_notification-2017599', 'neutron.db.l3_db.L3RpcNotifierMixin._notify_routers_callback-8791006689594', 'neutron.db.l3_dvrscheduler_db._notify_port_delete-8791006126385'] for port (0c841cdd-085d-42c1-a26d-2cbbe98a030c), after_delete {{(pid=110251) _notify_loop /usr/local/lib/python3.8/dist-packages/neutron_lib/callbacks/manager.py:176}}
Jan 14 19:41:51.557154 dv-neutron-824773-1-hyperv neutron-server[110251]: DEBUG neutron.db.db_base_plugin_common [None req-70861f24-fa28-482c-af2d-d32a21ea74c4 tempest-FloatingIPAdminTestJSON-1908103882 tempest-FloatingIPAdminTestJSON-1908103882-project] Allocated IP 172.26.5.192 (57b9ac97-d5ca-4f65-804b-034881049e79/bb779712-941c-4fc5-ae73-a73ec019792f/520118e3-d673-4595-a5d6-32862caff2e7) {{(pid=110251) _store_ip_allocation /opt/stack/neutron/neutron/db/db_base_plugin_common.py:131}}
Jan 14 19:41:51.603824 dv-neutron-824773-1-hyperv neutron-server[110252]: DEBUG neutron_lib.callbacks.manager [None req-ba2eb5e5-6ea2-4141-95ff-4ec2c05c1b7d admin admin] Publish callbacks [] for security_group (None), before_create {{(pid=110252) _notify_loop /usr/local/lib/python3.8/dist-packages/neutron_lib/callbacks/manager.py:176}}
Jan 14 19:41:51.679463 dv-neutron-824773-1-hyperv neutron-server[110252]: DEBUG neutron_lib.callbacks.manager [None req-f111c554-54b6-4088-bb53-0db9d7d2cd6a admin admin] Publish callbacks ['neutron.plugins.ml2.ovo_rpc._ObjectChangeHandler.handle_event-2039113'] for security_group (25bfbe35-97fa-42d8-94cc-c3e836195c81), after_delete {{(pid=110252) _notify_loop /usr/local/lib/python3.8/dist-packages/neutron_lib/callbacks/manager.py:176}}
Jan 14 19:41:51.686969 dv-neutron-824773-1-hyperv neutron-server[110251]: DEBUG neutron.api.rpc.handlers.resources_rpc [None req-e8e8e635-49e0-4fc6-8c4c-32b9f599b53f tempest-DHCPAgentSchedulersTestJSON-1887058377 tempest-DHCPAgentSchedulersTestJSON-1887058377-project] Pushing event deleted for resources: {'Port': ['ID=0c841cdd-085d-42c1-a26d-2cbbe98a030c,revision_number=None']} {{(pid=110251) push /opt/stack/neutron/neutron/api/rpc/handlers/resources_rpc.py:237}}
Jan 14 19:41:51.694687 dv-neutron-824773-1-hyperv neutron-server[110252]: DEBUG neutron_lib.callbacks.manager [None req-f111c554-54b6-4088-bb53-0db9d7d2cd6a admin admin] Publish callbacks [] for security_group (None), before_response {{(pid=110252) _notify_loop /usr/local/lib/python3.8/dist-packages/neutron_lib/callbacks/manager.py:176}}
Jan 14 19:41:51.695863 dv-neutron-824773-1-hyperv neutron-server[110252]: INFO neutron.wsgi [None req-f111c554-54b6-4088-bb53-0db9d7d2cd6a admin admin] 10.222.0.73 "DELETE /v2.0/security-groups/25bfbe35-97fa-42d8-94cc-c3e836195c81 HTTP/1.1" status: 204 len: 168 time: 0.4237697
Jan 14 19:41:51.725579 dv-neutron-824773-1-hyperv neutron-server[110252]: DEBUG neutron.api.rpc.handlers.resources_rpc [None req-f111c554-54b6-4088-bb53-0db9d7d2cd6a admin admin] Pushing event deleted for resources: {'SecurityGroup': ['ID=25bfbe35-97fa-42d8-94cc-c3e836195c81,revision_number=None']} {{(pid=110252) push /opt/stack/neutron/neutron/api/rpc/handlers/resources_rpc.py:237}}
Jan 14 19:41:51.828407 dv-neutron-824773-1-hyperv neutron-server[110253]: DEBUG neutron.plugins.ml2.plugin [None req-f1a92a19-fdee-4823-b55e-a81f19a1f9c0 None None] Port 0c841cdd-085d-42c1-a26d-2cbbe98a030c cannot update to ACTIVE because it is not bound. {{(pid=110253) _port_provisioned /opt/stack/neutron/neutron/plugins/ml2/plugin.py:342}}
Jan 14 19:41:51.840659 dv-neutron-824773-1-hyperv neutron-server[110252]: DEBUG neutron_lib.callbacks.manager [None req-05db1f87-24b7-4f5c-ab47-565368548e47 tempest-ServersTestManualDisk-321184843 tempest-ServersTestManualDisk-321184843-project] Publish callbacks [] for security_group (dcf78c19-f20f-4ba7-a8e1-75e623fde629), precommit_create {{(pid=110252) _notify_loop /usr/local/lib/python3.8/dist-packages/neutron_lib/callbacks/manager.py:176}}
Jan 14 19:41:51.886250 dv-neutron-824773-1-hyperv neutron-server[110252]: DEBUG neutron_lib.callbacks.manager [None req-ba2eb5e5-6ea2-4141-95ff-4ec2c05c1b7d admin admin] Publish callbacks [] for security_group (0af46402-b350-4d54-a1b3-fb1b72c66895), precommit_create {{(pid=110252) _notify_loop /usr/local/lib/python3.8/dist-packages/neutron_lib/callbacks/manager.py:176}}
Jan 14 19:41:51.919761 dv-neutron-824773-1-hyperv neutron-server[110252]: DEBUG neutron_lib.callbacks.manager [None req-05db1f87-24b7-4f5c-ab47-565368548e47 tempest-ServersTestManualDisk-321184843 tempest-ServersTestManualDisk-321184843-project] Publish callbacks ['neutron.plugins.ml2.ovo_rpc._ObjectChangeHandler.handle_event-2039113'] for security_group (dcf78c19-f20f-4ba7-a8e1-75e623fde629), after_create {{(pid=110252) _notify_loop /usr/local/lib/python3.8/dist-packages/neutron_lib/callbacks/manager.py:176}}
Jan 14 19:41:51.929764 dv-neutron-824773-1-hyperv neutron-server[110254]: DEBUG neutron_lib.callbacks.manager [None req-8acfb96e-06a9-4dfc-8cb5-34a975815894 None None] Publish callbacks [] for port (3f52c323-b062-4bff-a5a1-a3dc9fba4df6), precommit_update {{(pid=110254) _notify_loop /usr/local/lib/python3.8/dist-packages/neutron_lib/callbacks/manager.py:176}}
Jan 14 19:41:51.951829 dv-neutron-824773-1-hyperv neutron-server[110252]: DEBUG neutron_lib.callbacks.manager [None req-ba2eb5e5-6ea2-4141-95ff-4ec2c05c1b7d admin admin] Publish callbacks ['neutron.plugins.ml2.ovo_rpc._ObjectChangeHandler.handle_event-2039113'] for security_group (0af46402-b350-4d54-a1b3-fb1b72c66895), after_create {{(pid=110252) _notify_loop /usr/local/lib/python3.8/dist-packages/neutron_lib/callbacks/manager.py:176}}
Jan 14 19:41:51.958395 dv-neutron-824773-1-hyperv neutron-server[110251]: DEBUG neutron_lib.callbacks.manager [None req-e8e8e635-49e0-4fc6-8c4c-32b9f599b53f tempest-DHCPAgentSchedulersTestJSON-1887058377 tempest-DHCPAgentSchedulersTestJSON-1887058377-project] Publish callbacks ['neutron.notifiers.nova.Notifier._send_nova_notification-235873'] for port (None), before_response {{(pid=110251) _notify_loop /usr/local/lib/python3.8/dist-packages/neutron_lib/callbacks/manager.py:176}}
Jan 14 19:41:51.962743 dv-neutron-824773-1-hyperv neutron-server[110251]: INFO neutron.wsgi [None req-e8e8e635-49e0-4fc6-8c4c-32b9f599b53f tempest-DHCPAgentSchedulersTestJSON-1887058377 tempest-DHCPAgentSchedulersTestJSON-1887058377-project] 10.222.0.73 "DELETE /v2.0/ports/0c841cdd-085d-42c1-a26d-2cbbe98a030c HTTP/1.1" status: 204 len: 168 time: 2.6532676
Jan 14 19:41:51.987106 dv-neutron-824773-1-hyperv neutron-server[110252]: DEBUG neutron.wsgi [-] (110252) accepted ('10.222.0.73', 54262) {{(pid=110252) server /usr/local/lib/python3.8/dist-packages/eventlet/wsgi.py:1004}}
Jan 14 19:41:52.003566 dv-neutron-824773-1-hyperv neutron-server[110252]: INFO neutron.wsgi [None req-ba2eb5e5-6ea2-4141-95ff-4ec2c05c1b7d admin admin] 10.222.0.73 "GET /v2.0/security-groups?tenant_id=6603151cba8a4c2b9f7e04a03eb470db&name=default HTTP/1.1" status: 200 len: 2996 time: 0.6795650
Jan 14 19:41:52.029620 dv-neutron-824773-1-hyperv neutron-server[110254]: DEBUG neutron_lib.callbacks.manager [None req-8acfb96e-06a9-4dfc-8cb5-34a975815894 None None] Publish callbacks ['neutron.plugins.ml2.plugin.SecurityGroupServerNotifierRpcMixin._notify_sg_on_port_change-934154', 'neutron.plugins.ml2.ovo_rpc._ObjectChangeHandler.handle_event-100087', 'neutron.api.rpc.agentnotifiers.dhcp_rpc_agent_api.DhcpAgentNotifyAPI._native_event_send_dhcp_notification-2017599', 'neutron.db.l3_db.L3RpcNotifierMixin._notify_gateway_port_ip_changed-8791006689612', 'neutron.db.l3_dvrscheduler_db._notify_l3_agent_port_update-8791006126394', 'neutron.db.l3_hascheduler_db._notify_l3_agent_ha_port_update-8791006126412'] for port (3f52c323-b062-4bff-a5a1-a3dc9fba4df6), after_update {{(pid=110254) _notify_loop /usr/local/lib/python3.8/dist-packages/neutron_lib/callbacks/manager.py:176}}
Jan 14 19:41:52.031012 dv-neutron-824773-1-hyperv neutron-server[110252]: DEBUG neutron.wsgi [-] (110252) accepted ('10.222.0.73', 54264) {{(pid=110252) server /usr/local/lib/python3.8/dist-packages/eventlet/wsgi.py:1004}}
Jan 14 19:41:52.044854 dv-neutron-824773-1-hyperv neutron-server[110251]: DEBUG neutron_lib.callbacks.manager [None req-70861f24-fa28-482c-af2d-d32a21ea74c4 tempest-FloatingIPAdminTestJSON-1908103882 tempest-FloatingIPAdminTestJSON-1908103882-project] Publish callbacks [] for port (520118e3-d673-4595-a5d6-32862caff2e7), precommit_create {{(pid=110251) _notify_loop /usr/local/lib/python3.8/dist-packages/neutron_lib/callbacks/manager.py:176}}
Jan 14 19:41:52.071504 dv-neutron-824773-1-hyperv neutron-server[110253]: DEBUG neutron.plugins.ml2.plugin [None req-fbc84b6d-cc8d-4c58-bebc-99677015f365 None None] Current status of the port 188a53a5-aacc-487c-8250-9d6602b1d262 is: ACTIVE; New status is: ACTIVE {{(pid=110253) _update_individual_port_db_status /opt/stack/neutron/neutron/plugins/ml2/plugin.py:2213}}
Jan 14 19:41:52.073041 dv-neutron-824773-1-hyperv neutron-server[110253]: DEBUG neutron.plugins.ml2.rpc [None req-fbc84b6d-cc8d-4c58-bebc-99677015f365 None None] Device fa03ca97-096c-4081-bc4f-1b73afc55064 up at agent ovs-agent-dv-neutron-824773-1-hyperv {{(pid=110253) update_device_up /opt/stack/neutron/neutron/plugins/ml2/rpc.py:296}}
Jan 14 19:41:52.100585 dv-neutron-824773-1-hyperv neutron-server[110253]: DEBUG neutron.db.provisioning_blocks [None req-f1a92a19-fdee-4823-b55e-a81f19a1f9c0 None None] Provisioning complete for port 1cad175c-1b36-4d4c-9c30-6b4cce200e7a triggered by entity DHCP. {{(pid=110253) provisioning_complete /opt/stack/neutron/neutron/db/provisioning_blocks.py:139}}
Jan 14 19:41:52.100835 dv-neutron-824773-1-hyperv neutron-server[110253]: DEBUG neutron_lib.callbacks.manager [None req-f1a92a19-fdee-4823-b55e-a81f19a1f9c0 None None] Publish callbacks ['neutron.plugins.ml2.plugin.Ml2Plugin._port_provisioned-581728'] for port (1cad175c-1b36-4d4c-9c30-6b4cce200e7a), provisioning_complete {{(pid=110253) _notify_loop /usr/local/lib/python3.8/dist-packages/neutron_lib/callbacks/manager.py:176}}
Jan 14 19:41:52.132694 dv-neutron-824773-1-hyperv neutron-server[110252]: DEBUG neutron_lib.callbacks.manager [None req-05db1f87-24b7-4f5c-ab47-565368548e47 tempest-ServersTestManualDisk-321184843 tempest-ServersTestManualDisk-321184843-project] Publish callbacks [] for security_group (None), before_response {{(pid=110252) _notify_loop /usr/local/lib/python3.8/dist-packages/neutron_lib/callbacks/manager.py:176}}
Jan 14 19:41:52.138442 dv-neutron-824773-1-hyperv neutron-server[110252]: INFO neutron.wsgi [None req-05db1f87-24b7-4f5c-ab47-565368548e47 tempest-ServersTestManualDisk-321184843 tempest-ServersTestManualDisk-321184843-project] 10.222.0.73 "POST /v2.0/security-groups HTTP/1.1" status: 201 len: 1797 time: 0.7705472
Jan 14 19:41:52.140856 dv-neutron-824773-1-hyperv neutron-server[110251]: DEBUG neutron.wsgi [-] (110251) accepted ('10.222.0.73', 54268) {{(pid=110251) server /usr/local/lib/python3.8/dist-packages/eventlet/wsgi.py:1004}}
Jan 14 19:41:52.150327 dv-neutron-824773-1-hyperv neutron-server[110252]: DEBUG neutron.api.rpc.handlers.resources_rpc [None req-05db1f87-24b7-4f5c-ab47-565368548e47 tempest-ServersTestManualDisk-321184843 tempest-ServersTestManualDisk-321184843-project] Pushing event updated for resources: {'SecurityGroup': ['ID=dcf78c19-f20f-4ba7-a8e1-75e623fde629,revision_number=1']} {{(pid=110252) push /opt/stack/neutron/neutron/api/rpc/handlers/resources_rpc.py:237}}
Jan 14 19:41:52.166009 dv-neutron-824773-1-hyperv neutron-server[110251]: DEBUG neutron.api.v2.base [None req-c02b991e-902f-4d72-9fbb-01a1dbd66265 tempest-ServersTestManualDisk-321184843 tempest-ServersTestManualDisk-321184843-project] Request body: {'security_group_rule': {'security_group_id': 'dcf78c19-f20f-4ba7-a8e1-75e623fde629', 'protocol': 'tcp', 'ethertype': 'IPv4', 'port_range_min': 22, 'port_range_max': 22, 'direction': 'ingress'}} {{(pid=110251) prepare_request_body /opt/stack/neutron/neutron/api/v2/base.py:729}}
Jan 14 19:41:52.197669 dv-neutron-824773-1-hyperv neutron-server[110252]: DEBUG neutron.api.rpc.handlers.resources_rpc [None req-ba2eb5e5-6ea2-4141-95ff-4ec2c05c1b7d admin admin] Pushing event updated for resources: {'SecurityGroup': ['ID=0af46402-b350-4d54-a1b3-fb1b72c66895,revision_number=1']} {{(pid=110252) push /opt/stack/neutron/neutron/api/rpc/handlers/resources_rpc.py:237}}
Jan 14 19:41:52.222732 dv-neutron-824773-1-hyperv neutron-server[110253]: DEBUG neutron.plugins.ml2.plugin [None req-f1a92a19-fdee-4823-b55e-a81f19a1f9c0 None None] Port 1cad175c-1b36-4d4c-9c30-6b4cce200e7a cannot update to ACTIVE because it is not bound. {{(pid=110253) _port_provisioned /opt/stack/neutron/neutron/plugins/ml2/plugin.py:342}}
Jan 14 19:41:52.240953 dv-neutron-824773-1-hyperv neutron-server[110254]: DEBUG neutron.api.rpc.handlers.resources_rpc [None req-0406ebf2-2401-4479-9fe4-2dce6a24b234 None None] Pushing event updated for resources: {'Port': ['ID=3f52c323-b062-4bff-a5a1-a3dc9fba4df6,revision_number=3']} {{(pid=110254) push /opt/stack/neutron/neutron/api/rpc/handlers/resources_rpc.py:237}}
Jan 14 19:41:52.246401 dv-neutron-824773-1-hyperv neutron-server[110253]: DEBUG neutron.api.rpc.handlers.resources_rpc [None req-1dd6cc4b-37c8-4634-a15b-e439ae3524be None None] Pushing event updated for resources: {'Port': ['ID=64d9fc00-6b17-4ada-afa3-11b71d9273e1,revision_number=2']} {{(pid=110253) push /opt/stack/neutron/neutron/api/rpc/handlers/resources_rpc.py:237}}
Jan 14 19:41:52.285515 dv-neutron-824773-1-hyperv neutron-server[110254]: DEBUG neutron.plugins.ml2.managers [None req-8acfb96e-06a9-4dfc-8cb5-34a975815894 None None] Attempting to bind port 3f52c323-b062-4bff-a5a1-a3dc9fba4df6 on host dv-neutron-824773-1-hyperv for vnic_type normal with profile {{(pid=110254) bind_port /opt/stack/neutron/neutron/plugins/ml2/managers.py:795}}
Jan 14 19:41:52.285984 dv-neutron-824773-1-hyperv neutron-server[110254]: DEBUG neutron.plugins.ml2.managers [None req-8acfb96e-06a9-4dfc-8cb5-34a975815894 None None] Attempting to bind port 3f52c323-b062-4bff-a5a1-a3dc9fba4df6 by drivers openvswitch,hyperv on host dv-neutron-824773-1-hyperv at level 0 using segments [{'id': 'f269122d-a85d-41e4-bbf1-4305f698b724', 'network_type': 'vlan', 'physical_network': 'physnet1', 'segmentation_id': 89, 'network_id': '02d308e6-0758-44f3-b35b-500c94966a56'}] {{(pid=110254) _bind_port_level /opt/stack/neutron/neutron/plugins/ml2/managers.py:820}}
Jan 14 19:41:52.286464 dv-neutron-824773-1-hyperv neutron-server[110254]: DEBUG neutron.plugins.ml2.drivers.mech_agent [None req-8acfb96e-06a9-4dfc-8cb5-34a975815894 None None] Attempting to bind port 3f52c323-b062-4bff-a5a1-a3dc9fba4df6 on network 02d308e6-0758-44f3-b35b-500c94966a56 {{(pid=110254) bind_port /opt/stack/neutron/neutron/plugins/ml2/drivers/mech_agent.py:91}}
Jan 14 19:41:52.290369 dv-neutron-824773-1-hyperv neutron-server[110252]: DEBUG neutron_lib.callbacks.manager [None req-526bf3a6-4862-4412-8604-b87963f494a0 admin admin] Publish callbacks [] for security_group (0af46402-b350-4d54-a1b3-fb1b72c66895), before_delete {{(pid=110252) _notify_loop /usr/local/lib/python3.8/dist-packages/neutron_lib/callbacks/manager.py:176}}
Jan 14 19:41:52.293632 dv-neutron-824773-1-hyperv neutron-server[110251]: DEBUG neutron_lib.callbacks.manager [None req-70861f24-fa28-482c-af2d-d32a21ea74c4 tempest-FloatingIPAdminTestJSON-1908103882 tempest-FloatingIPAdminTestJSON-1908103882-project] Publish callbacks ['neutron.plugins.ml2.plugin.SecurityGroupServerNotifierRpcMixin._notify_sg_on_port_change-934154', 'neutron.plugins.ml2.ovo_rpc._ObjectChangeHandler.handle_event-100087', 'neutron.api.rpc.agentnotifiers.dhcp_rpc_agent_api.DhcpAgentNotifyAPI._native_event_send_dhcp_notification-2017599', 'neutron.db.l3_dvrscheduler_db._notify_l3_agent_new_port-8791006126376'] for port (520118e3-d673-4595-a5d6-32862caff2e7), after_create {{(pid=110251) _notify_loop /usr/local/lib/python3.8/dist-packages/neutron_lib/callbacks/manager.py:176}}
