Jan 19 12:27:46.286581 dv-neutron-824727-2-hyperv neutron-server[103266]: DEBUG neutron.wsgi [-] (103266) accepted ('10.222.0.32', 47512) {{(pid=103266) server /usr/local/lib/python3.8/dist-packages/eventlet/wsgi.py:1004}}
Jan 19 12:27:46.562377 dv-neutron-824727-2-hyperv neutron-server[103266]: DEBUG neutron.api.v2.base [None req-0a0ae65b-5a4c-4a46-bd88-d28cee4b0871 admin admin] Request body: {'network': {'name': 'tempest-ServersTestManualDisk-490095838-network', 'tenant_id': 'bfcd014a8608434bb7ae97bc0f7a94a1'}} {{(pid=103266) prepare_request_body /opt/stack/neutron/neutron/api/v2/base.py:729}}
Jan 19 12:27:46.590503 dv-neutron-824727-2-hyperv neutron-server[103266]: DEBUG neutron.pecan_wsgi.hooks.quota_enforcement [None req-0a0ae65b-5a4c-4a46-bd88-d28cee4b0871 admin admin] Made reservation on behalf of bfcd014a8608434bb7ae97bc0f7a94a1 for: {'network': 1} {{(pid=103266) before /opt/stack/neutron/neutron/pecan_wsgi/hooks/quota_enforcement.py:53}}
Jan 19 12:27:46.596826 dv-neutron-824727-2-hyperv neutron-server[103266]: DEBUG neutron_lib.callbacks.manager [None req-0a0ae65b-5a4c-4a46-bd88-d28cee4b0871 admin admin] Publish callbacks ['neutron.plugins.ml2.plugin.SecurityGroupDbMixin._ensure_default_security_group_handler-711708'] for network (None), before_create {{(pid=103266) _notify_loop /usr/local/lib/python3.8/dist-packages/neutron_lib/callbacks/manager.py:176}}
Jan 19 12:27:46.606448 dv-neutron-824727-2-hyperv neutron-server[103265]: DEBUG neutron.wsgi [None req-1f9b8cf0-1680-4b9c-b26b-2e72278a167b tempest-ExtensionsTestJSON-1692814303 tempest-ExtensionsTestJSON-1692814303-project] http://10.222.0.32:9696/v2.0/extensions returned with HTTP 200 {{(pid=103265) __call__ /opt/stack/neutron/neutron/wsgi.py:730}}
Jan 19 12:27:46.606631 dv-neutron-824727-2-hyperv neutron-server[103266]: DEBUG neutron_lib.callbacks.manager [None req-0a0ae65b-5a4c-4a46-bd88-d28cee4b0871 admin admin] Publish callbacks [] for security_group (None), before_create {{(pid=103266) _notify_loop /usr/local/lib/python3.8/dist-packages/neutron_lib/callbacks/manager.py:176}}
Jan 19 12:27:46.610265 dv-neutron-824727-2-hyperv neutron-server[103265]: INFO neutron.wsgi [None req-1f9b8cf0-1680-4b9c-b26b-2e72278a167b tempest-ExtensionsTestJSON-1692814303 tempest-ExtensionsTestJSON-1692814303-project] 10.222.0.32 "GET /v2.0/extensions HTTP/1.1" status: 200 len: 14077 time: 0.3511536
Jan 19 12:27:46.610675 dv-neutron-824727-2-hyperv neutron-server[103265]: DEBUG neutron.wsgi [-] (103265) accepted ('10.222.0.32', 47532) {{(pid=103265) server /usr/local/lib/python3.8/dist-packages/eventlet/wsgi.py:1004}}
Jan 19 12:27:46.615197 dv-neutron-824727-2-hyperv neutron-server[103265]: DEBUG neutron.wsgi [None req-5f94ad55-cf0f-48ad-b050-136ce44d2f59 tempest-ExtensionsTestJSON-1692814303 tempest-ExtensionsTestJSON-1692814303-project] http://10.222.0.32:9696/v2.0/extensions/address-group returned with HTTP 200 {{(pid=103265) __call__ /opt/stack/neutron/neutron/wsgi.py:730}}
Jan 19 12:27:46.618577 dv-neutron-824727-2-hyperv neutron-server[103265]: INFO neutron.wsgi [None req-5f94ad55-cf0f-48ad-b050-136ce44d2f59 tempest-ExtensionsTestJSON-1692814303 tempest-ExtensionsTestJSON-1692814303-project] 10.222.0.32 "GET /v2.0/extensions/address-group HTTP/1.1" status: 200 len: 353 time: 0.0047221
Jan 19 12:27:46.618850 dv-neutron-824727-2-hyperv neutron-server[103265]: DEBUG neutron.wsgi [-] (103265) accepted ('10.222.0.32', 47534) {{(pid=103265) server /usr/local/lib/python3.8/dist-packages/eventlet/wsgi.py:1004}}
Jan 19 12:27:46.624426 dv-neutron-824727-2-hyperv neutron-server[103265]: DEBUG neutron.wsgi [None req-71adfc95-c4b3-4413-ac40-bc7895e232a4 tempest-ExtensionsTestJSON-1692814303 tempest-ExtensionsTestJSON-1692814303-project] http://10.222.0.32:9696/v2.0/extensions/address-scope returned with HTTP 200 {{(pid=103265) __call__ /opt/stack/neutron/neutron/wsgi.py:730}}
Jan 19 12:27:46.628108 dv-neutron-824727-2-hyperv neutron-server[103265]: INFO neutron.wsgi [None req-71adfc95-c4b3-4413-ac40-bc7895e232a4 tempest-ExtensionsTestJSON-1692814303 tempest-ExtensionsTestJSON-1692814303-project] 10.222.0.32 "GET /v2.0/extensions/address-scope HTTP/1.1" status: 200 len: 357 time: 0.0074182
Jan 19 12:27:46.628634 dv-neutron-824727-2-hyperv neutron-server[103265]: DEBUG neutron.wsgi [-] (103265) accepted ('10.222.0.32', 47536) {{(pid=103265) server /usr/local/lib/python3.8/dist-packages/eventlet/wsgi.py:1004}}
Jan 19 12:27:46.633226 dv-neutron-824727-2-hyperv neutron-server[103265]: DEBUG neutron.wsgi [None req-6c37699a-760f-435f-a91c-f8f1fcb4629e tempest-ExtensionsTestJSON-1692814303 tempest-ExtensionsTestJSON-1692814303-project] http://10.222.0.32:9696/v2.0/extensions/router-admin-state-down-before-update returned with HTTP 200 {{(pid=103265) __call__ /opt/stack/neutron/neutron/wsgi.py:730}}
Jan 19 12:27:46.637581 dv-neutron-824727-2-hyperv neutron-server[103265]: INFO neutron.wsgi [None req-6c37699a-760f-435f-a91c-f8f1fcb4629e tempest-ExtensionsTestJSON-1692814303 tempest-ExtensionsTestJSON-1692814303-project] 10.222.0.32 "GET /v2.0/extensions/router-admin-state-down-before-update HTTP/1.1" status: 200 len: 506 time: 0.0079455
Jan 19 12:27:46.638329 dv-neutron-824727-2-hyperv neutron-server[103265]: DEBUG neutron.wsgi [-] (103265) accepted ('10.222.0.32', 47538) {{(pid=103265) server /usr/local/lib/python3.8/dist-packages/eventlet/wsgi.py:1004}}
Jan 19 12:27:46.643043 dv-neutron-824727-2-hyperv neutron-server[103265]: DEBUG neutron.wsgi [None req-46a9397e-705c-4762-8049-e80df7544b8f tempest-ExtensionsTestJSON-1692814303 tempest-ExtensionsTestJSON-1692814303-project] http://10.222.0.32:9696/v2.0/extensions/agent returned with HTTP 200 {{(pid=103265) __call__ /opt/stack/neutron/neutron/wsgi.py:730}}
Jan 19 12:27:46.644113 dv-neutron-824727-2-hyperv neutron-server[103265]: INFO neutron.wsgi [None req-46a9397e-705c-4762-8049-e80df7544b8f tempest-ExtensionsTestJSON-1692814303 tempest-ExtensionsTestJSON-1692814303-project] 10.222.0.32 "GET /v2.0/extensions/agent HTTP/1.1" status: 200 len: 347 time: 0.0046990
Jan 19 12:27:46.651467 dv-neutron-824727-2-hyperv neutron-server[103265]: DEBUG neutron.wsgi [-] (103265) accepted ('10.222.0.32', 47542) {{(pid=103265) server /usr/local/lib/python3.8/dist-packages/eventlet/wsgi.py:1004}}
Jan 19 12:27:46.656893 dv-neutron-824727-2-hyperv neutron-server[103265]: DEBUG neutron.wsgi [None req-fe812dce-7075-46e3-b004-c95ceb78d843 tempest-ExtensionsTestJSON-1692814303 tempest-ExtensionsTestJSON-1692814303-project] http://10.222.0.32:9696/v2.0/extensions/agent-resources-synced returned with HTTP 200 {{(pid=103265) __call__ /opt/stack/neutron/neutron/wsgi.py:730}}
Jan 19 12:27:46.658005 dv-neutron-824727-2-hyperv neutron-server[103265]: INFO neutron.wsgi [None req-fe812dce-7075-46e3-b004-c95ceb78d843 tempest-ExtensionsTestJSON-1692814303 tempest-ExtensionsTestJSON-1692814303-project] 10.222.0.32 "GET /v2.0/extensions/agent-resources-synced HTTP/1.1" status: 200 len: 417 time: 0.0049782
Jan 19 12:27:46.667890 dv-neutron-824727-2-hyperv neutron-server[103265]: DEBUG neutron.wsgi [-] (103265) accepted ('10.222.0.32', 47544) {{(pid=103265) server /usr/local/lib/python3.8/dist-packages/eventlet/wsgi.py:1004}}
Jan 19 12:27:46.674613 dv-neutron-824727-2-hyperv neutron-server[103265]: DEBUG neutron.wsgi [None req-77216326-08a9-4314-978f-0ec869974642 tempest-ExtensionsTestJSON-1692814303 tempest-ExtensionsTestJSON-1692814303-project] http://10.222.0.32:9696/v2.0/extensions/allowed-address-pairs returned with HTTP 200 {{(pid=103265) __call__ /opt/stack/neutron/neutron/wsgi.py:730}}
Jan 19 12:27:46.678678 dv-neutron-824727-2-hyperv neutron-server[103265]: INFO neutron.wsgi [None req-77216326-08a9-4314-978f-0ec869974642 tempest-ExtensionsTestJSON-1692814303 tempest-ExtensionsTestJSON-1692814303-project] 10.222.0.32 "GET /v2.0/extensions/allowed-address-pairs HTTP/1.1" status: 200 len: 378 time: 0.0093179
Jan 19 12:27:46.679748 dv-neutron-824727-2-hyperv neutron-server[103265]: DEBUG neutron.wsgi [-] (103265) accepted ('10.222.0.32', 47548) {{(pid=103265) server /usr/local/lib/python3.8/dist-packages/eventlet/wsgi.py:1004}}
Jan 19 12:27:46.688317 dv-neutron-824727-2-hyperv neutron-server[103265]: DEBUG neutron.wsgi [None req-c4fe727e-c816-4350-a091-8cbedabc5c17 tempest-ExtensionsTestJSON-1692814303 tempest-ExtensionsTestJSON-1692814303-project] http://10.222.0.32:9696/v2.0/extensions/auto-allocated-topology returned with HTTP 200 {{(pid=103265) __call__ /opt/stack/neutron/neutron/wsgi.py:730}}
Jan 19 12:27:46.693671 dv-neutron-824727-2-hyperv neutron-server[103265]: INFO neutron.wsgi [None req-c4fe727e-c816-4350-a091-8cbedabc5c17 tempest-ExtensionsTestJSON-1692814303 tempest-ExtensionsTestJSON-1692814303-project] 10.222.0.32 "GET /v2.0/extensions/auto-allocated-topology HTTP/1.1" status: 200 len: 394 time: 0.0118999
Jan 19 12:27:46.695033 dv-neutron-824727-2-hyperv neutron-server[103265]: DEBUG neutron.wsgi [-] (103265) accepted ('10.222.0.32', 47552) {{(pid=103265) server /usr/local/lib/python3.8/dist-packages/eventlet/wsgi.py:1004}}
Jan 19 12:27:46.699796 dv-neutron-824727-2-hyperv neutron-server[103265]: DEBUG neutron.wsgi [None req-c725eb4e-b08f-48e6-9e7e-cbc85d77797e tempest-ExtensionsTestJSON-1692814303 tempest-ExtensionsTestJSON-1692814303-project] http://10.222.0.32:9696/v2.0/extensions/availability_zone returned with HTTP 200 {{(pid=103265) __call__ /opt/stack/neutron/neutron/wsgi.py:730}}
Jan 19 12:27:46.700231 dv-neutron-824727-2-hyperv neutron-server[103266]: DEBUG neutron_lib.callbacks.manager [None req-0a0ae65b-5a4c-4a46-bd88-d28cee4b0871 admin admin] Publish callbacks [] for security_group (799d6770-b981-4b6c-ad7a-66819e69d904), precommit_create {{(pid=103266) _notify_loop /usr/local/lib/python3.8/dist-packages/neutron_lib/callbacks/manager.py:176}}
Jan 19 12:27:46.705361 dv-neutron-824727-2-hyperv neutron-server[103265]: INFO neutron.wsgi [None req-c725eb4e-b08f-48e6-9e7e-cbc85d77797e tempest-ExtensionsTestJSON-1692814303 tempest-ExtensionsTestJSON-1692814303-project] 10.222.0.32 "GET /v2.0/extensions/availability_zone HTTP/1.1" status: 200 len: 372 time: 0.0088930
Jan 19 12:27:46.706435 dv-neutron-824727-2-hyperv neutron-server[103265]: DEBUG neutron.wsgi [-] (103265) accepted ('10.222.0.32', 47554) {{(pid=103265) server /usr/local/lib/python3.8/dist-packages/eventlet/wsgi.py:1004}}
Jan 19 12:27:46.709045 dv-neutron-824727-2-hyperv neutron-server[103266]: DEBUG neutron_lib.callbacks.manager [None req-0a0ae65b-5a4c-4a46-bd88-d28cee4b0871 admin admin] Publish callbacks ['neutron.plugins.ml2.ovo_rpc._ObjectChangeHandler.handle_event-1752829'] for security_group (799d6770-b981-4b6c-ad7a-66819e69d904), after_create {{(pid=103266) _notify_loop /usr/local/lib/python3.8/dist-packages/neutron_lib/callbacks/manager.py:176}}
Jan 19 12:27:46.712956 dv-neutron-824727-2-hyperv neutron-server[103265]: DEBUG neutron.wsgi [None req-09b1112d-f02a-42f8-926b-3ea8ed763a28 tempest-ExtensionsTestJSON-1692814303 tempest-ExtensionsTestJSON-1692814303-project] http://10.222.0.32:9696/v2.0/extensions/availability_zone_filter returned with HTTP 200 {{(pid=103265) __call__ /opt/stack/neutron/neutron/wsgi.py:730}}
Jan 19 12:27:46.719164 dv-neutron-824727-2-hyperv neutron-server[103265]: INFO neutron.wsgi [None req-09b1112d-f02a-42f8-926b-3ea8ed763a28 tempest-ExtensionsTestJSON-1692814303 tempest-ExtensionsTestJSON-1692814303-project] 10.222.0.32 "GET /v2.0/extensions/availability_zone_filter HTTP/1.1" status: 200 len: 414 time: 0.0109074
Jan 19 12:27:46.720107 dv-neutron-824727-2-hyperv neutron-server[103265]: DEBUG neutron.wsgi [-] (103265) accepted ('10.222.0.32', 47556) {{(pid=103265) server /usr/local/lib/python3.8/dist-packages/eventlet/wsgi.py:1004}}
Jan 19 12:27:46.725897 dv-neutron-824727-2-hyperv neutron-server[103265]: DEBUG neutron.wsgi [None req-ed4fa70e-9d87-43f8-9414-49c31dcc1172 tempest-ExtensionsTestJSON-1692814303 tempest-ExtensionsTestJSON-1692814303-project] http://10.222.0.32:9696/v2.0/extensions/default-subnetpools returned with HTTP 200 {{(pid=103265) __call__ /opt/stack/neutron/neutron/wsgi.py:730}}
Jan 19 12:27:46.730835 dv-neutron-824727-2-hyperv neutron-server[103265]: INFO neutron.wsgi [None req-ed4fa70e-9d87-43f8-9414-49c31dcc1172 tempest-ExtensionsTestJSON-1692814303 tempest-ExtensionsTestJSON-1692814303-project] 10.222.0.32 "GET /v2.0/extensions/default-subnetpools HTTP/1.1" status: 200 len: 405 time: 0.0095978
Jan 19 12:27:46.731674 dv-neutron-824727-2-hyperv neutron-server[103265]: DEBUG neutron.wsgi [-] (103265) accepted ('10.222.0.32', 47558) {{(pid=103265) server /usr/local/lib/python3.8/dist-packages/eventlet/wsgi.py:1004}}
Jan 19 12:27:46.737329 dv-neutron-824727-2-hyperv neutron-server[103265]: DEBUG neutron.wsgi [None req-e05e5050-c954-4e8e-bf95-d3d50c2e49ca tempest-ExtensionsTestJSON-1692814303 tempest-ExtensionsTestJSON-1692814303-project] http://10.222.0.32:9696/v2.0/extensions/dhcp_agent_scheduler returned with HTTP 200 {{(pid=103265) __call__ /opt/stack/neutron/neutron/wsgi.py:730}}
Jan 19 12:27:46.738453 dv-neutron-824727-2-hyperv neutron-server[103265]: INFO neutron.wsgi [None req-e05e5050-c954-4e8e-bf95-d3d50c2e49ca tempest-ExtensionsTestJSON-1692814303 tempest-ExtensionsTestJSON-1692814303-project] 10.222.0.32 "GET /v2.0/extensions/dhcp_agent_scheduler HTTP/1.1" status: 200 len: 381 time: 0.0056663
Jan 19 12:27:46.741737 dv-neutron-824727-2-hyperv neutron-server[103265]: DEBUG neutron.wsgi [-] (103265) accepted ('10.222.0.32', 47560) {{(pid=103265) server /usr/local/lib/python3.8/dist-packages/eventlet/wsgi.py:1004}}
Jan 19 12:27:46.746067 dv-neutron-824727-2-hyperv neutron-server[103266]: DEBUG neutron.api.rpc.handlers.resources_rpc [None req-0a0ae65b-5a4c-4a46-bd88-d28cee4b0871 admin admin] Pushing event updated for resources: {'SecurityGroup': ['ID=799d6770-b981-4b6c-ad7a-66819e69d904,revision_number=1']} {{(pid=103266) push /opt/stack/neutron/neutron/api/rpc/handlers/resources_rpc.py:237}}
Jan 19 12:27:46.746725 dv-neutron-824727-2-hyperv neutron-server[103265]: DEBUG neutron.wsgi [None req-1e8afb6f-213e-40ac-9fbd-bfe6a3c38a3a tempest-ExtensionsTestJSON-1692814303 tempest-ExtensionsTestJSON-1692814303-project] http://10.222.0.32:9696/v2.0/extensions/dvr returned with HTTP 200 {{(pid=103265) __call__ /opt/stack/neutron/neutron/wsgi.py:730}}
Jan 19 12:27:46.751295 dv-neutron-824727-2-hyperv neutron-server[103265]: INFO neutron.wsgi [None req-1e8afb6f-213e-40ac-9fbd-bfe6a3c38a3a tempest-ExtensionsTestJSON-1692814303 tempest-ExtensionsTestJSON-1692814303-project] 10.222.0.32 "GET /v2.0/extensions/dvr HTTP/1.1" status: 200 len: 387 time: 0.0084367
Jan 19 12:27:46.752395 dv-neutron-824727-2-hyperv neutron-server[103265]: DEBUG neutron.wsgi [-] (103265) accepted ('10.222.0.32', 47562) {{(pid=103265) server /usr/local/lib/python3.8/dist-packages/eventlet/wsgi.py:1004}}
Jan 19 12:27:46.757964 dv-neutron-824727-2-hyperv neutron-server[103266]: DEBUG neutron.api.rpc.callbacks.version_manager [None req-0a0ae65b-5a4c-4a46-bd88-d28cee4b0871 admin admin] Version for resource type AddressGroup changed None to 1.2 on consumer Open vSwitch agent@dv-neutron-824727-2-hyperv {{(pid=103266) _set_version /opt/stack/neutron/neutron/api/rpc/callbacks/version_manager.py:113}}
Jan 19 12:27:46.758579 dv-neutron-824727-2-hyperv neutron-server[103266]: DEBUG neutron.api.rpc.callbacks.version_manager [None req-0a0ae65b-5a4c-4a46-bd88-d28cee4b0871 admin admin] Version for resource type ConntrackHelper changed None to 1.0 on consumer Open vSwitch agent@dv-neutron-824727-2-hyperv {{(pid=103266) _set_version /opt/stack/neutron/neutron/api/rpc/callbacks/version_manager.py:113}}
Jan 19 12:27:46.758925 dv-neutron-824727-2-hyperv neutron-server[103265]: DEBUG neutron.wsgi [None req-eb189f83-3c24-43b7-bd26-3541c1830fb2 tempest-ExtensionsTestJSON-1692814303 tempest-ExtensionsTestJSON-1692814303-project] http://10.222.0.32:9696/v2.0/extensions/empty-string-filtering returned with HTTP 200 {{(pid=103265) __call__ /opt/stack/neutron/neutron/wsgi.py:730}}
Jan 19 12:27:46.759526 dv-neutron-824727-2-hyperv neutron-server[103266]: DEBUG neutron.api.rpc.callbacks.version_manager [None req-0a0ae65b-5a4c-4a46-bd88-d28cee4b0871 admin admin] Version for resource type LocalIPAssociation changed None to 1.0 on consumer Open vSwitch agent@dv-neutron-824727-2-hyperv {{(pid=103266) _set_version /opt/stack/neutron/neutron/api/rpc/callbacks/version_manager.py:113}}
Jan 19 12:27:46.760358 dv-neutron-824727-2-hyperv neutron-server[103266]: DEBUG neutron.api.rpc.callbacks.version_manager [None req-0a0ae65b-5a4c-4a46-bd88-d28cee4b0871 admin admin] Version for resource type Log changed None to 1.0 on consumer Open vSwitch agent@dv-neutron-824727-2-hyperv {{(pid=103266) _set_version /opt/stack/neutron/neutron/api/rpc/callbacks/version_manager.py:113}}
Jan 19 12:27:46.761058 dv-neutron-824727-2-hyperv neutron-server[103266]: DEBUG neutron.api.rpc.callbacks.version_manager [None req-0a0ae65b-5a4c-4a46-bd88-d28cee4b0871 admin admin] Version for resource type Network changed None to 1.1 on consumer Open vSwitch agent@dv-neutron-824727-2-hyperv {{(pid=103266) _set_version /opt/stack/neutron/neutron/api/rpc/callbacks/version_manager.py:113}}
Jan 19 12:27:46.761535 dv-neutron-824727-2-hyperv neutron-server[103266]: DEBUG neutron.api.rpc.callbacks.version_manager [None req-0a0ae65b-5a4c-4a46-bd88-d28cee4b0871 admin admin] Version for resource type Port changed None to 1.7 on consumer Open vSwitch agent@dv-neutron-824727-2-hyperv {{(pid=103266) _set_version /opt/stack/neutron/neutron/api/rpc/callbacks/version_manager.py:113}}
Jan 19 12:27:46.762014 dv-neutron-824727-2-hyperv neutron-server[103266]: DEBUG neutron.api.rpc.callbacks.version_manager [None req-0a0ae65b-5a4c-4a46-bd88-d28cee4b0871 admin admin] Version for resource type PortForwarding changed None to 1.2 on consumer Open vSwitch agent@dv-neutron-824727-2-hyperv {{(pid=103266) _set_version /opt/stack/neutron/neutron/api/rpc/callbacks/version_manager.py:113}}
Jan 19 12:27:46.762497 dv-neutron-824727-2-hyperv neutron-server[103266]: DEBUG neutron.api.rpc.callbacks.version_manager [None req-0a0ae65b-5a4c-4a46-bd88-d28cee4b0871 admin admin] Version for resource type QosPolicy changed None to 1.10 on consumer Open vSwitch agent@dv-neutron-824727-2-hyperv {{(pid=103266) _set_version /opt/stack/neutron/neutron/api/rpc/callbacks/version_manager.py:113}}
Jan 19 12:27:46.762988 dv-neutron-824727-2-hyperv neutron-server[103266]: DEBUG neutron.api.rpc.callbacks.version_manager [None req-0a0ae65b-5a4c-4a46-bd88-d28cee4b0871 admin admin] Version for resource type SecurityGroup changed None to 1.5 on consumer Open vSwitch agent@dv-neutron-824727-2-hyperv {{(pid=103266) _set_version /opt/stack/neutron/neutron/api/rpc/callbacks/version_manager.py:113}}
Jan 19 12:27:46.763594 dv-neutron-824727-2-hyperv neutron-server[103266]: DEBUG neutron.api.rpc.callbacks.version_manager [None req-0a0ae65b-5a4c-4a46-bd88-d28cee4b0871 admin admin] Version for resource type SecurityGroupRule changed None to 1.2 on consumer Open vSwitch agent@dv-neutron-824727-2-hyperv {{(pid=103266) _set_version /opt/stack/neutron/neutron/api/rpc/callbacks/version_manager.py:113}}
Jan 19 12:27:46.763764 dv-neutron-824727-2-hyperv neutron-server[103265]: INFO neutron.wsgi [None req-eb189f83-3c24-43b7-bd26-3541c1830fb2 tempest-ExtensionsTestJSON-1692814303 tempest-ExtensionsTestJSON-1692814303-project] 10.222.0.32 "GET /v2.0/extensions/empty-string-filtering HTTP/1.1" status: 200 len: 413 time: 0.0100400
Jan 19 12:27:46.764256 dv-neutron-824727-2-hyperv neutron-server[103266]: DEBUG neutron.api.rpc.callbacks.version_manager [None req-0a0ae65b-5a4c-4a46-bd88-d28cee4b0871 admin admin] Version for resource type SubPort changed None to 1.0 on consumer Open vSwitch agent@dv-neutron-824727-2-hyperv {{(pid=103266) _set_version /opt/stack/neutron/neutron/api/rpc/callbacks/version_manager.py:113}}
Jan 19 12:27:46.764704 dv-neutron-824727-2-hyperv neutron-server[103266]: DEBUG neutron.api.rpc.callbacks.version_manager [None req-0a0ae65b-5a4c-4a46-bd88-d28cee4b0871 admin admin] Version for resource type Subnet changed None to 1.1 on consumer Open vSwitch agent@dv-neutron-824727-2-hyperv {{(pid=103266) _set_version /opt/stack/neutron/neutron/api/rpc/callbacks/version_manager.py:113}}
Jan 19 12:27:46.765167 dv-neutron-824727-2-hyperv neutron-server[103265]: DEBUG neutron.wsgi [-] (103265) accepted ('10.222.0.32', 47564) {{(pid=103265) server /usr/local/lib/python3.8/dist-packages/eventlet/wsgi.py:1004}}
Jan 19 12:27:46.765296 dv-neutron-824727-2-hyperv neutron-server[103266]: DEBUG neutron.api.rpc.callbacks.version_manager [None req-0a0ae65b-5a4c-4a46-bd88-d28cee4b0871 admin admin] Version for resource type Trunk changed None to 1.1 on consumer Open vSwitch agent@dv-neutron-824727-2-hyperv {{(pid=103266) _set_version /opt/stack/neutron/neutron/api/rpc/callbacks/version_manager.py:113}}
Jan 19 12:27:46.766682 dv-neutron-824727-2-hyperv neutron-server[103266]: DEBUG neutron.api.rpc.callbacks.version_manager [None req-0a0ae65b-5a4c-4a46-bd88-d28cee4b0871 admin admin] Tracked resource versions report:
Jan 19 12:27:46.766682 dv-neutron-824727-2-hyperv neutron-server[103266]: pushed versions:
Jan 19 12:27:46.766682 dv-neutron-824727-2-hyperv neutron-server[103266]: { 'AddressGroup': {'1.2'},
Jan 19 12:27:46.766682 dv-neutron-824727-2-hyperv neutron-server[103266]: 'ConntrackHelper': {'1.0'},
Jan 19 12:27:46.766682 dv-neutron-824727-2-hyperv neutron-server[103266]: 'LocalIPAssociation': {'1.0'},
Jan 19 12:27:46.766682 dv-neutron-824727-2-hyperv neutron-server[103266]: 'Log': {'1.0'},
Jan 19 12:27:46.766682 dv-neutron-824727-2-hyperv neutron-server[103266]: 'Network': {'1.1'},
Jan 19 12:27:46.766682 dv-neutron-824727-2-hyperv neutron-server[103266]: 'Port': {'1.7'},
Jan 19 12:27:46.766682 dv-neutron-824727-2-hyperv neutron-server[103266]: 'PortForwarding': {'1.2'},
Jan 19 12:27:46.766682 dv-neutron-824727-2-hyperv neutron-server[103266]: 'QosPolicy': {'1.10'},
Jan 19 12:27:46.766682 dv-neutron-824727-2-hyperv neutron-server[103266]: 'SecurityGroup': {'1.5'},
Jan 19 12:27:46.766682 dv-neutron-824727-2-hyperv neutron-server[103266]: 'SecurityGroupRule': {'1.2'},
Jan 19 12:27:46.766682 dv-neutron-824727-2-hyperv neutron-server[103266]: 'SubPort': {'1.0'},
Jan 19 12:27:46.766682 dv-neutron-824727-2-hyperv neutron-server[103266]: 'Subnet': {'1.1'},
Jan 19 12:27:46.766682 dv-neutron-824727-2-hyperv neutron-server[103266]: 'Trunk': {'1.1'}}
Jan 19 12:27:46.766682 dv-neutron-824727-2-hyperv neutron-server[103266]: consumer versions:
Jan 19 12:27:46.766682 dv-neutron-824727-2-hyperv neutron-server[103266]: { DHCP agent@dv-neutron-824727-2-hyperv: {},
Jan 19 12:27:46.766682 dv-neutron-824727-2-hyperv neutron-server[103266]: HyperV agent@hv-neutron-8247: {},
Jan 19 12:27:46.766682 dv-neutron-824727-2-hyperv neutron-server[103266]: L3 agent@dv-neutron-824727-2-hyperv: {},
Jan 19 12:27:46.766682 dv-neutron-824727-2-hyperv neutron-server[103266]: Metadata agent@dv-neutron-824727-2-hyperv: {},
Jan 19 12:27:46.766682 dv-neutron-824727-2-hyperv neutron-server[103266]: Metering agent@dv-neutron-824727-2-hyperv: {},
Jan 19 12:27:46.766682 dv-neutron-824727-2-hyperv neutron-server[103266]: Open vSwitch agent@dv-neutron-824727-2-hyperv: { 'AddressGroup': '1.2',
Jan 19 12:27:46.766682 dv-neutron-824727-2-hyperv neutron-server[103266]: 'ConntrackHelper': '1.0',
Jan 19 12:27:46.766682 dv-neutron-824727-2-hyperv neutron-server[103266]: 'LocalIPAssociation': '1.0',
Jan 19 12:27:46.766682 dv-neutron-824727-2-hyperv neutron-server[103266]: 'Log': '1.0',
Jan 19 12:27:46.766682 dv-neutron-824727-2-hyperv neutron-server[103266]: 'Network': '1.1',
Jan 19 12:27:46.766682 dv-neutron-824727-2-hyperv neutron-server[103266]: 'Port': '1.7',
Jan 19 12:27:46.766682 dv-neutron-824727-2-hyperv neutron-server[103266]: 'PortForwarding': '1.2',
Jan 19 12:27:46.766682 dv-neutron-824727-2-hyperv neutron-server[103266]: 'QosPolicy': '1.10',
Jan 19 12:27:46.766682 dv-neutron-824727-2-hyperv neutron-server[103266]: 'SecurityGroup': '1.5',
Jan 19 12:27:46.766682 dv-neutron-824727-2-hyperv neutron-server[103266]: 'SecurityGroupRule': '1.2',
Jan 19 12:27:46.766682 dv-neutron-824727-2-hyperv neutron-server[103266]: 'SubPort': '1.0',
Jan 19 12:27:46.766682 dv-neutron-824727-2-hyperv neutron-server[103266]: 'Subnet': '1.1',
Jan 19 12:27:46.766682 dv-neutron-824727-2-hyperv neutron-server[103266]: 'Trunk': '1.1'}}
Jan 19 12:27:46.766682 dv-neutron-824727-2-hyperv neutron-server[103266]: {{(pid=103266) report /opt/stack/neutron/neutron/api/rpc/callbacks/version_manager.py:175}}
Jan 19 12:27:46.773622 dv-neutron-824727-2-hyperv neutron-server[103265]: DEBUG neutron.wsgi [None req-c2718e5b-bed6-4c9b-875a-3c27aafa6371 tempest-ExtensionsTestJSON-1692814303 tempest-ExtensionsTestJSON-1692814303-project] http://10.222.0.32:9696/v2.0/extensions/external-net returned with HTTP 200 {{(pid=103265) __call__ /opt/stack/neutron/neutron/wsgi.py:730}}
Jan 19 12:27:46.780183 dv-neutron-824727-2-hyperv neutron-server[103265]: INFO neutron.wsgi [None req-c2718e5b-bed6-4c9b-875a-3c27aafa6371 tempest-ExtensionsTestJSON-1692814303 tempest-ExtensionsTestJSON-1692814303-project] 10.222.0.32 "GET /v2.0/extensions/external-net HTTP/1.1" status: 200 len: 394 time: 0.0131459
Jan 19 12:27:46.781201 dv-neutron-824727-2-hyperv neutron-server[103265]: DEBUG neutron.wsgi [-] (103265) accepted ('10.222.0.32', 47568) {{(pid=103265) server /usr/local/lib/python3.8/dist-packages/eventlet/wsgi.py:1004}}
Jan 19 12:27:46.786824 dv-neutron-824727-2-hyperv neutron-server[103265]: DEBUG neutron.wsgi [None req-cb8b3162-e230-4847-8cf5-40fd55c2c960 tempest-ExtensionsTestJSON-1692814303 tempest-ExtensionsTestJSON-1692814303-project] http://10.222.0.32:9696/v2.0/extensions/extra_dhcp_opt returned with HTTP 200 {{(pid=103265) __call__ /opt/stack/neutron/neutron/wsgi.py:730}}
Jan 19 12:27:46.787025 dv-neutron-824727-2-hyperv neutron-server[103266]: DEBUG neutron.plugins.ml2.drivers.helpers [None req-0a0ae65b-5a4c-4a46-bd88-d28cee4b0871 admin admin] vlan segment allocate from pool success with {'vlan_id': 60, 'physical_network': 'physnet1'} {{(pid=103266) allocate_partially_specified_segment /opt/stack/neutron/neutron/plugins/ml2/drivers/helpers.py:153}}
Jan 19 12:27:46.791247 dv-neutron-824727-2-hyperv neutron-server[103265]: INFO neutron.wsgi [None req-cb8b3162-e230-4847-8cf5-40fd55c2c960 tempest-ExtensionsTestJSON-1692814303 tempest-ExtensionsTestJSON-1692814303-project] 10.222.0.32 "GET /v2.0/extensions/extra_dhcp_opt HTTP/1.1" status: 200 len: 498 time: 0.0088320
Jan 19 12:27:46.792768 dv-neutron-824727-2-hyperv neutron-server[103265]: DEBUG neutron.wsgi [-] (103265) accepted ('10.222.0.32', 47572) {{(pid=103265) server /usr/local/lib/python3.8/dist-packages/eventlet/wsgi.py:1004}}
Jan 19 12:27:46.797863 dv-neutron-824727-2-hyperv neutron-server[103265]: DEBUG neutron.wsgi [None req-efd24ad6-a9b5-4257-a222-f50bc3eaf669 tempest-ExtensionsTestJSON-1692814303 tempest-ExtensionsTestJSON-1692814303-project] http://10.222.0.32:9696/v2.0/extensions/extraroute returned with HTTP 200 {{(pid=103265) __call__ /opt/stack/neutron/neutron/wsgi.py:730}}
Jan 19 12:27:46.799301 dv-neutron-824727-2-hyperv neutron-server[103266]: DEBUG neutron_lib.callbacks.manager [None req-0a0ae65b-5a4c-4a46-bd88-d28cee4b0871 admin admin] Publish callbacks ['neutron.plugins.ml2.plugin.Ml2Plugin._handle_segment_change-574098'] for segment (170622ef-96e9-44cb-a7f7-6efabe7cbba2), precommit_create {{(pid=103266) _notify_loop /usr/local/lib/python3.8/dist-packages/neutron_lib/callbacks/manager.py:176}}
Jan 19 12:27:46.799645 dv-neutron-824727-2-hyperv neutron-server[103266]: INFO neutron.db.segments_db [None req-0a0ae65b-5a4c-4a46-bd88-d28cee4b0871 admin admin] Added segment 170622ef-96e9-44cb-a7f7-6efabe7cbba2 of type vlan for network 186fc576-e677-47b4-bef3-fcae7a873c64
Jan 19 12:27:46.801636 dv-neutron-824727-2-hyperv neutron-server[103265]: INFO neutron.wsgi [None req-efd24ad6-a9b5-4257-a222-f50bc3eaf669 tempest-ExtensionsTestJSON-1692814303 tempest-ExtensionsTestJSON-1692814303-project] 10.222.0.32 "GET /v2.0/extensions/extraroute HTTP/1.1" status: 200 len: 375 time: 0.0075338
Jan 19 12:27:46.802248 dv-neutron-824727-2-hyperv neutron-server[103265]: DEBUG neutron.wsgi [-] (103265) accepted ('10.222.0.32', 47574) {{(pid=103265) server /usr/local/lib/python3.8/dist-packages/eventlet/wsgi.py:1004}}
Jan 19 12:27:46.806502 dv-neutron-824727-2-hyperv neutron-server[103265]: DEBUG neutron.wsgi [None req-3577e731-1555-4a38-95fe-9bd8d992c013 tempest-ExtensionsTestJSON-1692814303 tempest-ExtensionsTestJSON-1692814303-project] http://10.222.0.32:9696/v2.0/extensions/extraroute-atomic returned with HTTP 200 {{(pid=103265) __call__ /opt/stack/neutron/neutron/wsgi.py:730}}
Jan 19 12:27:46.811097 dv-neutron-824727-2-hyperv neutron-server[103265]: INFO neutron.wsgi [None req-3577e731-1555-4a38-95fe-9bd8d992c013 tempest-ExtensionsTestJSON-1692814303 tempest-ExtensionsTestJSON-1692814303-project] 10.222.0.32 "GET /v2.0/extensions/extraroute-atomic HTTP/1.1" status: 200 len: 444 time: 0.0078936
Jan 19 12:27:46.811318 dv-neutron-824727-2-hyperv neutron-server[103266]: DEBUG neutron.wsgi [-] (103266) accepted ('10.222.0.32', 47576) {{(pid=103266) server /usr/local/lib/python3.8/dist-packages/eventlet/wsgi.py:1004}}
Jan 19 12:27:46.832424 dv-neutron-824727-2-hyperv neutron-server[103266]: DEBUG neutron.wsgi [None req-9c9a02b5-90ad-41a0-9505-3c312ff0b34b tempest-ExtensionsTestJSON-1692814303 tempest-ExtensionsTestJSON-1692814303-project] http://10.222.0.32:9696/v2.0/extensions/filter-validation returned with HTTP 200 {{(pid=103266) __call__ /opt/stack/neutron/neutron/wsgi.py:730}}
Jan 19 12:27:46.836155 dv-neutron-824727-2-hyperv neutron-server[103266]: INFO neutron.wsgi [None req-9c9a02b5-90ad-41a0-9505-3c312ff0b34b tempest-ExtensionsTestJSON-1692814303 tempest-ExtensionsTestJSON-1692814303-project] 10.222.0.32 "GET /v2.0/extensions/filter-validation HTTP/1.1" status: 200 len: 392 time: 0.0211091
Jan 19 12:27:46.836790 dv-neutron-824727-2-hyperv neutron-server[103265]: DEBUG neutron.wsgi [-] (103265) accepted ('10.222.0.32', 47578) {{(pid=103265) server /usr/local/lib/python3.8/dist-packages/eventlet/wsgi.py:1004}}
Jan 19 12:27:46.841161 dv-neutron-824727-2-hyperv neutron-server[103265]: DEBUG neutron.wsgi [None req-009d2a40-98d4-487e-bc8f-1038d86342d8 tempest-ExtensionsTestJSON-1692814303 tempest-ExtensionsTestJSON-1692814303-project] http://10.222.0.32:9696/v2.0/extensions/fip-port-details returned with HTTP 200 {{(pid=103265) __call__ /opt/stack/neutron/neutron/wsgi.py:730}}
Jan 19 12:27:46.842534 dv-neutron-824727-2-hyperv neutron-server[103265]: INFO neutron.wsgi [None req-009d2a40-98d4-487e-bc8f-1038d86342d8 tempest-ExtensionsTestJSON-1692814303 tempest-ExtensionsTestJSON-1692814303-project] 10.222.0.32 "GET /v2.0/extensions/fip-port-details HTTP/1.1" status: 200 len: 406 time: 0.0044346
Jan 19 12:27:46.845046 dv-neutron-824727-2-hyperv neutron-server[103265]: DEBUG neutron.wsgi [-] (103265) accepted ('10.222.0.32', 47580) {{(pid=103265) server /usr/local/lib/python3.8/dist-packages/eventlet/wsgi.py:1004}}
Jan 19 12:27:46.848615 dv-neutron-824727-2-hyperv neutron-server[103266]: DEBUG neutron_lib.callbacks.manager [None req-0a0ae65b-5a4c-4a46-bd88-d28cee4b0871 admin admin] Publish callbacks ['neutron.services.auto_allocate.db._ensure_external_network_default_value_callback-8784626752943'] for network (186fc576-e677-47b4-bef3-fcae7a873c64), precommit_create {{(pid=103266) _notify_loop /usr/local/lib/python3.8/dist-packages/neutron_lib/callbacks/manager.py:176}}
Jan 19 12:27:46.851569 dv-neutron-824727-2-hyperv neutron-server[103265]: DEBUG neutron.wsgi [None req-060a913d-f9c1-48b3-ae3f-24d64654fff6 tempest-ExtensionsTestJSON-1692814303 tempest-ExtensionsTestJSON-1692814303-project] http://10.222.0.32:9696/v2.0/extensions/flavors returned with HTTP 200 {{(pid=103265) __call__ /opt/stack/neutron/neutron/wsgi.py:730}}
Jan 19 12:27:46.856504 dv-neutron-824727-2-hyperv neutron-server[103265]: INFO neutron.wsgi [None req-060a913d-f9c1-48b3-ae3f-24d64654fff6 tempest-ExtensionsTestJSON-1692814303 tempest-ExtensionsTestJSON-1692814303-project] 10.222.0.32 "GET /v2.0/extensions/flavors HTTP/1.1" status: 200 len: 387 time: 0.0092821
Jan 19 12:27:46.857312 dv-neutron-824727-2-hyperv neutron-server[103265]: DEBUG neutron.wsgi [-] (103265) accepted ('10.222.0.32', 47582) {{(pid=103265) server /usr/local/lib/python3.8/dist-packages/eventlet/wsgi.py:1004}}
Jan 19 12:27:46.861461 dv-neutron-824727-2-hyperv neutron-server[103265]: DEBUG neutron.wsgi [None req-b37c9f84-2f7a-44d8-b312-353149e32eea tempest-ExtensionsTestJSON-1692814303 tempest-ExtensionsTestJSON-1692814303-project] http://10.222.0.32:9696/v2.0/extensions/floatingip-pools returned with HTTP 200 {{(pid=103265) __call__ /opt/stack/neutron/neutron/wsgi.py:730}}
Jan 19 12:27:46.865186 dv-neutron-824727-2-hyperv neutron-server[103265]: INFO neutron.wsgi [None req-b37c9f84-2f7a-44d8-b312-353149e32eea tempest-ExtensionsTestJSON-1692814303 tempest-ExtensionsTestJSON-1692814303-project] 10.222.0.32 "GET /v2.0/extensions/floatingip-pools HTTP/1.1" status: 200 len: 382 time: 0.0068061
Jan 19 12:27:46.865936 dv-neutron-824727-2-hyperv neutron-server[103265]: DEBUG neutron.wsgi [-] (103265) accepted ('10.222.0.32', 47584) {{(pid=103265) server /usr/local/lib/python3.8/dist-packages/eventlet/wsgi.py:1004}}
Jan 19 12:27:46.871143 dv-neutron-824727-2-hyperv neutron-server[103265]: DEBUG neutron.wsgi [None req-252ab9b4-8b0e-43c0-b12b-d77b61108a06 tempest-ExtensionsTestJSON-1692814303 tempest-ExtensionsTestJSON-1692814303-project] http://10.222.0.32:9696/v2.0/extensions/ip-substring-filtering returned with HTTP 200 {{(pid=103265) __call__ /opt/stack/neutron/neutron/wsgi.py:730}}
Jan 19 12:27:46.875138 dv-neutron-824727-2-hyperv neutron-server[103265]: INFO neutron.wsgi [None req-252ab9b4-8b0e-43c0-b12b-d77b61108a06 tempest-ExtensionsTestJSON-1692814303 tempest-ExtensionsTestJSON-1692814303-project] 10.222.0.32 "GET /v2.0/extensions/ip-substring-filtering HTTP/1.1" status: 200 len: 416 time: 0.0080059
Jan 19 12:27:46.875929 dv-neutron-824727-2-hyperv neutron-server[103265]: DEBUG neutron.wsgi [-] (103265) accepted ('10.222.0.32', 47586) {{(pid=103265) server /usr/local/lib/python3.8/dist-packages/eventlet/wsgi.py:1004}}
Jan 19 12:27:46.881901 dv-neutron-824727-2-hyperv neutron-server[103265]: DEBUG neutron.wsgi [None req-9329dc5c-13dc-4c3e-b649-51c2cd800c3e tempest-ExtensionsTestJSON-1692814303 tempest-ExtensionsTestJSON-1692814303-project] http://10.222.0.32:9696/v2.0/extensions/router returned with HTTP 200 {{(pid=103265) __call__ /opt/stack/neutron/neutron/wsgi.py:730}}
Jan 19 12:27:46.885754 dv-neutron-824727-2-hyperv neutron-server[103265]: INFO neutron.wsgi [None req-9329dc5c-13dc-4c3e-b649-51c2cd800c3e tempest-ExtensionsTestJSON-1692814303 tempest-ExtensionsTestJSON-1692814303-project] 10.222.0.32 "GET /v2.0/extensions/router HTTP/1.1" status: 200 len: 450 time: 0.0060174
Jan 19 12:27:46.885863 dv-neutron-824727-2-hyperv neutron-server[103265]: DEBUG neutron.wsgi [-] (103265) accepted ('10.222.0.32', 47588) {{(pid=103265) server /usr/local/lib/python3.8/dist-packages/eventlet/wsgi.py:1004}}
Jan 19 12:27:46.887591 dv-neutron-824727-2-hyperv neutron-server[103266]: DEBUG neutron_lib.callbacks.manager [None req-0a0ae65b-5a4c-4a46-bd88-d28cee4b0871 admin admin] Publish callbacks ['neutron.plugins.ml2.ovo_rpc._ObjectChangeHandler.handle_event-1752652', 'neutron.api.rpc.agentnotifiers.dhcp_rpc_agent_api.DhcpAgentNotifyAPI._native_event_send_dhcp_notification-1691127'] for network (186fc576-e677-47b4-bef3-fcae7a873c64), after_create {{(pid=103266) _notify_loop /usr/local/lib/python3.8/dist-packages/neutron_lib/callbacks/manager.py:176}}
Jan 19 12:27:46.888825 dv-neutron-824727-2-hyperv neutron-server[103266]: DEBUG neutron.pecan_wsgi.hooks.policy_enforcement [None req-0a0ae65b-5a4c-4a46-bd88-d28cee4b0871 admin admin] Attributes excluded by policy engine: ['standard_attr_id', 'vlan_transparent'] {{(pid=103266) _exclude_attributes_by_policy /opt/stack/neutron/neutron/pecan_wsgi/hooks/policy_enforcement.py:255}}
Jan 19 12:27:46.889585 dv-neutron-824727-2-hyperv neutron-server[103266]: DEBUG neutron_lib.callbacks.manager [None req-0a0ae65b-5a4c-4a46-bd88-d28cee4b0871 admin admin] Publish callbacks ['neutron.api.rpc.agentnotifiers.dhcp_rpc_agent_api.DhcpAgentNotifyAPI._send_dhcp_notification-1691009'] for network (None), before_response {{(pid=103266) _notify_loop /usr/local/lib/python3.8/dist-packages/neutron_lib/callbacks/manager.py:176}}
Jan 19 12:27:46.890128 dv-neutron-824727-2-hyperv neutron-server[103265]: DEBUG neutron.wsgi [None req-272d8744-d42b-4251-b007-f43d5123b392 tempest-ExtensionsTestJSON-1692814303 tempest-ExtensionsTestJSON-1692814303-project] http://10.222.0.32:9696/v2.0/extensions/ext-gw-mode returned with HTTP 200 {{(pid=103265) __call__ /opt/stack/neutron/neutron/wsgi.py:730}}
Jan 19 12:27:46.893875 dv-neutron-824727-2-hyperv neutron-server[103265]: INFO neutron.wsgi [None req-272d8744-d42b-4251-b007-f43d5123b392 tempest-ExtensionsTestJSON-1692814303 tempest-ExtensionsTestJSON-1692814303-project] 10.222.0.32 "GET /v2.0/extensions/ext-gw-mode HTTP/1.1" status: 200 len: 462 time: 0.0071554
Jan 19 12:27:46.894468 dv-neutron-824727-2-hyperv neutron-server[103265]: DEBUG neutron.wsgi [-] (103265) accepted ('10.222.0.32', 47590) {{(pid=103265) server /usr/local/lib/python3.8/dist-packages/eventlet/wsgi.py:1004}}
Jan 19 12:27:46.900580 dv-neutron-824727-2-hyperv neutron-server[103265]: DEBUG neutron.wsgi [None req-49f82059-172b-4388-8071-b024484b553f tempest-ExtensionsTestJSON-1692814303 tempest-ExtensionsTestJSON-1692814303-project] http://10.222.0.32:9696/v2.0/extensions/l3-ha returned with HTTP 200 {{(pid=103265) __call__ /opt/stack/neutron/neutron/wsgi.py:730}}
Jan 19 12:27:46.903137 dv-neutron-824727-2-hyperv neutron-server[103265]: INFO neutron.wsgi [None req-49f82059-172b-4388-8071-b024484b553f tempest-ExtensionsTestJSON-1692814303 tempest-ExtensionsTestJSON-1692814303-project] 10.222.0.32 "GET /v2.0/extensions/l3-ha HTTP/1.1" status: 200 len: 360 time: 0.0076027
Jan 19 12:27:46.903656 dv-neutron-824727-2-hyperv neutron-server[103266]: DEBUG neutron.wsgi [-] (103266) accepted ('10.222.0.32', 47594) {{(pid=103266) server /usr/local/lib/python3.8/dist-packages/eventlet/wsgi.py:1004}}
Jan 19 12:27:46.923586 dv-neutron-824727-2-hyperv neutron-server[103266]: DEBUG neutron.wsgi [None req-157637ac-28ed-46dd-86e1-9bd19d89e83e tempest-ExtensionsTestJSON-1692814303 tempest-ExtensionsTestJSON-1692814303-project] http://10.222.0.32:9696/v2.0/extensions/l3-flavors returned with HTTP 200 {{(pid=103266) __call__ /opt/stack/neutron/neutron/wsgi.py:730}}
Jan 19 12:27:46.923586 dv-neutron-824727-2-hyperv neutron-server[103266]: INFO neutron.wsgi [None req-157637ac-28ed-46dd-86e1-9bd19d89e83e tempest-ExtensionsTestJSON-1692814303 tempest-ExtensionsTestJSON-1692814303-project] 10.222.0.32 "GET /v2.0/extensions/l3-flavors HTTP/1.1" status: 200 len: 366 time: 0.0165896
Jan 19 12:27:46.926832 dv-neutron-824727-2-hyperv neutron-server[103265]: DEBUG neutron.wsgi [-] (103265) accepted ('10.222.0.32', 47598) {{(pid=103265) server /usr/local/lib/python3.8/dist-packages/eventlet/wsgi.py:1004}}
Jan 19 12:27:46.939508 dv-neutron-824727-2-hyperv neutron-server[103265]: DEBUG neutron.wsgi [None req-7641198e-4c30-4821-871c-303bf257c24e tempest-ExtensionsTestJSON-1692814303 tempest-ExtensionsTestJSON-1692814303-project] http://10.222.0.32:9696/v2.0/extensions/l3-port-ip-change-not-allowed returned with HTTP 200 {{(pid=103265) __call__ /opt/stack/neutron/neutron/wsgi.py:730}}
Jan 19 12:27:46.944446 dv-neutron-824727-2-hyperv neutron-server[103265]: INFO neutron.wsgi [None req-7641198e-4c30-4821-871c-303bf257c24e tempest-ExtensionsTestJSON-1692814303 tempest-ExtensionsTestJSON-1692814303-project] 10.222.0.32 "GET /v2.0/extensions/l3-port-ip-change-not-allowed HTTP/1.1" status: 200 len: 439 time: 0.0143468
Jan 19 12:27:46.946737 dv-neutron-824727-2-hyperv neutron-server[103265]: DEBUG neutron.wsgi [-] (103265) accepted ('10.222.0.32', 47602) {{(pid=103265) server /usr/local/lib/python3.8/dist-packages/eventlet/wsgi.py:1004}}
Jan 19 12:27:46.953929 dv-neutron-824727-2-hyperv neutron-server[103265]: DEBUG neutron.wsgi [None req-f8fb4bfa-8fb5-49bd-b521-1b111ff69431 tempest-ExtensionsTestJSON-1692814303 tempest-ExtensionsTestJSON-1692814303-project] http://10.222.0.32:9696/v2.0/extensions/l3_agent_scheduler returned with HTTP 200 {{(pid=103265) __call__ /opt/stack/neutron/neutron/wsgi.py:730}}
Jan 19 12:27:46.960016 dv-neutron-824727-2-hyperv neutron-server[103265]: INFO neutron.wsgi [None req-f8fb4bfa-8fb5-49bd-b521-1b111ff69431 tempest-ExtensionsTestJSON-1692814303 tempest-ExtensionsTestJSON-1692814303-project] 10.222.0.32 "GET /v2.0/extensions/l3_agent_scheduler HTTP/1.1" status: 200 len: 374 time: 0.0121088
Jan 19 12:27:46.960581 dv-neutron-824727-2-hyperv neutron-server[103265]: DEBUG neutron.wsgi [-] (103265) accepted ('10.222.0.32', 47606) {{(pid=103265) server /usr/local/lib/python3.8/dist-packages/eventlet/wsgi.py:1004}}
Jan 19 12:27:46.970540 dv-neutron-824727-2-hyperv neutron-server[103266]: INFO neutron.wsgi [None req-0a0ae65b-5a4c-4a46-bd88-d28cee4b0871 admin admin] 10.222.0.32 "POST /v2.0/networks HTTP/1.1" status: 201 len: 883 time: 0.6826246
Jan 19 12:27:46.971650 dv-neutron-824727-2-hyperv neutron-server[103265]: DEBUG neutron.wsgi [None req-6083a547-8c76-4aff-b0fb-98749378e652 tempest-ExtensionsTestJSON-1692814303 tempest-ExtensionsTestJSON-1692814303-project] http://10.222.0.32:9696/v2.0/extensions/metering returned with HTTP 200 {{(pid=103265) __call__ /opt/stack/neutron/neutron/wsgi.py:730}}
Jan 19 12:27:46.974896 dv-neutron-824727-2-hyperv neutron-server[103266]: DEBUG neutron.wsgi [-] (103266) accepted ('10.222.0.32', 47608) {{(pid=103266) server /usr/local/lib/python3.8/dist-packages/eventlet/wsgi.py:1004}}
Jan 19 12:27:46.975010 dv-neutron-824727-2-hyperv neutron-server[103265]: INFO neutron.wsgi [None req-6083a547-8c76-4aff-b0fb-98749378e652 tempest-ExtensionsTestJSON-1692814303 tempest-ExtensionsTestJSON-1692814303-project] 10.222.0.32 "GET /v2.0/extensions/metering HTTP/1.1" status: 200 len: 357 time: 0.0106082
Jan 19 12:27:46.975590 dv-neutron-824727-2-hyperv neutron-server[103265]: DEBUG neutron.wsgi [-] (103265) accepted ('10.222.0.32', 47610) {{(pid=103265) server /usr/local/lib/python3.8/dist-packages/eventlet/wsgi.py:1004}}
Jan 19 12:27:46.982794 dv-neutron-824727-2-hyperv neutron-server[103265]: DEBUG neutron.wsgi [None req-340513ef-83d4-473e-bae1-1692c9c2c231 tempest-ExtensionsTestJSON-1692814303 tempest-ExtensionsTestJSON-1692814303-project] http://10.222.0.32:9696/v2.0/extensions/metering_source_and_destination_fields returned with HTTP 200 {{(pid=103265) __call__ /opt/stack/neutron/neutron/wsgi.py:730}}
Jan 19 12:27:46.982978 dv-neutron-824727-2-hyperv neutron-server[103266]: DEBUG neutron.api.v2.base [None req-16b926ae-ead2-41a4-b855-0c02f4280169 admin admin] Request body: {'subnet': {'network_id': '186fc576-e677-47b4-bef3-fcae7a873c64', 'cidr': '172.20.0.0/28', 'name': 'tempest-ServersTestManualDisk-490095838-subnet', 'tenant_id': 'bfcd014a8608434bb7ae97bc0f7a94a1', 'enable_dhcp': True, 'ip_version': 4}} {{(pid=103266) prepare_request_body /opt/stack/neutron/neutron/api/v2/base.py:729}}
Jan 19 12:27:46.986441 dv-neutron-824727-2-hyperv neutron-server[103265]: INFO neutron.wsgi [None req-340513ef-83d4-473e-bae1-1692c9c2c231 tempest-ExtensionsTestJSON-1692814303 tempest-ExtensionsTestJSON-1692814303-project] 10.222.0.32 "GET /v2.0/extensions/metering_source_and_destination_fields HTTP/1.1" status: 200 len: 515 time: 0.0099244
Jan 19 12:27:46.987175 dv-neutron-824727-2-hyperv neutron-server[103265]: DEBUG neutron.wsgi [-] (103265) accepted ('10.222.0.32', 47612) {{(pid=103265) server /usr/local/lib/python3.8/dist-packages/eventlet/wsgi.py:1004}}
Jan 19 12:27:46.989501 dv-neutron-824727-2-hyperv neutron-server[103266]: DEBUG neutron.api.rpc.handlers.resources_rpc [None req-0a0ae65b-5a4c-4a46-bd88-d28cee4b0871 admin admin] Pushing event updated for resources: {'Network': ['ID=186fc576-e677-47b4-bef3-fcae7a873c64,revision_number=1']} {{(pid=103266) push /opt/stack/neutron/neutron/api/rpc/handlers/resources_rpc.py:237}}
Jan 19 12:27:46.993301 dv-neutron-824727-2-hyperv neutron-server[103265]: DEBUG neutron.wsgi [None req-b8f641e4-ba9b-4cc8-830f-e3239a80b143 tempest-ExtensionsTestJSON-1692814303 tempest-ExtensionsTestJSON-1692814303-project] http://10.222.0.32:9696/v2.0/extensions/multi-provider returned with HTTP 200 {{(pid=103265) __call__ /opt/stack/neutron/neutron/wsgi.py:730}}
Jan 19 12:27:46.997042 dv-neutron-824727-2-hyperv neutron-server[103265]: INFO neutron.wsgi [None req-b8f641e4-ba9b-4cc8-830f-e3239a80b143 tempest-ExtensionsTestJSON-1692814303 tempest-ExtensionsTestJSON-1692814303-project] 10.222.0.32 "GET /v2.0/extensions/multi-provider HTTP/1.1" status: 200 len: 406 time: 0.0089447
Jan 19 12:27:46.998541 dv-neutron-824727-2-hyperv neutron-server[103265]: DEBUG neutron.wsgi [-] (103265) accepted ('10.222.0.32', 47614) {{(pid=103265) server /usr/local/lib/python3.8/dist-packages/eventlet/wsgi.py:1004}}
Jan 19 12:27:47.000562 dv-neutron-824727-2-hyperv neutron-server[103267]: DEBUG neutron.plugins.ml2.rpc [None req-97806a24-7ba8-4979-8e4f-11333c4395fa None None] Network 186fc576-e677-47b4-bef3-fcae7a873c64 details requested by agent ovs-agent-dv-neutron-824727-2-hyperv with host dv-neutron-824727-2-hyperv {{(pid=103267) get_network_details /opt/stack/neutron/neutron/plugins/ml2/rpc.py:248}}
Jan 19 12:27:47.003324 dv-neutron-824727-2-hyperv neutron-server[103265]: DEBUG neutron.wsgi [None req-d93061eb-5327-49f6-8306-0cb8859175be tempest-ExtensionsTestJSON-1692814303 tempest-ExtensionsTestJSON-1692814303-project] http://10.222.0.32:9696/v2.0/extensions/net-mtu returned with HTTP 200 {{(pid=103265) __call__ /opt/stack/neutron/neutron/wsgi.py:730}}
Jan 19 12:27:47.004814 dv-neutron-824727-2-hyperv neutron-server[103265]: INFO neutron.wsgi [None req-d93061eb-5327-49f6-8306-0cb8859175be tempest-ExtensionsTestJSON-1692814303 tempest-ExtensionsTestJSON-1692814303-project] 10.222.0.32 "GET /v2.0/extensions/net-mtu HTTP/1.1" status: 200 len: 370 time: 0.0051501
Jan 19 12:27:47.007458 dv-neutron-824727-2-hyperv neutron-server[103265]: DEBUG neutron.wsgi [-] (103265) accepted ('10.222.0.32', 47616) {{(pid=103265) server /usr/local/lib/python3.8/dist-packages/eventlet/wsgi.py:1004}}
Jan 19 12:27:47.013055 dv-neutron-824727-2-hyperv neutron-server[103265]: DEBUG neutron.wsgi [None req-134b330a-2c2d-4fd8-afa1-57ae1de2e3e9 tempest-ExtensionsTestJSON-1692814303 tempest-ExtensionsTestJSON-1692814303-project] http://10.222.0.32:9696/v2.0/extensions/net-mtu-writable returned with HTTP 200 {{(pid=103265) __call__ /opt/stack/neutron/neutron/wsgi.py:730}}
Jan 19 12:27:47.016465 dv-neutron-824727-2-hyperv neutron-server[103265]: INFO neutron.wsgi [None req-134b330a-2c2d-4fd8-afa1-57ae1de2e3e9 tempest-ExtensionsTestJSON-1692814303 tempest-ExtensionsTestJSON-1692814303-project] 10.222.0.32 "GET /v2.0/extensions/net-mtu-writable HTTP/1.1" status: 200 len: 401 time: 0.0071015
Jan 19 12:27:47.022810 dv-neutron-824727-2-hyperv neutron-server[103266]: DEBUG neutron.wsgi [-] (103266) accepted ('10.222.0.32', 47618) {{(pid=103266) server /usr/local/lib/python3.8/dist-packages/eventlet/wsgi.py:1004}}
Jan 19 12:27:47.037772 dv-neutron-824727-2-hyperv neutron-server[103266]: DEBUG neutron.wsgi [None req-866f8d10-c34a-4ed0-909c-acf7d38cecf0 tempest-ExtensionsTestJSON-1692814303 tempest-ExtensionsTestJSON-1692814303-project] http://10.222.0.32:9696/v2.0/extensions/network_availability_zone returned with HTTP 200 {{(pid=103266) __call__ /opt/stack/neutron/neutron/wsgi.py:730}}
Jan 19 12:27:47.038790 dv-neutron-824727-2-hyperv neutron-server[103266]: INFO neutron.wsgi [None req-866f8d10-c34a-4ed0-909c-acf7d38cecf0 tempest-ExtensionsTestJSON-1692814303 tempest-ExtensionsTestJSON-1692814303-project] 10.222.0.32 "GET /v2.0/extensions/network_availability_zone HTTP/1.1" status: 200 len: 394 time: 0.0149822
Jan 19 12:27:47.041966 dv-neutron-824727-2-hyperv neutron-server[103266]: DEBUG neutron.wsgi [-] (103266) accepted ('10.222.0.32', 47620) {{(pid=103266) server /usr/local/lib/python3.8/dist-packages/eventlet/wsgi.py:1004}}
Jan 19 12:27:47.047272 dv-neutron-824727-2-hyperv neutron-server[103266]: DEBUG neutron.wsgi [None req-65465b5a-95ae-4858-8f6c-991be8f1f02a tempest-ExtensionsTestJSON-1692814303 tempest-ExtensionsTestJSON-1692814303-project] http://10.222.0.32:9696/v2.0/extensions/network-ip-availability returned with HTTP 200 {{(pid=103266) __call__ /opt/stack/neutron/neutron/wsgi.py:730}}
Jan 19 12:27:47.064632 dv-neutron-824727-2-hyperv neutron-server[103266]: INFO neutron.wsgi [None req-65465b5a-95ae-4858-8f6c-991be8f1f02a tempest-ExtensionsTestJSON-1692814303 tempest-ExtensionsTestJSON-1692814303-project] 10.222.0.32 "GET /v2.0/extensions/network-ip-availability HTTP/1.1" status: 200 len: 410 time: 0.0216193
Jan 19 12:27:47.067414 dv-neutron-824727-2-hyperv neutron-server[103266]: DEBUG neutron.wsgi [-] (103266) accepted ('10.222.0.32', 47622) {{(pid=103266) server /usr/local/lib/python3.8/dist-packages/eventlet/wsgi.py:1004}}
Jan 19 12:27:47.073858 dv-neutron-824727-2-hyperv neutron-server[103266]: DEBUG neutron.wsgi [None req-9d48d5c8-f471-4210-9a0f-38a404ccc38c tempest-ExtensionsTestJSON-1692814303 tempest-ExtensionsTestJSON-1692814303-project] http://10.222.0.32:9696/v2.0/extensions/pagination returned with HTTP 200 {{(pid=103266) __call__ /opt/stack/neutron/neutron/wsgi.py:730}}
