Jan 18 13:43:42.528816 dv-neutron-824718-2-hyperv devstack@n-api.service[107891]: DEBUG oslo_concurrency.lockutils [None req-f2c462df-a04b-4dd4-af77-b8915061e192 None None] Lock "1a033938-f052-4778-8ac5-09d825a8fb3c" acquired by "nova.context.set_target_cell..get_or_set_cached_cell_and_set_connections" :: waited 0.000s {{(pid=107891) inner /usr/local/lib/python3.8/dist-packages/oslo_concurrency/lockutils.py:355}}
Jan 18 13:43:42.529725 dv-neutron-824718-2-hyperv devstack@n-api.service[107890]: DEBUG oslo_concurrency.lockutils [None req-1cce9976-5631-4dbe-a33f-5533cb642552 None None] Lock "00000000-0000-0000-0000-000000000000" released by "nova.context.set_target_cell..get_or_set_cached_cell_and_set_connections" :: held 0.002s {{(pid=107890) inner /usr/local/lib/python3.8/dist-packages/oslo_concurrency/lockutils.py:367}}
Jan 18 13:43:42.530526 dv-neutron-824718-2-hyperv devstack@n-api.service[107890]: DEBUG oslo_concurrency.lockutils [None req-1cce9976-5631-4dbe-a33f-5533cb642552 None None] Lock "1a033938-f052-4778-8ac5-09d825a8fb3c" acquired by "nova.context.set_target_cell..get_or_set_cached_cell_and_set_connections" :: waited 0.000s {{(pid=107890) inner /usr/local/lib/python3.8/dist-packages/oslo_concurrency/lockutils.py:355}}
Jan 18 13:43:42.530783 dv-neutron-824718-2-hyperv devstack@n-api.service[107891]: DEBUG oslo_concurrency.lockutils [None req-f2c462df-a04b-4dd4-af77-b8915061e192 None None] Lock "1a033938-f052-4778-8ac5-09d825a8fb3c" released by "nova.context.set_target_cell..get_or_set_cached_cell_and_set_connections" :: held 0.002s {{(pid=107891) inner /usr/local/lib/python3.8/dist-packages/oslo_concurrency/lockutils.py:367}}
Jan 18 13:43:42.532439 dv-neutron-824718-2-hyperv devstack@n-api.service[107890]: DEBUG oslo_concurrency.lockutils [None req-1cce9976-5631-4dbe-a33f-5533cb642552 None None] Lock "1a033938-f052-4778-8ac5-09d825a8fb3c" released by "nova.context.set_target_cell..get_or_set_cached_cell_and_set_connections" :: held 0.002s {{(pid=107890) inner /usr/local/lib/python3.8/dist-packages/oslo_concurrency/lockutils.py:367}}
Jan 18 13:43:42.541061 dv-neutron-824718-2-hyperv devstack@n-api.service[107891]: DEBUG oslo_db.sqlalchemy.engines [None req-f2c462df-a04b-4dd4-af77-b8915061e192 None None] MySQL server mode set to STRICT_TRANS_TABLES,STRICT_ALL_TABLES,NO_ZERO_IN_DATE,NO_ZERO_DATE,ERROR_FOR_DIVISION_BY_ZERO,TRADITIONAL,NO_ENGINE_SUBSTITUTION {{(pid=107891) _check_effective_sql_mode /usr/local/lib/python3.8/dist-packages/oslo_db/sqlalchemy/engines.py:314}}
Jan 18 13:43:42.543747 dv-neutron-824718-2-hyperv devstack@n-api.service[107891]: DEBUG oslo_db.sqlalchemy.engines [None req-f2c462df-a04b-4dd4-af77-b8915061e192 None None] MySQL server mode set to STRICT_TRANS_TABLES,STRICT_ALL_TABLES,NO_ZERO_IN_DATE,NO_ZERO_DATE,ERROR_FOR_DIVISION_BY_ZERO,TRADITIONAL,NO_ENGINE_SUBSTITUTION {{(pid=107891) _check_effective_sql_mode /usr/local/lib/python3.8/dist-packages/oslo_db/sqlalchemy/engines.py:314}}
Jan 18 13:43:42.548334 dv-neutron-824718-2-hyperv devstack@n-api.service[107890]: DEBUG oslo_db.sqlalchemy.engines [None req-1cce9976-5631-4dbe-a33f-5533cb642552 None None] MySQL server mode set to STRICT_TRANS_TABLES,STRICT_ALL_TABLES,NO_ZERO_IN_DATE,NO_ZERO_DATE,ERROR_FOR_DIVISION_BY_ZERO,TRADITIONAL,NO_ENGINE_SUBSTITUTION {{(pid=107890) _check_effective_sql_mode /usr/local/lib/python3.8/dist-packages/oslo_db/sqlalchemy/engines.py:314}}
Jan 18 13:43:42.550587 dv-neutron-824718-2-hyperv devstack@n-api.service[107890]: DEBUG oslo_db.sqlalchemy.engines [None req-1cce9976-5631-4dbe-a33f-5533cb642552 None None] MySQL server mode set to STRICT_TRANS_TABLES,STRICT_ALL_TABLES,NO_ZERO_IN_DATE,NO_ZERO_DATE,ERROR_FOR_DIVISION_BY_ZERO,TRADITIONAL,NO_ENGINE_SUBSTITUTION {{(pid=107890) _check_effective_sql_mode /usr/local/lib/python3.8/dist-packages/oslo_db/sqlalchemy/engines.py:314}}
Jan 18 13:43:42.808564 dv-neutron-824718-2-hyperv devstack@n-api.service[107891]: DEBUG oslo_db.sqlalchemy.engines [None req-f2c462df-a04b-4dd4-af77-b8915061e192 None None] MySQL server mode set to STRICT_TRANS_TABLES,STRICT_ALL_TABLES,NO_ZERO_IN_DATE,NO_ZERO_DATE,ERROR_FOR_DIVISION_BY_ZERO,TRADITIONAL,NO_ENGINE_SUBSTITUTION {{(pid=107891) _check_effective_sql_mode /usr/local/lib/python3.8/dist-packages/oslo_db/sqlalchemy/engines.py:314}}
Jan 18 13:43:42.811860 dv-neutron-824718-2-hyperv devstack@n-api.service[107890]: DEBUG oslo_db.sqlalchemy.engines [None req-1cce9976-5631-4dbe-a33f-5533cb642552 None None] MySQL server mode set to STRICT_TRANS_TABLES,STRICT_ALL_TABLES,NO_ZERO_IN_DATE,NO_ZERO_DATE,ERROR_FOR_DIVISION_BY_ZERO,TRADITIONAL,NO_ENGINE_SUBSTITUTION {{(pid=107890) _check_effective_sql_mode /usr/local/lib/python3.8/dist-packages/oslo_db/sqlalchemy/engines.py:314}}
Jan 18 13:43:43.153772 dv-neutron-824718-2-hyperv devstack@n-api.service[107891]: WARNING keystonemiddleware.auth_token [None req-f2c462df-a04b-4dd4-af77-b8915061e192 None None] AuthToken middleware is set with keystone_authtoken.service_token_roles_required set to False. This is backwards compatible but deprecated behaviour. Please set this to True.
Jan 18 13:43:43.160303 dv-neutron-824718-2-hyperv devstack@n-api.service[107890]: WARNING keystonemiddleware.auth_token [None req-1cce9976-5631-4dbe-a33f-5533cb642552 None None] AuthToken middleware is set with keystone_authtoken.service_token_roles_required set to False. This is backwards compatible but deprecated behaviour. Please set this to True.
Jan 18 13:43:43.160781 dv-neutron-824718-2-hyperv devstack@n-api.service[107891]: WARNING keystonemiddleware.auth_token [None req-f2c462df-a04b-4dd4-af77-b8915061e192 None None] Configuring www_authenticate_uri to point to the public identity endpoint is required; clients may not be able to authenticate against an admin endpoint
Jan 18 13:43:43.166736 dv-neutron-824718-2-hyperv devstack@n-api.service[107890]: WARNING keystonemiddleware.auth_token [None req-1cce9976-5631-4dbe-a33f-5533cb642552 None None] Configuring www_authenticate_uri to point to the public identity endpoint is required; clients may not be able to authenticate against an admin endpoint
Jan 18 13:43:43.505924 dv-neutron-824718-2-hyperv devstack@n-api.service[107891]: WARNING keystonemiddleware.auth_token [None req-f2c462df-a04b-4dd4-af77-b8915061e192 None None] AuthToken middleware is set with keystone_authtoken.service_token_roles_required set to False. This is backwards compatible but deprecated behaviour. Please set this to True.
Jan 18 13:43:43.507444 dv-neutron-824718-2-hyperv devstack@n-api.service[107890]: WARNING keystonemiddleware.auth_token [None req-1cce9976-5631-4dbe-a33f-5533cb642552 None None] AuthToken middleware is set with keystone_authtoken.service_token_roles_required set to False. This is backwards compatible but deprecated behaviour. Please set this to True.
Jan 18 13:43:43.510960 dv-neutron-824718-2-hyperv devstack@n-api.service[107891]: WARNING keystonemiddleware.auth_token [None req-f2c462df-a04b-4dd4-af77-b8915061e192 None None] Configuring www_authenticate_uri to point to the public identity endpoint is required; clients may not be able to authenticate against an admin endpoint
Jan 18 13:43:43.512548 dv-neutron-824718-2-hyperv devstack@n-api.service[107890]: WARNING keystonemiddleware.auth_token [None req-1cce9976-5631-4dbe-a33f-5533cb642552 None None] Configuring www_authenticate_uri to point to the public identity endpoint is required; clients may not be able to authenticate against an admin endpoint
Jan 18 13:43:43.516847 dv-neutron-824718-2-hyperv devstack@n-api.service[107891]: WSGI app 0 (mountpoint='') ready in 6 seconds on interpreter 0x55cd1cc749c0 pid: 107891 (default app)
Jan 18 13:43:43.518322 dv-neutron-824718-2-hyperv devstack@n-api.service[107890]: WSGI app 0 (mountpoint='') ready in 6 seconds on interpreter 0x55cd1cc749c0 pid: 107890 (default app)
Jan 18 13:43:43.518890 dv-neutron-824718-2-hyperv devstack@n-api.service[107891]: DEBUG nova.api.openstack.wsgi [None req-f2c462df-a04b-4dd4-af77-b8915061e192 None None] Calling method '>' {{(pid=107891) _process_stack /opt/stack/nova/nova/api/openstack/wsgi.py:513}}
Jan 18 13:43:43.520098 dv-neutron-824718-2-hyperv devstack@n-api.service[107891]: INFO nova.api.openstack.requestlog [None req-f2c462df-a04b-4dd4-af77-b8915061e192 None None] 10.222.0.64 "GET /compute/v2.1/" status: 200 len: 388 microversion: 2.1 time: 0.001730
Jan 18 13:43:43.520496 dv-neutron-824718-2-hyperv devstack@n-api.service[107891]: [pid: 107891|app: 0|req: 1/1] 10.222.0.64 () {50 vars in 788 bytes} [Tue Jan 18 13:43:43 2022] GET /compute/v2.1/ => generated 388 bytes in 3 msecs (HTTP/1.1 200) 9 headers in 357 bytes (1 switches on core 0)
Jan 18 13:45:02.810745 dv-neutron-824718-2-hyperv devstack@n-api.service[107890]: DEBUG nova.api.openstack.wsgi [None req-1cce9976-5631-4dbe-a33f-5533cb642552 None None] Calling method '>' {{(pid=107890) _process_stack /opt/stack/nova/nova/api/openstack/wsgi.py:513}}
Jan 18 13:45:02.812174 dv-neutron-824718-2-hyperv devstack@n-api.service[107890]: INFO nova.api.openstack.requestlog [None req-1cce9976-5631-4dbe-a33f-5533cb642552 None None] 10.222.0.64 "GET /compute/v2.1" status: 200 len: 388 microversion: 2.1 time: 0.002172
Jan 18 13:45:02.813081 dv-neutron-824718-2-hyperv devstack@n-api.service[107890]: [pid: 107890|app: 0|req: 1/2] 10.222.0.64 () {54 vars in 930 bytes} [Tue Jan 18 13:45:02 2022] GET /compute/v2.1 => generated 388 bytes in 4 msecs (HTTP/1.1 200) 9 headers in 357 bytes (1 switches on core 0)
Jan 18 13:45:03.234251 dv-neutron-824718-2-hyperv devstack@n-api.service[107891]: DEBUG nova.api.openstack.wsgi [None req-d4a7d2c8-9fa1-4481-acf3-2ca0c9251dda admin admin] Calling method '>' {{(pid=107891) _process_stack /opt/stack/nova/nova/api/openstack/wsgi.py:513}}
Jan 18 13:45:03.262657 dv-neutron-824718-2-hyperv devstack@n-api.service[107891]: INFO nova.api.openstack.requestlog [None req-d4a7d2c8-9fa1-4481-acf3-2ca0c9251dda admin admin] 10.222.0.64 "GET /compute/v2.1/flavors/detail?is_public=True" status: 200 len: 15 microversion: 2.61 time: 0.443407
Jan 18 13:45:03.263426 dv-neutron-824718-2-hyperv devstack@n-api.service[107891]: [pid: 107891|app: 0|req: 2/3] 10.222.0.64 () {60 vars in 1291 bytes} [Tue Jan 18 13:45:02 2022] GET /compute/v2.1/flavors/detail?is_public=True => generated 15 bytes in 445 msecs (HTTP/1.1 200) 9 headers in 358 bytes (1 switches on core 0)
Jan 18 13:45:05.477083 dv-neutron-824718-2-hyperv devstack@n-api.service[107890]: DEBUG nova.api.openstack.wsgi [None req-1cce9976-5631-4dbe-a33f-5533cb642552 None None] Calling method '>' {{(pid=107890) _process_stack /opt/stack/nova/nova/api/openstack/wsgi.py:513}}
Jan 18 13:45:05.478100 dv-neutron-824718-2-hyperv devstack@n-api.service[107890]: INFO nova.api.openstack.requestlog [None req-1cce9976-5631-4dbe-a33f-5533cb642552 None None] 10.222.0.64 "GET /compute/v2.1" status: 200 len: 388 microversion: 2.1 time: 0.001513
Jan 18 13:45:05.478562 dv-neutron-824718-2-hyperv devstack@n-api.service[107890]: [pid: 107890|app: 0|req: 2/4] 10.222.0.64 () {54 vars in 930 bytes} [Tue Jan 18 13:45:05 2022] GET /compute/v2.1 => generated 388 bytes in 2 msecs (HTTP/1.1 200) 9 headers in 357 bytes (1 switches on core 0)
Jan 18 13:45:05.547470 dv-neutron-824718-2-hyperv devstack@n-api.service[107891]: DEBUG nova.api.openstack.wsgi [None req-4aee9778-7f48-475a-b3ff-ef2f6ca51b6e admin admin] Action: 'create', calling method: >, body: {"flavor": {"vcpus": 1, "disk": 1, "rxtx_factor": 1.0, "os-flavor-access:is_public": true, "OS-FLV-EXT-DATA:ephemeral": 0, "name": "cirros256", "ram": 256, "id": "c1", "swap": 0}} {{(pid=107891) _process_stack /opt/stack/nova/nova/api/openstack/wsgi.py:511}}
Jan 18 13:45:05.567316 dv-neutron-824718-2-hyperv devstack@n-api.service[107891]: /usr/local/lib/python3.8/dist-packages/oslo_policy/policy.py:1075: UserWarning: Policy os_compute_api:os-flavor-manage:create failed scope check. The token used to make the request was project scoped but the policy requires ['system'] scope. This behavior may change in the future where using the intended scope is required
Jan 18 13:45:05.567316 dv-neutron-824718-2-hyperv devstack@n-api.service[107891]: warnings.warn(msg)
Jan 18 13:45:05.598291 dv-neutron-824718-2-hyperv devstack@n-api.service[107891]: INFO nova.api.openstack.requestlog [None req-4aee9778-7f48-475a-b3ff-ef2f6ca51b6e admin admin] 10.222.0.64 "POST /compute/v2.1/flavors" status: 200 len: 407 microversion: 2.61 time: 0.109467
Jan 18 13:45:05.599347 dv-neutron-824718-2-hyperv devstack@n-api.service[107891]: [pid: 107891|app: 0|req: 3/5] 10.222.0.64 () {64 vars in 1282 bytes} [Tue Jan 18 13:45:05 2022] POST /compute/v2.1/flavors => generated 407 bytes in 111 msecs (HTTP/1.1 200) 9 headers in 359 bytes (1 switches on core 0)
Jan 18 13:45:05.818745 dv-neutron-824718-2-hyperv devstack@n-api.service[107890]: DEBUG nova.api.openstack.wsgi [None req-a4491e41-fd65-4871-a1fd-955b9a3c8e07 admin admin] Action: 'create', calling method: >, body: {"extra_specs": {"hw_rng:allowed": "True"}} {{(pid=107890) _process_stack /opt/stack/nova/nova/api/openstack/wsgi.py:511}}
Jan 18 13:45:05.823787 dv-neutron-824718-2-hyperv devstack@n-api.service[107890]: /usr/local/lib/python3.8/dist-packages/oslo_policy/policy.py:1075: UserWarning: Policy os_compute_api:os-flavor-extra-specs:create failed scope check. The token used to make the request was project scoped but the policy requires ['system'] scope. This behavior may change in the future where using the intended scope is required
Jan 18 13:45:05.823787 dv-neutron-824718-2-hyperv devstack@n-api.service[107890]: warnings.warn(msg)
Jan 18 13:45:05.872268 dv-neutron-824718-2-hyperv devstack@n-api.service[107890]: INFO nova.api.openstack.requestlog [None req-a4491e41-fd65-4871-a1fd-955b9a3c8e07 admin admin] 10.222.0.64 "POST /compute/v2.1/flavors/c1/os-extra_specs" status: 200 len: 43 microversion: 2.61 time: 0.264368
Jan 18 13:45:05.873088 dv-neutron-824718-2-hyperv devstack@n-api.service[107890]: [pid: 107890|app: 0|req: 3/6] 10.222.0.64 () {64 vars in 1335 bytes} [Tue Jan 18 13:45:05 2022] POST /compute/v2.1/flavors/c1/os-extra_specs => generated 43 bytes in 266 msecs (HTTP/1.1 200) 9 headers in 358 bytes (1 switches on core 0)
Jan 18 13:45:08.090996 dv-neutron-824718-2-hyperv devstack@n-api.service[107891]: DEBUG nova.api.openstack.wsgi [None req-4aee9778-7f48-475a-b3ff-ef2f6ca51b6e admin admin] Calling method '>' {{(pid=107891) _process_stack /opt/stack/nova/nova/api/openstack/wsgi.py:513}}
Jan 18 13:45:08.091999 dv-neutron-824718-2-hyperv devstack@n-api.service[107891]: INFO nova.api.openstack.requestlog [None req-4aee9778-7f48-475a-b3ff-ef2f6ca51b6e admin admin] 10.222.0.64 "GET /compute/v2.1" status: 200 len: 388 microversion: 2.1 time: 0.001427
Jan 18 13:45:08.092391 dv-neutron-824718-2-hyperv devstack@n-api.service[107891]: [pid: 107891|app: 0|req: 4/7] 10.222.0.64 () {54 vars in 930 bytes} [Tue Jan 18 13:45:08 2022] GET /compute/v2.1 => generated 388 bytes in 2 msecs (HTTP/1.1 200) 9 headers in 357 bytes (1 switches on core 0)
Jan 18 13:45:08.195909 dv-neutron-824718-2-hyperv devstack@n-api.service[107890]: DEBUG nova.api.openstack.wsgi [None req-4c25c355-fa14-462c-a543-b70c70e20f1f admin admin] Action: 'create', calling method: >, body: {"flavor": {"disk": 5, "id": "d1", "swap": 0, "os-flavor-access:is_public": true, "name": "ds512M", "OS-FLV-EXT-DATA:ephemeral": 0, "rxtx_factor": 1.0, "ram": 512, "vcpus": 1}} {{(pid=107890) _process_stack /opt/stack/nova/nova/api/openstack/wsgi.py:511}}
Jan 18 13:45:08.213779 dv-neutron-824718-2-hyperv devstack@n-api.service[107890]: /usr/local/lib/python3.8/dist-packages/oslo_policy/policy.py:1075: UserWarning: Policy os_compute_api:os-flavor-manage:create failed scope check. The token used to make the request was project scoped but the policy requires ['system'] scope. This behavior may change in the future where using the intended scope is required
Jan 18 13:45:08.213779 dv-neutron-824718-2-hyperv devstack@n-api.service[107890]: warnings.warn(msg)
Jan 18 13:45:08.231929 dv-neutron-824718-2-hyperv devstack@n-api.service[107890]: INFO nova.api.openstack.requestlog [None req-4c25c355-fa14-462c-a543-b70c70e20f1f admin admin] 10.222.0.64 "POST /compute/v2.1/flavors" status: 200 len: 404 microversion: 2.61 time: 0.132924
Jan 18 13:45:08.232488 dv-neutron-824718-2-hyperv devstack@n-api.service[107890]: [pid: 107890|app: 0|req: 4/8] 10.222.0.64 () {64 vars in 1282 bytes} [Tue Jan 18 13:45:08 2022] POST /compute/v2.1/flavors => generated 404 bytes in 134 msecs (HTTP/1.1 200) 9 headers in 359 bytes (2 switches on core 0)
Jan 18 13:45:08.245857 dv-neutron-824718-2-hyperv devstack@n-api.service[107891]: DEBUG nova.api.openstack.wsgi [None req-2fed7fe0-bea0-4639-acf2-7177f26d6548 admin admin] Action: 'create', calling method: >, body: {"extra_specs": {"hw_rng:allowed": "True"}} {{(pid=107891) _process_stack /opt/stack/nova/nova/api/openstack/wsgi.py:511}}
Jan 18 13:45:08.247560 dv-neutron-824718-2-hyperv devstack@n-api.service[107891]: /usr/local/lib/python3.8/dist-packages/oslo_policy/policy.py:1075: UserWarning: Policy os_compute_api:os-flavor-extra-specs:create failed scope check. The token used to make the request was project scoped but the policy requires ['system'] scope. This behavior may change in the future where using the intended scope is required
Jan 18 13:45:08.247560 dv-neutron-824718-2-hyperv devstack@n-api.service[107891]: warnings.warn(msg)
Jan 18 13:45:08.283380 dv-neutron-824718-2-hyperv devstack@n-api.service[107891]: INFO nova.api.openstack.requestlog [None req-2fed7fe0-bea0-4639-acf2-7177f26d6548 admin admin] 10.222.0.64 "POST /compute/v2.1/flavors/d1/os-extra_specs" status: 200 len: 43 microversion: 2.61 time: 0.041889
Jan 18 13:45:08.283948 dv-neutron-824718-2-hyperv devstack@n-api.service[107891]: [pid: 107891|app: 0|req: 5/9] 10.222.0.64 () {64 vars in 1335 bytes} [Tue Jan 18 13:45:08 2022] POST /compute/v2.1/flavors/d1/os-extra_specs => generated 43 bytes in 43 msecs (HTTP/1.1 200) 9 headers in 358 bytes (1 switches on core 0)
Jan 18 13:45:10.615581 dv-neutron-824718-2-hyperv devstack@n-api.service[107890]: DEBUG nova.api.openstack.wsgi [None req-4c25c355-fa14-462c-a543-b70c70e20f1f admin admin] Calling method '>' {{(pid=107890) _process_stack /opt/stack/nova/nova/api/openstack/wsgi.py:513}}
Jan 18 13:45:10.618057 dv-neutron-824718-2-hyperv devstack@n-api.service[107890]: INFO nova.api.openstack.requestlog [None req-4c25c355-fa14-462c-a543-b70c70e20f1f admin admin] 10.222.0.64 "GET /compute/v2.1" status: 200 len: 388 microversion: 2.1 time: 0.002915
Jan 18 13:45:10.619654 dv-neutron-824718-2-hyperv devstack@n-api.service[107890]: [pid: 107890|app: 0|req: 5/10] 10.222.0.64 () {54 vars in 930 bytes} [Tue Jan 18 13:45:10 2022] GET /compute/v2.1 => generated 388 bytes in 4 msecs (HTTP/1.1 200) 9 headers in 357 bytes (1 switches on core 0)
Jan 18 13:45:10.696169 dv-neutron-824718-2-hyperv devstack@n-api.service[107891]: DEBUG nova.api.openstack.wsgi [None req-8df7a065-ebaa-4505-a664-6c048a2956b7 admin admin] Action: 'create', calling method: >, body: {"flavor": {"name": "ds1G", "rxtx_factor": 1.0, "ram": 1024, "os-flavor-access:is_public": true, "OS-FLV-EXT-DATA:ephemeral": 0, "swap": 0, "id": "d2", "vcpus": 1, "disk": 10}} {{(pid=107891) _process_stack /opt/stack/nova/nova/api/openstack/wsgi.py:511}}
Jan 18 13:45:10.737108 dv-neutron-824718-2-hyperv devstack@n-api.service[107891]: INFO nova.api.openstack.requestlog [None req-8df7a065-ebaa-4505-a664-6c048a2956b7 admin admin] 10.222.0.64 "POST /compute/v2.1/flavors" status: 200 len: 404 microversion: 2.61 time: 0.110140
Jan 18 13:45:10.738229 dv-neutron-824718-2-hyperv devstack@n-api.service[107891]: [pid: 107891|app: 0|req: 6/11] 10.222.0.64 () {64 vars in 1282 bytes} [Tue Jan 18 13:45:10 2022] POST /compute/v2.1/flavors => generated 404 bytes in 112 msecs (HTTP/1.1 200) 9 headers in 359 bytes (1 switches on core 0)
Jan 18 13:45:10.759458 dv-neutron-824718-2-hyperv devstack@n-api.service[107890]: DEBUG nova.api.openstack.wsgi [None req-95abb07b-fb02-410d-90ea-3d6038e0c69c admin admin] Action: 'create', calling method: >, body: {"extra_specs": {"hw_rng:allowed": "True"}} {{(pid=107890) _process_stack /opt/stack/nova/nova/api/openstack/wsgi.py:511}}
Jan 18 13:45:10.805214 dv-neutron-824718-2-hyperv devstack@n-api.service[107890]: INFO nova.api.openstack.requestlog [None req-95abb07b-fb02-410d-90ea-3d6038e0c69c admin admin] 10.222.0.64 "POST /compute/v2.1/flavors/d2/os-extra_specs" status: 200 len: 43 microversion: 2.61 time: 0.054619
Jan 18 13:45:10.806409 dv-neutron-824718-2-hyperv devstack@n-api.service[107890]: [pid: 107890|app: 0|req: 6/12] 10.222.0.64 () {64 vars in 1335 bytes} [Tue Jan 18 13:45:10 2022] POST /compute/v2.1/flavors/d2/os-extra_specs => generated 43 bytes in 56 msecs (HTTP/1.1 200) 9 headers in 358 bytes (1 switches on core 0)
Jan 18 13:45:13.156853 dv-neutron-824718-2-hyperv devstack@n-api.service[107891]: DEBUG nova.api.openstack.wsgi [None req-8df7a065-ebaa-4505-a664-6c048a2956b7 admin admin] Calling method '>' {{(pid=107891) _process_stack /opt/stack/nova/nova/api/openstack/wsgi.py:513}}
Jan 18 13:45:13.158037 dv-neutron-824718-2-hyperv devstack@n-api.service[107891]: INFO nova.api.openstack.requestlog [None req-8df7a065-ebaa-4505-a664-6c048a2956b7 admin admin] 10.222.0.64 "GET /compute/v2.1" status: 200 len: 388 microversion: 2.1 time: 0.001731
Jan 18 13:45:13.158696 dv-neutron-824718-2-hyperv devstack@n-api.service[107891]: [pid: 107891|app: 0|req: 7/13] 10.222.0.64 () {54 vars in 930 bytes} [Tue Jan 18 13:45:13 2022] GET /compute/v2.1 => generated 388 bytes in 3 msecs (HTTP/1.1 200) 9 headers in 357 bytes (2 switches on core 0)
Jan 18 13:45:13.222214 dv-neutron-824718-2-hyperv devstack@n-api.service[107890]: DEBUG nova.api.openstack.wsgi [None req-7123dee8-5d22-4db7-bc8d-8e008e48a9c8 admin admin] Action: 'create', calling method: >, body: {"flavor": {"disk": 10, "os-flavor-access:is_public": true, "vcpus": 2, "ram": 2048, "OS-FLV-EXT-DATA:ephemeral": 0, "swap": 0, "name": "ds2G", "id": "d3", "rxtx_factor": 1.0}} {{(pid=107890) _process_stack /opt/stack/nova/nova/api/openstack/wsgi.py:511}}
Jan 18 13:45:13.245549 dv-neutron-824718-2-hyperv devstack@n-api.service[107890]: INFO nova.api.openstack.requestlog [None req-7123dee8-5d22-4db7-bc8d-8e008e48a9c8 admin admin] 10.222.0.64 "POST /compute/v2.1/flavors" status: 200 len: 404 microversion: 2.61 time: 0.078652
Jan 18 13:45:13.253736 dv-neutron-824718-2-hyperv devstack@n-api.service[107890]: [pid: 107890|app: 0|req: 7/14] 10.222.0.64 () {64 vars in 1282 bytes} [Tue Jan 18 13:45:13 2022] POST /compute/v2.1/flavors => generated 404 bytes in 89 msecs (HTTP/1.1 200) 9 headers in 359 bytes (1 switches on core 0)
Jan 18 13:45:13.260042 dv-neutron-824718-2-hyperv devstack@n-api.service[107891]: DEBUG nova.api.openstack.wsgi [None req-2938ee01-9bd6-4f1f-b5d6-7c0af8801609 admin admin] Action: 'create', calling method: >, body: {"extra_specs": {"hw_rng:allowed": "True"}} {{(pid=107891) _process_stack /opt/stack/nova/nova/api/openstack/wsgi.py:511}}
Jan 18 13:45:13.283954 dv-neutron-824718-2-hyperv devstack@n-api.service[107891]: INFO nova.api.openstack.requestlog [None req-2938ee01-9bd6-4f1f-b5d6-7c0af8801609 admin admin] 10.222.0.64 "POST /compute/v2.1/flavors/d3/os-extra_specs" status: 200 len: 43 microversion: 2.61 time: 0.028069
Jan 18 13:45:13.285074 dv-neutron-824718-2-hyperv devstack@n-api.service[107891]: [pid: 107891|app: 0|req: 8/15] 10.222.0.64 () {64 vars in 1335 bytes} [Tue Jan 18 13:45:13 2022] POST /compute/v2.1/flavors/d3/os-extra_specs => generated 43 bytes in 30 msecs (HTTP/1.1 200) 9 headers in 358 bytes (1 switches on core 0)
Jan 18 13:45:15.559623 dv-neutron-824718-2-hyperv devstack@n-api.service[107890]: DEBUG nova.api.openstack.wsgi [None req-7123dee8-5d22-4db7-bc8d-8e008e48a9c8 admin admin] Calling method '>' {{(pid=107890) _process_stack /opt/stack/nova/nova/api/openstack/wsgi.py:513}}
Jan 18 13:45:15.560773 dv-neutron-824718-2-hyperv devstack@n-api.service[107890]: INFO nova.api.openstack.requestlog [None req-7123dee8-5d22-4db7-bc8d-8e008e48a9c8 admin admin] 10.222.0.64 "GET /compute/v2.1" status: 200 len: 388 microversion: 2.1 time: 0.001578
Jan 18 13:45:15.561184 dv-neutron-824718-2-hyperv devstack@n-api.service[107890]: [pid: 107890|app: 0|req: 8/16] 10.222.0.64 () {54 vars in 930 bytes} [Tue Jan 18 13:45:15 2022] GET /compute/v2.1 => generated 388 bytes in 2 msecs (HTTP/1.1 200) 9 headers in 357 bytes (1 switches on core 0)
Jan 18 13:45:15.626996 dv-neutron-824718-2-hyperv devstack@n-api.service[107891]: DEBUG nova.api.openstack.wsgi [None req-bb9d5264-8f9a-414b-b8ce-56eebe953487 admin admin] Action: 'create', calling method: >, body: {"flavor": {"ram": 4096, "name": "ds4G", "vcpus": 4, "disk": 20, "rxtx_factor": 1.0, "id": "d4", "OS-FLV-EXT-DATA:ephemeral": 0, "os-flavor-access:is_public": true, "swap": 0}} {{(pid=107891) _process_stack /opt/stack/nova/nova/api/openstack/wsgi.py:511}}
Jan 18 13:45:15.648600 dv-neutron-824718-2-hyperv devstack@n-api.service[107891]: INFO nova.api.openstack.requestlog [None req-bb9d5264-8f9a-414b-b8ce-56eebe953487 admin admin] 10.222.0.64 "POST /compute/v2.1/flavors" status: 200 len: 404 microversion: 2.61 time: 0.080183
Jan 18 13:45:15.649333 dv-neutron-824718-2-hyperv devstack@n-api.service[107891]: [pid: 107891|app: 0|req: 9/17] 10.222.0.64 () {64 vars in 1282 bytes} [Tue Jan 18 13:45:15 2022] POST /compute/v2.1/flavors => generated 404 bytes in 82 msecs (HTTP/1.1 200) 9 headers in 359 bytes (1 switches on core 0)
Jan 18 13:45:15.662216 dv-neutron-824718-2-hyperv devstack@n-api.service[107890]: DEBUG nova.api.openstack.wsgi [None req-6175bb4f-a3b4-497d-bbd6-e3f702340272 admin admin] Action: 'create', calling method: >, body: {"extra_specs": {"hw_rng:allowed": "True"}} {{(pid=107890) _process_stack /opt/stack/nova/nova/api/openstack/wsgi.py:511}}
Jan 18 13:45:15.687873 dv-neutron-824718-2-hyperv devstack@n-api.service[107890]: INFO nova.api.openstack.requestlog [None req-6175bb4f-a3b4-497d-bbd6-e3f702340272 admin admin] 10.222.0.64 "POST /compute/v2.1/flavors/d4/os-extra_specs" status: 200 len: 43 microversion: 2.61 time: 0.029119
Jan 18 13:45:15.688870 dv-neutron-824718-2-hyperv devstack@n-api.service[107890]: [pid: 107890|app: 0|req: 9/18] 10.222.0.64 () {64 vars in 1335 bytes} [Tue Jan 18 13:45:15 2022] POST /compute/v2.1/flavors/d4/os-extra_specs => generated 43 bytes in 31 msecs (HTTP/1.1 200) 9 headers in 358 bytes (1 switches on core 0)
Jan 18 13:45:17.950011 dv-neutron-824718-2-hyperv devstack@n-api.service[107891]: DEBUG nova.api.openstack.wsgi [None req-bb9d5264-8f9a-414b-b8ce-56eebe953487 admin admin] Calling method '>' {{(pid=107891) _process_stack /opt/stack/nova/nova/api/openstack/wsgi.py:513}}
Jan 18 13:45:17.951011 dv-neutron-824718-2-hyperv devstack@n-api.service[107891]: INFO nova.api.openstack.requestlog [None req-bb9d5264-8f9a-414b-b8ce-56eebe953487 admin admin] 10.222.0.64 "GET /compute/v2.1" status: 200 len: 388 microversion: 2.1 time: 0.001430
Jan 18 13:45:17.951585 dv-neutron-824718-2-hyperv devstack@n-api.service[107891]: [pid: 107891|app: 0|req: 10/19] 10.222.0.64 () {54 vars in 930 bytes} [Tue Jan 18 13:45:17 2022] GET /compute/v2.1 => generated 388 bytes in 2 msecs (HTTP/1.1 200) 9 headers in 357 bytes (1 switches on core 0)
Jan 18 13:45:18.029923 dv-neutron-824718-2-hyperv devstack@n-api.service[107890]: DEBUG nova.api.openstack.wsgi [None req-c3772b61-adea-4f44-957d-51c324b98416 admin admin] Calling method '>' {{(pid=107890) _process_stack /opt/stack/nova/nova/api/openstack/wsgi.py:513}}
Jan 18 13:45:18.058306 dv-neutron-824718-2-hyperv devstack@n-api.service[107890]: INFO nova.api.openstack.requestlog [None req-c3772b61-adea-4f44-957d-51c324b98416 admin admin] 10.222.0.64 "GET /compute/v2.1/flavors/detail?is_public=True" status: 200 len: 2106 microversion: 2.61 time: 0.099885
Jan 18 13:45:18.059783 dv-neutron-824718-2-hyperv devstack@n-api.service[107890]: [pid: 107890|app: 0|req: 10/20] 10.222.0.64 () {60 vars in 1291 bytes} [Tue Jan 18 13:45:17 2022] GET /compute/v2.1/flavors/detail?is_public=True => generated 2106 bytes in 102 msecs (HTTP/1.1 200) 9 headers in 360 bytes (1 switches on core 0)
Jan 18 13:45:20.302856 dv-neutron-824718-2-hyperv devstack@n-api.service[107891]: DEBUG nova.api.openstack.wsgi [None req-bb9d5264-8f9a-414b-b8ce-56eebe953487 admin admin] Calling method '>' {{(pid=107891) _process_stack /opt/stack/nova/nova/api/openstack/wsgi.py:513}}
Jan 18 13:45:20.304297 dv-neutron-824718-2-hyperv devstack@n-api.service[107891]: INFO nova.api.openstack.requestlog [None req-bb9d5264-8f9a-414b-b8ce-56eebe953487 admin admin] 10.222.0.64 "GET /compute/v2.1" status: 200 len: 388 microversion: 2.1 time: 0.001658
Jan 18 13:45:20.311364 dv-neutron-824718-2-hyperv devstack@n-api.service[107891]: [pid: 107891|app: 0|req: 11/21] 10.222.0.64 () {54 vars in 930 bytes} [Tue Jan 18 13:45:20 2022] GET /compute/v2.1 => generated 388 bytes in 9 msecs (HTTP/1.1 200) 9 headers in 357 bytes (1 switches on core 0)
Jan 18 13:45:20.372925 dv-neutron-824718-2-hyperv devstack@n-api.service[107890]: DEBUG nova.api.openstack.wsgi [None req-f45de2cb-2f5b-4c21-b1f0-38a2c78ef8b8 admin admin] Action: 'create', calling method: >, body: {"flavor": {"disk": 1, "vcpus": 1, "ram": 512, "rxtx_factor": 1.0, "name": "m1.tiny", "os-flavor-access:is_public": true, "OS-FLV-EXT-DATA:ephemeral": 0, "id": "1", "swap": 0}} {{(pid=107890) _process_stack /opt/stack/nova/nova/api/openstack/wsgi.py:511}}
Jan 18 13:45:20.395412 dv-neutron-824718-2-hyperv devstack@n-api.service[107890]: INFO nova.api.openstack.requestlog [None req-f45de2cb-2f5b-4c21-b1f0-38a2c78ef8b8 admin admin] 10.222.0.64 "POST /compute/v2.1/flavors" status: 200 len: 402 microversion: 2.61 time: 0.083130
Jan 18 13:45:20.396652 dv-neutron-824718-2-hyperv devstack@n-api.service[107890]: [pid: 107890|app: 0|req: 11/22] 10.222.0.64 () {64 vars in 1282 bytes} [Tue Jan 18 13:45:20 2022] POST /compute/v2.1/flavors => generated 402 bytes in 85 msecs (HTTP/1.1 200) 9 headers in 359 bytes (2 switches on core 0)
Jan 18 13:45:20.409032 dv-neutron-824718-2-hyperv devstack@n-api.service[107891]: DEBUG nova.api.openstack.wsgi [None req-3164d408-dc59-4ffe-ad97-8429c39b8b7c admin admin] Action: 'create', calling method: >, body: {"extra_specs": {"hw_rng:allowed": "True"}} {{(pid=107891) _process_stack /opt/stack/nova/nova/api/openstack/wsgi.py:511}}
Jan 18 13:45:20.437213 dv-neutron-824718-2-hyperv devstack@n-api.service[107891]: INFO nova.api.openstack.requestlog [None req-3164d408-dc59-4ffe-ad97-8429c39b8b7c admin admin] 10.222.0.64 "POST /compute/v2.1/flavors/1/os-extra_specs" status: 200 len: 43 microversion: 2.61 time: 0.031614
Jan 18 13:45:20.454105 dv-neutron-824718-2-hyperv devstack@n-api.service[107891]: [pid: 107891|app: 0|req: 12/23] 10.222.0.64 () {64 vars in 1332 bytes} [Tue Jan 18 13:45:20 2022] POST /compute/v2.1/flavors/1/os-extra_specs => generated 43 bytes in 48 msecs (HTTP/1.1 200) 9 headers in 358 bytes (1 switches on core 0)
Jan 18 13:45:22.682519 dv-neutron-824718-2-hyperv devstack@n-api.service[107890]: DEBUG nova.api.openstack.wsgi [None req-f45de2cb-2f5b-4c21-b1f0-38a2c78ef8b8 admin admin] Calling method '>' {{(pid=107890) _process_stack /opt/stack/nova/nova/api/openstack/wsgi.py:513}}
Jan 18 13:45:22.683518 dv-neutron-824718-2-hyperv devstack@n-api.service[107890]: INFO nova.api.openstack.requestlog [None req-f45de2cb-2f5b-4c21-b1f0-38a2c78ef8b8 admin admin] 10.222.0.64 "GET /compute/v2.1" status: 200 len: 388 microversion: 2.1 time: 0.001434
Jan 18 13:45:22.683922 dv-neutron-824718-2-hyperv devstack@n-api.service[107890]: [pid: 107890|app: 0|req: 12/24] 10.222.0.64 () {54 vars in 930 bytes} [Tue Jan 18 13:45:22 2022] GET /compute/v2.1 => generated 388 bytes in 3 msecs (HTTP/1.1 200) 9 headers in 357 bytes (1 switches on core 0)
Jan 18 13:45:22.748082 dv-neutron-824718-2-hyperv devstack@n-api.service[107891]: DEBUG nova.api.openstack.wsgi [None req-0727413d-2ad7-466e-a799-0c0a727ddff6 admin admin] Action: 'create', calling method: >, body: {"flavor": {"os-flavor-access:is_public": true, "vcpus": 1, "OS-FLV-EXT-DATA:ephemeral": 0, "id": "2", "disk": 20, "ram": 2048, "rxtx_factor": 1.0, "swap": 0, "name": "m1.small"}} {{(pid=107891) _process_stack /opt/stack/nova/nova/api/openstack/wsgi.py:511}}
Jan 18 13:45:22.772868 dv-neutron-824718-2-hyperv devstack@n-api.service[107891]: INFO nova.api.openstack.requestlog [None req-0727413d-2ad7-466e-a799-0c0a727ddff6 admin admin] 10.222.0.64 "POST /compute/v2.1/flavors" status: 200 len: 405 microversion: 2.61 time: 0.081954
Jan 18 13:45:22.773692 dv-neutron-824718-2-hyperv devstack@n-api.service[107891]: [pid: 107891|app: 0|req: 13/25] 10.222.0.64 () {64 vars in 1282 bytes} [Tue Jan 18 13:45:22 2022] POST /compute/v2.1/flavors => generated 405 bytes in 84 msecs (HTTP/1.1 200) 9 headers in 359 bytes (1 switches on core 0)
Jan 18 13:45:22.786090 dv-neutron-824718-2-hyperv devstack@n-api.service[107890]: DEBUG nova.api.openstack.wsgi [None req-14e0c22e-0482-4763-bf36-7ec91100229c admin admin] Action: 'create', calling method: >, body: {"extra_specs": {"hw_rng:allowed": "True"}} {{(pid=107890) _process_stack /opt/stack/nova/nova/api/openstack/wsgi.py:511}}
Jan 18 13:45:22.810416 dv-neutron-824718-2-hyperv devstack@n-api.service[107890]: INFO nova.api.openstack.requestlog [None req-14e0c22e-0482-4763-bf36-7ec91100229c admin admin] 10.222.0.64 "POST /compute/v2.1/flavors/2/os-extra_specs" status: 200 len: 43 microversion: 2.61 time: 0.027681
Jan 18 13:45:22.811245 dv-neutron-824718-2-hyperv devstack@n-api.service[107890]: [pid: 107890|app: 0|req: 13/26] 10.222.0.64 () {64 vars in 1332 bytes} [Tue Jan 18 13:45:22 2022] POST /compute/v2.1/flavors/2/os-extra_specs => generated 43 bytes in 29 msecs (HTTP/1.1 200) 9 headers in 358 bytes (1 switches on core 0)
Jan 18 13:45:25.802277 dv-neutron-824718-2-hyperv devstack@n-api.service[107891]: DEBUG nova.api.openstack.wsgi [None req-0727413d-2ad7-466e-a799-0c0a727ddff6 admin admin] Calling method '>' {{(pid=107891) _process_stack /opt/stack/nova/nova/api/openstack/wsgi.py:513}}
Jan 18 13:45:25.803277 dv-neutron-824718-2-hyperv devstack@n-api.service[107891]: INFO nova.api.openstack.requestlog [None req-0727413d-2ad7-466e-a799-0c0a727ddff6 admin admin] 10.222.0.64 "GET /compute/v2.1" status: 200 len: 388 microversion: 2.1 time: 0.001456
Jan 18 13:45:25.803706 dv-neutron-824718-2-hyperv devstack@n-api.service[107891]: [pid: 107891|app: 0|req: 14/27] 10.222.0.64 () {54 vars in 930 bytes} [Tue Jan 18 13:45:25 2022] GET /compute/v2.1 => generated 388 bytes in 2 msecs (HTTP/1.1 200) 9 headers in 357 bytes (2 switches on core 0)
Jan 18 13:45:25.868585 dv-neutron-824718-2-hyperv devstack@n-api.service[107890]: DEBUG nova.api.openstack.wsgi [None req-b8f144b6-2837-4e2d-b5e5-fcdefe3f48a5 admin admin] Action: 'create', calling method: >, body: {"flavor": {"disk": 40, "rxtx_factor": 1.0, "OS-FLV-EXT-DATA:ephemeral": 0, "ram": 4096, "id": "3", "swap": 0, "name": "m1.medium", "vcpus": 2, "os-flavor-access:is_public": true}} {{(pid=107890) _process_stack /opt/stack/nova/nova/api/openstack/wsgi.py:511}}
Jan 18 13:45:25.893333 dv-neutron-824718-2-hyperv devstack@n-api.service[107890]: INFO nova.api.openstack.requestlog [None req-b8f144b6-2837-4e2d-b5e5-fcdefe3f48a5 admin admin] 10.222.0.64 "POST /compute/v2.1/flavors" status: 200 len: 406 microversion: 2.61 time: 0.082696
Jan 18 13:45:25.894302 dv-neutron-824718-2-hyperv devstack@n-api.service[107890]: [pid: 107890|app: 0|req: 14/28] 10.222.0.64 () {64 vars in 1282 bytes} [Tue Jan 18 13:45:25 2022] POST /compute/v2.1/flavors => generated 406 bytes in 85 msecs (HTTP/1.1 200) 9 headers in 359 bytes (1 switches on core 0)
Jan 18 13:45:25.907074 dv-neutron-824718-2-hyperv devstack@n-api.service[107891]: DEBUG nova.api.openstack.wsgi [None req-0bf6b543-3351-4f8a-b81d-78cda0387601 admin admin] Action: 'create', calling method: >, body: {"extra_specs": {"hw_rng:allowed": "True"}} {{(pid=107891) _process_stack /opt/stack/nova/nova/api/openstack/wsgi.py:511}}
Jan 18 13:45:25.930497 dv-neutron-824718-2-hyperv devstack@n-api.service[107891]: INFO nova.api.openstack.requestlog [None req-0bf6b543-3351-4f8a-b81d-78cda0387601 admin admin] 10.222.0.64 "POST /compute/v2.1/flavors/3/os-extra_specs" status: 200 len: 43 microversion: 2.61 time: 0.026992
Jan 18 13:45:25.931100 dv-neutron-824718-2-hyperv devstack@n-api.service[107891]: [pid: 107891|app: 0|req: 15/29] 10.222.0.64 () {64 vars in 1332 bytes} [Tue Jan 18 13:45:25 2022] POST /compute/v2.1/flavors/3/os-extra_specs => generated 43 bytes in 28 msecs (HTTP/1.1 200) 9 headers in 358 bytes (1 switches on core 0)
Jan 18 13:45:28.153570 dv-neutron-824718-2-hyperv devstack@n-api.service[107890]: DEBUG nova.api.openstack.wsgi [None req-b8f144b6-2837-4e2d-b5e5-fcdefe3f48a5 admin admin] Calling method '>' {{(pid=107890) _process_stack /opt/stack/nova/nova/api/openstack/wsgi.py:513}}
Jan 18 13:45:28.154555 dv-neutron-824718-2-hyperv devstack@n-api.service[107890]: INFO nova.api.openstack.requestlog [None req-b8f144b6-2837-4e2d-b5e5-fcdefe3f48a5 admin admin] 10.222.0.64 "GET /compute/v2.1" status: 200 len: 388 microversion: 2.1 time: 0.001439
Jan 18 13:45:28.154946 dv-neutron-824718-2-hyperv devstack@n-api.service[107890]: [pid: 107890|app: 0|req: 15/30] 10.222.0.64 () {54 vars in 930 bytes} [Tue Jan 18 13:45:28 2022] GET /compute/v2.1 => generated 388 bytes in 2 msecs (HTTP/1.1 200) 9 headers in 357 bytes (1 switches on core 0)
Jan 18 13:45:28.212944 dv-neutron-824718-2-hyperv devstack@n-api.service[107891]: DEBUG nova.api.openstack.wsgi [None req-f80b1078-824d-4046-910e-dbc8685566d9 admin admin] Action: 'create', calling method: >, body: {"flavor": {"disk": 80, "id": "4", "OS-FLV-EXT-DATA:ephemeral": 0, "name": "m1.large", "ram": 8192, "os-flavor-access:is_public": true, "vcpus": 4, "rxtx_factor": 1.0, "swap": 0}} {{(pid=107891) _process_stack /opt/stack/nova/nova/api/openstack/wsgi.py:511}}
Jan 18 13:45:28.230689 dv-neutron-824718-2-hyperv devstack@n-api.service[107891]: INFO nova.api.openstack.requestlog [None req-f80b1078-824d-4046-910e-dbc8685566d9 admin admin] 10.222.0.64 "POST /compute/v2.1/flavors" status: 200 len: 405 microversion: 2.61 time: 0.069223
Jan 18 13:45:28.231421 dv-neutron-824718-2-hyperv devstack@n-api.service[107891]: [pid: 107891|app: 0|req: 16/31] 10.222.0.64 () {64 vars in 1282 bytes} [Tue Jan 18 13:45:28 2022] POST /compute/v2.1/flavors => generated 405 bytes in 70 msecs (HTTP/1.1 200) 9 headers in 359 bytes (1 switches on core 0)
Jan 18 13:45:28.244168 dv-neutron-824718-2-hyperv devstack@n-api.service[107890]: DEBUG nova.api.openstack.wsgi [None req-bf08c0b6-e438-465a-a212-156288f986fc admin admin] Action: 'create', calling method: >, body: {"extra_specs": {"hw_rng:allowed": "True"}} {{(pid=107890) _process_stack /opt/stack/nova/nova/api/openstack/wsgi.py:511}}
Jan 18 13:45:28.266117 dv-neutron-824718-2-hyperv devstack@n-api.service[107890]: INFO nova.api.openstack.requestlog [None req-bf08c0b6-e438-465a-a212-156288f986fc admin admin] 10.222.0.64 "POST /compute/v2.1/flavors/4/os-extra_specs" status: 200 len: 43 microversion: 2.61 time: 0.026229
Jan 18 13:45:28.266763 dv-neutron-824718-2-hyperv devstack@n-api.service[107890]: [pid: 107890|app: 0|req: 16/32] 10.222.0.64 () {64 vars in 1332 bytes} [Tue Jan 18 13:45:28 2022] POST /compute/v2.1/flavors/4/os-extra_specs => generated 43 bytes in 27 msecs (HTTP/1.1 200) 9 headers in 358 bytes (1 switches on core 0)
Jan 18 13:45:30.498275 dv-neutron-824718-2-hyperv devstack@n-api.service[107891]: DEBUG nova.api.openstack.wsgi [None req-f80b1078-824d-4046-910e-dbc8685566d9 admin admin] Calling method '>' {{(pid=107891) _process_stack /opt/stack/nova/nova/api/openstack/wsgi.py:513}}
Jan 18 13:45:30.499274 dv-neutron-824718-2-hyperv devstack@n-api.service[107891]: INFO nova.api.openstack.requestlog [None req-f80b1078-824d-4046-910e-dbc8685566d9 admin admin] 10.222.0.64 "GET /compute/v2.1" status: 200 len: 388 microversion: 2.1 time: 0.001421
Jan 18 13:45:30.499670 dv-neutron-824718-2-hyperv devstack@n-api.service[107891]: [pid: 107891|app: 0|req: 17/33] 10.222.0.64 () {54 vars in 930 bytes} [Tue Jan 18 13:45:30 2022] GET /compute/v2.1 => generated 388 bytes in 2 msecs (HTTP/1.1 200) 9 headers in 357 bytes (1 switches on core 0)
Jan 18 13:45:30.557804 dv-neutron-824718-2-hyperv devstack@n-api.service[107890]: DEBUG nova.api.openstack.wsgi [None req-72cb1023-622f-4c16-9e39-7c222d876c2e admin admin] Action: 'create', calling method: >, body: {"flavor": {"vcpus": 8, "ram": 16384, "rxtx_factor": 1.0, "swap": 0, "disk": 160, "id": "5", "name": "m1.xlarge", "os-flavor-access:is_public": true, "OS-FLV-EXT-DATA:ephemeral": 0}} {{(pid=107890) _process_stack /opt/stack/nova/nova/api/openstack/wsgi.py:511}}
Jan 18 13:45:30.578370 dv-neutron-824718-2-hyperv devstack@n-api.service[107890]: INFO nova.api.openstack.requestlog [None req-72cb1023-622f-4c16-9e39-7c222d876c2e admin admin] 10.222.0.64 "POST /compute/v2.1/flavors" status: 200 len: 408 microversion: 2.61 time: 0.070514
Jan 18 13:45:30.579321 dv-neutron-824718-2-hyperv devstack@n-api.service[107890]: [pid: 107890|app: 0|req: 17/34] 10.222.0.64 () {64 vars in 1282 bytes} [Tue Jan 18 13:45:30 2022] POST /compute/v2.1/flavors => generated 408 bytes in 72 msecs (HTTP/1.1 200) 9 headers in 359 bytes (1 switches on core 0)
Jan 18 13:45:30.591799 dv-neutron-824718-2-hyperv devstack@n-api.service[107891]: DEBUG nova.api.openstack.wsgi [None req-f0e5942e-2c4b-4f29-a9d1-2e543d55eedb admin admin] Action: 'create', calling method: >, body: {"extra_specs": {"hw_rng:allowed": "True"}} {{(pid=107891) _process_stack /opt/stack/nova/nova/api/openstack/wsgi.py:511}}
Jan 18 13:45:30.615764 dv-neutron-824718-2-hyperv devstack@n-api.service[107891]: INFO nova.api.openstack.requestlog [None req-f0e5942e-2c4b-4f29-a9d1-2e543d55eedb admin admin] 10.222.0.64 "POST /compute/v2.1/flavors/5/os-extra_specs" status: 200 len: 43 microversion: 2.61 time: 0.027575
Jan 18 13:45:30.616669 dv-neutron-824718-2-hyperv devstack@n-api.service[107891]: [pid: 107891|app: 0|req: 18/35] 10.222.0.64 () {64 vars in 1332 bytes} [Tue Jan 18 13:45:30 2022] POST /compute/v2.1/flavors/5/os-extra_specs => generated 43 bytes in 29 msecs (HTTP/1.1 200) 9 headers in 358 bytes (1 switches on core 0)
Jan 18 13:46:13.123622 dv-neutron-824718-2-hyperv devstack@n-api.service[107890]: DEBUG nova.api.openstack.wsgi [None req-72cb1023-622f-4c16-9e39-7c222d876c2e admin admin] Calling method '>' {{(pid=107890) _process_stack /opt/stack/nova/nova/api/openstack/wsgi.py:513}}
Jan 18 13:46:13.124559 dv-neutron-824718-2-hyperv devstack@n-api.service[107890]: INFO nova.api.openstack.requestlog [None req-72cb1023-622f-4c16-9e39-7c222d876c2e admin admin] 10.222.0.64 "GET /compute/v2.1" status: 200 len: 388 microversion: 2.1 time: 0.001437
Jan 18 13:46:13.124981 dv-neutron-824718-2-hyperv devstack@n-api.service[107890]: [pid: 107890|app: 0|req: 18/36] 10.222.0.64 () {54 vars in 930 bytes} [Tue Jan 18 13:46:13 2022] GET /compute/v2.1 => generated 388 bytes in 2 msecs (HTTP/1.1 200) 9 headers in 357 bytes (1 switches on core 0)
Jan 18 13:46:13.181809 dv-neutron-824718-2-hyperv devstack@n-api.service[107891]: DEBUG nova.api.openstack.wsgi [None req-466f2208-9582-4c3d-8a4d-2d125ed8fa9f admin admin] Calling method '>' {{(pid=107891) _process_stack /opt/stack/nova/nova/api/openstack/wsgi.py:513}}
Jan 18 13:46:13.198882 dv-neutron-824718-2-hyperv devstack@n-api.service[107891]: INFO nova.api.openstack.requestlog [None req-466f2208-9582-4c3d-8a4d-2d125ed8fa9f admin admin] 10.222.0.64 "GET /compute/v2.1/flavors/detail?is_public=True" status: 200 len: 4202 microversion: 2.61 time: 0.067184
Jan 18 13:46:13.199407 dv-neutron-824718-2-hyperv devstack@n-api.service[107891]: [pid: 107891|app: 0|req: 19/37] 10.222.0.64 () {60 vars in 1291 bytes} [Tue Jan 18 13:46:13 2022] GET /compute/v2.1/flavors/detail?is_public=True => generated 4202 bytes in 68 msecs (HTTP/1.1 200) 9 headers in 360 bytes (1 switches on core 0)
Jan 18 13:46:14.646528 dv-neutron-824718-2-hyperv devstack@n-api.service[107890]: DEBUG nova.api.openstack.wsgi [None req-72cb1023-622f-4c16-9e39-7c222d876c2e admin admin] Calling method '>' {{(pid=107890) _process_stack /opt/stack/nova/nova/api/openstack/wsgi.py:513}}
Jan 18 13:46:14.647518 dv-neutron-824718-2-hyperv devstack@n-api.service[107890]: INFO nova.api.openstack.requestlog [None req-72cb1023-622f-4c16-9e39-7c222d876c2e admin admin] 10.222.0.64 "GET /compute/v2.1" status: 200 len: 388 microversion: 2.1 time: 0.001759
Jan 18 13:46:14.647925 dv-neutron-824718-2-hyperv devstack@n-api.service[107890]: [pid: 107890|app: 0|req: 19/38] 10.222.0.64 () {56 vars in 1074 bytes} [Tue Jan 18 13:46:14 2022] GET /compute/v2.1 => generated 388 bytes in 3 msecs (HTTP/1.1 200) 9 headers in 357 bytes (1 switches on core 0)
Jan 18 13:46:14.857949 dv-neutron-824718-2-hyperv devstack@n-api.service[107891]: DEBUG nova.api.openstack.wsgi [None req-18ea908f-925c-4704-848c-ac79c7d033ad admin admin] Calling method '>' {{(pid=107891) _process_stack /opt/stack/nova/nova/api/openstack/wsgi.py:513}}
Jan 18 13:46:14.863395 dv-neutron-824718-2-hyperv devstack@n-api.service[107891]: INFO nova.api.openstack.wsgi [None req-18ea908f-925c-4704-848c-ac79c7d033ad admin admin] HTTP exception thrown: Flavor 42 could not be found.
Jan 18 13:46:14.863954 dv-neutron-824718-2-hyperv devstack@n-api.service[107891]: DEBUG nova.api.openstack.wsgi [None req-18ea908f-925c-4704-848c-ac79c7d033ad admin admin] Returning 404 to user: Flavor 42 could not be found. {{(pid=107891) __call__ /opt/stack/nova/nova/api/openstack/wsgi.py:936}}
Jan 18 13:46:14.864775 dv-neutron-824718-2-hyperv devstack@n-api.service[107891]: INFO nova.api.openstack.requestlog [None req-18ea908f-925c-4704-848c-ac79c7d033ad admin admin] 10.222.0.64 "GET /compute/v2.1/flavors/42" status: 404 len: 75 microversion: 2.90 time: 0.059917
Jan 18 13:46:14.865465 dv-neutron-824718-2-hyperv devstack@n-api.service[107891]: [pid: 107891|app: 0|req: 20/39] 10.222.0.64 () {60 vars in 1190 bytes} [Tue Jan 18 13:46:14 2022] GET /compute/v2.1/flavors/42 => generated 75 bytes in 61 msecs (HTTP/1.1 404) 9 headers in 380 bytes (1 switches on core 0)
Jan 18 13:46:14.875157 dv-neutron-824718-2-hyperv devstack@n-api.service[107890]: DEBUG nova.api.openstack.wsgi [None req-0ed104fb-ca13-493d-ac1d-c5519e3c577a admin admin] Calling method '>' {{(pid=107890) _process_stack /opt/stack/nova/nova/api/openstack/wsgi.py:513}}
Jan 18 13:46:14.895475 dv-neutron-824718-2-hyperv devstack@n-api.service[107890]: INFO nova.api.openstack.requestlog [None req-0ed104fb-ca13-493d-ac1d-c5519e3c577a admin admin] 10.222.0.64 "GET /compute/v2.1/flavors?is_public=None" status: 200 len: 2056 microversion: 2.90 time: 0.023766
Jan 18 13:46:14.895986 dv-neutron-824718-2-hyperv devstack@n-api.service[107890]: [pid: 107890|app: 0|req: 20/40] 10.222.0.64 () {60 vars in 1210 bytes} [Tue Jan 18 13:46:14 2022] GET /compute/v2.1/flavors?is_public=None => generated 2056 bytes in 25 msecs (HTTP/1.1 200) 9 headers in 360 bytes (1 switches on core 0)
Jan 18 13:46:14.906439 dv-neutron-824718-2-hyperv devstack@n-api.service[107891]: DEBUG nova.api.openstack.wsgi [None req-dc312b56-767d-452b-86fd-022ed34e3204 admin admin] Calling method '>' {{(pid=107891) _process_stack /opt/stack/nova/nova/api/openstack/wsgi.py:513}}
Jan 18 13:46:14.926750 dv-neutron-824718-2-hyperv devstack@n-api.service[107891]: INFO nova.api.openstack.requestlog [None req-dc312b56-767d-452b-86fd-022ed34e3204 admin admin] 10.222.0.64 "GET /compute/v2.1/flavors?is_public=None" status: 200 len: 2056 microversion: 2.90 time: 0.023720
Jan 18 13:46:14.927279 dv-neutron-824718-2-hyperv devstack@n-api.service[107891]: [pid: 107891|app: 0|req: 21/41] 10.222.0.64 () {60 vars in 1210 bytes} [Tue Jan 18 13:46:14 2022] GET /compute/v2.1/flavors?is_public=None => generated 2056 bytes in 25 msecs (HTTP/1.1 200) 9 headers in 360 bytes (1 switches on core 0)
Jan 18 13:46:14.936748 dv-neutron-824718-2-hyperv devstack@n-api.service[107890]: DEBUG nova.api.openstack.wsgi [None req-edb93a08-6444-48cc-a195-ac4f49024381 admin admin] Calling method '>' {{(pid=107890) _process_stack /opt/stack/nova/nova/api/openstack/wsgi.py:513}}
Jan 18 13:46:14.941927 dv-neutron-824718-2-hyperv devstack@n-api.service[107890]: INFO nova.api.openstack.wsgi [None req-edb93a08-6444-48cc-a195-ac4f49024381 admin admin] HTTP exception thrown: Flavor 42 could not be found.
Jan 18 13:46:14.942476 dv-neutron-824718-2-hyperv devstack@n-api.service[107890]: DEBUG nova.api.openstack.wsgi [None req-edb93a08-6444-48cc-a195-ac4f49024381 admin admin] Returning 404 to user: Flavor 42 could not be found. {{(pid=107890) __call__ /opt/stack/nova/nova/api/openstack/wsgi.py:936}}
Jan 18 13:46:14.943235 dv-neutron-824718-2-hyperv devstack@n-api.service[107890]: INFO nova.api.openstack.requestlog [None req-edb93a08-6444-48cc-a195-ac4f49024381 admin admin] 10.222.0.64 "GET /compute/v2.1/flavors/42" status: 404 len: 75 microversion: 2.90 time: 0.009918
Jan 18 13:46:14.943714 dv-neutron-824718-2-hyperv devstack@n-api.service[107890]: [pid: 107890|app: 0|req: 21/42] 10.222.0.64 () {60 vars in 1190 bytes} [Tue Jan 18 13:46:14 2022] GET /compute/v2.1/flavors/42 => generated 75 bytes in 11 msecs (HTTP/1.1 404) 9 headers in 380 bytes (2 switches on core 0)
Jan 18 13:46:16.292569 dv-neutron-824718-2-hyperv devstack@n-api.service[107891]: DEBUG nova.api.openstack.wsgi [None req-dc312b56-767d-452b-86fd-022ed34e3204 admin admin] Calling method '>' {{(pid=107891) _process_stack /opt/stack/nova/nova/api/openstack/wsgi.py:513}}
Jan 18 13:46:16.293623 dv-neutron-824718-2-hyperv devstack@n-api.service[107891]: INFO nova.api.openstack.requestlog [None req-dc312b56-767d-452b-86fd-022ed34e3204 admin admin] 10.222.0.64 "GET /compute/v2.1" status: 200 len: 388 microversion: 2.1 time: 0.001473
