Jan 14 14:52:29.939780 dv-neutron-824718-1-hyperv neutron-server[102097]: DEBUG neutron.scheduler.base_scheduler [None req-74858edd-8478-4690-a4bb-e5a91a4d5ad5 admin admin] Resources bound (agent type, host, resource id): {{(pid=102097) schedule /opt/stack/neutron/neutron/scheduler/base_scheduler.py:57}}
Jan 14 14:52:29.943122 dv-neutron-824718-1-hyperv neutron-server[102097]: DEBUG neutron.db.l3_dvrscheduler_db [None req-74858edd-8478-4690-a4bb-e5a91a4d5ad5 admin admin] Received port after_create {{(pid=102097) _notify_l3_agent_new_port /opt/stack/neutron/neutron/db/l3_dvrscheduler_db.py:535}}
Jan 14 14:52:29.964679 dv-neutron-824718-1-hyperv neutron-server[102099]: DEBUG neutron.db.l3_hamode_db [None req-d3ba56e0-3bb0-4a67-8fc6-a08ad3de7ba0 None None] neutron.services.l3_router.l3_router_plugin.L3RouterPlugin method _process_sync_ha_data called with arguments (, [{'id': 'e19258ce-ee66-4604-97cf-8402e96a439e', 'name': 'tempest-ServersTestJSON-1514765162-router', 'tenant_id': 'e2857d20526b4cb4ba85a41fa9b1a201', 'admin_state_up': True, 'status': 'ACTIVE', 'external_gateway_info': {'network_id': '66b00278-32df-450f-9f1e-437cb29320a9', 'external_fixed_ips': [{'subnet_id': '03f6356b-d200-4a53-8df4-f5b86535e5a5', 'ip_address': '172.26.5.235'}], 'enable_snat': True}, 'gw_port_id': '5e0a90bb-50fb-4f8a-8751-3cbdede15a84', 'description': '', 'availability_zones': ['nova'], 'distributed': False, 'ha': False, 'ha_vr_id': 0, 'availability_zone_hints': [], 'routes': [], 'flavor_id': None, 'tags': [], 'created_at': '2022-01-14T14:52:23Z', 'updated_at': '2022-01-14T14:52:24Z', 'revision_number': 3, 'project_id': 'e2857d20526b4cb4ba85a41fa9b1a201', 'gw_port': {'id': '5e0a90bb-50fb-4f8a-8751-3cbdede15a84', 'name': '', 'network_id': '66b00278-32df-450f-9f1e-437cb29320a9', 'tenant_id': '', 'mac_address': 'fa:16:3e:a3:95:c7', 'admin_state_up': True, 'status': 'DOWN', 'device_id': 'e19258ce-ee66-4604-97cf-8402e96a439e', 'device_owner': 'network:router_gateway', 'standard_attr_id': 41, 'fixed_ips': [{'subnet_id': '03f6356b-d200-4a53-8df4-f5b86535e5a5', 'ip_address': '172.26.5.235', 'prefixlen': 24}], 'allowed_address_pairs': [], 'extra_dhcp_opts': [], 'security_groups': [], 'description': '', 'binding:vnic_type': 'normal', 'binding:profile': {}, 'binding:host_id': 'dv-neutron-824718-1-hyperv', 'binding:vif_type': 'ovs', 'binding:vif_details': {'connectivity': 'l2', 'port_filter': True, 'ovs_hybrid_plug': False, 'datapath_type': 'system', 'bridge_name': 'br-int'}, 'port_security_enabled': False, 'tags': [], 'created_at': '2022-01-14T14:52:23Z', 'updated_at': '2022-01-14T14:52:29Z', 'revision_number': 3, 'project_id': '', 'subnets': [{'id': '03f6356b-d200-4a53-8df4-f5b86535e5a5', 'cidr': '172.26.5.0/24', 'gateway_ip': '172.26.5.1', 'dns_nameservers': [], 'ipv6_ra_mode': None, 'subnetpool_id': None}], 'extra_subnets': [], 'address_scopes': {4: None, 6: None}, 'mtu': 1500}, 'enable_snat': True, 'gw_port_host': 'dv-neutron-824718-1-hyperv'}], 'dv-neutron-824718-1-hyperv', False) {} {{(pid=102099) wrapper /usr/local/lib/python3.8/dist-packages/oslo_log/helpers.py:65}}
Jan 14 14:52:30.000683 dv-neutron-824718-1-hyperv neutron-server[102096]: DEBUG neutron.db.db_base_plugin_common [None req-3fbb25cb-234d-4785-8304-a52f141f89b2 tempest-RoutersAdminNegativeTest-701295286 tempest-RoutersAdminNegativeTest-701295286-project-admin] Allocated IP 172.26.5.109 (66b00278-32df-450f-9f1e-437cb29320a9/03f6356b-d200-4a53-8df4-f5b86535e5a5/70ed3863-2bf5-402a-b864-bba4e8f2d563) {{(pid=102096) _store_ip_allocation /opt/stack/neutron/neutron/db/db_base_plugin_common.py:131}}
Jan 14 14:52:30.007204 dv-neutron-824718-1-hyperv neutron-server[102096]: DEBUG neutron_lib.callbacks.manager [None req-3303dd48-4d88-4790-88d0-8e6765b668e0 admin admin] Notify callbacks ['neutron.plugins.ml2.plugin.SecurityGroupServerNotifierRpcMixin._notify_sg_on_port_change-1631319', 'neutron.plugins.ml2.ovo_rpc._ObjectChangeHandler.handle_event-444979', 'neutron.api.rpc.agentnotifiers.dhcp_rpc_agent_api.DhcpAgentNotifyAPI._native_event_send_dhcp_notification-603284', 'neutron.db.l3_dvrscheduler_db._notify_l3_agent_new_port-8740036587987'] for port, after_create {{(pid=102096) _notify_loop /usr/local/lib/python3.8/dist-packages/neutron_lib/callbacks/manager.py:192}}
Jan 14 14:52:30.027057 dv-neutron-824718-1-hyperv neutron-server[102097]: DEBUG neutron_lib.callbacks.manager [None req-25ba0012-1ce9-48d2-bd71-e32a74130e83 tempest-RoutersTestDVR-1530559014 tempest-RoutersTestDVR-1530559014-project-admin] Notify callbacks ['neutron.services.l3_router.l3_router_plugin.L3_HA_NAT_db_mixin._release_router_vr_id-614817', 'neutron.services.l3_router.service_providers.driver_controller.DriverController._clear_router_provider-12392'] for router, precommit_delete {{(pid=102097) _notify_loop /usr/local/lib/python3.8/dist-packages/neutron_lib/callbacks/manager.py:192}}
Jan 14 14:52:30.033231 dv-neutron-824718-1-hyperv neutron-server[102097]: DEBUG neutron_lib.callbacks.manager [None req-25ba0012-1ce9-48d2-bd71-e32a74130e83 tempest-RoutersTestDVR-1530559014 tempest-RoutersTestDVR-1530559014-project-admin] Notify callbacks [] for router_controller, precommit_delete_associations {{(pid=102097) _notify_loop /usr/local/lib/python3.8/dist-packages/neutron_lib/callbacks/manager.py:192}}
Jan 14 14:52:30.035676 dv-neutron-824718-1-hyperv neutron-server[102099]: DEBUG neutron.api.rpc.handlers.l3_rpc [None req-d3ba56e0-3bb0-4a67-8fc6-a08ad3de7ba0 None None] The sync data for ids ['e19258ce-ee66-4604-97cf-8402e96a439e'] in dv-neutron-824718-1-hyperv is: [{'id': 'e19258ce-ee66-4604-97cf-8402e96a439e', 'name': 'tempest-ServersTestJSON-1514765162-router', 'tenant_id': 'e2857d20526b4cb4ba85a41fa9b1a201', 'admin_state_up': True, 'status': 'ACTIVE', 'external_gateway_info': {'network_id': '66b00278-32df-450f-9f1e-437cb29320a9', 'external_fixed_ips': [{'subnet_id': '03f6356b-d200-4a53-8df4-f5b86535e5a5', 'ip_address': '172.26.5.235'}], 'enable_snat': True}, 'gw_port_id': '5e0a90bb-50fb-4f8a-8751-3cbdede15a84', 'description': '', 'availability_zones': ['nova'], 'distributed': False, 'ha': False, 'ha_vr_id': 0, 'availability_zone_hints': [], 'routes': [], 'flavor_id': None, 'tags': [], 'created_at': '2022-01-14T14:52:23Z', 'updated_at': '2022-01-14T14:52:24Z', 'revision_number': 3, 'project_id': 'e2857d20526b4cb4ba85a41fa9b1a201', 'gw_port': {'id': '5e0a90bb-50fb-4f8a-8751-3cbdede15a84', 'name': '', 'network_id': '66b00278-32df-450f-9f1e-437cb29320a9', 'tenant_id': '', 'mac_address': 'fa:16:3e:a3:95:c7', 'admin_state_up': True, 'status': 'DOWN', 'device_id': 'e19258ce-ee66-4604-97cf-8402e96a439e', 'device_owner': 'network:router_gateway', 'standard_attr_id': 41, 'fixed_ips': [{'subnet_id': '03f6356b-d200-4a53-8df4-f5b86535e5a5', 'ip_address': '172.26.5.235', 'prefixlen': 24}], 'allowed_address_pairs': [], 'extra_dhcp_opts': [], 'security_groups': [], 'description': '', 'binding:vnic_type': 'normal', 'binding:profile': {}, 'binding:host_id': 'dv-neutron-824718-1-hyperv', 'binding:vif_type': 'ovs', 'binding:vif_details': {'connectivity': 'l2', 'port_filter': True, 'ovs_hybrid_plug': False, 'datapath_type': 'system', 'bridge_name': 'br-int'}, 'port_security_enabled': False, 'tags': [], 'created_at': '2022-01-14T14:52:23Z', 'updated_at': '2022-01-14T14:52:29Z', 'revision_number': 3, 'project_id': '', 'subnets': [{'id': '03f6356b-d200-4a53-8df4-f5b86535e5a5', 'cidr': '172.26.5.0/24', 'gateway_ip': '172.26.5.1', 'dns_nameservers': [], 'ipv6_ra_mode': None, 'subnetpool_id': None}], 'extra_subnets': [], 'address_scopes': {4: None, 6: None}, 'mtu': 1500}, 'enable_snat': True, 'gw_port_host': 'dv-neutron-824718-1-hyperv'}] {{(pid=102099) sync_routers /opt/stack/neutron/neutron/api/rpc/handlers/l3_rpc.py:137}}
Jan 14 14:52:30.056573 dv-neutron-824718-1-hyperv neutron-server[102097]: INFO neutron.wsgi [None req-077fad17-b93f-448f-b55e-c704825985e9 tempest-ExternalNetworksTestJSON-1561814705 tempest-ExternalNetworksTestJSON-1561814705-project-admin] 10.222.0.42 "POST /v2.0/networks HTTP/1.1" status: 201 len: 836 time: 1.1441903
Jan 14 14:52:30.056573 dv-neutron-824718-1-hyperv neutron-server[102097]: DEBUG neutron.pecan_wsgi.hooks.quota_enforcement [None req-03a94224-2cf7-4d96-99ba-4371e0b21c6a tempest-QuotasNegativeTest-1696786004 tempest-QuotasNegativeTest-1696786004-project-admin] Made reservation on behalf of 6796005fb97c4df0809e03b073e8a7d6 for: {'network': 1} {{(pid=102097) before /opt/stack/neutron/neutron/pecan_wsgi/hooks/quota_enforcement.py:53}}
Jan 14 14:52:30.057293 dv-neutron-824718-1-hyperv neutron-server[102097]: DEBUG neutron_lib.callbacks.manager [None req-03a94224-2cf7-4d96-99ba-4371e0b21c6a tempest-QuotasNegativeTest-1696786004 tempest-QuotasNegativeTest-1696786004-project-admin] Notify callbacks ['neutron.plugins.ml2.plugin.SecurityGroupDbMixin._ensure_default_security_group_handler-1630362'] for network, before_create {{(pid=102097) _notify_loop /usr/local/lib/python3.8/dist-packages/neutron_lib/callbacks/manager.py:192}}
Jan 14 14:52:30.060502 dv-neutron-824718-1-hyperv neutron-server[102097]: DEBUG neutron.wsgi [-] (102097) accepted ('10.222.0.42', 38926) {{(pid=102097) server /usr/local/lib/python3.8/dist-packages/eventlet/wsgi.py:982}}
Jan 14 14:52:30.088237 dv-neutron-824718-1-hyperv neutron-server[102097]: DEBUG neutron.api.v2.base [None req-cd68ec33-91c1-438e-a8e5-a672aedd75a7 tempest-ExternalNetworksTestJSON-1561814705 tempest-ExternalNetworksTestJSON-1561814705-project-admin] Request body: {'subnet': {'network_id': '98f13b38-aebd-4e8c-b264-2fd985cacbaa', 'cidr': '172.20.0.0/28', 'ip_version': 4, 'gateway_ip': '172.20.0.1', 'enable_dhcp': False}} {{(pid=102097) prepare_request_body /opt/stack/neutron/neutron/api/v2/base.py:729}}
Jan 14 14:52:30.171105 dv-neutron-824718-1-hyperv neutron-server[102098]: DEBUG neutron.db.provisioning_blocks [None req-f2a2a8b2-ae78-4552-a2f8-fbe1f4be67d3 None None] Provisioning complete for port 68eeb4b6-55ff-4aa9-92aa-e4d1f62be2a4 triggered by entity DHCP. {{(pid=102098) provisioning_complete /opt/stack/neutron/neutron/db/provisioning_blocks.py:139}}
Jan 14 14:52:30.171842 dv-neutron-824718-1-hyperv neutron-server[102098]: DEBUG neutron_lib.callbacks.manager [None req-f2a2a8b2-ae78-4552-a2f8-fbe1f4be67d3 None None] Notify callbacks ['neutron.plugins.ml2.plugin.Ml2Plugin._port_provisioned-1801882'] for port, provisioning_complete {{(pid=102098) _notify_loop /usr/local/lib/python3.8/dist-packages/neutron_lib/callbacks/manager.py:192}}
Jan 14 14:52:30.189484 dv-neutron-824718-1-hyperv neutron-server[102096]: DEBUG neutron_lib.callbacks.manager [None req-79cf696d-7fdc-4414-ad49-93b0ac43939a admin admin] Notify callbacks ['neutron.services.l3_router.l3_router_plugin.L3_HA_NAT_db_mixin._after_router_create-615676', 'neutron.services.l3_router.l3_router_plugin.DVRResourceOperationHandler._create_snat_interfaces_after_change-617869'] for router, after_create {{(pid=102096) _notify_loop /usr/local/lib/python3.8/dist-packages/neutron_lib/callbacks/manager.py:192}}
Jan 14 14:52:30.233789 dv-neutron-824718-1-hyperv neutron-server[102097]: DEBUG neutron.api.rpc.handlers.resources_rpc [None req-077fad17-b93f-448f-b55e-c704825985e9 tempest-ExternalNetworksTestJSON-1561814705 tempest-ExternalNetworksTestJSON-1561814705-project-admin] Pushing event updated for resources: {'Network': ['ID=98f13b38-aebd-4e8c-b264-2fd985cacbaa,revision_number=1']} {{(pid=102097) push /opt/stack/neutron/neutron/api/rpc/handlers/resources_rpc.py:237}}
Jan 14 14:52:30.254453 dv-neutron-824718-1-hyperv neutron-server[102097]: DEBUG neutron_lib.callbacks.manager [None req-74858edd-8478-4690-a4bb-e5a91a4d5ad5 admin admin] Notify callbacks ['neutron.services.l3_router.l3_router_plugin.DVRResourceOperationHandler._add_csnat_on_interface_create-613502'] for router_interface, before_create {{(pid=102097) _notify_loop /usr/local/lib/python3.8/dist-packages/neutron_lib/callbacks/manager.py:192}}
Jan 14 14:52:30.256396 dv-neutron-824718-1-hyperv neutron-server[102098]: DEBUG neutron.plugins.ml2.rpc [None req-91620406-7d38-4174-aab6-e4856ffe68c5 None None] Network 98f13b38-aebd-4e8c-b264-2fd985cacbaa details requested by agent ovs-agent-dv-neutron-824718-1-hyperv with host dv-neutron-824718-1-hyperv {{(pid=102098) get_network_details /opt/stack/neutron/neutron/plugins/ml2/rpc.py:248}}
Jan 14 14:52:30.267757 dv-neutron-824718-1-hyperv neutron-server[102098]: DEBUG neutron.api.rpc.handlers.dhcp_rpc [None req-9f736452-21f6-4c92-b79c-d1e27f016eab None None] Network 2c611791-f370-42f2-bac4-53d1bd34263b requested from dv-neutron-824718-1-hyperv {{(pid=102098) get_network_info /opt/stack/neutron/neutron/api/rpc/handlers/dhcp_rpc.py:218}}
Jan 14 14:52:30.275192 dv-neutron-824718-1-hyperv neutron-server[102096]: DEBUG neutron.scheduler.dhcp_agent_scheduler [None req-3303dd48-4d88-4790-88d0-8e6765b668e0 admin admin] Network 66b00278-32df-450f-9f1e-437cb29320a9 is already hosted by enough agents. {{(pid=102096) _get_dhcp_agents_hosting_network /opt/stack/neutron/neutron/scheduler/dhcp_agent_scheduler.py:275}}
Jan 14 14:52:30.334071 dv-neutron-824718-1-hyperv neutron-server[102097]: DEBUG neutron.plugins.ml2.drivers.helpers [None req-03a94224-2cf7-4d96-99ba-4371e0b21c6a tempest-QuotasNegativeTest-1696786004 tempest-QuotasNegativeTest-1696786004-project-admin] vlan segment allocate from pool success with {'vlan_id': 185, 'physical_network': 'physnet1'} {{(pid=102097) allocate_partially_specified_segment /opt/stack/neutron/neutron/plugins/ml2/drivers/helpers.py:153}}
Jan 14 14:52:30.334414 dv-neutron-824718-1-hyperv neutron-server[102096]: DEBUG neutron.api.rpc.handlers.resources_rpc [None req-3303dd48-4d88-4790-88d0-8e6765b668e0 admin admin] Pushing event updated for resources: {'Port': ['ID=d77048b4-86fd-4aed-b5e4-53cbb66fe36a,revision_number=1']} {{(pid=102096) push /opt/stack/neutron/neutron/api/rpc/handlers/resources_rpc.py:237}}
Jan 14 14:52:30.347130 dv-neutron-824718-1-hyperv neutron-server[102097]: DEBUG neutron_lib.callbacks.manager [None req-03a94224-2cf7-4d96-99ba-4371e0b21c6a tempest-QuotasNegativeTest-1696786004 tempest-QuotasNegativeTest-1696786004-project-admin] Notify callbacks ['neutron.plugins.ml2.plugin.Ml2Plugin._handle_segment_change-1795087'] for segment, precommit_create {{(pid=102097) _notify_loop /usr/local/lib/python3.8/dist-packages/neutron_lib/callbacks/manager.py:192}}
Jan 14 14:52:30.347559 dv-neutron-824718-1-hyperv neutron-server[102097]: INFO neutron.db.segments_db [None req-03a94224-2cf7-4d96-99ba-4371e0b21c6a tempest-QuotasNegativeTest-1696786004 tempest-QuotasNegativeTest-1696786004-project-admin] Added segment f1b64be7-a052-417b-8099-bbbdb0a84593 of type vlan for network 452a3e07-9521-4501-a9b2-e19acaa9c63b
Jan 14 14:52:30.353010 dv-neutron-824718-1-hyperv neutron-server[102096]: DEBUG neutron.scheduler.base_scheduler [None req-3303dd48-4d88-4790-88d0-8e6765b668e0 admin admin] Resources bound (agent type, host, resource id): {{(pid=102096) schedule /opt/stack/neutron/neutron/scheduler/base_scheduler.py:57}}
Jan 14 14:52:30.359266 dv-neutron-824718-1-hyperv neutron-server[102098]: DEBUG neutron.plugins.ml2.rpc [None req-91620406-7d38-4174-aab6-e4856ffe68c5 None None] Device 0004527c-6c89-449b-b02b-2661d385e9d3 up at agent ovs-agent-dv-neutron-824718-1-hyperv {{(pid=102098) update_device_up /opt/stack/neutron/neutron/plugins/ml2/rpc.py:296}}
Jan 14 14:52:30.397959 dv-neutron-824718-1-hyperv neutron-server[102096]: DEBUG neutron.db.l3_dvrscheduler_db [None req-3303dd48-4d88-4790-88d0-8e6765b668e0 admin admin] Received port after_create {{(pid=102096) _notify_l3_agent_new_port /opt/stack/neutron/neutron/db/l3_dvrscheduler_db.py:535}}
Jan 14 14:52:30.450911 dv-neutron-824718-1-hyperv neutron-server[102096]: DEBUG neutron_lib.callbacks.manager [None req-3fbb25cb-234d-4785-8304-a52f141f89b2 tempest-RoutersAdminNegativeTest-701295286 tempest-RoutersAdminNegativeTest-701295286-project-admin] Notify callbacks [] for port, precommit_create {{(pid=102096) _notify_loop /usr/local/lib/python3.8/dist-packages/neutron_lib/callbacks/manager.py:192}}
Jan 14 14:52:30.463041 dv-neutron-824718-1-hyperv neutron-server[102097]: DEBUG neutron_lib.callbacks.manager [None req-25ba0012-1ce9-48d2-bd71-e32a74130e83 tempest-RoutersTestDVR-1530559014 tempest-RoutersTestDVR-1530559014-project-admin] Notify callbacks ['neutron.services.l3_router.l3_router_plugin.L3_HA_NAT_db_mixin._cleanup_ha_network_handler-614872'] for router, after_delete {{(pid=102097) _notify_loop /usr/local/lib/python3.8/dist-packages/neutron_lib/callbacks/manager.py:192}}
Jan 14 14:52:30.464036 dv-neutron-824718-1-hyperv neutron-server[102097]: DEBUG neutron.api.rpc.agentnotifiers.l3_rpc_agent_api [None req-25ba0012-1ce9-48d2-bd71-e32a74130e83 tempest-RoutersTestDVR-1530559014 tempest-RoutersTestDVR-1530559014-project-admin] Fanout notify agent at l3_agent the message router_deleted on router 1efa5d30-8e96-49df-b70d-06358dac1af6 {{(pid=102097) _notification_fanout /opt/stack/neutron/neutron/api/rpc/agentnotifiers/l3_rpc_agent_api.py:114}}
Jan 14 14:52:30.470131 dv-neutron-824718-1-hyperv neutron-server[102097]: DEBUG neutron_lib.callbacks.manager [None req-25ba0012-1ce9-48d2-bd71-e32a74130e83 tempest-RoutersTestDVR-1530559014 tempest-RoutersTestDVR-1530559014-project-admin] Notify callbacks [] for router, before_response {{(pid=102097) _notify_loop /usr/local/lib/python3.8/dist-packages/neutron_lib/callbacks/manager.py:192}}
Jan 14 14:52:30.471310 dv-neutron-824718-1-hyperv neutron-server[102097]: INFO neutron.wsgi [None req-25ba0012-1ce9-48d2-bd71-e32a74130e83 tempest-RoutersTestDVR-1530559014 tempest-RoutersTestDVR-1530559014-project-admin] 10.222.0.42 "DELETE /v2.0/routers/1efa5d30-8e96-49df-b70d-06358dac1af6 HTTP/1.1" status: 204 len: 168 time: 1.3552783
Jan 14 14:52:30.472237 dv-neutron-824718-1-hyperv neutron-server[102097]: DEBUG neutron.pecan_wsgi.hooks.quota_enforcement [None req-cd68ec33-91c1-438e-a8e5-a672aedd75a7 tempest-ExternalNetworksTestJSON-1561814705 tempest-ExternalNetworksTestJSON-1561814705-project-admin] Made reservation on behalf of f7b710037d4b4e02bfe34f8a6adfe86c for: {'subnet': 1} {{(pid=102097) before /opt/stack/neutron/neutron/pecan_wsgi/hooks/quota_enforcement.py:53}}
Jan 14 14:52:30.475859 dv-neutron-824718-1-hyperv neutron-server[102097]: DEBUG neutron_lib.callbacks.manager [None req-cd68ec33-91c1-438e-a8e5-a672aedd75a7 tempest-ExternalNetworksTestJSON-1561814705 tempest-ExternalNetworksTestJSON-1561814705-project-admin] Notify callbacks ['neutron.services.segments.plugin.SegmentHostRoutes.host_routes_before_create-5456126'] for subnet, before_create {{(pid=102097) _notify_loop /usr/local/lib/python3.8/dist-packages/neutron_lib/callbacks/manager.py:192}}
Jan 14 14:52:30.477866 dv-neutron-824718-1-hyperv neutron-server[102097]: DEBUG neutron.wsgi [-] (102097) accepted ('10.222.0.42', 38930) {{(pid=102097) server /usr/local/lib/python3.8/dist-packages/eventlet/wsgi.py:982}}
Jan 14 14:52:30.504188 dv-neutron-824718-1-hyperv neutron-server[102097]: DEBUG neutron.api.v2.base [None req-2d7dd0ea-bad9-42ac-b330-ce150f9ce449 tempest-RoutersTestDVR-1530559014 tempest-RoutersTestDVR-1530559014-project-admin] Request body: {'router': {'name': 'tempest-router-1770753289', 'distributed': False, 'admin_state_up': False, 'ha': False, 'project_id': 'c59586e8e3834d1f9e6bd1055c690965'}} {{(pid=102097) prepare_request_body /opt/stack/neutron/neutron/api/v2/base.py:729}}
Jan 14 14:52:30.510492 dv-neutron-824718-1-hyperv neutron-server[102098]: DEBUG neutron_lib.callbacks.manager [None req-f2a2a8b2-ae78-4552-a2f8-fbe1f4be67d3 None None] Notify callbacks ['neutron.plugins.ml2.plugin.SecurityGroupDbMixin._ensure_default_security_group_handler-1630362'] for port, before_update {{(pid=102098) _notify_loop /usr/local/lib/python3.8/dist-packages/neutron_lib/callbacks/manager.py:192}}
Jan 14 14:52:30.519907 dv-neutron-824718-1-hyperv neutron-server[102097]: DEBUG neutron_lib.callbacks.manager [None req-03a94224-2cf7-4d96-99ba-4371e0b21c6a tempest-QuotasNegativeTest-1696786004 tempest-QuotasNegativeTest-1696786004-project-admin] Notify callbacks ['neutron.services.auto_allocate.db._ensure_external_network_default_value_callback-8740036558650'] for network, precommit_create {{(pid=102097) _notify_loop /usr/local/lib/python3.8/dist-packages/neutron_lib/callbacks/manager.py:192}}
Jan 14 14:52:30.615477 dv-neutron-824718-1-hyperv neutron-server[102098]: DEBUG neutron.plugins.ml2.db [None req-f2a2a8b2-ae78-4552-a2f8-fbe1f4be67d3 None None] For port 68eeb4b6-55ff-4aa9-92aa-e4d1f62be2a4, host dv-neutron-824718-1-hyperv, got binding levels [PortBindingLevel(driver='openvswitch',host='dv-neutron-824718-1-hyperv',level=0,port_id=68eeb4b6-55ff-4aa9-92aa-e4d1f62be2a4,segment=NetworkSegment(0b1346be-0182-47f7-ad86-ac8c181d1dd9),segment_id=0b1346be-0182-47f7-ad86-ac8c181d1dd9)] {{(pid=102098) get_binding_level_objs /opt/stack/neutron/neutron/plugins/ml2/db.py:74}}
Jan 14 14:52:30.624735 dv-neutron-824718-1-hyperv neutron-server[102098]: DEBUG neutron.db.provisioning_blocks [None req-91620406-7d38-4174-aab6-e4856ffe68c5 None None] Provisioning complete for port 0004527c-6c89-449b-b02b-2661d385e9d3 triggered by entity L2. {{(pid=102098) provisioning_complete /opt/stack/neutron/neutron/db/provisioning_blocks.py:139}}
Jan 14 14:52:30.624735 dv-neutron-824718-1-hyperv neutron-server[102098]: DEBUG neutron_lib.callbacks.manager [None req-91620406-7d38-4174-aab6-e4856ffe68c5 None None] Notify callbacks ['neutron.plugins.ml2.plugin.Ml2Plugin._port_provisioned-1801882'] for port, provisioning_complete {{(pid=102098) _notify_loop /usr/local/lib/python3.8/dist-packages/neutron_lib/callbacks/manager.py:192}}
Jan 14 14:52:30.631899 dv-neutron-824718-1-hyperv neutron-server[102096]: DEBUG neutron_lib.callbacks.manager [None req-3fbb25cb-234d-4785-8304-a52f141f89b2 tempest-RoutersAdminNegativeTest-701295286 tempest-RoutersAdminNegativeTest-701295286-project-admin] Notify callbacks ['neutron.plugins.ml2.plugin.SecurityGroupServerNotifierRpcMixin._notify_sg_on_port_change-1631319', 'neutron.plugins.ml2.ovo_rpc._ObjectChangeHandler.handle_event-444979', 'neutron.api.rpc.agentnotifiers.dhcp_rpc_agent_api.DhcpAgentNotifyAPI._native_event_send_dhcp_notification-603284', 'neutron.db.l3_dvrscheduler_db._notify_l3_agent_new_port-8740036587987'] for port, after_create {{(pid=102096) _notify_loop /usr/local/lib/python3.8/dist-packages/neutron_lib/callbacks/manager.py:192}}
Jan 14 14:52:30.641776 dv-neutron-824718-1-hyperv neutron-server[102098]: DEBUG neutron_lib.callbacks.manager [None req-f2a2a8b2-ae78-4552-a2f8-fbe1f4be67d3 None None] Notify callbacks ['neutron.plugins.ml2.plugin.SecurityGroupServerNotifierRpcMixin._notify_sg_on_port_change-1631319', 'neutron.plugins.ml2.ovo_rpc._ObjectChangeHandler.handle_event-444979', 'neutron.api.rpc.agentnotifiers.dhcp_rpc_agent_api.DhcpAgentNotifyAPI._native_event_send_dhcp_notification-603284', 'neutron.db.l3_db.L3RpcNotifierMixin._notify_gateway_port_ip_changed-8740037141634', 'neutron.db.l3_dvrscheduler_db._notify_l3_agent_port_update-8740036588005', 'neutron.db.l3_hascheduler_db._notify_l3_agent_ha_port_update-8740036588023'] for port, after_update {{(pid=102098) _notify_loop /usr/local/lib/python3.8/dist-packages/neutron_lib/callbacks/manager.py:192}}
Jan 14 14:52:30.741936 dv-neutron-824718-1-hyperv neutron-server[102097]: DEBUG neutron_lib.callbacks.manager [None req-03a94224-2cf7-4d96-99ba-4371e0b21c6a tempest-QuotasNegativeTest-1696786004 tempest-QuotasNegativeTest-1696786004-project-admin] Notify callbacks ['neutron.plugins.ml2.ovo_rpc._ObjectChangeHandler.handle_event-814609', 'neutron.api.rpc.agentnotifiers.dhcp_rpc_agent_api.DhcpAgentNotifyAPI._native_event_send_dhcp_notification-603284'] for network, after_create {{(pid=102097) _notify_loop /usr/local/lib/python3.8/dist-packages/neutron_lib/callbacks/manager.py:192}}
Jan 14 14:52:30.742992 dv-neutron-824718-1-hyperv neutron-server[102097]: DEBUG neutron.pecan_wsgi.hooks.policy_enforcement [None req-03a94224-2cf7-4d96-99ba-4371e0b21c6a tempest-QuotasNegativeTest-1696786004 tempest-QuotasNegativeTest-1696786004-project-admin] Attributes excluded by policy engine: ['standard_attr_id', 'vlan_transparent'] {{(pid=102097) _exclude_attributes_by_policy /opt/stack/neutron/neutron/pecan_wsgi/hooks/policy_enforcement.py:255}}
Jan 14 14:52:30.744067 dv-neutron-824718-1-hyperv neutron-server[102097]: DEBUG neutron_lib.callbacks.manager [None req-03a94224-2cf7-4d96-99ba-4371e0b21c6a tempest-QuotasNegativeTest-1696786004 tempest-QuotasNegativeTest-1696786004-project-admin] Notify callbacks ['neutron.api.rpc.agentnotifiers.dhcp_rpc_agent_api.DhcpAgentNotifyAPI._send_dhcp_notification-603322'] for network, before_response {{(pid=102097) _notify_loop /usr/local/lib/python3.8/dist-packages/neutron_lib/callbacks/manager.py:192}}
Jan 14 14:52:30.771479 dv-neutron-824718-1-hyperv neutron-server[102097]: DEBUG neutron.quota.resource [None req-e740a853-9900-4b87-b26b-32d36daafdb6 tempest-QuotasTest-932796468 tempest-QuotasTest-932796468-project-admin] Usage tracker for resource:security_group and tenant:edebefccfc1e4fd8a946e57ea2c5f85c is out of sync, need to count used quota {{(pid=102097) count_used /opt/stack/neutron/neutron/quota/resource.py:291}}
Jan 14 14:52:30.798095 dv-neutron-824718-1-hyperv neutron-server[102098]: DEBUG neutron.db.provisioning_blocks [None req-f2a2a8b2-ae78-4552-a2f8-fbe1f4be67d3 None None] Provisioning complete for port 9aa173ad-f20f-4de5-912b-6359ceaca1db triggered by entity DHCP. {{(pid=102098) provisioning_complete /opt/stack/neutron/neutron/db/provisioning_blocks.py:139}}
Jan 14 14:52:30.798231 dv-neutron-824718-1-hyperv neutron-server[102097]: INFO neutron.wsgi [None req-03a94224-2cf7-4d96-99ba-4371e0b21c6a tempest-QuotasNegativeTest-1696786004 tempest-QuotasNegativeTest-1696786004-project-admin] 10.222.0.42 "POST /v2.0/networks HTTP/1.1" status: 201 len: 837 time: 1.3033183
Jan 14 14:52:30.798504 dv-neutron-824718-1-hyperv neutron-server[102098]: DEBUG neutron_lib.callbacks.manager [None req-f2a2a8b2-ae78-4552-a2f8-fbe1f4be67d3 None None] Notify callbacks ['neutron.plugins.ml2.plugin.Ml2Plugin._port_provisioned-1801882'] for port, provisioning_complete {{(pid=102098) _notify_loop /usr/local/lib/python3.8/dist-packages/neutron_lib/callbacks/manager.py:192}}
Jan 14 14:52:30.810075 dv-neutron-824718-1-hyperv neutron-server[102096]: DEBUG neutron.wsgi [-] (102096) accepted ('10.222.0.42', 38932) {{(pid=102096) server /usr/local/lib/python3.8/dist-packages/eventlet/wsgi.py:982}}
Jan 14 14:52:30.820918 dv-neutron-824718-1-hyperv neutron-server[102096]: DEBUG neutron.api.v2.base [None req-f9130091-8ffc-4f39-b703-2421d74a73cc tempest-QuotasNegativeTest-1696786004 tempest-QuotasNegativeTest-1696786004-project-admin] Request body: {'network': {'project_id': '6796005fb97c4df0809e03b073e8a7d6'}} {{(pid=102096) prepare_request_body /opt/stack/neutron/neutron/api/v2/base.py:729}}
Jan 14 14:52:30.842506 dv-neutron-824718-1-hyperv neutron-server[102096]: DEBUG neutron.scheduler.dhcp_agent_scheduler [None req-3fbb25cb-234d-4785-8304-a52f141f89b2 tempest-RoutersAdminNegativeTest-701295286 tempest-RoutersAdminNegativeTest-701295286-project-admin] Network 66b00278-32df-450f-9f1e-437cb29320a9 is already hosted by enough agents. {{(pid=102096) _get_dhcp_agents_hosting_network /opt/stack/neutron/neutron/scheduler/dhcp_agent_scheduler.py:275}}
Jan 14 14:52:30.849870 dv-neutron-824718-1-hyperv neutron-server[102096]: DEBUG neutron.scheduler.base_scheduler [None req-3fbb25cb-234d-4785-8304-a52f141f89b2 tempest-RoutersAdminNegativeTest-701295286 tempest-RoutersAdminNegativeTest-701295286-project-admin] Resources bound (agent type, host, resource id): {{(pid=102096) schedule /opt/stack/neutron/neutron/scheduler/base_scheduler.py:57}}
Jan 14 14:52:30.863324 dv-neutron-824718-1-hyperv neutron-server[102098]: DEBUG neutron.api.rpc.handlers.resources_rpc [None req-f2a2a8b2-ae78-4552-a2f8-fbe1f4be67d3 None None] Pushing event updated for resources: {'Port': ['ID=68eeb4b6-55ff-4aa9-92aa-e4d1f62be2a4,revision_number=3']} {{(pid=102098) push /opt/stack/neutron/neutron/api/rpc/handlers/resources_rpc.py:237}}
Jan 14 14:52:30.877572 dv-neutron-824718-1-hyperv neutron-server[102096]: DEBUG neutron.db.l3_dvrscheduler_db [None req-3fbb25cb-234d-4785-8304-a52f141f89b2 tempest-RoutersAdminNegativeTest-701295286 tempest-RoutersAdminNegativeTest-701295286-project-admin] Received port after_create {{(pid=102096) _notify_l3_agent_new_port /opt/stack/neutron/neutron/db/l3_dvrscheduler_db.py:535}}
Jan 14 14:52:30.879442 dv-neutron-824718-1-hyperv neutron-server[102096]: DEBUG neutron.pecan_wsgi.hooks.policy_enforcement [None req-3fbb25cb-234d-4785-8304-a52f141f89b2 tempest-RoutersAdminNegativeTest-701295286 tempest-RoutersAdminNegativeTest-701295286-project-admin] Attributes excluded by policy engine: ['standard_attr_id', 'network'] {{(pid=102096) _exclude_attributes_by_policy /opt/stack/neutron/neutron/pecan_wsgi/hooks/policy_enforcement.py:255}}
Jan 14 14:52:30.880128 dv-neutron-824718-1-hyperv neutron-server[102096]: DEBUG neutron_lib.callbacks.manager [None req-3fbb25cb-234d-4785-8304-a52f141f89b2 tempest-RoutersAdminNegativeTest-701295286 tempest-RoutersAdminNegativeTest-701295286-project-admin] Notify callbacks ['neutron.notifiers.nova.Notifier._send_nova_notification-111616', 'neutron.api.rpc.agentnotifiers.dhcp_rpc_agent_api.DhcpAgentNotifyAPI._send_dhcp_notification-603322'] for port, before_response {{(pid=102096) _notify_loop /usr/local/lib/python3.8/dist-packages/neutron_lib/callbacks/manager.py:192}}
Jan 14 14:52:30.893318 dv-neutron-824718-1-hyperv neutron-server[102098]: DEBUG neutron.plugins.ml2.plugin [None req-f2a2a8b2-ae78-4552-a2f8-fbe1f4be67d3 None None] Port 9aa173ad-f20f-4de5-912b-6359ceaca1db cannot update to ACTIVE because it is not bound. {{(pid=102098) _port_provisioned /opt/stack/neutron/neutron/plugins/ml2/plugin.py:338}}
Jan 14 14:52:30.919146 dv-neutron-824718-1-hyperv neutron-server[102096]: INFO neutron.pecan_wsgi.hooks.translation [None req-f9130091-8ffc-4f39-b703-2421d74a73cc tempest-QuotasNegativeTest-1696786004 tempest-QuotasNegativeTest-1696786004-project-admin] POST failed (client error): There was a conflict when trying to complete your request.
Jan 14 14:52:30.920072 dv-neutron-824718-1-hyperv neutron-server[102096]: DEBUG neutron.pecan_wsgi.hooks.notifier [None req-f9130091-8ffc-4f39-b703-2421d74a73cc tempest-QuotasNegativeTest-1696786004 tempest-QuotasNegativeTest-1696786004-project-admin] No notification will be sent due to unsuccessful status code: 409 {{(pid=102096) after /opt/stack/neutron/neutron/pecan_wsgi/hooks/notifier.py:78}}
Jan 14 14:52:30.921864 dv-neutron-824718-1-hyperv neutron-server[102096]: INFO neutron.wsgi [None req-f9130091-8ffc-4f39-b703-2421d74a73cc tempest-QuotasNegativeTest-1696786004 tempest-QuotasNegativeTest-1696786004-project-admin] 10.222.0.42 "POST /v2.0/networks HTTP/1.1" status: 409 len: 310 time: 0.1087008
Jan 14 14:52:30.925430 dv-neutron-824718-1-hyperv neutron-server[102096]: INFO neutron.wsgi [None req-3fbb25cb-234d-4785-8304-a52f141f89b2 tempest-RoutersAdminNegativeTest-701295286 tempest-RoutersAdminNegativeTest-701295286-project-admin] 10.222.0.42 "POST /v2.0/ports HTTP/1.1" status: 201 len: 1032 time: 4.2815340
Jan 14 14:52:30.926016 dv-neutron-824718-1-hyperv neutron-server[102096]: DEBUG neutron.wsgi [-] (102096) accepted ('10.222.0.42', 38934) {{(pid=102096) server /usr/local/lib/python3.8/dist-packages/eventlet/wsgi.py:982}}
Jan 14 14:52:30.938285 dv-neutron-824718-1-hyperv neutron-server[102097]: DEBUG neutron.quota.resource [None req-e740a853-9900-4b87-b26b-32d36daafdb6 tempest-QuotasTest-932796468 tempest-QuotasTest-932796468-project-admin] Quota usage for security_group was recalculated. Used quota:0. {{(pid=102097) count_used /opt/stack/neutron/neutron/quota/resource.py:311}}
Jan 14 14:52:30.944833 dv-neutron-824718-1-hyperv neutron-server[102096]: DEBUG neutron.wsgi [-] (102096) accepted ('10.222.0.42', 38936) {{(pid=102096) server /usr/local/lib/python3.8/dist-packages/eventlet/wsgi.py:982}}
Jan 14 14:52:30.988217 dv-neutron-824718-1-hyperv neutron-server[102098]: DEBUG neutron_lib.callbacks.manager [None req-91620406-7d38-4174-aab6-e4856ffe68c5 None None] Notify callbacks ['neutron.plugins.ml2.plugin.SecurityGroupDbMixin._ensure_default_security_group_handler-1630362'] for port, before_update {{(pid=102098) _notify_loop /usr/local/lib/python3.8/dist-packages/neutron_lib/callbacks/manager.py:192}}
Jan 14 14:52:30.988540 dv-neutron-824718-1-hyperv neutron-server[102096]: DEBUG neutron.api.v2.base [None req-2b740539-0e95-4ca9-87d6-4f33713cae87 tempest-RoutersAdminNegativeTest-701295286 tempest-RoutersAdminNegativeTest-701295286-project-admin] Request body: {'router': {'external_gateway_info': {'network_id': '66b00278-32df-450f-9f1e-437cb29320a9', 'external_fixed_ips': [{'subnet_id': '03f6356b-d200-4a53-8df4-f5b86535e5a5', 'ip_address': '172.26.5.109'}]}}} {{(pid=102096) prepare_request_body /opt/stack/neutron/neutron/api/v2/base.py:729}}
Jan 14 14:52:31.010430 dv-neutron-824718-1-hyperv neutron-server[102097]: DEBUG neutron.quota.resource [None req-e740a853-9900-4b87-b26b-32d36daafdb6 tempest-QuotasTest-932796468 tempest-QuotasTest-932796468-project-admin] Usage tracker for resource:security_group_rule and tenant:edebefccfc1e4fd8a946e57ea2c5f85c is out of sync, need to count used quota {{(pid=102097) count_used /opt/stack/neutron/neutron/quota/resource.py:291}}
Jan 14 14:52:31.050970 dv-neutron-824718-1-hyperv neutron-server[102098]: DEBUG neutron.plugins.ml2.db [None req-91620406-7d38-4174-aab6-e4856ffe68c5 None None] For port 0004527c-6c89-449b-b02b-2661d385e9d3, host dv-neutron-824718-1-hyperv, got binding levels [PortBindingLevel(driver='openvswitch',host='dv-neutron-824718-1-hyperv',level=0,port_id=0004527c-6c89-449b-b02b-2661d385e9d3,segment=NetworkSegment(873deb1c-85f9-48a7-b98c-3f7678f3a446),segment_id=873deb1c-85f9-48a7-b98c-3f7678f3a446)] {{(pid=102098) get_binding_level_objs /opt/stack/neutron/neutron/plugins/ml2/db.py:74}}
Jan 14 14:52:31.052742 dv-neutron-824718-1-hyperv neutron-server[102098]: DEBUG neutron.db.provisioning_blocks [None req-73b68f3c-3f85-44da-ae13-1076e85d32b6 None None] Provisioning complete for port 68eeb4b6-55ff-4aa9-92aa-e4d1f62be2a4 triggered by entity DHCP. {{(pid=102098) provisioning_complete /opt/stack/neutron/neutron/db/provisioning_blocks.py:139}}
Jan 14 14:52:31.053133 dv-neutron-824718-1-hyperv neutron-server[102097]: DEBUG neutron.quota.resource [None req-e740a853-9900-4b87-b26b-32d36daafdb6 tempest-QuotasTest-932796468 tempest-QuotasTest-932796468-project-admin] Quota usage for security_group_rule was recalculated. Used quota:0. {{(pid=102097) count_used /opt/stack/neutron/neutron/quota/resource.py:311}}
Jan 14 14:52:31.053658 dv-neutron-824718-1-hyperv neutron-server[102098]: DEBUG neutron_lib.callbacks.manager [None req-73b68f3c-3f85-44da-ae13-1076e85d32b6 None None] Notify callbacks ['neutron.plugins.ml2.plugin.Ml2Plugin._port_provisioned-1801882'] for port, provisioning_complete {{(pid=102098) _notify_loop /usr/local/lib/python3.8/dist-packages/neutron_lib/callbacks/manager.py:192}}
Jan 14 14:52:31.067822 dv-neutron-824718-1-hyperv neutron-server[102096]: DEBUG neutron.api.rpc.handlers.resources_rpc [None req-3fbb25cb-234d-4785-8304-a52f141f89b2 tempest-RoutersAdminNegativeTest-701295286 tempest-RoutersAdminNegativeTest-701295286-project-admin] Pushing event updated for resources: {'Port': ['ID=70ed3863-2bf5-402a-b864-bba4e8f2d563,revision_number=1']} {{(pid=102096) push /opt/stack/neutron/neutron/api/rpc/handlers/resources_rpc.py:237}}
Jan 14 14:52:31.068411 dv-neutron-824718-1-hyperv neutron-server[102097]: DEBUG neutron.api.rpc.handlers.resources_rpc [None req-03a94224-2cf7-4d96-99ba-4371e0b21c6a tempest-QuotasNegativeTest-1696786004 tempest-QuotasNegativeTest-1696786004-project-admin] Pushing event updated for resources: {'Network': ['ID=452a3e07-9521-4501-a9b2-e19acaa9c63b,revision_number=1']} {{(pid=102097) push /opt/stack/neutron/neutron/api/rpc/handlers/resources_rpc.py:237}}
Jan 14 14:52:31.084771 dv-neutron-824718-1-hyperv neutron-server[102097]: DEBUG neutron_lib.callbacks.manager [None req-2d7dd0ea-bad9-42ac-b330-ce150f9ce449 tempest-RoutersTestDVR-1530559014 tempest-RoutersTestDVR-1530559014-project-admin] Notify callbacks ['neutron.services.l3_router.l3_router_plugin.L3_HA_NAT_db_mixin._before_router_create_handler-616775', 'neutron.services.l3_router.service_providers.driver_controller.DriverController._check_router_request-12410'] for router, before_create {{(pid=102097) _notify_loop /usr/local/lib/python3.8/dist-packages/neutron_lib/callbacks/manager.py:192}}
Jan 14 14:52:31.085793 dv-neutron-824718-1-hyperv neutron-server[102097]: DEBUG neutron_lib.callbacks.manager [None req-2d7dd0ea-bad9-42ac-b330-ce150f9ce449 tempest-RoutersTestDVR-1530559014 tempest-RoutersTestDVR-1530559014-project-admin] Notify callbacks ['neutron.services.l3_router.l3_router_plugin.L3_HA_NAT_db_mixin._precommit_router_create-615621', 'neutron.services.l3_router.l3_router_plugin.DVRResourceOperationHandler._set_distributed_flag-617854', 'neutron.services.l3_router.l3_router_plugin.RouterAvailabilityZoneMixin._process_az_request-702446', 'neutron.services.l3_router.service_providers.driver_controller.DriverController._set_router_provider-12387'] for router, precommit_create {{(pid=102097) _notify_loop /usr/local/lib/python3.8/dist-packages/neutron_lib/callbacks/manager.py:192}}
Jan 14 14:52:31.097766 dv-neutron-824718-1-hyperv neutron-server[102097]: INFO neutron.wsgi [None req-e740a853-9900-4b87-b26b-32d36daafdb6 tempest-QuotasTest-932796468 tempest-QuotasTest-932796468-project-admin] 10.222.0.42 "GET /v2.0/quotas/edebefccfc1e4fd8a946e57ea2c5f85c/details.json HTTP/1.1" status: 200 len: 703 time: 2.3877518
Jan 14 14:52:31.106279 dv-neutron-824718-1-hyperv neutron-server[102098]: DEBUG neutron_lib.callbacks.manager [None req-91620406-7d38-4174-aab6-e4856ffe68c5 None None] Notify callbacks ['neutron.plugins.ml2.plugin.SecurityGroupServerNotifierRpcMixin._notify_sg_on_port_change-1631319', 'neutron.plugins.ml2.ovo_rpc._ObjectChangeHandler.handle_event-444979', 'neutron.api.rpc.agentnotifiers.dhcp_rpc_agent_api.DhcpAgentNotifyAPI._native_event_send_dhcp_notification-603284', 'neutron.db.l3_db.L3RpcNotifierMixin._notify_gateway_port_ip_changed-8740037141634', 'neutron.db.l3_dvrscheduler_db._notify_l3_agent_port_update-8740036588005', 'neutron.db.l3_hascheduler_db._notify_l3_agent_ha_port_update-8740036588023'] for port, after_update {{(pid=102098) _notify_loop /usr/local/lib/python3.8/dist-packages/neutron_lib/callbacks/manager.py:192}}
Jan 14 14:52:31.106947 dv-neutron-824718-1-hyperv neutron-server[102098]: DEBUG neutron.plugins.ml2.rpc [None req-91620406-7d38-4174-aab6-e4856ffe68c5 None None] Device 68eeb4b6-55ff-4aa9-92aa-e4d1f62be2a4 up at agent ovs-agent-dv-neutron-824718-1-hyperv {{(pid=102098) update_device_up /opt/stack/neutron/neutron/plugins/ml2/rpc.py:296}}
Jan 14 14:52:31.109007 dv-neutron-824718-1-hyperv neutron-server[102098]: DEBUG neutron.plugins.ml2.rpc [None req-91620406-7d38-4174-aab6-e4856ffe68c5 None None] Network 452a3e07-9521-4501-a9b2-e19acaa9c63b details requested by agent ovs-agent-dv-neutron-824718-1-hyperv with host dv-neutron-824718-1-hyperv {{(pid=102098) get_network_details /opt/stack/neutron/neutron/plugins/ml2/rpc.py:248}}
Jan 14 14:52:31.148202 dv-neutron-824718-1-hyperv neutron-server[102096]: DEBUG neutron.scheduler.l3_agent_scheduler [None req-79cf696d-7fdc-4414-ad49-93b0ac43939a admin admin] Router c7991c2b-526f-4efd-bd72-a7f0e5dcf57e is scheduled to L3 agent 9730d080-1bdf-4597-8e49-dc2399bf3162 with binding_index 1 {{(pid=102096) bind_router /opt/stack/neutron/neutron/scheduler/l3_agent_scheduler.py:209}}
Jan 14 14:52:31.153419 dv-neutron-824718-1-hyperv neutron-server[102096]: DEBUG neutron_lib.callbacks.manager [None req-2b740539-0e95-4ca9-87d6-4f33713cae87 tempest-RoutersAdminNegativeTest-701295286 tempest-RoutersAdminNegativeTest-701295286-project-admin] Notify callbacks ['neutron.services.l3_router.l3_router_plugin.L3_HA_NAT_db_mixin._before_router_create_handler-616775', 'neutron.services.l3_router.service_providers.driver_controller.DriverController._check_router_request-12410'] for router, before_create {{(pid=102096) _notify_loop /usr/local/lib/python3.8/dist-packages/neutron_lib/callbacks/manager.py:192}}
Jan 14 14:52:31.155340 dv-neutron-824718-1-hyperv neutron-server[102096]: DEBUG neutron_lib.callbacks.manager [None req-2b740539-0e95-4ca9-87d6-4f33713cae87 tempest-RoutersAdminNegativeTest-701295286 tempest-RoutersAdminNegativeTest-701295286-project-admin] Notify callbacks ['neutron.services.l3_router.l3_router_plugin.L3_HA_NAT_db_mixin._precommit_router_create-615621', 'neutron.services.l3_router.l3_router_plugin.DVRResourceOperationHandler._set_distributed_flag-617854', 'neutron.services.l3_router.l3_router_plugin.RouterAvailabilityZoneMixin._process_az_request-702446', 'neutron.services.l3_router.service_providers.driver_controller.DriverController._set_router_provider-12387'] for router, precommit_create {{(pid=102096) _notify_loop /usr/local/lib/python3.8/dist-packages/neutron_lib/callbacks/manager.py:192}}
Jan 14 14:52:31.166962 dv-neutron-824718-1-hyperv neutron-server[102096]: INFO neutron.wsgi [None req-4ac5b001-c294-437f-a98a-8016791b868b tempest-QuotasNegativeTest-1696786004 tempest-QuotasNegativeTest-1696786004-project-admin] 10.222.0.42 "GET /v2.0/security-groups?tenant_id=6796005fb97c4df0809e03b073e8a7d6&name=default HTTP/1.1" status: 200 len: 2975 time: 0.2337232
Jan 14 14:52:31.172004 dv-neutron-824718-1-hyperv neutron-server[102096]: DEBUG neutron.wsgi [-] (102096) accepted ('10.222.0.42', 38940) {{(pid=102096) server /usr/local/lib/python3.8/dist-packages/eventlet/wsgi.py:982}}
Jan 14 14:52:31.281230 dv-neutron-824718-1-hyperv neutron-server[102096]: DEBUG neutron_lib.callbacks.manager [None req-3303dd48-4d88-4790-88d0-8e6765b668e0 admin admin] Notify callbacks [] for router_gateway, after_create {{(pid=102096) _notify_loop /usr/local/lib/python3.8/dist-packages/neutron_lib/callbacks/manager.py:192}}
Jan 14 14:52:31.359883 dv-neutron-824718-1-hyperv neutron-server[102097]: DEBUG neutron_lib.callbacks.manager [None req-2d7dd0ea-bad9-42ac-b330-ce150f9ce449 tempest-RoutersTestDVR-1530559014 tempest-RoutersTestDVR-1530559014-project-admin] Notify callbacks [] for router_controller, precommit_add_association {{(pid=102097) _notify_loop /usr/local/lib/python3.8/dist-packages/neutron_lib/callbacks/manager.py:192}}
Jan 14 14:52:31.368607 dv-neutron-824718-1-hyperv neutron-server[102096]: DEBUG neutron_lib.callbacks.manager [None req-2b740539-0e95-4ca9-87d6-4f33713cae87 tempest-RoutersAdminNegativeTest-701295286 tempest-RoutersAdminNegativeTest-701295286-project-admin] Notify callbacks [] for router_controller, precommit_add_association {{(pid=102096) _notify_loop /usr/local/lib/python3.8/dist-packages/neutron_lib/callbacks/manager.py:192}}
Jan 14 14:52:31.369465 dv-neutron-824718-1-hyperv neutron-server[102097]: DEBUG neutron_lib.callbacks.manager [None req-74858edd-8478-4690-a4bb-e5a91a4d5ad5 admin admin] Notify callbacks ['neutron.plugins.ml2.plugin.SecurityGroupDbMixin._ensure_default_security_group_handler-1630362'] for port, before_update {{(pid=102097) _notify_loop /usr/local/lib/python3.8/dist-packages/neutron_lib/callbacks/manager.py:192}}
Jan 14 14:52:31.372857 dv-neutron-824718-1-hyperv neutron-server[102097]: DEBUG neutron_lib.callbacks.manager [None req-2d7dd0ea-bad9-42ac-b330-ce150f9ce449 tempest-RoutersTestDVR-1530559014 tempest-RoutersTestDVR-1530559014-project-admin] Notify callbacks ['neutron.services.l3_router.l3_router_plugin.L3_HA_NAT_db_mixin._after_router_create-615676', 'neutron.services.l3_router.l3_router_plugin.DVRResourceOperationHandler._create_snat_interfaces_after_change-617869'] for router, after_create {{(pid=102097) _notify_loop /usr/local/lib/python3.8/dist-packages/neutron_lib/callbacks/manager.py:192}}
Jan 14 14:52:31.415238 dv-neutron-824718-1-hyperv neutron-server[102097]: DEBUG neutron_lib.callbacks.manager [None req-2d7dd0ea-bad9-42ac-b330-ce150f9ce449 tempest-RoutersTestDVR-1530559014 tempest-RoutersTestDVR-1530559014-project-admin] Notify callbacks [] for router, before_response {{(pid=102097) _notify_loop /usr/local/lib/python3.8/dist-packages/neutron_lib/callbacks/manager.py:192}}
Jan 14 14:52:31.417028 dv-neutron-824718-1-hyperv neutron-server[102097]: INFO neutron.wsgi [None req-2d7dd0ea-bad9-42ac-b330-ce150f9ce449 tempest-RoutersTestDVR-1530559014 tempest-RoutersTestDVR-1530559014-project-admin] 10.222.0.42 "POST /v2.0/routers HTTP/1.1" status: 201 len: 723 time: 0.9224193
Jan 14 14:52:31.445211 dv-neutron-824718-1-hyperv neutron-server[102096]: DEBUG neutron.wsgi [-] (102096) accepted ('10.222.0.42', 38942) {{(pid=102096) server /usr/local/lib/python3.8/dist-packages/eventlet/wsgi.py:982}}
Jan 14 14:52:31.552454 dv-neutron-824718-1-hyperv neutron-server[102096]: DEBUG neutron.api.v2.base [None req-142606e9-0c87-4764-aeb9-62894f094087 tempest-RoutersTestDVR-1530559014 tempest-RoutersTestDVR-1530559014-project-admin] Request body: {'router': {'distributed': True}} {{(pid=102096) prepare_request_body /opt/stack/neutron/neutron/api/v2/base.py:729}}
Jan 14 14:52:31.569974 dv-neutron-824718-1-hyperv neutron-server[102097]: DEBUG neutron.objects.ports [None req-cd68ec33-91c1-438e-a8e5-a672aedd75a7 tempest-ExternalNetworksTestJSON-1561814705 tempest-ExternalNetworksTestJSON-1561814705-project-admin] Time-cost: Fetching 0 ports in 0 security groups {{(pid=102097) get_objects /opt/stack/neutron/neutron/objects/ports.py:462}}
Jan 14 14:52:31.571026 dv-neutron-824718-1-hyperv neutron-server[102097]: DEBUG neutron_lib.callbacks.manager [None req-cd68ec33-91c1-438e-a8e5-a672aedd75a7 tempest-ExternalNetworksTestJSON-1561814705 tempest-ExternalNetworksTestJSON-1561814705-project-admin] Notify callbacks ['neutron.plugins.ml2.ovo_rpc._ObjectChangeHandler.handle_event-805294', 'neutron.api.rpc.agentnotifiers.dhcp_rpc_agent_api.DhcpAgentNotifyAPI._native_event_send_dhcp_notification-603284', 'neutron.services.segments.plugin.NovaSegmentNotifier._notify_subnet_created-7190664', 'neutron.services.segments.plugin.SegmentHostRoutes.host_routes_after_create-5455884'] for subnet, after_create {{(pid=102097) _notify_loop /usr/local/lib/python3.8/dist-packages/neutron_lib/callbacks/manager.py:192}}
Jan 14 14:52:31.667088 dv-neutron-824718-1-hyperv neutron-server[102097]: DEBUG neutron.plugins.ml2.drivers.mech_agent [None req-cd68ec33-91c1-438e-a8e5-a672aedd75a7 tempest-ExternalNetworksTestJSON-1561814705 tempest-ExternalNetworksTestJSON-1561814705-project-admin] Checking segment: {'id': '8b5ed720-949c-49bc-bb85-39f38e7bca82', 'network_type': 'vlan', 'physical_network': 'physnet1', 'segmentation_id': 152, 'network_id': '98f13b38-aebd-4e8c-b264-2fd985cacbaa'} for mappings: {'physnet1': 'br-data'} with network types: ['local', 'flat', 'vlan'] {{(pid=102097) check_segment_for_agent /opt/stack/neutron/neutron/plugins/ml2/drivers/mech_agent.py:381}}
Jan 14 14:52:31.667956 dv-neutron-824718-1-hyperv neutron-server[102097]: DEBUG neutron.scheduler.dhcp_agent_scheduler [None req-cd68ec33-91c1-438e-a8e5-a672aedd75a7 tempest-ExternalNetworksTestJSON-1561814705 tempest-ExternalNetworksTestJSON-1561814705-project-admin] Network hostable DHCP agents. Network: 98f13b38-aebd-4e8c-b264-2fd985cacbaa, hostable agents: ['53eb6b44-e658-4575-8d37-2efdbce51091'], hosted agents: [] {{(pid=102097) _get_network_hostable_dhcp_agents /opt/stack/neutron/neutron/scheduler/dhcp_agent_scheduler.py:329}}
Jan 14 14:52:31.676342 dv-neutron-824718-1-hyperv neutron-server[102098]: DEBUG neutron.api.rpc.handlers.resources_rpc [None req-91620406-7d38-4174-aab6-e4856ffe68c5 None None] Pushing event updated for resources: {'Port': ['ID=0004527c-6c89-449b-b02b-2661d385e9d3,revision_number=3']} {{(pid=102098) push /opt/stack/neutron/neutron/api/rpc/handlers/resources_rpc.py:237}}
Jan 14 14:52:31.694458 dv-neutron-824718-1-hyperv neutron-server[102097]: DEBUG neutron.wsgi [-] (102097) accepted ('10.222.0.42', 38946) {{(pid=102097) server /usr/local/lib/python3.8/dist-packages/eventlet/wsgi.py:982}}
Jan 14 14:52:31.711816 dv-neutron-824718-1-hyperv neutron-server[102097]: DEBUG neutron.api.rpc.handlers.resources_rpc [None req-cd68ec33-91c1-438e-a8e5-a672aedd75a7 tempest-ExternalNetworksTestJSON-1561814705 tempest-ExternalNetworksTestJSON-1561814705-project-admin] Pushing event updated for resources: {'Subnet': ['ID=bc3b6a71-3b27-44fd-b9da-9f6a510301b5,revision_number=0']} {{(pid=102097) push /opt/stack/neutron/neutron/api/rpc/handlers/resources_rpc.py:237}}
Jan 14 14:52:31.742662 dv-neutron-824718-1-hyperv neutron-server[102098]: DEBUG neutron.db.provisioning_blocks [None req-91620406-7d38-4174-aab6-e4856ffe68c5 None None] Provisioning complete for port 68eeb4b6-55ff-4aa9-92aa-e4d1f62be2a4 triggered by entity L2. {{(pid=102098) provisioning_complete /opt/stack/neutron/neutron/db/provisioning_blocks.py:139}}
Jan 14 14:52:31.746206 dv-neutron-824718-1-hyperv neutron-server[102098]: DEBUG neutron_lib.callbacks.manager [None req-91620406-7d38-4174-aab6-e4856ffe68c5 None None] Notify callbacks ['neutron.plugins.ml2.plugin.Ml2Plugin._port_provisioned-1801882'] for port, provisioning_complete {{(pid=102098) _notify_loop /usr/local/lib/python3.8/dist-packages/neutron_lib/callbacks/manager.py:192}}
Jan 14 14:52:31.758150 dv-neutron-824718-1-hyperv neutron-server[102096]: DEBUG neutron_lib.callbacks.manager [None req-f0ed810f-2b06-463a-beac-03e258cf8dc2 tempest-QuotasNegativeTest-1696786004 tempest-QuotasNegativeTest-1696786004-project-admin] Notify callbacks [] for security_group, before_delete {{(pid=102096) _notify_loop /usr/local/lib/python3.8/dist-packages/neutron_lib/callbacks/manager.py:192}}
