Jan 14 14:52:23.153570 dv-neutron-824718-1-hyperv neutron-server[102096]: DEBUG neutron.scheduler.dhcp_agent_scheduler [None req-348dd730-e701-4870-97ad-136102768a71 admin admin] Network hostable DHCP agents. Network: ba64a2ca-0963-4759-a851-af50226a08e6, hostable agents: ['53eb6b44-e658-4575-8d37-2efdbce51091'], hosted agents: [] {{(pid=102096) _get_network_hostable_dhcp_agents /opt/stack/neutron/neutron/scheduler/dhcp_agent_scheduler.py:329}}
Jan 14 14:52:23.171202 dv-neutron-824718-1-hyperv neutron-server[102096]: DEBUG neutron.scheduler.dhcp_agent_scheduler [None req-348dd730-e701-4870-97ad-136102768a71 admin admin] Network ba64a2ca-0963-4759-a851-af50226a08e6 is scheduled to be hosted by DHCP agent 53eb6b44-e658-4575-8d37-2efdbce51091 with binding_index 1 {{(pid=102096) bind /opt/stack/neutron/neutron/scheduler/dhcp_agent_scheduler.py:227}}
Jan 14 14:52:23.180014 dv-neutron-824718-1-hyperv neutron-server[102096]: DEBUG neutron.scheduler.base_scheduler [None req-348dd730-e701-4870-97ad-136102768a71 admin admin] Resources bound (agent type, host, resource id): (DHCP agent, dv-neutron-824718-1-hyperv, ba64a2ca-0963-4759-a851-af50226a08e6) {{(pid=102096) schedule /opt/stack/neutron/neutron/scheduler/base_scheduler.py:57}}
Jan 14 14:52:23.184865 dv-neutron-824718-1-hyperv neutron-server[102096]: DEBUG neutron.pecan_wsgi.hooks.policy_enforcement [None req-348dd730-e701-4870-97ad-136102768a71 admin admin] Attributes excluded by policy engine: ['standard_attr_id', 'shared', 'network'] {{(pid=102096) _exclude_attributes_by_policy /opt/stack/neutron/neutron/pecan_wsgi/hooks/policy_enforcement.py:255}}
Jan 14 14:52:23.185474 dv-neutron-824718-1-hyperv neutron-server[102096]: DEBUG neutron_lib.callbacks.manager [None req-348dd730-e701-4870-97ad-136102768a71 admin admin] Notify callbacks ['neutron.api.rpc.agentnotifiers.dhcp_rpc_agent_api.DhcpAgentNotifyAPI._send_dhcp_notification-603322'] for subnet, before_response {{(pid=102096) _notify_loop /usr/local/lib/python3.8/dist-packages/neutron_lib/callbacks/manager.py:192}}
Jan 14 14:52:23.196299 dv-neutron-824718-1-hyperv neutron-server[102098]: DEBUG neutron.api.rpc.handlers.dhcp_rpc [None req-395523a6-fe97-4e8e-94f5-8fc08589c354 None None] Network ba64a2ca-0963-4759-a851-af50226a08e6 requested from dv-neutron-824718-1-hyperv {{(pid=102098) get_network_info /opt/stack/neutron/neutron/api/rpc/handlers/dhcp_rpc.py:218}}
Jan 14 14:52:23.206879 dv-neutron-824718-1-hyperv neutron-server[102097]: DEBUG neutron.wsgi [-] (102097) accepted ('10.222.0.42', 38744) {{(pid=102097) server /usr/local/lib/python3.8/dist-packages/eventlet/wsgi.py:982}}
Jan 14 14:52:23.207396 dv-neutron-824718-1-hyperv neutron-server[102096]: INFO neutron.wsgi [None req-348dd730-e701-4870-97ad-136102768a71 admin admin] 10.222.0.42 "POST /v2.0/subnets HTTP/1.1" status: 201 len: 842 time: 0.3947842
Jan 14 14:52:23.213257 dv-neutron-824718-1-hyperv neutron-server[102097]: DEBUG neutron.api.v2.base [None req-c20f8fb0-cd73-455e-9d14-62a627a589c3 admin admin] Request body: {'router': {'name': 'tempest-ServersTestJSON-1514765162-router', 'tenant_id': 'e2857d20526b4cb4ba85a41fa9b1a201', 'external_gateway_info': {'network_id': '66b00278-32df-450f-9f1e-437cb29320a9'}}} {{(pid=102097) prepare_request_body /opt/stack/neutron/neutron/api/v2/base.py:729}}
Jan 14 14:52:23.288273 dv-neutron-824718-1-hyperv neutron-server[102097]: DEBUG neutron_lib.callbacks.manager [None req-c20f8fb0-cd73-455e-9d14-62a627a589c3 admin admin] Notify callbacks ['neutron.services.l3_router.l3_router_plugin.L3_HA_NAT_db_mixin._before_router_create_handler-616775', 'neutron.services.l3_router.service_providers.driver_controller.DriverController._check_router_request-12410'] for router, before_create {{(pid=102097) _notify_loop /usr/local/lib/python3.8/dist-packages/neutron_lib/callbacks/manager.py:192}}
Jan 14 14:52:23.290158 dv-neutron-824718-1-hyperv neutron-server[102097]: DEBUG neutron_lib.callbacks.manager [None req-c20f8fb0-cd73-455e-9d14-62a627a589c3 admin admin] Notify callbacks ['neutron.services.l3_router.l3_router_plugin.L3_HA_NAT_db_mixin._precommit_router_create-615621', 'neutron.services.l3_router.l3_router_plugin.DVRResourceOperationHandler._set_distributed_flag-617854', 'neutron.services.l3_router.l3_router_plugin.RouterAvailabilityZoneMixin._process_az_request-702446', 'neutron.services.l3_router.service_providers.driver_controller.DriverController._set_router_provider-12387'] for router, precommit_create {{(pid=102097) _notify_loop /usr/local/lib/python3.8/dist-packages/neutron_lib/callbacks/manager.py:192}}
Jan 14 14:52:23.378839 dv-neutron-824718-1-hyperv neutron-server[102098]: DEBUG neutron.api.rpc.handlers.dhcp_rpc [None req-3b9dc855-c7e1-4ff7-93da-64a4e971e548 None None] Create dhcp port {'port': {'name': '', 'admin_state_up': True, 'device_id': 'dhcp6782394f-7551-5a05-bc4b-355f93c09875-27081dae-7788-4aad-a0e1-1869737fe766', 'network_id': 'ba64a2ca-0963-4759-a851-af50226a08e6', 'tenant_id': 'e2857d20526b4cb4ba85a41fa9b1a201', 'fixed_ips': [{'subnet_id': '27081dae-7788-4aad-a0e1-1869737fe766'}]}} from dv-neutron-824718-1-hyperv. {{(pid=102098) create_dhcp_port /opt/stack/neutron/neutron/api/rpc/handlers/dhcp_rpc.py:285}}
Jan 14 14:52:23.378839 dv-neutron-824718-1-hyperv neutron-server[102098]: DEBUG neutron_lib.callbacks.manager [None req-3b9dc855-c7e1-4ff7-93da-64a4e971e548 None None] Notify callbacks ['neutron.plugins.ml2.plugin.SecurityGroupDbMixin._ensure_default_security_group_handler-1630362'] for port, before_create {{(pid=102098) _notify_loop /usr/local/lib/python3.8/dist-packages/neutron_lib/callbacks/manager.py:192}}
Jan 14 14:52:23.454426 dv-neutron-824718-1-hyperv neutron-server[102097]: DEBUG neutron_lib.callbacks.manager [None req-c20f8fb0-cd73-455e-9d14-62a627a589c3 admin admin] Notify callbacks [] for router_controller, precommit_add_association {{(pid=102097) _notify_loop /usr/local/lib/python3.8/dist-packages/neutron_lib/callbacks/manager.py:192}}
Jan 14 14:52:23.547630 dv-neutron-824718-1-hyperv neutron-server[102096]: DEBUG neutron.wsgi [-] (102096) accepted ('10.222.0.42', 38756) {{(pid=102096) server /usr/local/lib/python3.8/dist-packages/eventlet/wsgi.py:982}}
Jan 14 14:52:23.556581 dv-neutron-824718-1-hyperv neutron-server[102096]: DEBUG neutron.wsgi [-] (102096) accepted ('10.222.0.42', 38758) {{(pid=102096) server /usr/local/lib/python3.8/dist-packages/eventlet/wsgi.py:982}}
Jan 14 14:52:23.592066 dv-neutron-824718-1-hyperv neutron-server[102098]: DEBUG neutron.db.db_base_plugin_common [None req-3b9dc855-c7e1-4ff7-93da-64a4e971e548 None None] Allocated IP 172.20.0.2 (ba64a2ca-0963-4759-a851-af50226a08e6/27081dae-7788-4aad-a0e1-1869737fe766/a156c359-75da-46b6-a652-289303570dc5) {{(pid=102098) _store_ip_allocation /opt/stack/neutron/neutron/db/db_base_plugin_common.py:131}}
Jan 14 14:52:23.652511 dv-neutron-824718-1-hyperv neutron-server[102097]: DEBUG neutron_lib.callbacks.manager [None req-c20f8fb0-cd73-455e-9d14-62a627a589c3 admin admin] Notify callbacks [] for router_gateway, precommit_update {{(pid=102097) _notify_loop /usr/local/lib/python3.8/dist-packages/neutron_lib/callbacks/manager.py:192}}
Jan 14 14:52:23.865681 dv-neutron-824718-1-hyperv neutron-server[102098]: DEBUG neutron_lib.callbacks.manager [None req-3b9dc855-c7e1-4ff7-93da-64a4e971e548 None None] Notify callbacks [] for port, precommit_create {{(pid=102098) _notify_loop /usr/local/lib/python3.8/dist-packages/neutron_lib/callbacks/manager.py:192}}
Jan 14 14:52:23.872150 dv-neutron-824718-1-hyperv neutron-server[102098]: DEBUG neutron_lib.callbacks.manager [None req-3b9dc855-c7e1-4ff7-93da-64a4e971e548 None None] Notify callbacks ['neutron.plugins.ml2.plugin.SecurityGroupServerNotifierRpcMixin._notify_sg_on_port_change-1631319', 'neutron.plugins.ml2.ovo_rpc._ObjectChangeHandler.handle_event-444979', 'neutron.api.rpc.agentnotifiers.dhcp_rpc_agent_api.DhcpAgentNotifyAPI._native_event_send_dhcp_notification-603284', 'neutron.db.l3_dvrscheduler_db._notify_l3_agent_new_port-8740036587987'] for port, after_create {{(pid=102098) _notify_loop /usr/local/lib/python3.8/dist-packages/neutron_lib/callbacks/manager.py:192}}
Jan 14 14:52:23.908700 dv-neutron-824718-1-hyperv neutron-server[102098]: DEBUG neutron.scheduler.dhcp_agent_scheduler [None req-3b9dc855-c7e1-4ff7-93da-64a4e971e548 None None] Network ba64a2ca-0963-4759-a851-af50226a08e6 is already hosted by enough agents. {{(pid=102098) _get_dhcp_agents_hosting_network /opt/stack/neutron/neutron/scheduler/dhcp_agent_scheduler.py:275}}
Jan 14 14:52:23.911704 dv-neutron-824718-1-hyperv neutron-server[102098]: DEBUG neutron.scheduler.base_scheduler [None req-3b9dc855-c7e1-4ff7-93da-64a4e971e548 None None] Resources bound (agent type, host, resource id): {{(pid=102098) schedule /opt/stack/neutron/neutron/scheduler/base_scheduler.py:57}}
Jan 14 14:52:23.915285 dv-neutron-824718-1-hyperv neutron-server[102098]: DEBUG neutron.db.l3_dvrscheduler_db [None req-3b9dc855-c7e1-4ff7-93da-64a4e971e548 None None] Received port after_create {{(pid=102098) _notify_l3_agent_new_port /opt/stack/neutron/neutron/db/l3_dvrscheduler_db.py:535}}
Jan 14 14:52:23.919002 dv-neutron-824718-1-hyperv neutron-server[102097]: DEBUG neutron_lib.callbacks.manager [None req-c20f8fb0-cd73-455e-9d14-62a627a589c3 admin admin] Notify callbacks [] for router_gateway, before_create {{(pid=102097) _notify_loop /usr/local/lib/python3.8/dist-packages/neutron_lib/callbacks/manager.py:192}}
Jan 14 14:52:23.945051 dv-neutron-824718-1-hyperv neutron-server[102097]: DEBUG neutron_lib.callbacks.manager [None req-c20f8fb0-cd73-455e-9d14-62a627a589c3 admin admin] Notify callbacks ['neutron.plugins.ml2.plugin.SecurityGroupDbMixin._ensure_default_security_group_handler-1630362'] for port, before_create {{(pid=102097) _notify_loop /usr/local/lib/python3.8/dist-packages/neutron_lib/callbacks/manager.py:192}}
Jan 14 14:52:23.951169 dv-neutron-824718-1-hyperv neutron-server[102098]: DEBUG neutron.api.rpc.handlers.resources_rpc [None req-3b9dc855-c7e1-4ff7-93da-64a4e971e548 None None] Pushing event updated for resources: {'Port': ['ID=a156c359-75da-46b6-a652-289303570dc5,revision_number=1']} {{(pid=102098) push /opt/stack/neutron/neutron/api/rpc/handlers/resources_rpc.py:237}}
Jan 14 14:52:23.960267 dv-neutron-824718-1-hyperv neutron-server[102098]: DEBUG neutron.api.rpc.callbacks.version_manager [None req-3b9dc855-c7e1-4ff7-93da-64a4e971e548 None None] Version for resource type AddressGroup changed None to 1.2 on consumer Open vSwitch agent@dv-neutron-824718-1-hyperv {{(pid=102098) _set_version /opt/stack/neutron/neutron/api/rpc/callbacks/version_manager.py:113}}
Jan 14 14:52:23.960800 dv-neutron-824718-1-hyperv neutron-server[102098]: DEBUG neutron.api.rpc.callbacks.version_manager [None req-3b9dc855-c7e1-4ff7-93da-64a4e971e548 None None] Version for resource type ConntrackHelper changed None to 1.0 on consumer Open vSwitch agent@dv-neutron-824718-1-hyperv {{(pid=102098) _set_version /opt/stack/neutron/neutron/api/rpc/callbacks/version_manager.py:113}}
Jan 14 14:52:23.961822 dv-neutron-824718-1-hyperv neutron-server[102098]: DEBUG neutron.api.rpc.callbacks.version_manager [None req-3b9dc855-c7e1-4ff7-93da-64a4e971e548 None None] Version for resource type Log changed None to 1.0 on consumer Open vSwitch agent@dv-neutron-824718-1-hyperv {{(pid=102098) _set_version /opt/stack/neutron/neutron/api/rpc/callbacks/version_manager.py:113}}
Jan 14 14:52:23.962456 dv-neutron-824718-1-hyperv neutron-server[102098]: DEBUG neutron.api.rpc.callbacks.version_manager [None req-3b9dc855-c7e1-4ff7-93da-64a4e971e548 None None] Version for resource type Network changed None to 1.1 on consumer Open vSwitch agent@dv-neutron-824718-1-hyperv {{(pid=102098) _set_version /opt/stack/neutron/neutron/api/rpc/callbacks/version_manager.py:113}}
Jan 14 14:52:23.963093 dv-neutron-824718-1-hyperv neutron-server[102098]: DEBUG neutron.api.rpc.callbacks.version_manager [None req-3b9dc855-c7e1-4ff7-93da-64a4e971e548 None None] Version for resource type Port changed None to 1.7 on consumer Open vSwitch agent@dv-neutron-824718-1-hyperv {{(pid=102098) _set_version /opt/stack/neutron/neutron/api/rpc/callbacks/version_manager.py:113}}
Jan 14 14:52:23.963625 dv-neutron-824718-1-hyperv neutron-server[102098]: DEBUG neutron.api.rpc.callbacks.version_manager [None req-3b9dc855-c7e1-4ff7-93da-64a4e971e548 None None] Version for resource type PortForwarding changed None to 1.2 on consumer Open vSwitch agent@dv-neutron-824718-1-hyperv {{(pid=102098) _set_version /opt/stack/neutron/neutron/api/rpc/callbacks/version_manager.py:113}}
Jan 14 14:52:23.964111 dv-neutron-824718-1-hyperv neutron-server[102098]: DEBUG neutron.api.rpc.callbacks.version_manager [None req-3b9dc855-c7e1-4ff7-93da-64a4e971e548 None None] Version for resource type QosPolicy changed None to 1.9 on consumer Open vSwitch agent@dv-neutron-824718-1-hyperv {{(pid=102098) _set_version /opt/stack/neutron/neutron/api/rpc/callbacks/version_manager.py:113}}
Jan 14 14:52:23.964604 dv-neutron-824718-1-hyperv neutron-server[102098]: DEBUG neutron.api.rpc.callbacks.version_manager [None req-3b9dc855-c7e1-4ff7-93da-64a4e971e548 None None] Version for resource type SecurityGroup changed None to 1.4 on consumer Open vSwitch agent@dv-neutron-824718-1-hyperv {{(pid=102098) _set_version /opt/stack/neutron/neutron/api/rpc/callbacks/version_manager.py:113}}
Jan 14 14:52:23.965080 dv-neutron-824718-1-hyperv neutron-server[102098]: DEBUG neutron.api.rpc.callbacks.version_manager [None req-3b9dc855-c7e1-4ff7-93da-64a4e971e548 None None] Version for resource type SecurityGroupRule changed None to 1.2 on consumer Open vSwitch agent@dv-neutron-824718-1-hyperv {{(pid=102098) _set_version /opt/stack/neutron/neutron/api/rpc/callbacks/version_manager.py:113}}
Jan 14 14:52:23.965559 dv-neutron-824718-1-hyperv neutron-server[102098]: DEBUG neutron.api.rpc.callbacks.version_manager [None req-3b9dc855-c7e1-4ff7-93da-64a4e971e548 None None] Version for resource type SubPort changed None to 1.0 on consumer Open vSwitch agent@dv-neutron-824718-1-hyperv {{(pid=102098) _set_version /opt/stack/neutron/neutron/api/rpc/callbacks/version_manager.py:113}}
Jan 14 14:52:23.966072 dv-neutron-824718-1-hyperv neutron-server[102098]: DEBUG neutron.api.rpc.callbacks.version_manager [None req-3b9dc855-c7e1-4ff7-93da-64a4e971e548 None None] Version for resource type Subnet changed None to 1.1 on consumer Open vSwitch agent@dv-neutron-824718-1-hyperv {{(pid=102098) _set_version /opt/stack/neutron/neutron/api/rpc/callbacks/version_manager.py:113}}
Jan 14 14:52:23.966395 dv-neutron-824718-1-hyperv neutron-server[102098]: DEBUG neutron.api.rpc.callbacks.version_manager [None req-3b9dc855-c7e1-4ff7-93da-64a4e971e548 None None] Version for resource type Trunk changed None to 1.1 on consumer Open vSwitch agent@dv-neutron-824718-1-hyperv {{(pid=102098) _set_version /opt/stack/neutron/neutron/api/rpc/callbacks/version_manager.py:113}}
Jan 14 14:52:23.968041 dv-neutron-824718-1-hyperv neutron-server[102098]: DEBUG neutron.api.rpc.callbacks.version_manager [None req-3b9dc855-c7e1-4ff7-93da-64a4e971e548 None None] Tracked resource versions report:
Jan 14 14:52:23.968041 dv-neutron-824718-1-hyperv neutron-server[102098]: pushed versions:
Jan 14 14:52:23.968041 dv-neutron-824718-1-hyperv neutron-server[102098]: { 'AddressGroup': {'1.2'},
Jan 14 14:52:23.968041 dv-neutron-824718-1-hyperv neutron-server[102098]: 'ConntrackHelper': {'1.0'},
Jan 14 14:52:23.968041 dv-neutron-824718-1-hyperv neutron-server[102098]: 'Log': {'1.0'},
Jan 14 14:52:23.968041 dv-neutron-824718-1-hyperv neutron-server[102098]: 'Network': {'1.1'},
Jan 14 14:52:23.968041 dv-neutron-824718-1-hyperv neutron-server[102098]: 'Port': {'1.7'},
Jan 14 14:52:23.968041 dv-neutron-824718-1-hyperv neutron-server[102098]: 'PortForwarding': {'1.2'},
Jan 14 14:52:23.968041 dv-neutron-824718-1-hyperv neutron-server[102098]: 'QosPolicy': {'1.9'},
Jan 14 14:52:23.968041 dv-neutron-824718-1-hyperv neutron-server[102098]: 'SecurityGroup': {'1.4'},
Jan 14 14:52:23.968041 dv-neutron-824718-1-hyperv neutron-server[102098]: 'SecurityGroupRule': {'1.2'},
Jan 14 14:52:23.968041 dv-neutron-824718-1-hyperv neutron-server[102098]: 'SubPort': {'1.0'},
Jan 14 14:52:23.968041 dv-neutron-824718-1-hyperv neutron-server[102098]: 'Subnet': {'1.1'},
Jan 14 14:52:23.968041 dv-neutron-824718-1-hyperv neutron-server[102098]: 'Trunk': {'1.1'}}
Jan 14 14:52:23.968041 dv-neutron-824718-1-hyperv neutron-server[102098]: consumer versions:
Jan 14 14:52:23.968041 dv-neutron-824718-1-hyperv neutron-server[102098]: { DHCP agent@dv-neutron-824718-1-hyperv: {},
Jan 14 14:52:23.968041 dv-neutron-824718-1-hyperv neutron-server[102098]: HyperV agent@hv-neutron-8247: {},
Jan 14 14:52:23.968041 dv-neutron-824718-1-hyperv neutron-server[102098]: L3 agent@dv-neutron-824718-1-hyperv: {},
Jan 14 14:52:23.968041 dv-neutron-824718-1-hyperv neutron-server[102098]: Metadata agent@dv-neutron-824718-1-hyperv: {},
Jan 14 14:52:23.968041 dv-neutron-824718-1-hyperv neutron-server[102098]: Metering agent@dv-neutron-824718-1-hyperv: {},
Jan 14 14:52:23.968041 dv-neutron-824718-1-hyperv neutron-server[102098]: Open vSwitch agent@dv-neutron-824718-1-hyperv: { 'AddressGroup': '1.2',
Jan 14 14:52:23.968041 dv-neutron-824718-1-hyperv neutron-server[102098]: 'ConntrackHelper': '1.0',
Jan 14 14:52:23.968041 dv-neutron-824718-1-hyperv neutron-server[102098]: 'Log': '1.0',
Jan 14 14:52:23.968041 dv-neutron-824718-1-hyperv neutron-server[102098]: 'Network': '1.1',
Jan 14 14:52:23.968041 dv-neutron-824718-1-hyperv neutron-server[102098]: 'Port': '1.7',
Jan 14 14:52:23.968041 dv-neutron-824718-1-hyperv neutron-server[102098]: 'PortForwarding': '1.2',
Jan 14 14:52:23.968041 dv-neutron-824718-1-hyperv neutron-server[102098]: 'QosPolicy': '1.9',
Jan 14 14:52:23.968041 dv-neutron-824718-1-hyperv neutron-server[102098]: 'SecurityGroup': '1.4',
Jan 14 14:52:23.968041 dv-neutron-824718-1-hyperv neutron-server[102098]: 'SecurityGroupRule': '1.2',
Jan 14 14:52:23.968041 dv-neutron-824718-1-hyperv neutron-server[102098]: 'SubPort': '1.0',
Jan 14 14:52:23.968041 dv-neutron-824718-1-hyperv neutron-server[102098]: 'Subnet': '1.1',
Jan 14 14:52:23.968041 dv-neutron-824718-1-hyperv neutron-server[102098]: 'Trunk': '1.1'}}
Jan 14 14:52:23.968041 dv-neutron-824718-1-hyperv neutron-server[102098]: {{(pid=102098) report /opt/stack/neutron/neutron/api/rpc/callbacks/version_manager.py:175}}
Jan 14 14:52:23.995979 dv-neutron-824718-1-hyperv neutron-server[102098]: DEBUG neutron.plugins.ml2.managers [None req-3b9dc855-c7e1-4ff7-93da-64a4e971e548 None None] Attempting to bind port a156c359-75da-46b6-a652-289303570dc5 on host dv-neutron-824718-1-hyperv for vnic_type normal with profile {{(pid=102098) bind_port /opt/stack/neutron/neutron/plugins/ml2/managers.py:790}}
Jan 14 14:52:23.996342 dv-neutron-824718-1-hyperv neutron-server[102098]: DEBUG neutron.plugins.ml2.managers [None req-3b9dc855-c7e1-4ff7-93da-64a4e971e548 None None] Attempting to bind port a156c359-75da-46b6-a652-289303570dc5 by drivers openvswitch,hyperv on host dv-neutron-824718-1-hyperv at level 0 using segments [{'id': '46d97f14-c294-48ad-bdb9-7bf76f186e4c', 'network_type': 'vlan', 'physical_network': 'physnet1', 'segmentation_id': 171, 'network_id': 'ba64a2ca-0963-4759-a851-af50226a08e6'}] {{(pid=102098) _bind_port_level /opt/stack/neutron/neutron/plugins/ml2/managers.py:815}}
Jan 14 14:52:23.996691 dv-neutron-824718-1-hyperv neutron-server[102098]: DEBUG neutron.plugins.ml2.drivers.mech_agent [None req-3b9dc855-c7e1-4ff7-93da-64a4e971e548 None None] Attempting to bind port a156c359-75da-46b6-a652-289303570dc5 on network ba64a2ca-0963-4759-a851-af50226a08e6 {{(pid=102098) bind_port /opt/stack/neutron/neutron/plugins/ml2/drivers/mech_agent.py:91}}
Jan 14 14:52:24.002941 dv-neutron-824718-1-hyperv neutron-server[102098]: DEBUG neutron.plugins.ml2.drivers.mech_agent [None req-3b9dc855-c7e1-4ff7-93da-64a4e971e548 None None] Checking agent: {'id': '21bad569-8ed5-4e36-bede-c49c5289ae9a', 'agent_type': 'Open vSwitch agent', 'binary': 'neutron-openvswitch-agent', 'topic': 'N/A', 'host': 'dv-neutron-824718-1-hyperv', 'admin_state_up': True, 'created_at': datetime.datetime(2022, 1, 14, 14, 44, 50), 'started_at': datetime.datetime(2022, 1, 14, 14, 45, 20), 'heartbeat_timestamp': datetime.datetime(2022, 1, 14, 14, 52, 20), 'description': None, 'resources_synced': None, 'availability_zone': None, 'alive': True, 'configurations': {'arp_responder_enabled': False, 'baremetal_smartnic': False, 'bridge_mappings': {'physnet1': 'br-data'}, 'datapath_type': 'system', 'devices': 0, 'enable_distributed_routing': False, 'extensions': [], 'in_distributed_mode': False, 'integration_bridge': 'br-int', 'l2_population': False, 'log_agent_heartbeats': False, 'ovs_capabilities': {'datapath_types': ['netdev', 'system'], 'iface_types': ['erspan', 'geneve', 'gre', 'internal', 'ip6erspan', 'ip6gre', 'lisp', 'patch', 'stt', 'system', 'tap', 'vxlan']}, 'ovs_hybrid_plug': False, 'resource_provider_bandwidths': {}, 'resource_provider_hypervisors': {'br-data': 'dv-neutron-824718-1-hyperv'}, 'resource_provider_inventory_defaults': {'allocation_ratio': 1.0, 'min_unit': 1, 'step_size': 1, 'reserved': 0}, 'tunnel_types': [], 'tunneling_ip': None, 'vhostuser_socket_dir': '/var/run/openvswitch'}, 'resource_versions': {'AddressGroup': '1.2', 'ConntrackHelper': '1.0', 'Log': '1.0', 'Network': '1.1', 'Port': '1.7', 'PortForwarding': '1.2', 'QosPolicy': '1.9', 'SecurityGroup': '1.4', 'SecurityGroupRule': '1.2', 'SubPort': '1.0', 'Subnet': '1.1', 'Trunk': '1.1'}} {{(pid=102098) bind_port /opt/stack/neutron/neutron/plugins/ml2/drivers/mech_agent.py:110}}
Jan 14 14:52:24.003322 dv-neutron-824718-1-hyperv neutron-server[102098]: DEBUG neutron.plugins.ml2.drivers.mech_agent [None req-3b9dc855-c7e1-4ff7-93da-64a4e971e548 None None] Checking segment: {'id': '46d97f14-c294-48ad-bdb9-7bf76f186e4c', 'network_type': 'vlan', 'physical_network': 'physnet1', 'segmentation_id': 171, 'network_id': 'ba64a2ca-0963-4759-a851-af50226a08e6'} for mappings: {'physnet1': 'br-data'} with network types: ['local', 'flat', 'vlan'] {{(pid=102098) check_segment_for_agent /opt/stack/neutron/neutron/plugins/ml2/drivers/mech_agent.py:381}}
Jan 14 14:52:24.003717 dv-neutron-824718-1-hyperv neutron-server[102098]: DEBUG neutron_lib.callbacks.manager [None req-3b9dc855-c7e1-4ff7-93da-64a4e971e548 None None] Notify callbacks [] for ovs_bridge_name, before_read {{(pid=102098) _notify_loop /usr/local/lib/python3.8/dist-packages/neutron_lib/callbacks/manager.py:192}}
Jan 14 14:52:24.004101 dv-neutron-824718-1-hyperv neutron-server[102098]: DEBUG neutron.plugins.ml2.drivers.mech_agent [None req-3b9dc855-c7e1-4ff7-93da-64a4e971e548 None None] Bound using segment: {'id': '46d97f14-c294-48ad-bdb9-7bf76f186e4c', 'network_type': 'vlan', 'physical_network': 'physnet1', 'segmentation_id': 171, 'network_id': 'ba64a2ca-0963-4759-a851-af50226a08e6'} {{(pid=102098) bind_port /opt/stack/neutron/neutron/plugins/ml2/drivers/mech_agent.py:133}}
Jan 14 14:52:24.004561 dv-neutron-824718-1-hyperv neutron-server[102098]: DEBUG neutron.plugins.ml2.managers [None req-3b9dc855-c7e1-4ff7-93da-64a4e971e548 None None] Bound port: a156c359-75da-46b6-a652-289303570dc5, host: dv-neutron-824718-1-hyperv, vif_type: ovs, vif_details: {"connectivity": "l2", "port_filter": true, "ovs_hybrid_plug": false, "datapath_type": "system", "bridge_name": "br-int"}, binding_levels: [{'bound_driver': 'openvswitch', 'bound_segment': {'id': '46d97f14-c294-48ad-bdb9-7bf76f186e4c', 'network_type': 'vlan', 'physical_network': 'physnet1', 'segmentation_id': 171, 'network_id': 'ba64a2ca-0963-4759-a851-af50226a08e6'}}] {{(pid=102098) _bind_port_level /opt/stack/neutron/neutron/plugins/ml2/managers.py:928}}
Jan 14 14:52:24.004937 dv-neutron-824718-1-hyperv neutron-server[102098]: DEBUG neutron_lib.callbacks.manager [None req-3b9dc855-c7e1-4ff7-93da-64a4e971e548 None None] Notify callbacks ['neutron.plugins.ml2.plugin.SecurityGroupDbMixin._ensure_default_security_group_handler-1630362'] for port, before_update {{(pid=102098) _notify_loop /usr/local/lib/python3.8/dist-packages/neutron_lib/callbacks/manager.py:192}}
Jan 14 14:52:24.081271 dv-neutron-824718-1-hyperv neutron-server[102098]: DEBUG neutron.plugins.ml2.db [None req-3b9dc855-c7e1-4ff7-93da-64a4e971e548 None None] For port a156c359-75da-46b6-a652-289303570dc5, host dv-neutron-824718-1-hyperv, cleared binding levels {{(pid=102098) clear_binding_levels /opt/stack/neutron/neutron/plugins/ml2/db.py:87}}
Jan 14 14:52:24.084159 dv-neutron-824718-1-hyperv neutron-server[102096]: DEBUG neutron.api.v2.base [None req-1efca7e7-58aa-4728-bd0a-64bb4af5c9d9 admin admin] Request body: {'network': {'name': 'tempest-ServerActionsTestJSON-1917617954-network', 'tenant_id': '44961ad57ec649bbb48a23adfe554ea1'}} {{(pid=102096) prepare_request_body /opt/stack/neutron/neutron/api/v2/base.py:729}}
Jan 14 14:52:24.085988 dv-neutron-824718-1-hyperv neutron-server[102098]: DEBUG neutron.plugins.ml2.db [None req-3b9dc855-c7e1-4ff7-93da-64a4e971e548 None None] For port a156c359-75da-46b6-a652-289303570dc5, host dv-neutron-824718-1-hyperv, set binding levels [PortBindingLevel(driver='openvswitch',host='dv-neutron-824718-1-hyperv',level=0,port_id=a156c359-75da-46b6-a652-289303570dc5,segment=NetworkSegment(46d97f14-c294-48ad-bdb9-7bf76f186e4c),segment_id=46d97f14-c294-48ad-bdb9-7bf76f186e4c)] {{(pid=102098) set_binding_levels /opt/stack/neutron/neutron/plugins/ml2/db.py:59}}
Jan 14 14:52:24.091079 dv-neutron-824718-1-hyperv neutron-server[102098]: DEBUG neutron_lib.callbacks.manager [None req-3b9dc855-c7e1-4ff7-93da-64a4e971e548 None None] Notify callbacks ['neutron.plugins.ml2.plugin.SecurityGroupServerNotifierRpcMixin._notify_sg_on_port_change-1631319', 'neutron.plugins.ml2.ovo_rpc._ObjectChangeHandler.handle_event-444979', 'neutron.api.rpc.agentnotifiers.dhcp_rpc_agent_api.DhcpAgentNotifyAPI._native_event_send_dhcp_notification-603284', 'neutron.db.l3_db.L3RpcNotifierMixin._notify_gateway_port_ip_changed-8740037141634', 'neutron.db.l3_dvrscheduler_db._notify_l3_agent_port_update-8740036588005', 'neutron.db.l3_hascheduler_db._notify_l3_agent_ha_port_update-8740036588023'] for port, after_update {{(pid=102098) _notify_loop /usr/local/lib/python3.8/dist-packages/neutron_lib/callbacks/manager.py:192}}
Jan 14 14:52:24.151994 dv-neutron-824718-1-hyperv neutron-server[102096]: DEBUG neutron.api.v2.base [None req-2290fe4e-c381-411b-9a3b-c2ce9401fe0f admin admin] Request body: {'network': {'name': 'tempest-ServersTestManualDisk-661556020-network', 'tenant_id': '4eebfd5d432d42618766907a1f78e7bd'}} {{(pid=102096) prepare_request_body /opt/stack/neutron/neutron/api/v2/base.py:729}}
Jan 14 14:52:24.163811 dv-neutron-824718-1-hyperv neutron-server[102096]: DEBUG neutron.pecan_wsgi.hooks.quota_enforcement [None req-1efca7e7-58aa-4728-bd0a-64bb4af5c9d9 admin admin] Made reservation on behalf of 44961ad57ec649bbb48a23adfe554ea1 for: {'network': 1} {{(pid=102096) before /opt/stack/neutron/neutron/pecan_wsgi/hooks/quota_enforcement.py:53}}
Jan 14 14:52:24.171229 dv-neutron-824718-1-hyperv neutron-server[102096]: DEBUG neutron_lib.callbacks.manager [None req-1efca7e7-58aa-4728-bd0a-64bb4af5c9d9 admin admin] Notify callbacks ['neutron.plugins.ml2.plugin.SecurityGroupDbMixin._ensure_default_security_group_handler-1630362'] for network, before_create {{(pid=102096) _notify_loop /usr/local/lib/python3.8/dist-packages/neutron_lib/callbacks/manager.py:192}}
Jan 14 14:52:24.194387 dv-neutron-824718-1-hyperv neutron-server[102096]: DEBUG neutron_lib.callbacks.manager [None req-1efca7e7-58aa-4728-bd0a-64bb4af5c9d9 admin admin] Notify callbacks [] for security_group, before_create {{(pid=102096) _notify_loop /usr/local/lib/python3.8/dist-packages/neutron_lib/callbacks/manager.py:192}}
Jan 14 14:52:24.203556 dv-neutron-824718-1-hyperv neutron-server[102098]: DEBUG neutron.api.rpc.handlers.resources_rpc [None req-3b9dc855-c7e1-4ff7-93da-64a4e971e548 None None] Pushing event updated for resources: {'Port': ['ID=a156c359-75da-46b6-a652-289303570dc5,revision_number=2']} {{(pid=102098) push /opt/stack/neutron/neutron/api/rpc/handlers/resources_rpc.py:237}}
Jan 14 14:52:24.219829 dv-neutron-824718-1-hyperv neutron-server[102097]: DEBUG neutron.db.db_base_plugin_common [None req-c20f8fb0-cd73-455e-9d14-62a627a589c3 admin admin] Allocated IP 172.26.5.235 (66b00278-32df-450f-9f1e-437cb29320a9/03f6356b-d200-4a53-8df4-f5b86535e5a5/5e0a90bb-50fb-4f8a-8751-3cbdede15a84) {{(pid=102097) _store_ip_allocation /opt/stack/neutron/neutron/db/db_base_plugin_common.py:131}}
Jan 14 14:52:24.223556 dv-neutron-824718-1-hyperv neutron-server[102096]: DEBUG neutron.pecan_wsgi.hooks.quota_enforcement [None req-2290fe4e-c381-411b-9a3b-c2ce9401fe0f admin admin] Made reservation on behalf of 4eebfd5d432d42618766907a1f78e7bd for: {'network': 1} {{(pid=102096) before /opt/stack/neutron/neutron/pecan_wsgi/hooks/quota_enforcement.py:53}}
Jan 14 14:52:24.226551 dv-neutron-824718-1-hyperv neutron-server[102096]: DEBUG neutron_lib.callbacks.manager [None req-2290fe4e-c381-411b-9a3b-c2ce9401fe0f admin admin] Notify callbacks ['neutron.plugins.ml2.plugin.SecurityGroupDbMixin._ensure_default_security_group_handler-1630362'] for network, before_create {{(pid=102096) _notify_loop /usr/local/lib/python3.8/dist-packages/neutron_lib/callbacks/manager.py:192}}
Jan 14 14:52:24.242816 dv-neutron-824718-1-hyperv neutron-server[102096]: DEBUG neutron_lib.callbacks.manager [None req-2290fe4e-c381-411b-9a3b-c2ce9401fe0f admin admin] Notify callbacks [] for security_group, before_create {{(pid=102096) _notify_loop /usr/local/lib/python3.8/dist-packages/neutron_lib/callbacks/manager.py:192}}
Jan 14 14:52:24.373125 dv-neutron-824718-1-hyperv neutron-server[102097]: DEBUG neutron_lib.callbacks.manager [None req-c20f8fb0-cd73-455e-9d14-62a627a589c3 admin admin] Notify callbacks [] for port, precommit_create {{(pid=102097) _notify_loop /usr/local/lib/python3.8/dist-packages/neutron_lib/callbacks/manager.py:192}}
Jan 14 14:52:24.393895 dv-neutron-824718-1-hyperv neutron-server[102096]: DEBUG neutron_lib.callbacks.manager [None req-1efca7e7-58aa-4728-bd0a-64bb4af5c9d9 admin admin] Notify callbacks [] for security_group, precommit_create {{(pid=102096) _notify_loop /usr/local/lib/python3.8/dist-packages/neutron_lib/callbacks/manager.py:192}}
Jan 14 14:52:24.406278 dv-neutron-824718-1-hyperv neutron-server[102096]: DEBUG neutron_lib.callbacks.manager [None req-1efca7e7-58aa-4728-bd0a-64bb4af5c9d9 admin admin] Notify callbacks ['neutron.plugins.ml2.ovo_rpc._ObjectChangeHandler.handle_event-814693'] for security_group, after_create {{(pid=102096) _notify_loop /usr/local/lib/python3.8/dist-packages/neutron_lib/callbacks/manager.py:192}}
Jan 14 14:52:24.470485 dv-neutron-824718-1-hyperv neutron-server[102096]: DEBUG neutron.api.rpc.handlers.resources_rpc [None req-1efca7e7-58aa-4728-bd0a-64bb4af5c9d9 admin admin] Pushing event updated for resources: {'SecurityGroup': ['ID=a7283cd8-8d6d-4f23-a6c6-45e34abfb918,revision_number=1']} {{(pid=102096) push /opt/stack/neutron/neutron/api/rpc/handlers/resources_rpc.py:237}}
Jan 14 14:52:24.473876 dv-neutron-824718-1-hyperv neutron-server[102096]: DEBUG neutron_lib.callbacks.manager [None req-2290fe4e-c381-411b-9a3b-c2ce9401fe0f admin admin] Notify callbacks [] for security_group, precommit_create {{(pid=102096) _notify_loop /usr/local/lib/python3.8/dist-packages/neutron_lib/callbacks/manager.py:192}}
Jan 14 14:52:24.477591 dv-neutron-824718-1-hyperv neutron-server[102096]: DEBUG neutron.plugins.ml2.drivers.helpers [None req-1efca7e7-58aa-4728-bd0a-64bb4af5c9d9 admin admin] vlan segment allocate from pool success with {'vlan_id': 166, 'physical_network': 'physnet1'} {{(pid=102096) allocate_partially_specified_segment /opt/stack/neutron/neutron/plugins/ml2/drivers/helpers.py:153}}
Jan 14 14:52:24.481217 dv-neutron-824718-1-hyperv neutron-server[102097]: DEBUG neutron_lib.callbacks.manager [None req-c20f8fb0-cd73-455e-9d14-62a627a589c3 admin admin] Notify callbacks ['neutron.plugins.ml2.plugin.SecurityGroupServerNotifierRpcMixin._notify_sg_on_port_change-1631319', 'neutron.plugins.ml2.ovo_rpc._ObjectChangeHandler.handle_event-444979', 'neutron.api.rpc.agentnotifiers.dhcp_rpc_agent_api.DhcpAgentNotifyAPI._native_event_send_dhcp_notification-603284', 'neutron.db.l3_dvrscheduler_db._notify_l3_agent_new_port-8740036587987'] for port, after_create {{(pid=102097) _notify_loop /usr/local/lib/python3.8/dist-packages/neutron_lib/callbacks/manager.py:192}}
Jan 14 14:52:24.482296 dv-neutron-824718-1-hyperv neutron-server[102096]: DEBUG neutron_lib.callbacks.manager [None req-2290fe4e-c381-411b-9a3b-c2ce9401fe0f admin admin] Notify callbacks ['neutron.plugins.ml2.ovo_rpc._ObjectChangeHandler.handle_event-814693'] for security_group, after_create {{(pid=102096) _notify_loop /usr/local/lib/python3.8/dist-packages/neutron_lib/callbacks/manager.py:192}}
Jan 14 14:52:24.496421 dv-neutron-824718-1-hyperv neutron-server[102096]: DEBUG neutron.plugins.ml2.drivers.helpers [None req-2290fe4e-c381-411b-9a3b-c2ce9401fe0f admin admin] vlan segment allocate from pool success with {'vlan_id': 172, 'physical_network': 'physnet1'} {{(pid=102096) allocate_partially_specified_segment /opt/stack/neutron/neutron/plugins/ml2/drivers/helpers.py:153}}
Jan 14 14:52:24.532055 dv-neutron-824718-1-hyperv neutron-server[102096]: DEBUG neutron_lib.callbacks.manager [None req-1efca7e7-58aa-4728-bd0a-64bb4af5c9d9 admin admin] Notify callbacks ['neutron.plugins.ml2.plugin.Ml2Plugin._handle_segment_change-1795087'] for segment, precommit_create {{(pid=102096) _notify_loop /usr/local/lib/python3.8/dist-packages/neutron_lib/callbacks/manager.py:192}}
Jan 14 14:52:24.532511 dv-neutron-824718-1-hyperv neutron-server[102096]: INFO neutron.db.segments_db [None req-1efca7e7-58aa-4728-bd0a-64bb4af5c9d9 admin admin] Added segment 873deb1c-85f9-48a7-b98c-3f7678f3a446 of type vlan for network 2c611791-f370-42f2-bac4-53d1bd34263b
Jan 14 14:52:24.611763 dv-neutron-824718-1-hyperv neutron-server[102096]: DEBUG neutron_lib.callbacks.manager [None req-1efca7e7-58aa-4728-bd0a-64bb4af5c9d9 admin admin] Notify callbacks ['neutron.services.auto_allocate.db._ensure_external_network_default_value_callback-8740036558650'] for network, precommit_create {{(pid=102096) _notify_loop /usr/local/lib/python3.8/dist-packages/neutron_lib/callbacks/manager.py:192}}
Jan 14 14:52:24.658521 dv-neutron-824718-1-hyperv neutron-server[102096]: DEBUG neutron_lib.callbacks.manager [None req-1efca7e7-58aa-4728-bd0a-64bb4af5c9d9 admin admin] Notify callbacks ['neutron.plugins.ml2.ovo_rpc._ObjectChangeHandler.handle_event-814609', 'neutron.api.rpc.agentnotifiers.dhcp_rpc_agent_api.DhcpAgentNotifyAPI._native_event_send_dhcp_notification-603284'] for network, after_create {{(pid=102096) _notify_loop /usr/local/lib/python3.8/dist-packages/neutron_lib/callbacks/manager.py:192}}
Jan 14 14:52:24.659481 dv-neutron-824718-1-hyperv neutron-server[102096]: DEBUG neutron.pecan_wsgi.hooks.policy_enforcement [None req-1efca7e7-58aa-4728-bd0a-64bb4af5c9d9 admin admin] Attributes excluded by policy engine: ['standard_attr_id', 'vlan_transparent'] {{(pid=102096) _exclude_attributes_by_policy /opt/stack/neutron/neutron/pecan_wsgi/hooks/policy_enforcement.py:255}}
Jan 14 14:52:24.660054 dv-neutron-824718-1-hyperv neutron-server[102096]: DEBUG neutron_lib.callbacks.manager [None req-1efca7e7-58aa-4728-bd0a-64bb4af5c9d9 admin admin] Notify callbacks ['neutron.api.rpc.agentnotifiers.dhcp_rpc_agent_api.DhcpAgentNotifyAPI._send_dhcp_notification-603322'] for network, before_response {{(pid=102096) _notify_loop /usr/local/lib/python3.8/dist-packages/neutron_lib/callbacks/manager.py:192}}
Jan 14 14:52:24.663594 dv-neutron-824718-1-hyperv neutron-server[102096]: DEBUG neutron_lib.callbacks.manager [None req-2290fe4e-c381-411b-9a3b-c2ce9401fe0f admin admin] Notify callbacks ['neutron.plugins.ml2.plugin.Ml2Plugin._handle_segment_change-1795087'] for segment, precommit_create {{(pid=102096) _notify_loop /usr/local/lib/python3.8/dist-packages/neutron_lib/callbacks/manager.py:192}}
Jan 14 14:52:24.663934 dv-neutron-824718-1-hyperv neutron-server[102096]: INFO neutron.db.segments_db [None req-2290fe4e-c381-411b-9a3b-c2ce9401fe0f admin admin] Added segment 0b1346be-0182-47f7-ad86-ac8c181d1dd9 of type vlan for network eaf89895-f230-425a-99ff-e53f7a31109a
Jan 14 14:52:24.683861 dv-neutron-824718-1-hyperv neutron-server[102096]: DEBUG neutron.api.rpc.handlers.resources_rpc [None req-2290fe4e-c381-411b-9a3b-c2ce9401fe0f admin admin] Pushing event updated for resources: {'SecurityGroup': ['ID=a085d6f0-635f-41a1-938d-7aa2f4bcbf82,revision_number=1']} {{(pid=102096) push /opt/stack/neutron/neutron/api/rpc/handlers/resources_rpc.py:237}}
Jan 14 14:52:24.692206 dv-neutron-824718-1-hyperv neutron-server[102097]: DEBUG neutron.scheduler.dhcp_agent_scheduler [None req-c20f8fb0-cd73-455e-9d14-62a627a589c3 admin admin] Network 66b00278-32df-450f-9f1e-437cb29320a9 is already hosted by enough agents. {{(pid=102097) _get_dhcp_agents_hosting_network /opt/stack/neutron/neutron/scheduler/dhcp_agent_scheduler.py:275}}
Jan 14 14:52:24.699995 dv-neutron-824718-1-hyperv neutron-server[102097]: DEBUG neutron.scheduler.base_scheduler [None req-c20f8fb0-cd73-455e-9d14-62a627a589c3 admin admin] Resources bound (agent type, host, resource id): {{(pid=102097) schedule /opt/stack/neutron/neutron/scheduler/base_scheduler.py:57}}
Jan 14 14:52:24.715300 dv-neutron-824718-1-hyperv neutron-server[102097]: DEBUG neutron.db.l3_dvrscheduler_db [None req-c20f8fb0-cd73-455e-9d14-62a627a589c3 admin admin] Received port after_create {{(pid=102097) _notify_l3_agent_new_port /opt/stack/neutron/neutron/db/l3_dvrscheduler_db.py:535}}
Jan 14 14:52:24.740680 dv-neutron-824718-1-hyperv neutron-server[102096]: INFO neutron.wsgi [None req-1efca7e7-58aa-4728-bd0a-64bb4af5c9d9 admin admin] 10.222.0.42 "POST /v2.0/networks HTTP/1.1" status: 201 len: 885 time: 1.1773229
Jan 14 14:52:24.769354 dv-neutron-824718-1-hyperv neutron-server[102096]: DEBUG neutron.wsgi [-] (102096) accepted ('10.222.0.42', 38792) {{(pid=102096) server /usr/local/lib/python3.8/dist-packages/eventlet/wsgi.py:982}}
Jan 14 14:52:24.774527 dv-neutron-824718-1-hyperv neutron-server[102096]: DEBUG neutron.api.v2.base [None req-7f0aa363-47bc-4db7-bb36-028e63c90e9e admin admin] Request body: {'subnet': {'network_id': '2c611791-f370-42f2-bac4-53d1bd34263b', 'cidr': '172.20.0.0/28', 'name': 'tempest-ServerActionsTestJSON-1917617954-subnet', 'tenant_id': '44961ad57ec649bbb48a23adfe554ea1', 'enable_dhcp': True, 'ip_version': 4}} {{(pid=102096) prepare_request_body /opt/stack/neutron/neutron/api/v2/base.py:729}}
Jan 14 14:52:24.781891 dv-neutron-824718-1-hyperv neutron-server[102096]: DEBUG neutron_lib.callbacks.manager [None req-2290fe4e-c381-411b-9a3b-c2ce9401fe0f admin admin] Notify callbacks ['neutron.services.auto_allocate.db._ensure_external_network_default_value_callback-8740036558650'] for network, precommit_create {{(pid=102096) _notify_loop /usr/local/lib/python3.8/dist-packages/neutron_lib/callbacks/manager.py:192}}
Jan 14 14:52:24.817426 dv-neutron-824718-1-hyperv neutron-server[102096]: DEBUG neutron.api.rpc.handlers.resources_rpc [None req-1efca7e7-58aa-4728-bd0a-64bb4af5c9d9 admin admin] Pushing event updated for resources: {'Network': ['ID=2c611791-f370-42f2-bac4-53d1bd34263b,revision_number=1']} {{(pid=102096) push /opt/stack/neutron/neutron/api/rpc/handlers/resources_rpc.py:237}}
Jan 14 14:52:24.824676 dv-neutron-824718-1-hyperv neutron-server[102097]: DEBUG neutron.api.rpc.handlers.resources_rpc [None req-c20f8fb0-cd73-455e-9d14-62a627a589c3 admin admin] Pushing event updated for resources: {'Port': ['ID=5e0a90bb-50fb-4f8a-8751-3cbdede15a84,revision_number=1']} {{(pid=102097) push /opt/stack/neutron/neutron/api/rpc/handlers/resources_rpc.py:237}}
Jan 14 14:52:24.831730 dv-neutron-824718-1-hyperv neutron-server[102098]: DEBUG neutron.plugins.ml2.rpc [None req-91620406-7d38-4174-aab6-e4856ffe68c5 None None] Network 2c611791-f370-42f2-bac4-53d1bd34263b details requested by agent ovs-agent-dv-neutron-824718-1-hyperv with host dv-neutron-824718-1-hyperv {{(pid=102098) get_network_details /opt/stack/neutron/neutron/plugins/ml2/rpc.py:248}}
Jan 14 14:52:24.859176 dv-neutron-824718-1-hyperv neutron-server[102096]: DEBUG neutron_lib.callbacks.manager [None req-2290fe4e-c381-411b-9a3b-c2ce9401fe0f admin admin] Notify callbacks ['neutron.plugins.ml2.ovo_rpc._ObjectChangeHandler.handle_event-814609', 'neutron.api.rpc.agentnotifiers.dhcp_rpc_agent_api.DhcpAgentNotifyAPI._native_event_send_dhcp_notification-603284'] for network, after_create {{(pid=102096) _notify_loop /usr/local/lib/python3.8/dist-packages/neutron_lib/callbacks/manager.py:192}}
Jan 14 14:52:24.860399 dv-neutron-824718-1-hyperv neutron-server[102096]: DEBUG neutron.pecan_wsgi.hooks.policy_enforcement [None req-2290fe4e-c381-411b-9a3b-c2ce9401fe0f admin admin] Attributes excluded by policy engine: ['standard_attr_id', 'vlan_transparent'] {{(pid=102096) _exclude_attributes_by_policy /opt/stack/neutron/neutron/pecan_wsgi/hooks/policy_enforcement.py:255}}
Jan 14 14:52:24.861023 dv-neutron-824718-1-hyperv neutron-server[102096]: DEBUG neutron_lib.callbacks.manager [None req-2290fe4e-c381-411b-9a3b-c2ce9401fe0f admin admin] Notify callbacks ['neutron.api.rpc.agentnotifiers.dhcp_rpc_agent_api.DhcpAgentNotifyAPI._send_dhcp_notification-603322'] for network, before_response {{(pid=102096) _notify_loop /usr/local/lib/python3.8/dist-packages/neutron_lib/callbacks/manager.py:192}}
Jan 14 14:52:24.869722 dv-neutron-824718-1-hyperv neutron-server[102096]: DEBUG neutron.pecan_wsgi.hooks.quota_enforcement [None req-7f0aa363-47bc-4db7-bb36-028e63c90e9e admin admin] Made reservation on behalf of 44961ad57ec649bbb48a23adfe554ea1 for: {'subnet': 1} {{(pid=102096) before /opt/stack/neutron/neutron/pecan_wsgi/hooks/quota_enforcement.py:53}}
Jan 14 14:52:24.873112 dv-neutron-824718-1-hyperv neutron-server[102096]: DEBUG neutron_lib.callbacks.manager [None req-7f0aa363-47bc-4db7-bb36-028e63c90e9e admin admin] Notify callbacks [] for subnet, before_create {{(pid=102096) _notify_loop /usr/local/lib/python3.8/dist-packages/neutron_lib/callbacks/manager.py:192}}
Jan 14 14:52:24.995997 dv-neutron-824718-1-hyperv neutron-server[102096]: INFO neutron.wsgi [None req-2290fe4e-c381-411b-9a3b-c2ce9401fe0f admin admin] 10.222.0.42 "POST /v2.0/networks HTTP/1.1" status: 201 len: 884 time: 1.4470716
Jan 14 14:52:24.999379 dv-neutron-824718-1-hyperv neutron-server[102097]: DEBUG neutron.wsgi [-] (102097) accepted ('10.222.0.42', 38804) {{(pid=102097) server /usr/local/lib/python3.8/dist-packages/eventlet/wsgi.py:982}}
Jan 14 14:52:25.001300 dv-neutron-824718-1-hyperv neutron-server[102096]: DEBUG neutron.api.rpc.handlers.resources_rpc [None req-2290fe4e-c381-411b-9a3b-c2ce9401fe0f admin admin] Pushing event updated for resources: {'Network': ['ID=eaf89895-f230-425a-99ff-e53f7a31109a,revision_number=1']} {{(pid=102096) push /opt/stack/neutron/neutron/api/rpc/handlers/resources_rpc.py:237}}
Jan 14 14:52:25.005879 dv-neutron-824718-1-hyperv neutron-server[102097]: DEBUG neutron.api.v2.base [None req-cf35f8f8-ee17-4a0f-b23b-90c11554c646 admin admin] Request body: {'subnet': {'network_id': 'eaf89895-f230-425a-99ff-e53f7a31109a', 'cidr': '172.20.0.0/28', 'name': 'tempest-ServersTestManualDisk-661556020-subnet', 'tenant_id': '4eebfd5d432d42618766907a1f78e7bd', 'enable_dhcp': True, 'ip_version': 4}} {{(pid=102097) prepare_request_body /opt/stack/neutron/neutron/api/v2/base.py:729}}
Jan 14 14:52:25.015634 dv-neutron-824718-1-hyperv neutron-server[102098]: DEBUG neutron.plugins.ml2.rpc [None req-91620406-7d38-4174-aab6-e4856ffe68c5 None None] Network eaf89895-f230-425a-99ff-e53f7a31109a details requested by agent ovs-agent-dv-neutron-824718-1-hyperv with host dv-neutron-824718-1-hyperv {{(pid=102098) get_network_details /opt/stack/neutron/neutron/plugins/ml2/rpc.py:248}}
Jan 14 14:52:25.027366 dv-neutron-824718-1-hyperv neutron-server[102096]: DEBUG neutron.wsgi [-] (102096) accepted ('10.222.0.42', 38806) {{(pid=102096) server /usr/local/lib/python3.8/dist-packages/eventlet/wsgi.py:982}}
Jan 14 14:52:25.050394 dv-neutron-824718-1-hyperv neutron-server[102097]: DEBUG neutron.pecan_wsgi.hooks.quota_enforcement [None req-cf35f8f8-ee17-4a0f-b23b-90c11554c646 admin admin] Made reservation on behalf of 4eebfd5d432d42618766907a1f78e7bd for: {'subnet': 1} {{(pid=102097) before /opt/stack/neutron/neutron/pecan_wsgi/hooks/quota_enforcement.py:53}}
Jan 14 14:52:25.053262 dv-neutron-824718-1-hyperv neutron-server[102097]: DEBUG neutron_lib.callbacks.manager [None req-cf35f8f8-ee17-4a0f-b23b-90c11554c646 admin admin] Notify callbacks [] for subnet, before_create {{(pid=102097) _notify_loop /usr/local/lib/python3.8/dist-packages/neutron_lib/callbacks/manager.py:192}}
Jan 14 14:52:25.239627 dv-neutron-824718-1-hyperv neutron-server[102096]: DEBUG neutron_lib.callbacks.manager [None req-7f0aa363-47bc-4db7-bb36-028e63c90e9e admin admin] Notify callbacks ['neutron.plugins.ml2.ovo_rpc._ObjectChangeHandler.handle_event-805294', 'neutron.api.rpc.agentnotifiers.dhcp_rpc_agent_api.DhcpAgentNotifyAPI._native_event_send_dhcp_notification-603284'] for subnet, after_create {{(pid=102096) _notify_loop /usr/local/lib/python3.8/dist-packages/neutron_lib/callbacks/manager.py:192}}
Jan 14 14:52:25.361269 dv-neutron-824718-1-hyperv neutron-server[102096]: DEBUG neutron.api.v2.base [None req-411b475d-245b-41b4-91d8-a694db6596b8 tempest-ExternalNetworksTestJSON-222918735 tempest-ExternalNetworksTestJSON-222918735-project] Request body: {'network': {'name': 'tempest-ExternalNetworksTestJSON-test-network-228862114'}} {{(pid=102096) prepare_request_body /opt/stack/neutron/neutron/api/v2/base.py:729}}
Jan 14 14:52:25.391703 dv-neutron-824718-1-hyperv neutron-server[102097]: DEBUG neutron_lib.callbacks.manager [None req-c20f8fb0-cd73-455e-9d14-62a627a589c3 admin admin] Notify callbacks [] for router_gateway, after_create {{(pid=102097) _notify_loop /usr/local/lib/python3.8/dist-packages/neutron_lib/callbacks/manager.py:192}}
Jan 14 14:52:25.426111 dv-neutron-824718-1-hyperv neutron-server[102096]: DEBUG neutron.api.rpc.handlers.resources_rpc [None req-7f0aa363-47bc-4db7-bb36-028e63c90e9e admin admin] Pushing event updated for resources: {'Subnet': ['ID=17de8ad4-7334-418c-a5f6-d68289261cb0,revision_number=0']} {{(pid=102096) push /opt/stack/neutron/neutron/api/rpc/handlers/resources_rpc.py:237}}
Jan 14 14:52:25.432099 dv-neutron-824718-1-hyperv neutron-server[102096]: DEBUG neutron.plugins.ml2.drivers.mech_agent [None req-7f0aa363-47bc-4db7-bb36-028e63c90e9e admin admin] Checking segment: {'id': '873deb1c-85f9-48a7-b98c-3f7678f3a446', 'network_type': 'vlan', 'physical_network': 'physnet1', 'segmentation_id': 166, 'network_id': '2c611791-f370-42f2-bac4-53d1bd34263b'} for mappings: {'physnet1': 'br-data'} with network types: ['local', 'flat', 'vlan'] {{(pid=102096) check_segment_for_agent /opt/stack/neutron/neutron/plugins/ml2/drivers/mech_agent.py:381}}
Jan 14 14:52:25.434854 dv-neutron-824718-1-hyperv neutron-server[102096]: DEBUG neutron.scheduler.dhcp_agent_scheduler [None req-7f0aa363-47bc-4db7-bb36-028e63c90e9e admin admin] Network hostable DHCP agents. Network: 2c611791-f370-42f2-bac4-53d1bd34263b, hostable agents: ['53eb6b44-e658-4575-8d37-2efdbce51091'], hosted agents: [] {{(pid=102096) _get_network_hostable_dhcp_agents /opt/stack/neutron/neutron/scheduler/dhcp_agent_scheduler.py:329}}
Jan 14 14:52:25.483698 dv-neutron-824718-1-hyperv neutron-server[102098]: DEBUG neutron.plugins.ml2.rpc [None req-91620406-7d38-4174-aab6-e4856ffe68c5 None None] Device a156c359-75da-46b6-a652-289303570dc5 up at agent ovs-agent-dv-neutron-824718-1-hyperv {{(pid=102098) update_device_up /opt/stack/neutron/neutron/plugins/ml2/rpc.py:296}}
Jan 14 14:52:25.490808 dv-neutron-824718-1-hyperv neutron-server[102096]: DEBUG neutron.pecan_wsgi.hooks.quota_enforcement [None req-411b475d-245b-41b4-91d8-a694db6596b8 tempest-ExternalNetworksTestJSON-222918735 tempest-ExternalNetworksTestJSON-222918735-project] Made reservation on behalf of bc4836d0d6dc4f6b9ca0a88a13e50615 for: {'network': 1} {{(pid=102096) before /opt/stack/neutron/neutron/pecan_wsgi/hooks/quota_enforcement.py:53}}
Jan 14 14:52:25.497951 dv-neutron-824718-1-hyperv neutron-server[102096]: DEBUG neutron_lib.callbacks.manager [None req-411b475d-245b-41b4-91d8-a694db6596b8 tempest-ExternalNetworksTestJSON-222918735 tempest-ExternalNetworksTestJSON-222918735-project] Notify callbacks ['neutron.plugins.ml2.plugin.SecurityGroupDbMixin._ensure_default_security_group_handler-1630362'] for network, before_create {{(pid=102096) _notify_loop /usr/local/lib/python3.8/dist-packages/neutron_lib/callbacks/manager.py:192}}
Jan 14 14:52:25.518430 dv-neutron-824718-1-hyperv neutron-server[102096]: DEBUG neutron_lib.callbacks.manager [None req-411b475d-245b-41b4-91d8-a694db6596b8 tempest-ExternalNetworksTestJSON-222918735 tempest-ExternalNetworksTestJSON-222918735-project] Notify callbacks [] for security_group, before_create {{(pid=102096) _notify_loop /usr/local/lib/python3.8/dist-packages/neutron_lib/callbacks/manager.py:192}}
Jan 14 14:52:25.521947 dv-neutron-824718-1-hyperv neutron-server[102097]: DEBUG neutron_lib.callbacks.manager [None req-cf35f8f8-ee17-4a0f-b23b-90c11554c646 admin admin] Notify callbacks ['neutron.plugins.ml2.ovo_rpc._ObjectChangeHandler.handle_event-805294', 'neutron.api.rpc.agentnotifiers.dhcp_rpc_agent_api.DhcpAgentNotifyAPI._native_event_send_dhcp_notification-603284'] for subnet, after_create {{(pid=102097) _notify_loop /usr/local/lib/python3.8/dist-packages/neutron_lib/callbacks/manager.py:192}}
