Jan 12 15:34:39.284992 dv-neutron-824446-1-hyperv devstack@placement-api.service[104280]: INFO placement.requestlog [req-1bc5dcfc-1512-497b-ae66-2b51399a3fa6 req-a2f37fb0-3cff-43fb-a71d-57a1083f8217 service placement] 10.222.0.47 "GET /placement/allocation_candidates?limit=1000&resources=DISK_GB%3A1%2CMEMORY_MB%3A1024%2CVCPU%3A1&root_required=%21COMPUTE_STATUS_DISABLED" status: 200 len: 767 microversion: 1.36
Jan 12 15:34:39.287017 dv-neutron-824446-1-hyperv devstack@placement-api.service[104280]: [pid: 104280|app: 0|req: 9/19] 10.222.0.47 () {60 vars in 1506 bytes} [Wed Jan 12 15:34:39 2022] GET /placement/allocation_candidates?limit=1000&resources=DISK_GB%3A1%2CMEMORY_MB%3A1024%2CVCPU%3A1&root_required=%21COMPUTE_STATUS_DISABLED => generated 767 bytes in 191 msecs (HTTP/1.1 200) 8 headers in 296 bytes (1 switches on core 0)
Jan 12 15:34:39.333144 dv-neutron-824446-1-hyperv devstack@placement-api.service[104281]: DEBUG placement.requestlog [req-1bc5dcfc-1512-497b-ae66-2b51399a3fa6 req-2993f74f-d13e-46ab-a295-e62c22a3fa76 None None] Starting request: 10.222.0.47 "GET /placement/allocations/86a9f072-b821-4b62-9fbe-a0ab07fdff85" {{(pid=104281) __call__ /opt/stack/placement/placement/requestlog.py:55}}
Jan 12 15:34:39.352828 dv-neutron-824446-1-hyperv devstack@placement-api.service[104281]: INFO placement.requestlog [req-1bc5dcfc-1512-497b-ae66-2b51399a3fa6 req-2993f74f-d13e-46ab-a295-e62c22a3fa76 service placement] 10.222.0.47 "GET /placement/allocations/86a9f072-b821-4b62-9fbe-a0ab07fdff85" status: 200 len: 19 microversion: 1.28
Jan 12 15:34:39.353933 dv-neutron-824446-1-hyperv devstack@placement-api.service[104281]: [pid: 104281|app: 0|req: 11/20] 10.222.0.47 () {60 vars in 1380 bytes} [Wed Jan 12 15:34:39 2022] GET /placement/allocations/86a9f072-b821-4b62-9fbe-a0ab07fdff85 => generated 19 bytes in 21 msecs (HTTP/1.1 200) 8 headers in 295 bytes (1 switches on core 0)
Jan 12 15:34:39.368689 dv-neutron-824446-1-hyperv devstack@placement-api.service[104280]: DEBUG placement.requestlog [req-1bc5dcfc-1512-497b-ae66-2b51399a3fa6 req-9866844d-70ea-4f2a-99e6-306b31bbea4b None None] Starting request: 10.222.0.47 "PUT /placement/allocations/86a9f072-b821-4b62-9fbe-a0ab07fdff85" {{(pid=104280) __call__ /opt/stack/placement/placement/requestlog.py:55}}
Jan 12 15:34:39.383597 dv-neutron-824446-1-hyperv devstack@placement-api.service[104281]: DEBUG placement.requestlog [req-6c32c63f-70bd-446a-8156-3a40a55e9168 req-0c6f0212-1d08-4591-84b8-51178b9d2eed None None] Starting request: 10.222.0.47 "GET /placement/allocations/6f1674f9-687a-4497-9b8f-1b4a53e07fbc" {{(pid=104281) __call__ /opt/stack/placement/placement/requestlog.py:55}}
Jan 12 15:34:39.397598 dv-neutron-824446-1-hyperv devstack@placement-api.service[104281]: INFO placement.requestlog [req-6c32c63f-70bd-446a-8156-3a40a55e9168 req-0c6f0212-1d08-4591-84b8-51178b9d2eed service placement] 10.222.0.47 "GET /placement/allocations/6f1674f9-687a-4497-9b8f-1b4a53e07fbc" status: 200 len: 19 microversion: 1.28
Jan 12 15:34:39.398025 dv-neutron-824446-1-hyperv devstack@placement-api.service[104281]: [pid: 104281|app: 0|req: 12/21] 10.222.0.47 () {60 vars in 1380 bytes} [Wed Jan 12 15:34:39 2022] GET /placement/allocations/6f1674f9-687a-4497-9b8f-1b4a53e07fbc => generated 19 bytes in 15 msecs (HTTP/1.1 200) 8 headers in 295 bytes (2 switches on core 0)
Jan 12 15:34:39.405412 dv-neutron-824446-1-hyperv devstack@placement-api.service[104281]: DEBUG placement.requestlog [req-6c32c63f-70bd-446a-8156-3a40a55e9168 req-b38c92a3-2821-4241-aefe-91fe6db79393 None None] Starting request: 10.222.0.47 "PUT /placement/allocations/6f1674f9-687a-4497-9b8f-1b4a53e07fbc" {{(pid=104281) __call__ /opt/stack/placement/placement/requestlog.py:55}}
Jan 12 15:34:40.082267 dv-neutron-824446-1-hyperv devstack@placement-api.service[104281]: DEBUG placement.handlers.allocation [req-6c32c63f-70bd-446a-8156-3a40a55e9168 req-b38c92a3-2821-4241-aefe-91fe6db79393 service placement] Successfully wrote allocations [, , ] {{(pid=104281) _update_consumers_and_create_allocations /opt/stack/placement/placement/handlers/allocation.py:462}}
Jan 12 15:34:40.136544 dv-neutron-824446-1-hyperv devstack@placement-api.service[104280]: DEBUG oslo_db.api [req-1bc5dcfc-1512-497b-ae66-2b51399a3fa6 req-9866844d-70ea-4f2a-99e6-306b31bbea4b service placement] DB error: (pymysql.err.OperationalError) (1213, 'Deadlock found when trying to get lock; try restarting transaction')
Jan 12 15:34:40.136544 dv-neutron-824446-1-hyperv devstack@placement-api.service[104280]: [SQL: INSERT INTO allocations (created_at, resource_provider_id, consumer_id, resource_class_id, used) VALUES (%(created_at)s, %(resource_provider_id)s, %(consumer_id)s, %(resource_class_id)s, %(used)s)]
Jan 12 15:34:40.136544 dv-neutron-824446-1-hyperv devstack@placement-api.service[104280]: [parameters: {'created_at': datetime.datetime(2022, 1, 12, 15, 34, 40, 68353), 'resource_provider_id': 1, 'consumer_id': '86a9f072-b821-4b62-9fbe-a0ab07fdff85', 'resource_class_id': 2, 'used': 1}]
Jan 12 15:34:40.136544 dv-neutron-824446-1-hyperv devstack@placement-api.service[104280]: (Background on this error at: https://sqlalche.me/e/14/e3q8) {{(pid=104280) _is_exception_expected /usr/local/lib/python3.8/dist-packages/oslo_db/api.py:184}}
Jan 12 15:34:40.137865 dv-neutron-824446-1-hyperv devstack@placement-api.service[104280]: DEBUG oslo_db.api [req-1bc5dcfc-1512-497b-ae66-2b51399a3fa6 req-9866844d-70ea-4f2a-99e6-306b31bbea4b service placement] Performing DB retry for function placement.objects.allocation._set_allocations {{(pid=104280) wrapper /usr/local/lib/python3.8/dist-packages/oslo_db/api.py:155}}
Jan 12 15:34:40.199276 dv-neutron-824446-1-hyperv devstack@placement-api.service[104281]: INFO placement.requestlog [req-6c32c63f-70bd-446a-8156-3a40a55e9168 req-b38c92a3-2821-4241-aefe-91fe6db79393 service placement] 10.222.0.47 "PUT /placement/allocations/6f1674f9-687a-4497-9b8f-1b4a53e07fbc" status: 204 len: 0 microversion: 1.36
Jan 12 15:34:40.199986 dv-neutron-824446-1-hyperv devstack@placement-api.service[104281]: [pid: 104281|app: 0|req: 13/22] 10.222.0.47 () {64 vars in 1433 bytes} [Wed Jan 12 15:34:39 2022] PUT /placement/allocations/6f1674f9-687a-4497-9b8f-1b4a53e07fbc => generated 0 bytes in 795 msecs (HTTP/1.1 204) 5 headers in 199 bytes (2 switches on core 0)
Jan 12 15:34:41.155548 dv-neutron-824446-1-hyperv devstack@placement-api.service[104280]: DEBUG placement.objects.allocation [req-1bc5dcfc-1512-497b-ae66-2b51399a3fa6 req-9866844d-70ea-4f2a-99e6-306b31bbea4b service placement] Retrying allocations write on resource provider generation conflict {{(pid=104280) replace_all /opt/stack/placement/placement/objects/allocation.py:507}}
Jan 12 15:34:41.189401 dv-neutron-824446-1-hyperv devstack@placement-api.service[104280]: DEBUG placement.handlers.allocation [req-1bc5dcfc-1512-497b-ae66-2b51399a3fa6 req-9866844d-70ea-4f2a-99e6-306b31bbea4b service placement] Successfully wrote allocations [, , ] {{(pid=104280) _update_consumers_and_create_allocations /opt/stack/placement/placement/handlers/allocation.py:462}}
Jan 12 15:34:41.268071 dv-neutron-824446-1-hyperv devstack@placement-api.service[104280]: INFO placement.requestlog [req-1bc5dcfc-1512-497b-ae66-2b51399a3fa6 req-9866844d-70ea-4f2a-99e6-306b31bbea4b service placement] 10.222.0.47 "PUT /placement/allocations/86a9f072-b821-4b62-9fbe-a0ab07fdff85" status: 204 len: 0 microversion: 1.36
Jan 12 15:34:41.268479 dv-neutron-824446-1-hyperv devstack@placement-api.service[104280]: [pid: 104280|app: 0|req: 10/23] 10.222.0.47 () {64 vars in 1433 bytes} [Wed Jan 12 15:34:39 2022] PUT /placement/allocations/86a9f072-b821-4b62-9fbe-a0ab07fdff85 => generated 0 bytes in 1900 msecs (HTTP/1.1 204) 5 headers in 199 bytes (1 switches on core 0)
Jan 12 15:34:41.692923 dv-neutron-824446-1-hyperv devstack@placement-api.service[104281]: DEBUG placement.requestlog [req-6c32c63f-70bd-446a-8156-3a40a55e9168 req-8a8f73f7-bf9a-4056-8ec3-ec081001e430 None None] Starting request: 10.222.0.46 "GET /placement/allocations/6f1674f9-687a-4497-9b8f-1b4a53e07fbc" {{(pid=104281) __call__ /opt/stack/placement/placement/requestlog.py:55}}
Jan 12 15:34:41.721463 dv-neutron-824446-1-hyperv devstack@placement-api.service[104281]: INFO placement.requestlog [req-6c32c63f-70bd-446a-8156-3a40a55e9168 req-8a8f73f7-bf9a-4056-8ec3-ec081001e430 service placement] 10.222.0.46 "GET /placement/allocations/6f1674f9-687a-4497-9b8f-1b4a53e07fbc" status: 200 len: 258 microversion: 1.28
Jan 12 15:34:41.722141 dv-neutron-824446-1-hyperv devstack@placement-api.service[104281]: [pid: 104281|app: 0|req: 14/24] 10.222.0.46 () {60 vars in 1377 bytes} [Wed Jan 12 15:34:41 2022] GET /placement/allocations/6f1674f9-687a-4497-9b8f-1b4a53e07fbc => generated 258 bytes in 30 msecs (HTTP/1.1 200) 8 headers in 296 bytes (1 switches on core 0)
Jan 12 15:34:43.697953 dv-neutron-824446-1-hyperv devstack@placement-api.service[104280]: DEBUG placement.requestlog [req-1bc5dcfc-1512-497b-ae66-2b51399a3fa6 req-9069497b-30d7-49a2-943a-092a7d298ce8 None None] Starting request: 10.222.0.46 "GET /placement/allocations/86a9f072-b821-4b62-9fbe-a0ab07fdff85" {{(pid=104280) __call__ /opt/stack/placement/placement/requestlog.py:55}}
Jan 12 15:34:43.761088 dv-neutron-824446-1-hyperv devstack@placement-api.service[104280]: INFO placement.requestlog [req-1bc5dcfc-1512-497b-ae66-2b51399a3fa6 req-9069497b-30d7-49a2-943a-092a7d298ce8 service placement] 10.222.0.46 "GET /placement/allocations/86a9f072-b821-4b62-9fbe-a0ab07fdff85" status: 200 len: 258 microversion: 1.28
Jan 12 15:34:43.761088 dv-neutron-824446-1-hyperv devstack@placement-api.service[104280]: [pid: 104280|app: 0|req: 11/25] 10.222.0.46 () {60 vars in 1377 bytes} [Wed Jan 12 15:34:43 2022] GET /placement/allocations/86a9f072-b821-4b62-9fbe-a0ab07fdff85 => generated 258 bytes in 62 msecs (HTTP/1.1 200) 8 headers in 296 bytes (1 switches on core 0)
Jan 12 15:35:37.808623 dv-neutron-824446-1-hyperv devstack@placement-api.service[104281]: DEBUG placement.requestlog [req-88feb580-e46c-4e44-954c-a39c01b7cb8c req-1de663b2-c2df-4873-a07b-8fb848b58e1c None None] Starting request: 10.222.0.46 "GET /placement/resource_providers/ae4e62e4-37a8-4fb2-ba11-9372dc95fd41/allocations" {{(pid=104281) __call__ /opt/stack/placement/placement/requestlog.py:55}}
Jan 12 15:35:37.848822 dv-neutron-824446-1-hyperv devstack@placement-api.service[104281]: INFO placement.requestlog [req-88feb580-e46c-4e44-954c-a39c01b7cb8c req-1de663b2-c2df-4873-a07b-8fb848b58e1c service placement] 10.222.0.46 "GET /placement/resource_providers/ae4e62e4-37a8-4fb2-ba11-9372dc95fd41/allocations" status: 200 len: 355 microversion: 1.0
Jan 12 15:35:37.849757 dv-neutron-824446-1-hyperv devstack@placement-api.service[104281]: [pid: 104281|app: 0|req: 15/26] 10.222.0.46 () {58 vars in 1390 bytes} [Wed Jan 12 15:35:37 2022] GET /placement/resource_providers/ae4e62e4-37a8-4fb2-ba11-9372dc95fd41/allocations => generated 355 bytes in 42 msecs (HTTP/1.1 200) 6 headers in 224 bytes (1 switches on core 0)
Jan 12 15:36:01.348879 dv-neutron-824446-1-hyperv devstack@placement-api.service[104280]: DEBUG placement.requestlog [req-c20a28e8-10b0-4a94-a319-eb99d5d581da req-d06bb8da-0cc0-4e46-af65-146f59d680e2 None None] Starting request: 10.222.0.46 "DELETE /placement/allocations/36e74b7b-36c4-4fc1-8e9e-3f658ddab016" {{(pid=104280) __call__ /opt/stack/placement/placement/requestlog.py:55}}
Jan 12 15:36:01.630942 dv-neutron-824446-1-hyperv devstack@placement-api.service[104280]: DEBUG placement.handlers.allocation [req-c20a28e8-10b0-4a94-a319-eb99d5d581da req-d06bb8da-0cc0-4e46-af65-146f59d680e2 service placement] Successfully deleted allocations [, , ] {{(pid=104280) delete_allocations /opt/stack/placement/placement/handlers/allocation.py:627}}
Jan 12 15:36:01.631692 dv-neutron-824446-1-hyperv devstack@placement-api.service[104280]: INFO placement.requestlog [req-c20a28e8-10b0-4a94-a319-eb99d5d581da req-d06bb8da-0cc0-4e46-af65-146f59d680e2 service placement] 10.222.0.46 "DELETE /placement/allocations/36e74b7b-36c4-4fc1-8e9e-3f658ddab016" status: 204 len: 0 microversion: 1.0
Jan 12 15:36:01.636174 dv-neutron-824446-1-hyperv devstack@placement-api.service[104280]: [pid: 104280|app: 0|req: 12/27] 10.222.0.46 () {60 vars in 1355 bytes} [Wed Jan 12 15:36:01 2022] DELETE /placement/allocations/36e74b7b-36c4-4fc1-8e9e-3f658ddab016 => generated 0 bytes in 284 msecs (HTTP/1.1 204) 5 headers in 198 bytes (2 switches on core 0)
Jan 12 15:36:02.343367 dv-neutron-824446-1-hyperv devstack@placement-api.service[104281]: DEBUG placement.requestlog [req-c6eef021-3b38-4bdf-92c9-f8ae3b0e1872 req-7f03a3c1-c5af-4813-b0b9-e472181638ce None None] Starting request: 10.222.0.46 "DELETE /placement/allocations/86a9f072-b821-4b62-9fbe-a0ab07fdff85" {{(pid=104281) __call__ /opt/stack/placement/placement/requestlog.py:55}}
Jan 12 15:36:02.643584 dv-neutron-824446-1-hyperv devstack@placement-api.service[104281]: DEBUG placement.handlers.allocation [req-c6eef021-3b38-4bdf-92c9-f8ae3b0e1872 req-7f03a3c1-c5af-4813-b0b9-e472181638ce service placement] Successfully deleted allocations [, , ] {{(pid=104281) delete_allocations /opt/stack/placement/placement/handlers/allocation.py:627}}
Jan 12 15:36:02.645800 dv-neutron-824446-1-hyperv devstack@placement-api.service[104281]: INFO placement.requestlog [req-c6eef021-3b38-4bdf-92c9-f8ae3b0e1872 req-7f03a3c1-c5af-4813-b0b9-e472181638ce service placement] 10.222.0.46 "DELETE /placement/allocations/86a9f072-b821-4b62-9fbe-a0ab07fdff85" status: 204 len: 0 microversion: 1.0
Jan 12 15:36:02.649020 dv-neutron-824446-1-hyperv devstack@placement-api.service[104281]: [pid: 104281|app: 0|req: 16/28] 10.222.0.46 () {60 vars in 1355 bytes} [Wed Jan 12 15:36:02 2022] DELETE /placement/allocations/86a9f072-b821-4b62-9fbe-a0ab07fdff85 => generated 0 bytes in 304 msecs (HTTP/1.1 204) 5 headers in 198 bytes (2 switches on core 0)
Jan 12 15:36:40.856552 dv-neutron-824446-1-hyperv devstack@placement-api.service[104280]: DEBUG placement.requestlog [req-25935be2-e371-4ee9-92c8-336cef0bb661 req-b38aa2b9-b10c-4eaf-8ca7-21d41354d17b None None] Starting request: 10.222.0.46 "GET /placement/resource_providers/ae4e62e4-37a8-4fb2-ba11-9372dc95fd41/allocations" {{(pid=104280) __call__ /opt/stack/placement/placement/requestlog.py:55}}
Jan 12 15:36:40.894489 dv-neutron-824446-1-hyperv devstack@placement-api.service[104280]: INFO placement.requestlog [req-25935be2-e371-4ee9-92c8-336cef0bb661 req-b38aa2b9-b10c-4eaf-8ca7-21d41354d17b service placement] 10.222.0.46 "GET /placement/resource_providers/ae4e62e4-37a8-4fb2-ba11-9372dc95fd41/allocations" status: 200 len: 153 microversion: 1.0
Jan 12 15:36:40.895423 dv-neutron-824446-1-hyperv devstack@placement-api.service[104280]: [pid: 104280|app: 0|req: 13/29] 10.222.0.46 () {58 vars in 1390 bytes} [Wed Jan 12 15:36:40 2022] GET /placement/resource_providers/ae4e62e4-37a8-4fb2-ba11-9372dc95fd41/allocations => generated 153 bytes in 41 msecs (HTTP/1.1 200) 6 headers in 224 bytes (1 switches on core 0)
Jan 12 15:37:38.629074 dv-neutron-824446-1-hyperv devstack@placement-api.service[104281]: DEBUG placement.requestlog [req-ee62f712-b927-4c69-b9f0-be4a94dff95d req-47bc7056-77a8-4dc6-b2f6-b43a1de28dc2 None None] Starting request: 10.222.0.46 "GET /placement/resource_providers/ae4e62e4-37a8-4fb2-ba11-9372dc95fd41/allocations" {{(pid=104281) __call__ /opt/stack/placement/placement/requestlog.py:55}}
Jan 12 15:37:38.971390 dv-neutron-824446-1-hyperv devstack@placement-api.service[104281]: INFO placement.requestlog [req-ee62f712-b927-4c69-b9f0-be4a94dff95d req-47bc7056-77a8-4dc6-b2f6-b43a1de28dc2 service placement] 10.222.0.46 "GET /placement/resource_providers/ae4e62e4-37a8-4fb2-ba11-9372dc95fd41/allocations" status: 200 len: 153 microversion: 1.0
Jan 12 15:37:38.972540 dv-neutron-824446-1-hyperv devstack@placement-api.service[104281]: [pid: 104281|app: 0|req: 17/30] 10.222.0.46 () {58 vars in 1390 bytes} [Wed Jan 12 15:37:38 2022] GET /placement/resource_providers/ae4e62e4-37a8-4fb2-ba11-9372dc95fd41/allocations => generated 153 bytes in 344 msecs (HTTP/1.1 200) 6 headers in 224 bytes (1 switches on core 0)
Jan 12 15:37:39.094072 dv-neutron-824446-1-hyperv devstack@placement-api.service[104280]: DEBUG placement.requestlog [req-ee62f712-b927-4c69-b9f0-be4a94dff95d req-be5f5491-65f9-42dd-bbfb-da7126d5161c None None] Starting request: 10.222.0.46 "GET /placement/resource_providers?in_tree=ae4e62e4-37a8-4fb2-ba11-9372dc95fd41" {{(pid=104280) __call__ /opt/stack/placement/placement/requestlog.py:55}}
Jan 12 15:37:39.130306 dv-neutron-824446-1-hyperv devstack@placement-api.service[104280]: INFO placement.requestlog [req-ee62f712-b927-4c69-b9f0-be4a94dff95d req-be5f5491-65f9-42dd-bbfb-da7126d5161c service placement] 10.222.0.46 "GET /placement/resource_providers?in_tree=ae4e62e4-37a8-4fb2-ba11-9372dc95fd41" status: 200 len: 864 microversion: 1.14
Jan 12 15:37:39.130890 dv-neutron-824446-1-hyperv devstack@placement-api.service[104280]: [pid: 104280|app: 0|req: 14/31] 10.222.0.46 () {60 vars in 1376 bytes} [Wed Jan 12 15:37:39 2022] GET /placement/resource_providers?in_tree=ae4e62e4-37a8-4fb2-ba11-9372dc95fd41 => generated 864 bytes in 37 msecs (HTTP/1.1 200) 6 headers in 225 bytes (1 switches on core 0)
Jan 12 15:37:39.155749 dv-neutron-824446-1-hyperv devstack@placement-api.service[104281]: DEBUG placement.requestlog [req-ee62f712-b927-4c69-b9f0-be4a94dff95d req-de48a7d8-3d9a-49aa-899b-ad7d8513fc45 None None] Starting request: 10.222.0.46 "GET /placement/resource_providers/ae4e62e4-37a8-4fb2-ba11-9372dc95fd41/inventories" {{(pid=104281) __call__ /opt/stack/placement/placement/requestlog.py:55}}
Jan 12 15:37:39.195413 dv-neutron-824446-1-hyperv devstack@placement-api.service[104281]: INFO placement.requestlog [req-ee62f712-b927-4c69-b9f0-be4a94dff95d req-de48a7d8-3d9a-49aa-899b-ad7d8513fc45 service placement] 10.222.0.46 "GET /placement/resource_providers/ae4e62e4-37a8-4fb2-ba11-9372dc95fd41/inventories" status: 200 len: 397 microversion: 1.0
Jan 12 15:37:39.196473 dv-neutron-824446-1-hyperv devstack@placement-api.service[104281]: [pid: 104281|app: 0|req: 18/32] 10.222.0.46 () {58 vars in 1390 bytes} [Wed Jan 12 15:37:39 2022] GET /placement/resource_providers/ae4e62e4-37a8-4fb2-ba11-9372dc95fd41/inventories => generated 397 bytes in 45 msecs (HTTP/1.1 200) 6 headers in 224 bytes (1 switches on core 0)
Jan 12 15:37:39.208655 dv-neutron-824446-1-hyperv devstack@placement-api.service[104280]: DEBUG placement.requestlog [req-ee62f712-b927-4c69-b9f0-be4a94dff95d req-2b93cda5-1483-433c-a1bc-588a79669891 None None] Starting request: 10.222.0.46 "GET /placement/resource_providers/ae4e62e4-37a8-4fb2-ba11-9372dc95fd41/aggregates" {{(pid=104280) __call__ /opt/stack/placement/placement/requestlog.py:55}}
Jan 12 15:37:39.234834 dv-neutron-824446-1-hyperv devstack@placement-api.service[104280]: INFO placement.requestlog [req-ee62f712-b927-4c69-b9f0-be4a94dff95d req-2b93cda5-1483-433c-a1bc-588a79669891 service placement] 10.222.0.46 "GET /placement/resource_providers/ae4e62e4-37a8-4fb2-ba11-9372dc95fd41/aggregates" status: 200 len: 53 microversion: 1.19
Jan 12 15:37:39.235545 dv-neutron-824446-1-hyperv devstack@placement-api.service[104280]: [pid: 104280|app: 0|req: 15/33] 10.222.0.46 () {60 vars in 1431 bytes} [Wed Jan 12 15:37:39 2022] GET /placement/resource_providers/ae4e62e4-37a8-4fb2-ba11-9372dc95fd41/aggregates => generated 53 bytes in 28 msecs (HTTP/1.1 200) 8 headers in 295 bytes (1 switches on core 0)
Jan 12 15:37:39.243549 dv-neutron-824446-1-hyperv devstack@placement-api.service[104281]: DEBUG placement.requestlog [req-ee62f712-b927-4c69-b9f0-be4a94dff95d req-5d20df1b-c76a-4974-a46e-9a7bbbcb4b3b None None] Starting request: 10.222.0.46 "GET /placement/resource_providers/ae4e62e4-37a8-4fb2-ba11-9372dc95fd41/traits" {{(pid=104281) __call__ /opt/stack/placement/placement/requestlog.py:55}}
Jan 12 15:37:39.287097 dv-neutron-824446-1-hyperv devstack@placement-api.service[104281]: INFO placement.requestlog [req-ee62f712-b927-4c69-b9f0-be4a94dff95d req-5d20df1b-c76a-4974-a46e-9a7bbbcb4b3b service placement] 10.222.0.46 "GET /placement/resource_providers/ae4e62e4-37a8-4fb2-ba11-9372dc95fd41/traits" status: 200 len: 299 microversion: 1.6
Jan 12 15:37:39.287920 dv-neutron-824446-1-hyperv devstack@placement-api.service[104281]: [pid: 104281|app: 0|req: 19/34] 10.222.0.46 () {60 vars in 1418 bytes} [Wed Jan 12 15:37:39 2022] GET /placement/resource_providers/ae4e62e4-37a8-4fb2-ba11-9372dc95fd41/traits => generated 299 bytes in 45 msecs (HTTP/1.1 200) 6 headers in 224 bytes (1 switches on core 0)
Jan 12 15:37:54.811511 dv-neutron-824446-1-hyperv devstack@placement-api.service[104280]: DEBUG placement.requestlog [req-c2c76d30-15e3-4516-a139-9f3c88504f17 req-2a554abd-3855-4277-a0da-f6cbf57bb34b None None] Starting request: 10.222.0.46 "DELETE /placement/allocations/6f1674f9-687a-4497-9b8f-1b4a53e07fbc" {{(pid=104280) __call__ /opt/stack/placement/placement/requestlog.py:55}}
Jan 12 15:37:54.993963 dv-neutron-824446-1-hyperv devstack@placement-api.service[104280]: DEBUG placement.handlers.allocation [req-c2c76d30-15e3-4516-a139-9f3c88504f17 req-2a554abd-3855-4277-a0da-f6cbf57bb34b service placement] Successfully deleted allocations [, , ] {{(pid=104280) delete_allocations /opt/stack/placement/placement/handlers/allocation.py:627}}
Jan 12 15:37:54.994813 dv-neutron-824446-1-hyperv devstack@placement-api.service[104280]: INFO placement.requestlog [req-c2c76d30-15e3-4516-a139-9f3c88504f17 req-2a554abd-3855-4277-a0da-f6cbf57bb34b service placement] 10.222.0.46 "DELETE /placement/allocations/6f1674f9-687a-4497-9b8f-1b4a53e07fbc" status: 204 len: 0 microversion: 1.0
Jan 12 15:37:54.995345 dv-neutron-824446-1-hyperv devstack@placement-api.service[104280]: [pid: 104280|app: 0|req: 16/35] 10.222.0.46 () {60 vars in 1355 bytes} [Wed Jan 12 15:37:54 2022] DELETE /placement/allocations/6f1674f9-687a-4497-9b8f-1b4a53e07fbc => generated 0 bytes in 184 msecs (HTTP/1.1 204) 5 headers in 198 bytes (1 switches on core 0)
Jan 12 15:38:40.443565 dv-neutron-824446-1-hyperv devstack@placement-api.service[104281]: DEBUG placement.requestlog [req-849adb59-aa6d-4eff-a74b-02d6b407c419 req-34e540e1-c0b8-4d8a-a32e-debb78ef0136 None None] Starting request: 10.222.0.46 "GET /placement/resource_providers/ae4e62e4-37a8-4fb2-ba11-9372dc95fd41/allocations" {{(pid=104281) __call__ /opt/stack/placement/placement/requestlog.py:55}}
Jan 12 15:38:40.463896 dv-neutron-824446-1-hyperv devstack@placement-api.service[104281]: INFO placement.requestlog [req-849adb59-aa6d-4eff-a74b-02d6b407c419 req-34e540e1-c0b8-4d8a-a32e-debb78ef0136 service placement] 10.222.0.46 "GET /placement/resource_providers/ae4e62e4-37a8-4fb2-ba11-9372dc95fd41/allocations" status: 200 len: 54 microversion: 1.0
Jan 12 15:38:40.465147 dv-neutron-824446-1-hyperv devstack@placement-api.service[104281]: [pid: 104281|app: 0|req: 20/36] 10.222.0.46 () {58 vars in 1390 bytes} [Wed Jan 12 15:38:40 2022] GET /placement/resource_providers/ae4e62e4-37a8-4fb2-ba11-9372dc95fd41/allocations => generated 54 bytes in 22 msecs (HTTP/1.1 200) 6 headers in 223 bytes (1 switches on core 0)
Jan 12 15:39:41.450097 dv-neutron-824446-1-hyperv devstack@placement-api.service[104280]: DEBUG placement.requestlog [req-a2e273ea-3f22-4d9b-88ea-2abd3662a3d8 req-c38c05a2-836b-4c5b-a137-8e9b55bcf96d None None] Starting request: 10.222.0.46 "GET /placement/resource_providers/ae4e62e4-37a8-4fb2-ba11-9372dc95fd41/allocations" {{(pid=104280) __call__ /opt/stack/placement/placement/requestlog.py:55}}
Jan 12 15:39:41.476970 dv-neutron-824446-1-hyperv devstack@placement-api.service[104280]: INFO placement.requestlog [req-a2e273ea-3f22-4d9b-88ea-2abd3662a3d8 req-c38c05a2-836b-4c5b-a137-8e9b55bcf96d service placement] 10.222.0.46 "GET /placement/resource_providers/ae4e62e4-37a8-4fb2-ba11-9372dc95fd41/allocations" status: 200 len: 54 microversion: 1.0
Jan 12 15:39:41.477932 dv-neutron-824446-1-hyperv devstack@placement-api.service[104280]: [pid: 104280|app: 0|req: 17/37] 10.222.0.46 () {58 vars in 1390 bytes} [Wed Jan 12 15:39:41 2022] GET /placement/resource_providers/ae4e62e4-37a8-4fb2-ba11-9372dc95fd41/allocations => generated 54 bytes in 28 msecs (HTTP/1.1 200) 6 headers in 223 bytes (1 switches on core 0)
Jan 12 15:39:44.820316 dv-neutron-824446-1-hyperv devstack@placement-api.service[104281]: DEBUG placement.requestlog [req-7543ac74-1aeb-4bce-aad8-6af4266d9fe7 req-915ad85c-3684-4307-af1d-f2db73c2167e None None] Starting request: 10.222.0.47 "GET /placement/allocation_candidates?limit=1000&resources=DISK_GB%3A1%2CMEMORY_MB%3A1024%2CVCPU%3A1&root_required=%21COMPUTE_STATUS_DISABLED" {{(pid=104281) __call__ /opt/stack/placement/placement/requestlog.py:55}}
Jan 12 15:39:45.129540 dv-neutron-824446-1-hyperv devstack@placement-api.service[104281]: DEBUG placement.objects.research_context [req-7543ac74-1aeb-4bce-aad8-6af4266d9fe7 req-915ad85c-3684-4307-af1d-f2db73c2167e service placement] getting providers with 1 DISK_GB {{(pid=104281) __init__ /opt/stack/placement/placement/objects/research_context.py:126}}
Jan 12 15:39:45.141461 dv-neutron-824446-1-hyperv devstack@placement-api.service[104281]: DEBUG placement.objects.research_context [req-7543ac74-1aeb-4bce-aad8-6af4266d9fe7 req-915ad85c-3684-4307-af1d-f2db73c2167e service placement] getting providers with 1024 MEMORY_MB {{(pid=104281) __init__ /opt/stack/placement/placement/objects/research_context.py:126}}
Jan 12 15:39:45.152419 dv-neutron-824446-1-hyperv devstack@placement-api.service[104281]: DEBUG placement.objects.research_context [req-7543ac74-1aeb-4bce-aad8-6af4266d9fe7 req-915ad85c-3684-4307-af1d-f2db73c2167e service placement] getting providers with 1 VCPU {{(pid=104281) __init__ /opt/stack/placement/placement/objects/research_context.py:126}}
Jan 12 15:39:45.167067 dv-neutron-824446-1-hyperv devstack@placement-api.service[104281]: DEBUG placement.objects.research_context [req-7543ac74-1aeb-4bce-aad8-6af4266d9fe7 req-915ad85c-3684-4307-af1d-f2db73c2167e service placement] found 1 providers with available 1 DISK_GB {{(pid=104281) get_provider_ids_matching /opt/stack/placement/placement/objects/research_context.py:549}}
Jan 12 15:39:45.168988 dv-neutron-824446-1-hyperv devstack@placement-api.service[104281]: DEBUG placement.objects.research_context [req-7543ac74-1aeb-4bce-aad8-6af4266d9fe7 req-915ad85c-3684-4307-af1d-f2db73c2167e service placement] found 1 providers with available 1024 MEMORY_MB {{(pid=104281) get_provider_ids_matching /opt/stack/placement/placement/objects/research_context.py:549}}
Jan 12 15:39:45.172841 dv-neutron-824446-1-hyperv devstack@placement-api.service[104281]: DEBUG placement.objects.research_context [req-7543ac74-1aeb-4bce-aad8-6af4266d9fe7 req-915ad85c-3684-4307-af1d-f2db73c2167e service placement] found 1 providers after filtering by previous result {{(pid=104281) get_provider_ids_matching /opt/stack/placement/placement/objects/research_context.py:580}}
Jan 12 15:39:45.173338 dv-neutron-824446-1-hyperv devstack@placement-api.service[104281]: DEBUG placement.objects.research_context [req-7543ac74-1aeb-4bce-aad8-6af4266d9fe7 req-915ad85c-3684-4307-af1d-f2db73c2167e service placement] found 1 providers with available 1 VCPU {{(pid=104281) get_provider_ids_matching /opt/stack/placement/placement/objects/research_context.py:549}}
Jan 12 15:39:45.173983 dv-neutron-824446-1-hyperv devstack@placement-api.service[104281]: DEBUG placement.objects.research_context [req-7543ac74-1aeb-4bce-aad8-6af4266d9fe7 req-915ad85c-3684-4307-af1d-f2db73c2167e service placement] found 1 providers after filtering by previous result {{(pid=104281) get_provider_ids_matching /opt/stack/placement/placement/objects/research_context.py:580}}
Jan 12 15:39:45.192031 dv-neutron-824446-1-hyperv devstack@placement-api.service[104281]: DEBUG placement.objects.allocation_candidate [req-7543ac74-1aeb-4bce-aad8-6af4266d9fe7 req-915ad85c-3684-4307-af1d-f2db73c2167e service placement] RequestGroup(use_same_provider=False, resources={DISK_GB:1, MEMORY_MB:1024, VCPU:1}, traits=[], aggregates=[]) (suffix '') returned 1 matches {{(pid=104281) _get_by_requests /opt/stack/placement/placement/objects/allocation_candidate.py:145}}
Jan 12 15:39:45.192369 dv-neutron-824446-1-hyperv devstack@placement-api.service[104281]: DEBUG placement.objects.allocation_candidate [req-7543ac74-1aeb-4bce-aad8-6af4266d9fe7 req-915ad85c-3684-4307-af1d-f2db73c2167e service placement] Merging candidates yields 1 allocation requests and 1 provider summaries {{(pid=104281) _merge_candidates /opt/stack/placement/placement/objects/allocation_candidate.py:783}}
Jan 12 15:39:45.194097 dv-neutron-824446-1-hyperv devstack@placement-api.service[104281]: INFO placement.requestlog [req-7543ac74-1aeb-4bce-aad8-6af4266d9fe7 req-915ad85c-3684-4307-af1d-f2db73c2167e service placement] 10.222.0.47 "GET /placement/allocation_candidates?limit=1000&resources=DISK_GB%3A1%2CMEMORY_MB%3A1024%2CVCPU%3A1&root_required=%21COMPUTE_STATUS_DISABLED" status: 200 len: 764 microversion: 1.36
Jan 12 15:39:45.198907 dv-neutron-824446-1-hyperv devstack@placement-api.service[104281]: [pid: 104281|app: 0|req: 21/38] 10.222.0.47 () {60 vars in 1506 bytes} [Wed Jan 12 15:39:44 2022] GET /placement/allocation_candidates?limit=1000&resources=DISK_GB%3A1%2CMEMORY_MB%3A1024%2CVCPU%3A1&root_required=%21COMPUTE_STATUS_DISABLED => generated 764 bytes in 380 msecs (HTTP/1.1 200) 8 headers in 296 bytes (1 switches on core 0)
Jan 12 15:39:45.247134 dv-neutron-824446-1-hyperv devstack@placement-api.service[104280]: DEBUG placement.requestlog [req-7543ac74-1aeb-4bce-aad8-6af4266d9fe7 req-36673db4-63ae-4aa5-951e-20900bb58e4d None None] Starting request: 10.222.0.47 "GET /placement/allocations/b30607bf-4b06-4834-ae95-f37b087201aa" {{(pid=104280) __call__ /opt/stack/placement/placement/requestlog.py:55}}
Jan 12 15:39:45.259035 dv-neutron-824446-1-hyperv devstack@placement-api.service[104280]: INFO placement.requestlog [req-7543ac74-1aeb-4bce-aad8-6af4266d9fe7 req-36673db4-63ae-4aa5-951e-20900bb58e4d service placement] 10.222.0.47 "GET /placement/allocations/b30607bf-4b06-4834-ae95-f37b087201aa" status: 200 len: 19 microversion: 1.28
Jan 12 15:39:45.260012 dv-neutron-824446-1-hyperv devstack@placement-api.service[104280]: [pid: 104280|app: 0|req: 18/39] 10.222.0.47 () {60 vars in 1380 bytes} [Wed Jan 12 15:39:45 2022] GET /placement/allocations/b30607bf-4b06-4834-ae95-f37b087201aa => generated 19 bytes in 13 msecs (HTTP/1.1 200) 8 headers in 295 bytes (1 switches on core 0)
Jan 12 15:39:45.268159 dv-neutron-824446-1-hyperv devstack@placement-api.service[104281]: DEBUG placement.requestlog [req-7543ac74-1aeb-4bce-aad8-6af4266d9fe7 req-21f31db4-11a1-40de-9c77-801c4395e9a0 None None] Starting request: 10.222.0.47 "PUT /placement/allocations/b30607bf-4b06-4834-ae95-f37b087201aa" {{(pid=104281) __call__ /opt/stack/placement/placement/requestlog.py:55}}
Jan 12 15:39:45.643134 dv-neutron-824446-1-hyperv devstack@placement-api.service[104281]: DEBUG placement.handlers.allocation [req-7543ac74-1aeb-4bce-aad8-6af4266d9fe7 req-21f31db4-11a1-40de-9c77-801c4395e9a0 service placement] Successfully wrote allocations [, , ] {{(pid=104281) _update_consumers_and_create_allocations /opt/stack/placement/placement/handlers/allocation.py:462}}
Jan 12 15:39:45.734631 dv-neutron-824446-1-hyperv devstack@placement-api.service[104281]: INFO placement.requestlog [req-7543ac74-1aeb-4bce-aad8-6af4266d9fe7 req-21f31db4-11a1-40de-9c77-801c4395e9a0 service placement] 10.222.0.47 "PUT /placement/allocations/b30607bf-4b06-4834-ae95-f37b087201aa" status: 204 len: 0 microversion: 1.36
Jan 12 15:39:45.740665 dv-neutron-824446-1-hyperv devstack@placement-api.service[104281]: [pid: 104281|app: 0|req: 22/40] 10.222.0.47 () {64 vars in 1433 bytes} [Wed Jan 12 15:39:45 2022] PUT /placement/allocations/b30607bf-4b06-4834-ae95-f37b087201aa => generated 0 bytes in 470 msecs (HTTP/1.1 204) 5 headers in 199 bytes (1 switches on core 0)
Jan 12 15:39:47.474796 dv-neutron-824446-1-hyperv devstack@placement-api.service[104280]: DEBUG placement.requestlog [req-7543ac74-1aeb-4bce-aad8-6af4266d9fe7 req-0dae0928-4947-4093-986c-399f54a8377c None None] Starting request: 10.222.0.46 "GET /placement/allocations/b30607bf-4b06-4834-ae95-f37b087201aa" {{(pid=104280) __call__ /opt/stack/placement/placement/requestlog.py:55}}
Jan 12 15:39:47.498610 dv-neutron-824446-1-hyperv devstack@placement-api.service[104280]: INFO placement.requestlog [req-7543ac74-1aeb-4bce-aad8-6af4266d9fe7 req-0dae0928-4947-4093-986c-399f54a8377c service placement] 10.222.0.46 "GET /placement/allocations/b30607bf-4b06-4834-ae95-f37b087201aa" status: 200 len: 258 microversion: 1.28
Jan 12 15:39:47.499916 dv-neutron-824446-1-hyperv devstack@placement-api.service[104280]: [pid: 104280|app: 0|req: 19/41] 10.222.0.46 () {60 vars in 1377 bytes} [Wed Jan 12 15:39:47 2022] GET /placement/allocations/b30607bf-4b06-4834-ae95-f37b087201aa => generated 258 bytes in 25 msecs (HTTP/1.1 200) 8 headers in 296 bytes (1 switches on core 0)
Jan 12 15:40:20.564928 dv-neutron-824446-1-hyperv devstack@placement-api.service[104281]: DEBUG placement.requestlog [req-9b72f071-a57f-4176-820f-687da4ffeb87 req-4f1c13ec-8372-4ab7-a8fb-d5cbb2961c9e None None] Starting request: 10.222.0.47 "GET /placement/allocation_candidates?limit=1000&resources=MEMORY_MB%3A1024%2CVCPU%3A1&root_required=%21COMPUTE_STATUS_DISABLED" {{(pid=104281) __call__ /opt/stack/placement/placement/requestlog.py:55}}
Jan 12 15:40:20.634993 dv-neutron-824446-1-hyperv devstack@placement-api.service[104281]: DEBUG placement.objects.research_context [req-9b72f071-a57f-4176-820f-687da4ffeb87 req-4f1c13ec-8372-4ab7-a8fb-d5cbb2961c9e service placement] getting providers with 1024 MEMORY_MB {{(pid=104281) __init__ /opt/stack/placement/placement/objects/research_context.py:126}}
Jan 12 15:40:20.668719 dv-neutron-824446-1-hyperv devstack@placement-api.service[104281]: DEBUG placement.objects.research_context [req-9b72f071-a57f-4176-820f-687da4ffeb87 req-4f1c13ec-8372-4ab7-a8fb-d5cbb2961c9e service placement] getting providers with 1 VCPU {{(pid=104281) __init__ /opt/stack/placement/placement/objects/research_context.py:126}}
Jan 12 15:40:20.677524 dv-neutron-824446-1-hyperv devstack@placement-api.service[104281]: DEBUG placement.objects.research_context [req-9b72f071-a57f-4176-820f-687da4ffeb87 req-4f1c13ec-8372-4ab7-a8fb-d5cbb2961c9e service placement] found 1 providers with available 1024 MEMORY_MB {{(pid=104281) get_provider_ids_matching /opt/stack/placement/placement/objects/research_context.py:549}}
Jan 12 15:40:20.680218 dv-neutron-824446-1-hyperv devstack@placement-api.service[104281]: DEBUG placement.objects.research_context [req-9b72f071-a57f-4176-820f-687da4ffeb87 req-4f1c13ec-8372-4ab7-a8fb-d5cbb2961c9e service placement] found 1 providers with available 1 VCPU {{(pid=104281) get_provider_ids_matching /opt/stack/placement/placement/objects/research_context.py:549}}
Jan 12 15:40:20.681160 dv-neutron-824446-1-hyperv devstack@placement-api.service[104281]: DEBUG placement.objects.research_context [req-9b72f071-a57f-4176-820f-687da4ffeb87 req-4f1c13ec-8372-4ab7-a8fb-d5cbb2961c9e service placement] found 1 providers after filtering by previous result {{(pid=104281) get_provider_ids_matching /opt/stack/placement/placement/objects/research_context.py:580}}
Jan 12 15:40:20.707581 dv-neutron-824446-1-hyperv devstack@placement-api.service[104281]: DEBUG placement.objects.allocation_candidate [req-9b72f071-a57f-4176-820f-687da4ffeb87 req-4f1c13ec-8372-4ab7-a8fb-d5cbb2961c9e service placement] RequestGroup(use_same_provider=False, resources={MEMORY_MB:1024, VCPU:1}, traits=[], aggregates=[]) (suffix '') returned 1 matches {{(pid=104281) _get_by_requests /opt/stack/placement/placement/objects/allocation_candidate.py:145}}
Jan 12 15:40:20.707907 dv-neutron-824446-1-hyperv devstack@placement-api.service[104281]: DEBUG placement.objects.allocation_candidate [req-9b72f071-a57f-4176-820f-687da4ffeb87 req-4f1c13ec-8372-4ab7-a8fb-d5cbb2961c9e service placement] Merging candidates yields 1 allocation requests and 1 provider summaries {{(pid=104281) _merge_candidates /opt/stack/placement/placement/objects/allocation_candidate.py:783}}
Jan 12 15:40:20.713599 dv-neutron-824446-1-hyperv devstack@placement-api.service[104281]: INFO placement.requestlog [req-9b72f071-a57f-4176-820f-687da4ffeb87 req-4f1c13ec-8372-4ab7-a8fb-d5cbb2961c9e service placement] 10.222.0.47 "GET /placement/allocation_candidates?limit=1000&resources=MEMORY_MB%3A1024%2CVCPU%3A1&root_required=%21COMPUTE_STATUS_DISABLED" status: 200 len: 753 microversion: 1.36
Jan 12 15:40:20.714923 dv-neutron-824446-1-hyperv devstack@placement-api.service[104281]: [pid: 104281|app: 0|req: 23/42] 10.222.0.47 () {60 vars in 1478 bytes} [Wed Jan 12 15:40:20 2022] GET /placement/allocation_candidates?limit=1000&resources=MEMORY_MB%3A1024%2CVCPU%3A1&root_required=%21COMPUTE_STATUS_DISABLED => generated 753 bytes in 150 msecs (HTTP/1.1 200) 8 headers in 296 bytes (1 switches on core 0)
Jan 12 15:40:20.765440 dv-neutron-824446-1-hyperv devstack@placement-api.service[104280]: DEBUG placement.requestlog [req-9b72f071-a57f-4176-820f-687da4ffeb87 req-25851c2d-6bdc-4308-898c-0ba87794638f None None] Starting request: 10.222.0.47 "GET /placement/allocations/76df852f-ea0e-43c4-92a1-fd2d22aa3d57" {{(pid=104280) __call__ /opt/stack/placement/placement/requestlog.py:55}}
Jan 12 15:40:20.789039 dv-neutron-824446-1-hyperv devstack@placement-api.service[104280]: INFO placement.requestlog [req-9b72f071-a57f-4176-820f-687da4ffeb87 req-25851c2d-6bdc-4308-898c-0ba87794638f service placement] 10.222.0.47 "GET /placement/allocations/76df852f-ea0e-43c4-92a1-fd2d22aa3d57" status: 200 len: 19 microversion: 1.28
Jan 12 15:40:20.789430 dv-neutron-824446-1-hyperv devstack@placement-api.service[104280]: [pid: 104280|app: 0|req: 20/43] 10.222.0.47 () {60 vars in 1380 bytes} [Wed Jan 12 15:40:20 2022] GET /placement/allocations/76df852f-ea0e-43c4-92a1-fd2d22aa3d57 => generated 19 bytes in 25 msecs (HTTP/1.1 200) 8 headers in 295 bytes (2 switches on core 0)
Jan 12 15:40:20.798014 dv-neutron-824446-1-hyperv devstack@placement-api.service[104281]: DEBUG placement.requestlog [req-9b72f071-a57f-4176-820f-687da4ffeb87 req-364d87e4-111b-415e-860f-9cefd10a510b None None] Starting request: 10.222.0.47 "PUT /placement/allocations/76df852f-ea0e-43c4-92a1-fd2d22aa3d57" {{(pid=104281) __call__ /opt/stack/placement/placement/requestlog.py:55}}
Jan 12 15:40:21.185571 dv-neutron-824446-1-hyperv devstack@placement-api.service[104281]: DEBUG placement.handlers.allocation [req-9b72f071-a57f-4176-820f-687da4ffeb87 req-364d87e4-111b-415e-860f-9cefd10a510b service placement] Successfully wrote allocations [, ] {{(pid=104281) _update_consumers_and_create_allocations /opt/stack/placement/placement/handlers/allocation.py:462}}
Jan 12 15:40:21.280826 dv-neutron-824446-1-hyperv devstack@placement-api.service[104281]: INFO placement.requestlog [req-9b72f071-a57f-4176-820f-687da4ffeb87 req-364d87e4-111b-415e-860f-9cefd10a510b service placement] 10.222.0.47 "PUT /placement/allocations/76df852f-ea0e-43c4-92a1-fd2d22aa3d57" status: 204 len: 0 microversion: 1.36
Jan 12 15:40:21.281389 dv-neutron-824446-1-hyperv devstack@placement-api.service[104281]: [pid: 104281|app: 0|req: 24/44] 10.222.0.47 () {64 vars in 1433 bytes} [Wed Jan 12 15:40:20 2022] PUT /placement/allocations/76df852f-ea0e-43c4-92a1-fd2d22aa3d57 => generated 0 bytes in 485 msecs (HTTP/1.1 204) 5 headers in 199 bytes (1 switches on core 0)
Jan 12 15:40:21.539205 dv-neutron-824446-1-hyperv devstack@placement-api.service[104280]: DEBUG placement.requestlog [req-c4715982-7dd6-45bc-87e5-cfa902ffcbb3 req-40a50b88-2a3c-4e44-a1fc-b109eb9818f0 None None] Starting request: 10.222.0.46 "DELETE /placement/allocations/b30607bf-4b06-4834-ae95-f37b087201aa" {{(pid=104280) __call__ /opt/stack/placement/placement/requestlog.py:55}}
Jan 12 15:40:21.696947 dv-neutron-824446-1-hyperv devstack@placement-api.service[104280]: DEBUG placement.handlers.allocation [req-c4715982-7dd6-45bc-87e5-cfa902ffcbb3 req-40a50b88-2a3c-4e44-a1fc-b109eb9818f0 service placement] Successfully deleted allocations [, , ] {{(pid=104280) delete_allocations /opt/stack/placement/placement/handlers/allocation.py:627}}
Jan 12 15:40:21.697449 dv-neutron-824446-1-hyperv devstack@placement-api.service[104280]: INFO placement.requestlog [req-c4715982-7dd6-45bc-87e5-cfa902ffcbb3 req-40a50b88-2a3c-4e44-a1fc-b109eb9818f0 service placement] 10.222.0.46 "DELETE /placement/allocations/b30607bf-4b06-4834-ae95-f37b087201aa" status: 204 len: 0 microversion: 1.0
Jan 12 15:40:21.697838 dv-neutron-824446-1-hyperv devstack@placement-api.service[104280]: [pid: 104280|app: 0|req: 21/45] 10.222.0.46 () {60 vars in 1355 bytes} [Wed Jan 12 15:40:21 2022] DELETE /placement/allocations/b30607bf-4b06-4834-ae95-f37b087201aa => generated 0 bytes in 159 msecs (HTTP/1.1 204) 5 headers in 198 bytes (1 switches on core 0)
Jan 12 15:40:22.332989 dv-neutron-824446-1-hyperv devstack@placement-api.service[104281]: DEBUG placement.requestlog [req-9b72f071-a57f-4176-820f-687da4ffeb87 req-481691e0-da9f-4730-b05b-af49e8ab14a6 None None] Starting request: 10.222.0.46 "GET /placement/allocations/76df852f-ea0e-43c4-92a1-fd2d22aa3d57" {{(pid=104281) __call__ /opt/stack/placement/placement/requestlog.py:55}}
Jan 12 15:40:22.350938 dv-neutron-824446-1-hyperv devstack@placement-api.service[104281]: INFO placement.requestlog [req-9b72f071-a57f-4176-820f-687da4ffeb87 req-481691e0-da9f-4730-b05b-af49e8ab14a6 service placement] 10.222.0.46 "GET /placement/allocations/76df852f-ea0e-43c4-92a1-fd2d22aa3d57" status: 200 len: 244 microversion: 1.28
Jan 12 15:40:22.351483 dv-neutron-824446-1-hyperv devstack@placement-api.service[104281]: [pid: 104281|app: 0|req: 25/46] 10.222.0.46 () {60 vars in 1377 bytes} [Wed Jan 12 15:40:22 2022] GET /placement/allocations/76df852f-ea0e-43c4-92a1-fd2d22aa3d57 => generated 244 bytes in 19 msecs (HTTP/1.1 200) 8 headers in 296 bytes (1 switches on core 0)
Jan 12 15:40:42.441242 dv-neutron-824446-1-hyperv devstack@placement-api.service[104280]: DEBUG placement.requestlog [req-b1e2e92b-91ca-4c8a-9748-2e16ad672a59 req-af545eac-63c2-4759-9791-64f3326e55f4 None None] Starting request: 10.222.0.46 "GET /placement/resource_providers/ae4e62e4-37a8-4fb2-ba11-9372dc95fd41/allocations" {{(pid=104280) __call__ /opt/stack/placement/placement/requestlog.py:55}}
Jan 12 15:40:42.475002 dv-neutron-824446-1-hyperv devstack@placement-api.service[104280]: INFO placement.requestlog [req-b1e2e92b-91ca-4c8a-9748-2e16ad672a59 req-af545eac-63c2-4759-9791-64f3326e55f4 service placement] 10.222.0.46 "GET /placement/resource_providers/ae4e62e4-37a8-4fb2-ba11-9372dc95fd41/allocations" status: 200 len: 139 microversion: 1.0
Jan 12 15:40:42.475381 dv-neutron-824446-1-hyperv devstack@placement-api.service[104280]: [pid: 104280|app: 0|req: 22/47] 10.222.0.46 () {58 vars in 1390 bytes} [Wed Jan 12 15:40:42 2022] GET /placement/resource_providers/ae4e62e4-37a8-4fb2-ba11-9372dc95fd41/allocations => generated 139 bytes in 34 msecs (HTTP/1.1 200) 6 headers in 224 bytes (1 switches on core 0)
Jan 12 15:41:15.233489 dv-neutron-824446-1-hyperv devstack@placement-api.service[104281]: DEBUG placement.requestlog [req-f8966530-1d8d-4dda-9e7e-74661f9cfe6f req-30e3f8aa-768b-4d4a-a849-fa015fbfcefb None None] Starting request: 10.222.0.47 "GET /placement/allocation_candidates?limit=1000&resources=DISK_GB%3A1%2CMEMORY_MB%3A1024%2CVCPU%3A1&root_required=%21COMPUTE_STATUS_DISABLED" {{(pid=104281) __call__ /opt/stack/placement/placement/requestlog.py:55}}
Jan 12 15:41:15.277851 dv-neutron-824446-1-hyperv devstack@placement-api.service[104281]: DEBUG placement.objects.research_context [req-f8966530-1d8d-4dda-9e7e-74661f9cfe6f req-30e3f8aa-768b-4d4a-a849-fa015fbfcefb service placement] getting providers with 1 DISK_GB {{(pid=104281) __init__ /opt/stack/placement/placement/objects/research_context.py:126}}
Jan 12 15:41:15.279053 dv-neutron-824446-1-hyperv devstack@placement-api.service[104281]: DEBUG placement.objects.research_context [req-f8966530-1d8d-4dda-9e7e-74661f9cfe6f req-30e3f8aa-768b-4d4a-a849-fa015fbfcefb service placement] getting providers with 1024 MEMORY_MB {{(pid=104281) __init__ /opt/stack/placement/placement/objects/research_context.py:126}}
Jan 12 15:41:15.285687 dv-neutron-824446-1-hyperv devstack@placement-api.service[104281]: DEBUG placement.objects.research_context [req-f8966530-1d8d-4dda-9e7e-74661f9cfe6f req-30e3f8aa-768b-4d4a-a849-fa015fbfcefb service placement] getting providers with 1 VCPU {{(pid=104281) __init__ /opt/stack/placement/placement/objects/research_context.py:126}}
Jan 12 15:41:15.296506 dv-neutron-824446-1-hyperv devstack@placement-api.service[104281]: DEBUG placement.objects.research_context [req-f8966530-1d8d-4dda-9e7e-74661f9cfe6f req-30e3f8aa-768b-4d4a-a849-fa015fbfcefb service placement] found 1 providers with available 1 DISK_GB {{(pid=104281) get_provider_ids_matching /opt/stack/placement/placement/objects/research_context.py:549}}
Jan 12 15:41:15.297111 dv-neutron-824446-1-hyperv devstack@placement-api.service[104281]: DEBUG placement.objects.research_context [req-f8966530-1d8d-4dda-9e7e-74661f9cfe6f req-30e3f8aa-768b-4d4a-a849-fa015fbfcefb service placement] found 1 providers with available 1024 MEMORY_MB {{(pid=104281) get_provider_ids_matching /opt/stack/placement/placement/objects/research_context.py:549}}
Jan 12 15:41:15.297622 dv-neutron-824446-1-hyperv devstack@placement-api.service[104281]: DEBUG placement.objects.research_context [req-f8966530-1d8d-4dda-9e7e-74661f9cfe6f req-30e3f8aa-768b-4d4a-a849-fa015fbfcefb service placement] found 1 providers after filtering by previous result {{(pid=104281) get_provider_ids_matching /opt/stack/placement/placement/objects/research_context.py:580}}
Jan 12 15:41:15.298118 dv-neutron-824446-1-hyperv devstack@placement-api.service[104281]: DEBUG placement.objects.research_context [req-f8966530-1d8d-4dda-9e7e-74661f9cfe6f req-30e3f8aa-768b-4d4a-a849-fa015fbfcefb service placement] found 1 providers with available 1 VCPU {{(pid=104281) get_provider_ids_matching /opt/stack/placement/placement/objects/research_context.py:549}}
Jan 12 15:41:15.298814 dv-neutron-824446-1-hyperv devstack@placement-api.service[104281]: DEBUG placement.objects.research_context [req-f8966530-1d8d-4dda-9e7e-74661f9cfe6f req-30e3f8aa-768b-4d4a-a849-fa015fbfcefb service placement] found 1 providers after filtering by previous result {{(pid=104281) get_provider_ids_matching /opt/stack/placement/placement/objects/research_context.py:580}}
Jan 12 15:41:15.313026 dv-neutron-824446-1-hyperv devstack@placement-api.service[104281]: DEBUG placement.objects.allocation_candidate [req-f8966530-1d8d-4dda-9e7e-74661f9cfe6f req-30e3f8aa-768b-4d4a-a849-fa015fbfcefb service placement] RequestGroup(use_same_provider=False, resources={DISK_GB:1, MEMORY_MB:1024, VCPU:1}, traits=[], aggregates=[]) (suffix '') returned 1 matches {{(pid=104281) _get_by_requests /opt/stack/placement/placement/objects/allocation_candidate.py:145}}
Jan 12 15:41:15.313666 dv-neutron-824446-1-hyperv devstack@placement-api.service[104281]: DEBUG placement.objects.allocation_candidate [req-f8966530-1d8d-4dda-9e7e-74661f9cfe6f req-30e3f8aa-768b-4d4a-a849-fa015fbfcefb service placement] Merging candidates yields 1 allocation requests and 1 provider summaries {{(pid=104281) _merge_candidates /opt/stack/placement/placement/objects/allocation_candidate.py:783}}
Jan 12 15:41:15.315530 dv-neutron-824446-1-hyperv devstack@placement-api.service[104281]: INFO placement.requestlog [req-f8966530-1d8d-4dda-9e7e-74661f9cfe6f req-30e3f8aa-768b-4d4a-a849-fa015fbfcefb service placement] 10.222.0.47 "GET /placement/allocation_candidates?limit=1000&resources=DISK_GB%3A1%2CMEMORY_MB%3A1024%2CVCPU%3A1&root_required=%21COMPUTE_STATUS_DISABLED" status: 200 len: 767 microversion: 1.36
Jan 12 15:41:15.320147 dv-neutron-824446-1-hyperv devstack@placement-api.service[104281]: [pid: 104281|app: 0|req: 26/48] 10.222.0.47 () {60 vars in 1506 bytes} [Wed Jan 12 15:41:15 2022] GET /placement/allocation_candidates?limit=1000&resources=DISK_GB%3A1%2CMEMORY_MB%3A1024%2CVCPU%3A1&root_required=%21COMPUTE_STATUS_DISABLED => generated 767 bytes in 87 msecs (HTTP/1.1 200) 8 headers in 296 bytes (1 switches on core 0)
Jan 12 15:41:15.357179 dv-neutron-824446-1-hyperv devstack@placement-api.service[104280]: DEBUG placement.requestlog [req-f8966530-1d8d-4dda-9e7e-74661f9cfe6f req-fdea076a-cd7d-46f0-9d77-1f15851da5f7 None None] Starting request: 10.222.0.47 "GET /placement/allocations/441e9bd7-db94-4ba5-8424-e2ef123571ad" {{(pid=104280) __call__ /opt/stack/placement/placement/requestlog.py:55}}
Jan 12 15:41:15.370421 dv-neutron-824446-1-hyperv devstack@placement-api.service[104280]: INFO placement.requestlog [req-f8966530-1d8d-4dda-9e7e-74661f9cfe6f req-fdea076a-cd7d-46f0-9d77-1f15851da5f7 service placement] 10.222.0.47 "GET /placement/allocations/441e9bd7-db94-4ba5-8424-e2ef123571ad" status: 200 len: 19 microversion: 1.28
Jan 12 15:41:15.371445 dv-neutron-824446-1-hyperv devstack@placement-api.service[104280]: [pid: 104280|app: 0|req: 23/49] 10.222.0.47 () {60 vars in 1380 bytes} [Wed Jan 12 15:41:15 2022] GET /placement/allocations/441e9bd7-db94-4ba5-8424-e2ef123571ad => generated 19 bytes in 14 msecs (HTTP/1.1 200) 8 headers in 295 bytes (1 switches on core 0)
Jan 12 15:41:15.378676 dv-neutron-824446-1-hyperv devstack@placement-api.service[104281]: DEBUG placement.requestlog [req-f8966530-1d8d-4dda-9e7e-74661f9cfe6f req-b36191d8-fce3-4405-992c-5f8500cccf22 None None] Starting request: 10.222.0.47 "PUT /placement/allocations/441e9bd7-db94-4ba5-8424-e2ef123571ad" {{(pid=104281) __call__ /opt/stack/placement/placement/requestlog.py:55}}
