Jan 12 09:32:13.109616 dv-neutron-824346-1-hyperv neutron-server[87666]: DEBUG neutron.db.l3_hamode_db [None req-a7823802-a153-4995-8805-0f16b46d25bf None None] neutron.services.l3_router.l3_router_plugin.L3RouterPlugin method _process_sync_ha_data called with arguments (, [{'id': '0597e7b4-f3d3-4aaa-a9df-77ce3589e03a', 'name': 'tempest-ServersTestManualDisk-1875479056-router', 'tenant_id': '3cc823a812264b34a63384f9a88614d6', 'admin_state_up': True, 'status': 'ACTIVE', 'external_gateway_info': {'network_id': 'a0c71044-c202-4180-8447-4ec1d9a406cf', 'external_fixed_ips': [{'subnet_id': '4c3b2e47-be3b-4999-a552-bef9b6b07b7c', 'ip_address': '172.26.2.3'}], 'enable_snat': True}, 'gw_port_id': 'e63090c7-c2e0-4fd3-a0c2-9f2a8763c8fa', 'description': '', 'availability_zones': ['nova'], 'distributed': False, 'ha': False, 'ha_vr_id': 0, 'availability_zone_hints': [], 'routes': [], 'flavor_id': None, 'tags': [], 'created_at': '2022-01-12T09:32:03Z', 'updated_at': '2022-01-12T09:32:06Z', 'revision_number': 3, 'project_id': '3cc823a812264b34a63384f9a88614d6', 'gw_port': {'id': 'e63090c7-c2e0-4fd3-a0c2-9f2a8763c8fa', 'name': '', 'network_id': 'a0c71044-c202-4180-8447-4ec1d9a406cf', 'tenant_id': '', 'mac_address': 'fa:16:3e:99:86:44', 'admin_state_up': True, 'status': 'DOWN', 'device_id': '0597e7b4-f3d3-4aaa-a9df-77ce3589e03a', 'device_owner': 'network:router_gateway', 'standard_attr_id': 89, 'fixed_ips': [{'subnet_id': '4c3b2e47-be3b-4999-a552-bef9b6b07b7c', 'ip_address': '172.26.2.3', 'prefixlen': 24}], 'allowed_address_pairs': [], 'extra_dhcp_opts': [], 'security_groups': [], 'description': '', 'binding:vnic_type': 'normal', 'binding:profile': {}, 'binding:host_id': 'dv-neutron-824346-1-hyperv', 'binding:vif_type': 'ovs', 'binding:vif_details': {'connectivity': 'l2', 'port_filter': True, 'ovs_hybrid_plug': False, 'datapath_type': 'system', 'bridge_name': 'br-int'}, 'port_security_enabled': False, 'tags': [], 'created_at': '2022-01-12T09:32:05Z', 'updated_at': '2022-01-12T09:32:12Z', 'revision_number': 3, 'project_id': '', 'subnets': [{'id': '4c3b2e47-be3b-4999-a552-bef9b6b07b7c', 'cidr': '172.26.2.0/24', 'gateway_ip': '172.26.2.1', 'dns_nameservers': [], 'ipv6_ra_mode': None, 'subnetpool_id': None}], 'extra_subnets': [], 'address_scopes': {4: None, 6: None}, 'mtu': 1500}, 'enable_snat': True, 'gw_port_host': 'dv-neutron-824346-1-hyperv'}], 'dv-neutron-824346-1-hyperv', False) {} {{(pid=87666) wrapper /usr/local/lib/python3.8/dist-packages/oslo_log/helpers.py:65}}
Jan 12 09:32:13.117840 dv-neutron-824346-1-hyperv neutron-server[87666]: DEBUG neutron.api.rpc.handlers.l3_rpc [None req-a7823802-a153-4995-8805-0f16b46d25bf None None] The sync data for ids ['0597e7b4-f3d3-4aaa-a9df-77ce3589e03a'] in dv-neutron-824346-1-hyperv is: [{'id': '0597e7b4-f3d3-4aaa-a9df-77ce3589e03a', 'name': 'tempest-ServersTestManualDisk-1875479056-router', 'tenant_id': '3cc823a812264b34a63384f9a88614d6', 'admin_state_up': True, 'status': 'ACTIVE', 'external_gateway_info': {'network_id': 'a0c71044-c202-4180-8447-4ec1d9a406cf', 'external_fixed_ips': [{'subnet_id': '4c3b2e47-be3b-4999-a552-bef9b6b07b7c', 'ip_address': '172.26.2.3'}], 'enable_snat': True}, 'gw_port_id': 'e63090c7-c2e0-4fd3-a0c2-9f2a8763c8fa', 'description': '', 'availability_zones': ['nova'], 'distributed': False, 'ha': False, 'ha_vr_id': 0, 'availability_zone_hints': [], 'routes': [], 'flavor_id': None, 'tags': [], 'created_at': '2022-01-12T09:32:03Z', 'updated_at': '2022-01-12T09:32:06Z', 'revision_number': 3, 'project_id': '3cc823a812264b34a63384f9a88614d6', 'gw_port': {'id': 'e63090c7-c2e0-4fd3-a0c2-9f2a8763c8fa', 'name': '', 'network_id': 'a0c71044-c202-4180-8447-4ec1d9a406cf', 'tenant_id': '', 'mac_address': 'fa:16:3e:99:86:44', 'admin_state_up': True, 'status': 'DOWN', 'device_id': '0597e7b4-f3d3-4aaa-a9df-77ce3589e03a', 'device_owner': 'network:router_gateway', 'standard_attr_id': 89, 'fixed_ips': [{'subnet_id': '4c3b2e47-be3b-4999-a552-bef9b6b07b7c', 'ip_address': '172.26.2.3', 'prefixlen': 24}], 'allowed_address_pairs': [], 'extra_dhcp_opts': [], 'security_groups': [], 'description': '', 'binding:vnic_type': 'normal', 'binding:profile': {}, 'binding:host_id': 'dv-neutron-824346-1-hyperv', 'binding:vif_type': 'ovs', 'binding:vif_details': {'connectivity': 'l2', 'port_filter': True, 'ovs_hybrid_plug': False, 'datapath_type': 'system', 'bridge_name': 'br-int'}, 'port_security_enabled': False, 'tags': [], 'created_at': '2022-01-12T09:32:05Z', 'updated_at': '2022-01-12T09:32:12Z', 'revision_number': 3, 'project_id': '', 'subnets': [{'id': '4c3b2e47-be3b-4999-a552-bef9b6b07b7c', 'cidr': '172.26.2.0/24', 'gateway_ip': '172.26.2.1', 'dns_nameservers': [], 'ipv6_ra_mode': None, 'subnetpool_id': None}], 'extra_subnets': [], 'address_scopes': {4: None, 6: None}, 'mtu': 1500}, 'enable_snat': True, 'gw_port_host': 'dv-neutron-824346-1-hyperv'}] {{(pid=87666) sync_routers /opt/stack/neutron/neutron/api/rpc/handlers/l3_rpc.py:137}}
Jan 12 09:32:13.177661 dv-neutron-824346-1-hyperv neutron-server[87665]: DEBUG neutron.db.provisioning_blocks [None req-70497775-635b-4d95-b049-671dad051aa9 None None] Provisioning for port d1cd611a-4202-4c44-a604-ac0598480d15 completed by entity L2. {{(pid=87665) provisioning_complete /opt/stack/neutron/neutron/db/provisioning_blocks.py:133}}
Jan 12 09:32:13.192430 dv-neutron-824346-1-hyperv neutron-server[87665]: DEBUG neutron.db.provisioning_blocks [None req-70497775-635b-4d95-b049-671dad051aa9 None None] Provisioning complete for port d1cd611a-4202-4c44-a604-ac0598480d15 triggered by entity L2. {{(pid=87665) provisioning_complete /opt/stack/neutron/neutron/db/provisioning_blocks.py:139}}
Jan 12 09:32:13.192814 dv-neutron-824346-1-hyperv neutron-server[87665]: DEBUG neutron_lib.callbacks.manager [None req-70497775-635b-4d95-b049-671dad051aa9 None None] Notify callbacks ['neutron.plugins.ml2.plugin.Ml2Plugin._port_provisioned-4162114'] for port, provisioning_complete {{(pid=87665) _notify_loop /usr/local/lib/python3.8/dist-packages/neutron_lib/callbacks/manager.py:192}}
Jan 12 09:32:13.194740 dv-neutron-824346-1-hyperv neutron-server[87664]: DEBUG neutron.plugins.ml2.drivers.helpers [None req-21254354-d76a-401f-bc9a-e506f733bbe9 tempest-ExternalNetworksTestJSON-882315555 tempest-ExternalNetworksTestJSON-882315555-project-admin] vlan segment allocate from pool success with {'physical_network': 'physnet1', 'vlan_id': 542} {{(pid=87664) allocate_partially_specified_segment /opt/stack/neutron/neutron/plugins/ml2/drivers/helpers.py:153}}
Jan 12 09:32:13.197485 dv-neutron-824346-1-hyperv neutron-server[87664]: DEBUG neutron.plugins.ml2.drivers.mech_agent [None req-b476a3e8-8e91-4a21-bb77-b1c0f55b8a27 tempest-PortsAdminExtendedAttrsTestJSON-1309554138 tempest-PortsAdminExtendedAttrsTestJSON-1309554138-project-admin] Port 577529e8-2ec4-4956-9115-d3857632d011 on network d9c1e969-b760-4e3b-8ccf-eaf1608b977b not bound, no agent of type Open vSwitch agent registered on host hv-neutron-8243 {{(pid=87664) bind_port /opt/stack/neutron/neutron/plugins/ml2/drivers/mech_agent.py:98}}
Jan 12 09:32:13.197800 dv-neutron-824346-1-hyperv neutron-server[87664]: ERROR neutron.plugins.ml2.managers [None req-b476a3e8-8e91-4a21-bb77-b1c0f55b8a27 tempest-PortsAdminExtendedAttrsTestJSON-1309554138 tempest-PortsAdminExtendedAttrsTestJSON-1309554138-project-admin] Failed to bind port 577529e8-2ec4-4956-9115-d3857632d011 on host hv-neutron-8243 for vnic_type normal using segments [{'id': 'd13be91b-d1cd-401b-89b7-939b9cecbe23', 'network_type': 'vlan', 'physical_network': 'physnet1', 'segmentation_id': 546, 'network_id': 'd9c1e969-b760-4e3b-8ccf-eaf1608b977b'}]
Jan 12 09:32:13.201246 dv-neutron-824346-1-hyperv neutron-server[87663]: DEBUG neutron_lib.callbacks.manager [None req-0cc2f8f3-fa04-4c4d-8177-b006058d29d8 tempest-AllowedAddressPairIpV6TestJSON-1986814085 tempest-AllowedAddressPairIpV6TestJSON-1986814085-project] Notify callbacks ['neutron.services.l3_router.l3_router_plugin.L3_NAT_dbonly_mixin._precommit_delete_port_callback-984405'] for port, precommit_delete {{(pid=87663) _notify_loop /usr/local/lib/python3.8/dist-packages/neutron_lib/callbacks/manager.py:192}}
Jan 12 09:32:13.226803 dv-neutron-824346-1-hyperv neutron-server[87664]: INFO neutron.plugins.ml2.plugin [None req-b476a3e8-8e91-4a21-bb77-b1c0f55b8a27 tempest-PortsAdminExtendedAttrsTestJSON-1309554138 tempest-PortsAdminExtendedAttrsTestJSON-1309554138-project-admin] Attempt 7 to bind port 577529e8-2ec4-4956-9115-d3857632d011
Jan 12 09:32:13.370852 dv-neutron-824346-1-hyperv neutron-server[87663]: DEBUG neutron.plugins.ml2.plugin [None req-0cc2f8f3-fa04-4c4d-8177-b006058d29d8 tempest-AllowedAddressPairIpV6TestJSON-1986814085 tempest-AllowedAddressPairIpV6TestJSON-1986814085-project] Calling delete_port for abf1ad12-adf7-4899-a3b7-df2299b6dd1a owned by {{(pid=87663) delete_port /opt/stack/neutron/neutron/plugins/ml2/plugin.py:1987}}
Jan 12 09:32:13.434028 dv-neutron-824346-1-hyperv neutron-server[87665]: DEBUG neutron.plugins.ml2.db [None req-d294bda8-497d-481f-b799-369286c43703 None None] For port 37c53014-6ca8-48de-ab2a-7d59d27120af, host dv-neutron-824346-1-hyperv, cleared binding levels {{(pid=87665) clear_binding_levels /opt/stack/neutron/neutron/plugins/ml2/db.py:88}}
Jan 12 09:32:13.437748 dv-neutron-824346-1-hyperv neutron-server[87664]: DEBUG neutron_lib.callbacks.manager [None req-fbf687b2-64e0-4e81-8c36-ba0eccb3a310 admin admin] Notify callbacks [] for router_gateway, after_create {{(pid=87664) _notify_loop /usr/local/lib/python3.8/dist-packages/neutron_lib/callbacks/manager.py:192}}
Jan 12 09:32:13.466125 dv-neutron-824346-1-hyperv neutron-server[87665]: DEBUG neutron.plugins.ml2.db [None req-d294bda8-497d-481f-b799-369286c43703 None None] For port 37c53014-6ca8-48de-ab2a-7d59d27120af, host dv-neutron-824346-1-hyperv, set binding levels [PortBindingLevel(driver='openvswitch',host='dv-neutron-824346-1-hyperv',level=0,port_id=37c53014-6ca8-48de-ab2a-7d59d27120af,segment=NetworkSegment(4b3ddbfb-7379-4759-bba3-79bc5684bf42),segment_id=4b3ddbfb-7379-4759-bba3-79bc5684bf42)] {{(pid=87665) set_binding_levels /opt/stack/neutron/neutron/plugins/ml2/db.py:60}}
Jan 12 09:32:13.494146 dv-neutron-824346-1-hyperv neutron-server[87665]: DEBUG neutron_lib.callbacks.manager [None req-d294bda8-497d-481f-b799-369286c43703 None None] Notify callbacks ['neutron.plugins.ml2.plugin.SecurityGroupServerNotifierRpcMixin.notify_sg_on_port_change-3696440', 'neutron.plugins.ml2.ovo_rpc._ObjectChangeHandler.handle_event-478504', 'neutron.api.rpc.agentnotifiers.dhcp_rpc_agent_api.DhcpAgentNotifyAPI._native_event_send_dhcp_notification-527191', 'neutron.db.l3_db.L3RpcNotifierMixin._notify_gateway_port_ip_changed-8731691316435', 'neutron.db.l3_dvrscheduler_db._notify_l3_agent_port_update-8731690842350', 'neutron.db.l3_hascheduler_db._notify_l3_agent_ha_port_update-8731690845727'] for port, after_update {{(pid=87665) _notify_loop /usr/local/lib/python3.8/dist-packages/neutron_lib/callbacks/manager.py:192}}
Jan 12 09:32:13.529747 dv-neutron-824346-1-hyperv neutron-server[87663]: DEBUG neutron.api.rpc.handlers.resources_rpc [None req-003e7739-a9f1-4645-9bd9-13312576d774 tempest-FloatingIPAdminTestJSON-1079208218 tempest-FloatingIPAdminTestJSON-1079208218-project] Pushing event updated for resources: {'Network': ['ID=1d826b3d-9ac9-472c-87aa-fc2f8c3dc84f,revision_number=1']} {{(pid=87663) push /opt/stack/neutron/neutron/api/rpc/handlers/resources_rpc.py:237}}
Jan 12 09:32:13.540400 dv-neutron-824346-1-hyperv neutron-server[87665]: DEBUG neutron_lib.callbacks.manager [None req-220da6d8-566c-4f5f-a5b5-2e3afd612297 None None] Notify callbacks ['neutron.plugins.ml2.plugin.SecurityGroupDbMixin._ensure_default_security_group_handler-3696505'] for port, before_update {{(pid=87665) _notify_loop /usr/local/lib/python3.8/dist-packages/neutron_lib/callbacks/manager.py:192}}
Jan 12 09:32:13.542708 dv-neutron-824346-1-hyperv neutron-server[87663]: DEBUG neutron.api.rpc.agentnotifiers.l3_rpc_agent_api [None req-27d7efc2-8131-4c56-9cd3-93a842762fa1 admin admin] Notify agent at l3_agent.dv-neutron-824346-1-hyperv the message routers_updated {{(pid=87663) _agent_notification /opt/stack/neutron/neutron/api/rpc/agentnotifiers/l3_rpc_agent_api.py:68}}
Jan 12 09:32:13.546915 dv-neutron-824346-1-hyperv neutron-server[87664]: DEBUG neutron_lib.callbacks.manager [None req-21254354-d76a-401f-bc9a-e506f733bbe9 tempest-ExternalNetworksTestJSON-882315555 tempest-ExternalNetworksTestJSON-882315555-project-admin] Notify callbacks ['neutron.plugins.ml2.plugin.Ml2Plugin._handle_segment_change-4007166'] for segment, precommit_create {{(pid=87664) _notify_loop /usr/local/lib/python3.8/dist-packages/neutron_lib/callbacks/manager.py:192}}
Jan 12 09:32:13.547478 dv-neutron-824346-1-hyperv neutron-server[87664]: INFO neutron.db.segments_db [None req-21254354-d76a-401f-bc9a-e506f733bbe9 tempest-ExternalNetworksTestJSON-882315555 tempest-ExternalNetworksTestJSON-882315555-project-admin] Added segment 1165516b-b5fc-4664-8a6a-bfa1c035b0d8 of type vlan for network e563a27f-6599-4b7b-a04b-c318bdef87ec
Jan 12 09:32:13.560515 dv-neutron-824346-1-hyperv neutron-server[87663]: DEBUG neutron.api.rpc.handlers.resources_rpc [None req-003e7739-a9f1-4645-9bd9-13312576d774 tempest-FloatingIPAdminTestJSON-1079208218 tempest-FloatingIPAdminTestJSON-1079208218-project] Pushing event updated for resources: {'SecurityGroup': ['ID=271fcde8-957f-418f-9f18-8e3688b758f4,revision_number=1']} {{(pid=87663) push /opt/stack/neutron/neutron/api/rpc/handlers/resources_rpc.py:237}}
Jan 12 09:32:13.608247 dv-neutron-824346-1-hyperv neutron-server[87665]: DEBUG neutron.plugins.ml2.rpc [None req-70497775-635b-4d95-b049-671dad051aa9 None None] Network 1d826b3d-9ac9-472c-87aa-fc2f8c3dc84f details requested by agent ovs-agent-dv-neutron-824346-1-hyperv with host dv-neutron-824346-1-hyperv {{(pid=87665) get_network_details /opt/stack/neutron/neutron/plugins/ml2/rpc.py:232}}
Jan 12 09:32:13.624140 dv-neutron-824346-1-hyperv neutron-server[87665]: DEBUG neutron.api.rpc.handlers.l3_rpc [None req-3d431237-560e-47e9-9c8b-1647fc253766 None None] Sync routers for ids ['a62a2453-e1f0-4dbe-b283-3f2f6f3f1ba3'] in dv-neutron-824346-1-hyperv {{(pid=87665) sync_routers /opt/stack/neutron/neutron/api/rpc/handlers/l3_rpc.py:125}}
Jan 12 09:32:13.625871 dv-neutron-824346-1-hyperv neutron-server[87663]: DEBUG neutron_lib.callbacks.manager [None req-27d7efc2-8131-4c56-9cd3-93a842762fa1 admin admin] Notify callbacks [] for router, before_response {{(pid=87663) _notify_loop /usr/local/lib/python3.8/dist-packages/neutron_lib/callbacks/manager.py:192}}
Jan 12 09:32:13.627137 dv-neutron-824346-1-hyperv neutron-server[87663]: INFO neutron.wsgi [None req-27d7efc2-8131-4c56-9cd3-93a842762fa1 admin admin] 10.222.0.26 "POST /v2.0/routers HTTP/1.1" status: 201 len: 924 time: 7.4513805
Jan 12 09:32:13.644422 dv-neutron-824346-1-hyperv neutron-server[87663]: DEBUG neutron.wsgi [-] (87663) accepted ('10.222.0.26', 58318) {{(pid=87663) server /usr/local/lib/python3.8/dist-packages/eventlet/wsgi.py:992}}
Jan 12 09:32:13.656452 dv-neutron-824346-1-hyperv neutron-server[87664]: DEBUG neutron.plugins.ml2.managers [None req-b476a3e8-8e91-4a21-bb77-b1c0f55b8a27 tempest-PortsAdminExtendedAttrsTestJSON-1309554138 tempest-PortsAdminExtendedAttrsTestJSON-1309554138-project-admin] Attempting to bind port 577529e8-2ec4-4956-9115-d3857632d011 on host hv-neutron-8243 for vnic_type normal with profile {{(pid=87664) bind_port /opt/stack/neutron/neutron/plugins/ml2/managers.py:790}}
Jan 12 09:32:13.656452 dv-neutron-824346-1-hyperv neutron-server[87664]: DEBUG neutron.plugins.ml2.managers [None req-b476a3e8-8e91-4a21-bb77-b1c0f55b8a27 tempest-PortsAdminExtendedAttrsTestJSON-1309554138 tempest-PortsAdminExtendedAttrsTestJSON-1309554138-project-admin] Attempting to bind port 577529e8-2ec4-4956-9115-d3857632d011 by drivers openvswitch,hyperv on host hv-neutron-8243 at level 0 using segments [{'id': 'd13be91b-d1cd-401b-89b7-939b9cecbe23', 'network_type': 'vlan', 'physical_network': 'physnet1', 'segmentation_id': 546, 'network_id': 'd9c1e969-b760-4e3b-8ccf-eaf1608b977b'}] {{(pid=87664) _bind_port_level /opt/stack/neutron/neutron/plugins/ml2/managers.py:815}}
Jan 12 09:32:13.656452 dv-neutron-824346-1-hyperv neutron-server[87664]: DEBUG neutron.plugins.ml2.drivers.mech_agent [None req-b476a3e8-8e91-4a21-bb77-b1c0f55b8a27 tempest-PortsAdminExtendedAttrsTestJSON-1309554138 tempest-PortsAdminExtendedAttrsTestJSON-1309554138-project-admin] Attempting to bind port 577529e8-2ec4-4956-9115-d3857632d011 on network d9c1e969-b760-4e3b-8ccf-eaf1608b977b {{(pid=87664) bind_port /opt/stack/neutron/neutron/plugins/ml2/drivers/mech_agent.py:86}}
Jan 12 09:32:13.740812 dv-neutron-824346-1-hyperv neutron-server[87663]: DEBUG neutron.db.quota.driver [None req-84abf9a4-0616-4c95-b43b-2b438143162f tempest-FloatingIPAdminTestJSON-1079208218 tempest-FloatingIPAdminTestJSON-1079208218-project] Resources subnetpool have unlimited quota limit. It is not required to calculate headroom {{(pid=87663) make_reservation /opt/stack/neutron/neutron/db/quota/driver.py:219}}
Jan 12 09:32:13.744607 dv-neutron-824346-1-hyperv neutron-server[87663]: DEBUG neutron.quota.resource [None req-84abf9a4-0616-4c95-b43b-2b438143162f tempest-FloatingIPAdminTestJSON-1079208218 tempest-FloatingIPAdminTestJSON-1079208218-project] Usage tracker for resource:subnet and tenant:714b5a922d2b4dd6a255a7b932995853 is out of sync, need to count used quota {{(pid=87663) count_used /opt/stack/neutron/neutron/quota/resource.py:270}}
Jan 12 09:32:13.747432 dv-neutron-824346-1-hyperv neutron-server[87663]: DEBUG neutron.quota.resource [None req-84abf9a4-0616-4c95-b43b-2b438143162f tempest-FloatingIPAdminTestJSON-1079208218 tempest-FloatingIPAdminTestJSON-1079208218-project] Quota usage for subnet was recalculated. Used quota:0. {{(pid=87663) count_used /opt/stack/neutron/neutron/quota/resource.py:290}}
Jan 12 09:32:13.753857 dv-neutron-824346-1-hyperv neutron-server[87663]: DEBUG neutron.db.quota.driver [None req-84abf9a4-0616-4c95-b43b-2b438143162f tempest-FloatingIPAdminTestJSON-1079208218 tempest-FloatingIPAdminTestJSON-1079208218-project] Attempting to reserve 1 items for resource subnet. Total usage: 0; quota limit: 100; headroom:100 {{(pid=87663) make_reservation /opt/stack/neutron/neutron/db/quota/driver.py:246}}
Jan 12 09:32:13.779666 dv-neutron-824346-1-hyperv neutron-server[87665]: DEBUG neutron_lib.callbacks.manager [None req-70497775-635b-4d95-b049-671dad051aa9 None None] Notify callbacks ['neutron.plugins.ml2.plugin.SecurityGroupDbMixin._ensure_default_security_group_handler-3696505'] for port, before_update {{(pid=87665) _notify_loop /usr/local/lib/python3.8/dist-packages/neutron_lib/callbacks/manager.py:192}}
Jan 12 09:32:13.842998 dv-neutron-824346-1-hyperv neutron-server[87665]: DEBUG neutron.plugins.ml2.db [None req-220da6d8-566c-4f5f-a5b5-2e3afd612297 None None] For port cbada49c-dd30-4c65-bbbc-b87e738c8987, host dv-neutron-824346-1-hyperv, got binding levels [PortBindingLevel(driver='openvswitch',host='dv-neutron-824346-1-hyperv',level=0,port_id=cbada49c-dd30-4c65-bbbc-b87e738c8987,segment=NetworkSegment(20557c7a-8996-4656-87fd-fc2994379965),segment_id=20557c7a-8996-4656-87fd-fc2994379965)] {{(pid=87665) get_binding_level_objs /opt/stack/neutron/neutron/plugins/ml2/db.py:75}}
Jan 12 09:32:13.846132 dv-neutron-824346-1-hyperv neutron-server[87665]: DEBUG neutron.db.l3_dvrscheduler_db [None req-3d431237-560e-47e9-9c8b-1647fc253766 None None] Routers {'a62a2453-e1f0-4dbe-b283-3f2f6f3f1ba3'} bound to L3 agent in host dv-neutron-824346-1-hyperv {{(pid=87665) _get_router_ids_for_agent /opt/stack/neutron/neutron/db/l3_dvrscheduler_db.py:422}}
Jan 12 09:32:13.846678 dv-neutron-824346-1-hyperv neutron-server[87665]: DEBUG neutron.db.l3_hamode_db [None req-3d431237-560e-47e9-9c8b-1647fc253766 None None] neutron.services.l3_router.l3_router_plugin.L3RouterPlugin method get_ha_sync_data_for_host called with arguments (, 'dv-neutron-824346-1-hyperv', Agent(admin_state_up=True,agent_type='L3 agent',availability_zone='nova',binary='neutron-l3-agent',configurations={"agent_mode": "legacy", "ex_gw_ports": 1, "extensions": [], "floating_ips": 0, "handle_internal_only_routers": true, "interface_driver": "openvswitch", "interfaces": 1, "log_agent_heartbeats": false, "routers": 1},created_at=2022-01-12T09:23:39Z,description=,heartbeat_timestamp=2022-01-12T09:32:09Z,host='dv-neutron-824346-1-hyperv',id=a9c99030-1e48-415e-871c-8cf43e0ee8c3,load=0,resource_versions=,resources_synced=,started_at=2022-01-12T09:23:39Z,topic='l3_agent')) {'router_ids': ['a62a2453-e1f0-4dbe-b283-3f2f6f3f1ba3'], 'active': True} {{(pid=87665) wrapper /usr/local/lib/python3.8/dist-packages/oslo_log/helpers.py:65}}
Jan 12 09:32:13.877568 dv-neutron-824346-1-hyperv neutron-server[87663]: DEBUG neutron.pecan_wsgi.hooks.quota_enforcement [None req-84abf9a4-0616-4c95-b43b-2b438143162f tempest-FloatingIPAdminTestJSON-1079208218 tempest-FloatingIPAdminTestJSON-1079208218-project] Made reservation on behalf of 714b5a922d2b4dd6a255a7b932995853 for: {'subnet': 1} {{(pid=87663) before /opt/stack/neutron/neutron/pecan_wsgi/hooks/quota_enforcement.py:53}}
Jan 12 09:32:13.890885 dv-neutron-824346-1-hyperv neutron-server[87663]: DEBUG neutron_lib.callbacks.manager [None req-84abf9a4-0616-4c95-b43b-2b438143162f tempest-FloatingIPAdminTestJSON-1079208218 tempest-FloatingIPAdminTestJSON-1079208218-project] Notify callbacks [] for subnet, before_create {{(pid=87663) _notify_loop /usr/local/lib/python3.8/dist-packages/neutron_lib/callbacks/manager.py:192}}
Jan 12 09:32:14.002623 dv-neutron-824346-1-hyperv neutron-server[87664]: DEBUG neutron.plugins.ml2.drivers.mech_agent [None req-b476a3e8-8e91-4a21-bb77-b1c0f55b8a27 tempest-PortsAdminExtendedAttrsTestJSON-1309554138 tempest-PortsAdminExtendedAttrsTestJSON-1309554138-project-admin] Port 577529e8-2ec4-4956-9115-d3857632d011 on network d9c1e969-b760-4e3b-8ccf-eaf1608b977b not bound, no agent of type Open vSwitch agent registered on host hv-neutron-8243 {{(pid=87664) bind_port /opt/stack/neutron/neutron/plugins/ml2/drivers/mech_agent.py:98}}
Jan 12 09:32:14.002623 dv-neutron-824346-1-hyperv neutron-server[87664]: ERROR neutron.plugins.ml2.managers [None req-b476a3e8-8e91-4a21-bb77-b1c0f55b8a27 tempest-PortsAdminExtendedAttrsTestJSON-1309554138 tempest-PortsAdminExtendedAttrsTestJSON-1309554138-project-admin] Failed to bind port 577529e8-2ec4-4956-9115-d3857632d011 on host hv-neutron-8243 for vnic_type normal using segments [{'id': 'd13be91b-d1cd-401b-89b7-939b9cecbe23', 'network_type': 'vlan', 'physical_network': 'physnet1', 'segmentation_id': 546, 'network_id': 'd9c1e969-b760-4e3b-8ccf-eaf1608b977b'}]
Jan 12 09:32:14.024855 dv-neutron-824346-1-hyperv neutron-server[87665]: DEBUG neutron_lib.callbacks.manager [None req-220da6d8-566c-4f5f-a5b5-2e3afd612297 None None] Notify callbacks ['neutron.plugins.ml2.plugin.SecurityGroupServerNotifierRpcMixin.notify_sg_on_port_change-3696440', 'neutron.plugins.ml2.ovo_rpc._ObjectChangeHandler.handle_event-478504', 'neutron.api.rpc.agentnotifiers.dhcp_rpc_agent_api.DhcpAgentNotifyAPI._native_event_send_dhcp_notification-527191', 'neutron.db.l3_db.L3RpcNotifierMixin._notify_gateway_port_ip_changed-8731691316435', 'neutron.db.l3_dvrscheduler_db._notify_l3_agent_port_update-8731690842350', 'neutron.db.l3_hascheduler_db._notify_l3_agent_ha_port_update-8731690845727'] for port, after_update {{(pid=87665) _notify_loop /usr/local/lib/python3.8/dist-packages/neutron_lib/callbacks/manager.py:192}}
Jan 12 09:32:14.056700 dv-neutron-824346-1-hyperv neutron-server[87664]: INFO neutron.plugins.ml2.plugin [None req-b476a3e8-8e91-4a21-bb77-b1c0f55b8a27 tempest-PortsAdminExtendedAttrsTestJSON-1309554138 tempest-PortsAdminExtendedAttrsTestJSON-1309554138-project-admin] Attempt 8 to bind port 577529e8-2ec4-4956-9115-d3857632d011
Jan 12 09:32:14.076759 dv-neutron-824346-1-hyperv neutron-server[87665]: DEBUG neutron.api.rpc.handlers.resources_rpc [None req-d294bda8-497d-481f-b799-369286c43703 None None] Pushing event updated for resources: {'Port': ['ID=37c53014-6ca8-48de-ab2a-7d59d27120af,revision_number=2']} {{(pid=87665) push /opt/stack/neutron/neutron/api/rpc/handlers/resources_rpc.py:237}}
Jan 12 09:32:14.164143 dv-neutron-824346-1-hyperv neutron-server[87664]: DEBUG neutron.plugins.ml2.managers [None req-b476a3e8-8e91-4a21-bb77-b1c0f55b8a27 tempest-PortsAdminExtendedAttrsTestJSON-1309554138 tempest-PortsAdminExtendedAttrsTestJSON-1309554138-project-admin] Attempting to bind port 577529e8-2ec4-4956-9115-d3857632d011 on host hv-neutron-8243 for vnic_type normal with profile {{(pid=87664) bind_port /opt/stack/neutron/neutron/plugins/ml2/managers.py:790}}
Jan 12 09:32:14.164471 dv-neutron-824346-1-hyperv neutron-server[87664]: DEBUG neutron.plugins.ml2.managers [None req-b476a3e8-8e91-4a21-bb77-b1c0f55b8a27 tempest-PortsAdminExtendedAttrsTestJSON-1309554138 tempest-PortsAdminExtendedAttrsTestJSON-1309554138-project-admin] Attempting to bind port 577529e8-2ec4-4956-9115-d3857632d011 by drivers openvswitch,hyperv on host hv-neutron-8243 at level 0 using segments [{'id': 'd13be91b-d1cd-401b-89b7-939b9cecbe23', 'network_type': 'vlan', 'physical_network': 'physnet1', 'segmentation_id': 546, 'network_id': 'd9c1e969-b760-4e3b-8ccf-eaf1608b977b'}] {{(pid=87664) _bind_port_level /opt/stack/neutron/neutron/plugins/ml2/managers.py:815}}
Jan 12 09:32:14.164800 dv-neutron-824346-1-hyperv neutron-server[87664]: DEBUG neutron.plugins.ml2.drivers.mech_agent [None req-b476a3e8-8e91-4a21-bb77-b1c0f55b8a27 tempest-PortsAdminExtendedAttrsTestJSON-1309554138 tempest-PortsAdminExtendedAttrsTestJSON-1309554138-project-admin] Attempting to bind port 577529e8-2ec4-4956-9115-d3857632d011 on network d9c1e969-b760-4e3b-8ccf-eaf1608b977b {{(pid=87664) bind_port /opt/stack/neutron/neutron/plugins/ml2/drivers/mech_agent.py:86}}
Jan 12 09:32:14.182506 dv-neutron-824346-1-hyperv neutron-server[87665]: DEBUG neutron.plugins.ml2.db [None req-70497775-635b-4d95-b049-671dad051aa9 None None] For port d1cd611a-4202-4c44-a604-ac0598480d15, host dv-neutron-824346-1-hyperv, got binding levels [PortBindingLevel(driver='openvswitch',host='dv-neutron-824346-1-hyperv',level=0,port_id=d1cd611a-4202-4c44-a604-ac0598480d15,segment=NetworkSegment(ebcf5ac1-d6c7-4f32-8ed7-bbc34f11b4f6),segment_id=ebcf5ac1-d6c7-4f32-8ed7-bbc34f11b4f6)] {{(pid=87665) get_binding_level_objs /opt/stack/neutron/neutron/plugins/ml2/db.py:75}}
Jan 12 09:32:14.199484 dv-neutron-824346-1-hyperv neutron-server[87664]: DEBUG neutron_lib.callbacks.manager [None req-21254354-d76a-401f-bc9a-e506f733bbe9 tempest-ExternalNetworksTestJSON-882315555 tempest-ExternalNetworksTestJSON-882315555-project-admin] Notify callbacks ['neutron.services.auto_allocate.db._ensure_external_network_default_value_callback-8731690831198'] for network, precommit_create {{(pid=87664) _notify_loop /usr/local/lib/python3.8/dist-packages/neutron_lib/callbacks/manager.py:192}}
Jan 12 09:32:14.231252 dv-neutron-824346-1-hyperv neutron-server[87664]: DEBUG neutron.plugins.ml2.drivers.mech_agent [None req-b476a3e8-8e91-4a21-bb77-b1c0f55b8a27 tempest-PortsAdminExtendedAttrsTestJSON-1309554138 tempest-PortsAdminExtendedAttrsTestJSON-1309554138-project-admin] Port 577529e8-2ec4-4956-9115-d3857632d011 on network d9c1e969-b760-4e3b-8ccf-eaf1608b977b not bound, no agent of type Open vSwitch agent registered on host hv-neutron-8243 {{(pid=87664) bind_port /opt/stack/neutron/neutron/plugins/ml2/drivers/mech_agent.py:98}}
Jan 12 09:32:14.231739 dv-neutron-824346-1-hyperv neutron-server[87664]: ERROR neutron.plugins.ml2.managers [None req-b476a3e8-8e91-4a21-bb77-b1c0f55b8a27 tempest-PortsAdminExtendedAttrsTestJSON-1309554138 tempest-PortsAdminExtendedAttrsTestJSON-1309554138-project-admin] Failed to bind port 577529e8-2ec4-4956-9115-d3857632d011 on host hv-neutron-8243 for vnic_type normal using segments [{'id': 'd13be91b-d1cd-401b-89b7-939b9cecbe23', 'network_type': 'vlan', 'physical_network': 'physnet1', 'segmentation_id': 546, 'network_id': 'd9c1e969-b760-4e3b-8ccf-eaf1608b977b'}]
Jan 12 09:32:14.239283 dv-neutron-824346-1-hyperv neutron-server[87664]: INFO neutron.plugins.ml2.plugin [None req-b476a3e8-8e91-4a21-bb77-b1c0f55b8a27 tempest-PortsAdminExtendedAttrsTestJSON-1309554138 tempest-PortsAdminExtendedAttrsTestJSON-1309554138-project-admin] Attempt 9 to bind port 577529e8-2ec4-4956-9115-d3857632d011
Jan 12 09:32:14.306847 dv-neutron-824346-1-hyperv neutron-server[87665]: DEBUG neutron_lib.callbacks.manager [None req-70497775-635b-4d95-b049-671dad051aa9 None None] Notify callbacks ['neutron.plugins.ml2.plugin.SecurityGroupServerNotifierRpcMixin.notify_sg_on_port_change-3696440', 'neutron.plugins.ml2.ovo_rpc._ObjectChangeHandler.handle_event-478504', 'neutron.api.rpc.agentnotifiers.dhcp_rpc_agent_api.DhcpAgentNotifyAPI._native_event_send_dhcp_notification-527191', 'neutron.db.l3_db.L3RpcNotifierMixin._notify_gateway_port_ip_changed-8731691316435', 'neutron.db.l3_dvrscheduler_db._notify_l3_agent_port_update-8731690842350', 'neutron.db.l3_hascheduler_db._notify_l3_agent_ha_port_update-8731690845727'] for port, after_update {{(pid=87665) _notify_loop /usr/local/lib/python3.8/dist-packages/neutron_lib/callbacks/manager.py:192}}
Jan 12 09:32:14.307621 dv-neutron-824346-1-hyperv neutron-server[87665]: DEBUG neutron.plugins.ml2.rpc [None req-70497775-635b-4d95-b049-671dad051aa9 None None] Device 13c5cbe7-6f81-4b7e-ad5a-abf4de6697f0 up at agent ovs-agent-dv-neutron-824346-1-hyperv {{(pid=87665) update_device_up /opt/stack/neutron/neutron/plugins/ml2/rpc.py:278}}
Jan 12 09:32:14.391540 dv-neutron-824346-1-hyperv neutron-server[87665]: DEBUG neutron.db.l3_dvr_db [None req-3d431237-560e-47e9-9c8b-1647fc253766 None None] Set router a62a2453-e1f0-4dbe-b283-3f2f6f3f1ba3 gateway port host: dv-neutron-824346-1-hyperv {{(pid=87665) _build_routers_list /opt/stack/neutron/neutron/db/l3_dvr_db.py:875}}
Jan 12 09:32:14.391720 dv-neutron-824346-1-hyperv neutron-server[87664]: DEBUG neutron.plugins.ml2.managers [None req-b476a3e8-8e91-4a21-bb77-b1c0f55b8a27 tempest-PortsAdminExtendedAttrsTestJSON-1309554138 tempest-PortsAdminExtendedAttrsTestJSON-1309554138-project-admin] Attempting to bind port 577529e8-2ec4-4956-9115-d3857632d011 on host hv-neutron-8243 for vnic_type normal with profile {{(pid=87664) bind_port /opt/stack/neutron/neutron/plugins/ml2/managers.py:790}}
Jan 12 09:32:14.392061 dv-neutron-824346-1-hyperv neutron-server[87664]: DEBUG neutron.plugins.ml2.managers [None req-b476a3e8-8e91-4a21-bb77-b1c0f55b8a27 tempest-PortsAdminExtendedAttrsTestJSON-1309554138 tempest-PortsAdminExtendedAttrsTestJSON-1309554138-project-admin] Attempting to bind port 577529e8-2ec4-4956-9115-d3857632d011 by drivers openvswitch,hyperv on host hv-neutron-8243 at level 0 using segments [{'id': 'd13be91b-d1cd-401b-89b7-939b9cecbe23', 'network_type': 'vlan', 'physical_network': 'physnet1', 'segmentation_id': 546, 'network_id': 'd9c1e969-b760-4e3b-8ccf-eaf1608b977b'}] {{(pid=87664) _bind_port_level /opt/stack/neutron/neutron/plugins/ml2/managers.py:815}}
Jan 12 09:32:14.392655 dv-neutron-824346-1-hyperv neutron-server[87664]: DEBUG neutron.plugins.ml2.drivers.mech_agent [None req-b476a3e8-8e91-4a21-bb77-b1c0f55b8a27 tempest-PortsAdminExtendedAttrsTestJSON-1309554138 tempest-PortsAdminExtendedAttrsTestJSON-1309554138-project-admin] Attempting to bind port 577529e8-2ec4-4956-9115-d3857632d011 on network d9c1e969-b760-4e3b-8ccf-eaf1608b977b {{(pid=87664) bind_port /opt/stack/neutron/neutron/plugins/ml2/drivers/mech_agent.py:86}}
Jan 12 09:32:14.444938 dv-neutron-824346-1-hyperv neutron-server[87664]: DEBUG neutron.plugins.ml2.drivers.mech_agent [None req-b476a3e8-8e91-4a21-bb77-b1c0f55b8a27 tempest-PortsAdminExtendedAttrsTestJSON-1309554138 tempest-PortsAdminExtendedAttrsTestJSON-1309554138-project-admin] Port 577529e8-2ec4-4956-9115-d3857632d011 on network d9c1e969-b760-4e3b-8ccf-eaf1608b977b not bound, no agent of type Open vSwitch agent registered on host hv-neutron-8243 {{(pid=87664) bind_port /opt/stack/neutron/neutron/plugins/ml2/drivers/mech_agent.py:98}}
Jan 12 09:32:14.445175 dv-neutron-824346-1-hyperv neutron-server[87664]: ERROR neutron.plugins.ml2.managers [None req-b476a3e8-8e91-4a21-bb77-b1c0f55b8a27 tempest-PortsAdminExtendedAttrsTestJSON-1309554138 tempest-PortsAdminExtendedAttrsTestJSON-1309554138-project-admin] Failed to bind port 577529e8-2ec4-4956-9115-d3857632d011 on host hv-neutron-8243 for vnic_type normal using segments [{'id': 'd13be91b-d1cd-401b-89b7-939b9cecbe23', 'network_type': 'vlan', 'physical_network': 'physnet1', 'segmentation_id': 546, 'network_id': 'd9c1e969-b760-4e3b-8ccf-eaf1608b977b'}]
Jan 12 09:32:14.464118 dv-neutron-824346-1-hyperv neutron-server[87664]: INFO neutron.plugins.ml2.plugin [None req-b476a3e8-8e91-4a21-bb77-b1c0f55b8a27 tempest-PortsAdminExtendedAttrsTestJSON-1309554138 tempest-PortsAdminExtendedAttrsTestJSON-1309554138-project-admin] Attempt 10 to bind port 577529e8-2ec4-4956-9115-d3857632d011
Jan 12 09:32:14.487568 dv-neutron-824346-1-hyperv neutron-server[87664]: DEBUG neutron_lib.callbacks.manager [None req-9c113976-c7cb-4aa7-98a0-27ef3d57218c tempest-DHCPAgentSchedulersTestJSON-2112525505 tempest-DHCPAgentSchedulersTestJSON-2112525505-project] Notify callbacks [] for port, precommit_create {{(pid=87664) _notify_loop /usr/local/lib/python3.8/dist-packages/neutron_lib/callbacks/manager.py:192}}
Jan 12 09:32:14.507940 dv-neutron-824346-1-hyperv neutron-server[87664]: DEBUG neutron_lib.callbacks.manager [None req-e2214ab5-108c-4dda-a58f-e0ada890564f admin admin] Notify callbacks ['neutron.plugins.ml2.plugin.SecurityGroupDbMixin._ensure_default_security_group_handler-3696505'] for port, before_create {{(pid=87664) _notify_loop /usr/local/lib/python3.8/dist-packages/neutron_lib/callbacks/manager.py:192}}
Jan 12 09:32:14.532001 dv-neutron-824346-1-hyperv neutron-server[87664]: DEBUG neutron.plugins.ml2.managers [None req-b476a3e8-8e91-4a21-bb77-b1c0f55b8a27 tempest-PortsAdminExtendedAttrsTestJSON-1309554138 tempest-PortsAdminExtendedAttrsTestJSON-1309554138-project-admin] Attempting to bind port 577529e8-2ec4-4956-9115-d3857632d011 on host hv-neutron-8243 for vnic_type normal with profile {{(pid=87664) bind_port /opt/stack/neutron/neutron/plugins/ml2/managers.py:790}}
Jan 12 09:32:14.532361 dv-neutron-824346-1-hyperv neutron-server[87664]: DEBUG neutron.plugins.ml2.managers [None req-b476a3e8-8e91-4a21-bb77-b1c0f55b8a27 tempest-PortsAdminExtendedAttrsTestJSON-1309554138 tempest-PortsAdminExtendedAttrsTestJSON-1309554138-project-admin] Attempting to bind port 577529e8-2ec4-4956-9115-d3857632d011 by drivers openvswitch,hyperv on host hv-neutron-8243 at level 0 using segments [{'id': 'd13be91b-d1cd-401b-89b7-939b9cecbe23', 'network_type': 'vlan', 'physical_network': 'physnet1', 'segmentation_id': 546, 'network_id': 'd9c1e969-b760-4e3b-8ccf-eaf1608b977b'}] {{(pid=87664) _bind_port_level /opt/stack/neutron/neutron/plugins/ml2/managers.py:815}}
Jan 12 09:32:14.533073 dv-neutron-824346-1-hyperv neutron-server[87664]: DEBUG neutron.plugins.ml2.drivers.mech_agent [None req-b476a3e8-8e91-4a21-bb77-b1c0f55b8a27 tempest-PortsAdminExtendedAttrsTestJSON-1309554138 tempest-PortsAdminExtendedAttrsTestJSON-1309554138-project-admin] Attempting to bind port 577529e8-2ec4-4956-9115-d3857632d011 on network d9c1e969-b760-4e3b-8ccf-eaf1608b977b {{(pid=87664) bind_port /opt/stack/neutron/neutron/plugins/ml2/drivers/mech_agent.py:86}}
Jan 12 09:32:14.599358 dv-neutron-824346-1-hyperv neutron-server[87663]: DEBUG neutron_lib.callbacks.manager [None req-84abf9a4-0616-4c95-b43b-2b438143162f tempest-FloatingIPAdminTestJSON-1079208218 tempest-FloatingIPAdminTestJSON-1079208218-project] Notify callbacks ['neutron.plugins.ml2.ovo_rpc._ObjectChangeHandler.handle_event-576280', 'neutron.api.rpc.agentnotifiers.dhcp_rpc_agent_api.DhcpAgentNotifyAPI._native_event_send_dhcp_notification-527191'] for subnet, after_create {{(pid=87663) _notify_loop /usr/local/lib/python3.8/dist-packages/neutron_lib/callbacks/manager.py:192}}
Jan 12 09:32:14.615587 dv-neutron-824346-1-hyperv neutron-server[87664]: DEBUG neutron.db.provisioning_blocks [None req-9c113976-c7cb-4aa7-98a0-27ef3d57218c tempest-DHCPAgentSchedulersTestJSON-2112525505 tempest-DHCPAgentSchedulersTestJSON-2112525505-project] Transition to ACTIVE for port object 2b111813-74e1-448b-adb7-618c53454c9c will not be triggered until provisioned by entity DHCP. {{(pid=87664) add_provisioning_component /opt/stack/neutron/neutron/db/provisioning_blocks.py:73}}
Jan 12 09:32:14.630111 dv-neutron-824346-1-hyperv neutron-server[87664]: DEBUG neutron.plugins.ml2.drivers.mech_agent [None req-b476a3e8-8e91-4a21-bb77-b1c0f55b8a27 tempest-PortsAdminExtendedAttrsTestJSON-1309554138 tempest-PortsAdminExtendedAttrsTestJSON-1309554138-project-admin] Port 577529e8-2ec4-4956-9115-d3857632d011 on network d9c1e969-b760-4e3b-8ccf-eaf1608b977b not bound, no agent of type Open vSwitch agent registered on host hv-neutron-8243 {{(pid=87664) bind_port /opt/stack/neutron/neutron/plugins/ml2/drivers/mech_agent.py:98}}
Jan 12 09:32:14.630437 dv-neutron-824346-1-hyperv neutron-server[87664]: ERROR neutron.plugins.ml2.managers [None req-b476a3e8-8e91-4a21-bb77-b1c0f55b8a27 tempest-PortsAdminExtendedAttrsTestJSON-1309554138 tempest-PortsAdminExtendedAttrsTestJSON-1309554138-project-admin] Failed to bind port 577529e8-2ec4-4956-9115-d3857632d011 on host hv-neutron-8243 for vnic_type normal using segments [{'id': 'd13be91b-d1cd-401b-89b7-939b9cecbe23', 'network_type': 'vlan', 'physical_network': 'physnet1', 'segmentation_id': 546, 'network_id': 'd9c1e969-b760-4e3b-8ccf-eaf1608b977b'}]
Jan 12 09:32:14.630797 dv-neutron-824346-1-hyperv neutron-server[87664]: DEBUG neutron_lib.callbacks.manager [None req-b476a3e8-8e91-4a21-bb77-b1c0f55b8a27 tempest-PortsAdminExtendedAttrsTestJSON-1309554138 tempest-PortsAdminExtendedAttrsTestJSON-1309554138-project-admin] Notify callbacks ['neutron.plugins.ml2.plugin.SecurityGroupDbMixin._ensure_default_security_group_handler-3696505'] for port, before_update {{(pid=87664) _notify_loop /usr/local/lib/python3.8/dist-packages/neutron_lib/callbacks/manager.py:192}}
Jan 12 09:32:14.642888 dv-neutron-824346-1-hyperv neutron-server[87663]: DEBUG neutron_lib.callbacks.manager [None req-0cc2f8f3-fa04-4c4d-8177-b006058d29d8 tempest-AllowedAddressPairIpV6TestJSON-1986814085 tempest-AllowedAddressPairIpV6TestJSON-1986814085-project] Notify callbacks ['neutron.plugins.ml2.plugin.SecurityGroupServerNotifierRpcMixin.notify_sg_on_port_change-3696440', 'neutron.plugins.ml2.ovo_rpc._ObjectChangeHandler.handle_event-478504', 'neutron.api.rpc.agentnotifiers.dhcp_rpc_agent_api.DhcpAgentNotifyAPI._native_event_send_dhcp_notification-527191', 'neutron.db.l3_db.L3RpcNotifierMixin._notify_routers_callback-8731691316462', 'neutron.db.l3_dvrscheduler_db._notify_port_delete-8731690842341'] for port, after_delete {{(pid=87663) _notify_loop /usr/local/lib/python3.8/dist-packages/neutron_lib/callbacks/manager.py:192}}
Jan 12 09:32:14.646209 dv-neutron-824346-1-hyperv neutron-server[87664]: DEBUG neutron_lib.callbacks.manager [None req-21254354-d76a-401f-bc9a-e506f733bbe9 tempest-ExternalNetworksTestJSON-882315555 tempest-ExternalNetworksTestJSON-882315555-project-admin] Notify callbacks ['neutron.plugins.ml2.ovo_rpc._ObjectChangeHandler.handle_event-573872', 'neutron.api.rpc.agentnotifiers.dhcp_rpc_agent_api.DhcpAgentNotifyAPI._native_event_send_dhcp_notification-527191'] for network, after_create {{(pid=87664) _notify_loop /usr/local/lib/python3.8/dist-packages/neutron_lib/callbacks/manager.py:192}}
Jan 12 09:32:14.648068 dv-neutron-824346-1-hyperv neutron-server[87664]: DEBUG neutron.pecan_wsgi.hooks.policy_enforcement [None req-21254354-d76a-401f-bc9a-e506f733bbe9 tempest-ExternalNetworksTestJSON-882315555 tempest-ExternalNetworksTestJSON-882315555-project-admin] Attributes excluded by policy engine: ['standard_attr_id', 'vlan_transparent'] {{(pid=87664) _exclude_attributes_by_policy /opt/stack/neutron/neutron/pecan_wsgi/hooks/policy_enforcement.py:255}}
Jan 12 09:32:14.648665 dv-neutron-824346-1-hyperv neutron-server[87664]: DEBUG neutron_lib.callbacks.manager [None req-21254354-d76a-401f-bc9a-e506f733bbe9 tempest-ExternalNetworksTestJSON-882315555 tempest-ExternalNetworksTestJSON-882315555-project-admin] Notify callbacks ['neutron.api.rpc.agentnotifiers.dhcp_rpc_agent_api.DhcpAgentNotifyAPI._send_dhcp_notification-527173'] for network, before_response {{(pid=87664) _notify_loop /usr/local/lib/python3.8/dist-packages/neutron_lib/callbacks/manager.py:192}}
Jan 12 09:32:14.675046 dv-neutron-824346-1-hyperv neutron-server[87665]: DEBUG neutron.db.provisioning_blocks [None req-db68e28e-1be8-4ff4-aca5-b611c3e9e869 None None] Provisioning complete for port d1cd611a-4202-4c44-a604-ac0598480d15 triggered by entity DHCP. {{(pid=87665) provisioning_complete /opt/stack/neutron/neutron/db/provisioning_blocks.py:139}}
Jan 12 09:32:14.675585 dv-neutron-824346-1-hyperv neutron-server[87665]: DEBUG neutron_lib.callbacks.manager [None req-db68e28e-1be8-4ff4-aca5-b611c3e9e869 None None] Notify callbacks ['neutron.plugins.ml2.plugin.Ml2Plugin._port_provisioned-4162114'] for port, provisioning_complete {{(pid=87665) _notify_loop /usr/local/lib/python3.8/dist-packages/neutron_lib/callbacks/manager.py:192}}
Jan 12 09:32:14.723797 dv-neutron-824346-1-hyperv neutron-server[87665]: DEBUG neutron.api.rpc.handlers.resources_rpc [None req-220da6d8-566c-4f5f-a5b5-2e3afd612297 None None] Pushing event updated for resources: {'Port': ['ID=cbada49c-dd30-4c65-bbbc-b87e738c8987,revision_number=3']} {{(pid=87665) push /opt/stack/neutron/neutron/api/rpc/handlers/resources_rpc.py:237}}
Jan 12 09:32:14.806151 dv-neutron-824346-1-hyperv neutron-server[87664]: DEBUG neutron_lib.callbacks.manager [None req-fbf687b2-64e0-4e81-8c36-ba0eccb3a310 admin admin] Notify callbacks ['neutron.services.l3_router.l3_router_plugin.L3_HA_NAT_db_mixin._after_router_create-588117', 'neutron.services.l3_router.l3_router_plugin.DVRResourceOperationHandler._create_snat_interfaces_after_change-588248'] for router, after_create {{(pid=87664) _notify_loop /usr/local/lib/python3.8/dist-packages/neutron_lib/callbacks/manager.py:192}}
Jan 12 09:32:14.825934 dv-neutron-824346-1-hyperv neutron-server[87665]: DEBUG neutron.api.rpc.handlers.resources_rpc [None req-70497775-635b-4d95-b049-671dad051aa9 None None] Pushing event updated for resources: {'Port': ['ID=d1cd611a-4202-4c44-a604-ac0598480d15,revision_number=3']} {{(pid=87665) push /opt/stack/neutron/neutron/api/rpc/handlers/resources_rpc.py:237}}
Jan 12 09:32:14.839052 dv-neutron-824346-1-hyperv neutron-server[87664]: INFO neutron.wsgi [None req-21254354-d76a-401f-bc9a-e506f733bbe9 tempest-ExternalNetworksTestJSON-882315555 tempest-ExternalNetworksTestJSON-882315555-project-admin] 10.222.0.26 "POST /v2.0/networks HTTP/1.1" status: 201 len: 836 time: 2.7435350
Jan 12 09:32:14.887926 dv-neutron-824346-1-hyperv neutron-server[87663]: DEBUG neutron.api.rpc.handlers.resources_rpc [None req-84abf9a4-0616-4c95-b43b-2b438143162f tempest-FloatingIPAdminTestJSON-1079208218 tempest-FloatingIPAdminTestJSON-1079208218-project] Pushing event updated for resources: {'Subnet': ['ID=9dadf753-25d1-48b8-8e7e-1ae8ed929160,revision_number=0']} {{(pid=87663) push /opt/stack/neutron/neutron/api/rpc/handlers/resources_rpc.py:237}}
Jan 12 09:32:14.891145 dv-neutron-824346-1-hyperv neutron-server[87663]: DEBUG neutron.api.rpc.handlers.resources_rpc [None req-0cc2f8f3-fa04-4c4d-8177-b006058d29d8 tempest-AllowedAddressPairIpV6TestJSON-1986814085 tempest-AllowedAddressPairIpV6TestJSON-1986814085-project] Pushing event deleted for resources: {'Port': ['ID=abf1ad12-adf7-4899-a3b7-df2299b6dd1a,revision_number=None']} {{(pid=87663) push /opt/stack/neutron/neutron/api/rpc/handlers/resources_rpc.py:237}}
Jan 12 09:32:14.910568 dv-neutron-824346-1-hyperv neutron-server[87665]: DEBUG neutron.db.provisioning_blocks [None req-70497775-635b-4d95-b049-671dad051aa9 None None] Provisioning for port 13c5cbe7-6f81-4b7e-ad5a-abf4de6697f0 completed by entity L2. {{(pid=87665) provisioning_complete /opt/stack/neutron/neutron/db/provisioning_blocks.py:133}}
Jan 12 09:32:14.929901 dv-neutron-824346-1-hyperv neutron-server[87665]: DEBUG neutron.db.provisioning_blocks [None req-70497775-635b-4d95-b049-671dad051aa9 None None] Provisioning complete for port 13c5cbe7-6f81-4b7e-ad5a-abf4de6697f0 triggered by entity L2. {{(pid=87665) provisioning_complete /opt/stack/neutron/neutron/db/provisioning_blocks.py:139}}
Jan 12 09:32:14.930278 dv-neutron-824346-1-hyperv neutron-server[87665]: DEBUG neutron_lib.callbacks.manager [None req-70497775-635b-4d95-b049-671dad051aa9 None None] Notify callbacks ['neutron.plugins.ml2.plugin.Ml2Plugin._port_provisioned-4162114'] for port, provisioning_complete {{(pid=87665) _notify_loop /usr/local/lib/python3.8/dist-packages/neutron_lib/callbacks/manager.py:192}}
Jan 12 09:32:14.938678 dv-neutron-824346-1-hyperv neutron-server[87663]: DEBUG neutron.wsgi [-] (87663) accepted ('10.222.0.26', 58322) {{(pid=87663) server /usr/local/lib/python3.8/dist-packages/eventlet/wsgi.py:992}}
Jan 12 09:32:14.992977 dv-neutron-824346-1-hyperv neutron-server[87663]: DEBUG neutron.api.v2.base [None req-4bac86d0-8309-41cd-87fd-e5acf9aee715 tempest-ExternalNetworksTestJSON-882315555 tempest-ExternalNetworksTestJSON-882315555-project-admin] Request body: {'subnet': {'network_id': 'e563a27f-6599-4b7b-a04b-c318bdef87ec', 'cidr': '172.20.0.0/28', 'ip_version': 4, 'gateway_ip': '172.20.0.1', 'enable_dhcp': False}} {{(pid=87663) prepare_request_body /opt/stack/neutron/neutron/api/v2/base.py:729}}
Jan 12 09:32:15.013870 dv-neutron-824346-1-hyperv neutron-server[87663]: DEBUG neutron.plugins.ml2.drivers.mech_agent [None req-84abf9a4-0616-4c95-b43b-2b438143162f tempest-FloatingIPAdminTestJSON-1079208218 tempest-FloatingIPAdminTestJSON-1079208218-project] Checking segment: {'id': 'a1de79b8-8c81-480a-9516-92b2572f06df', 'network_type': 'vlan', 'physical_network': 'physnet1', 'segmentation_id': 545, 'network_id': '1d826b3d-9ac9-472c-87aa-fc2f8c3dc84f'} for mappings: {'physnet1': 'br-data'} with network types: ['local', 'flat', 'vlan'] {{(pid=87663) check_segment_for_agent /opt/stack/neutron/neutron/plugins/ml2/drivers/mech_agent.py:341}}
Jan 12 09:32:15.014550 dv-neutron-824346-1-hyperv neutron-server[87663]: DEBUG neutron.scheduler.dhcp_agent_scheduler [None req-84abf9a4-0616-4c95-b43b-2b438143162f tempest-FloatingIPAdminTestJSON-1079208218 tempest-FloatingIPAdminTestJSON-1079208218-project] Network hostable DHCP agents. Network: 1d826b3d-9ac9-472c-87aa-fc2f8c3dc84f, hostable agents: ['32f312a6-b453-4462-a00a-d79755f04a03'], hosted agents: [] {{(pid=87663) _get_network_hostable_dhcp_agents /opt/stack/neutron/neutron/scheduler/dhcp_agent_scheduler.py:329}}
Jan 12 09:32:15.036262 dv-neutron-824346-1-hyperv neutron-server[87663]: DEBUG neutron.db.quota.driver [None req-4bac86d0-8309-41cd-87fd-e5acf9aee715 tempest-ExternalNetworksTestJSON-882315555 tempest-ExternalNetworksTestJSON-882315555-project-admin] Resources subnetpool have unlimited quota limit. It is not required to calculate headroom {{(pid=87663) make_reservation /opt/stack/neutron/neutron/db/quota/driver.py:219}}
Jan 12 09:32:15.112625 dv-neutron-824346-1-hyperv neutron-server[87664]: DEBUG neutron.api.rpc.handlers.resources_rpc [None req-21254354-d76a-401f-bc9a-e506f733bbe9 tempest-ExternalNetworksTestJSON-882315555 tempest-ExternalNetworksTestJSON-882315555-project-admin] Pushing event updated for resources: {'Network': ['ID=e563a27f-6599-4b7b-a04b-c318bdef87ec,revision_number=1']} {{(pid=87664) push /opt/stack/neutron/neutron/api/rpc/handlers/resources_rpc.py:237}}
Jan 12 09:32:15.159637 dv-neutron-824346-1-hyperv neutron-server[87665]: DEBUG neutron.plugins.ml2.rpc [None req-70497775-635b-4d95-b049-671dad051aa9 None None] Network e563a27f-6599-4b7b-a04b-c318bdef87ec details requested by agent ovs-agent-dv-neutron-824346-1-hyperv with host dv-neutron-824346-1-hyperv {{(pid=87665) get_network_details /opt/stack/neutron/neutron/plugins/ml2/rpc.py:232}}
Jan 12 09:32:15.169056 dv-neutron-824346-1-hyperv neutron-server[87663]: DEBUG neutron.quota.resource [None req-4bac86d0-8309-41cd-87fd-e5acf9aee715 tempest-ExternalNetworksTestJSON-882315555 tempest-ExternalNetworksTestJSON-882315555-project-admin] Usage tracker for resource:subnet and tenant:85f7b5ec749545e3af0d652ac4f8f555 is out of sync, need to count used quota {{(pid=87663) count_used /opt/stack/neutron/neutron/quota/resource.py:270}}
Jan 12 09:32:15.175502 dv-neutron-824346-1-hyperv neutron-server[87663]: DEBUG neutron.quota.resource [None req-4bac86d0-8309-41cd-87fd-e5acf9aee715 tempest-ExternalNetworksTestJSON-882315555 tempest-ExternalNetworksTestJSON-882315555-project-admin] Quota usage for subnet was recalculated. Used quota:0. {{(pid=87663) count_used /opt/stack/neutron/neutron/quota/resource.py:290}}
