Jan 12 09:32:18.859294 dv-neutron-824346-1-hyperv neutron-server[87665]: DEBUG neutron.db.provisioning_blocks [None req-65859ea6-0516-4593-8d01-5bf3016cb459 None None] Provisioning complete for port 97f086cb-0922-4900-9c40-af79477cc088 triggered by entity DHCP. {{(pid=87665) provisioning_complete /opt/stack/neutron/neutron/db/provisioning_blocks.py:139}}
Jan 12 09:32:18.859294 dv-neutron-824346-1-hyperv neutron-server[87665]: DEBUG neutron_lib.callbacks.manager [None req-65859ea6-0516-4593-8d01-5bf3016cb459 None None] Notify callbacks ['neutron.plugins.ml2.plugin.Ml2Plugin._port_provisioned-4162114'] for port, provisioning_complete {{(pid=87665) _notify_loop /usr/local/lib/python3.8/dist-packages/neutron_lib/callbacks/manager.py:192}}
Jan 12 09:32:18.876279 dv-neutron-824346-1-hyperv neutron-server[87663]: DEBUG neutron.api.rpc.handlers.resources_rpc [None req-6f2c6e7b-d660-4eda-ac7e-a84c4b8bd59f admin admin] Pushing event updated for resources: {'Port': ['ID=93574377-b9ff-4eb4-a6a9-26da98305f15,revision_number=1']} {{(pid=87663) push /opt/stack/neutron/neutron/api/rpc/handlers/resources_rpc.py:237}}
Jan 12 09:32:18.899407 dv-neutron-824346-1-hyperv neutron-server[87665]: DEBUG neutron.api.rpc.handlers.dhcp_rpc [None req-ac031de7-b0ce-4e00-9c9d-80a75a893885 None None] Network e563a27f-6599-4b7b-a04b-c318bdef87ec requested from dv-neutron-824346-1-hyperv {{(pid=87665) get_network_info /opt/stack/neutron/neutron/api/rpc/handlers/dhcp_rpc.py:213}}
Jan 12 09:32:18.926822 dv-neutron-824346-1-hyperv neutron-server[87663]: DEBUG neutron.scheduler.dhcp_agent_scheduler [None req-6f2c6e7b-d660-4eda-ac7e-a84c4b8bd59f admin admin] Network fab1ff5b-c2cc-4c21-8b2b-6495a39dad1a is already hosted by enough agents. {{(pid=87663) _get_dhcp_agents_hosting_network /opt/stack/neutron/neutron/scheduler/dhcp_agent_scheduler.py:275}}
Jan 12 09:32:18.930901 dv-neutron-824346-1-hyperv neutron-server[87663]: DEBUG neutron.scheduler.base_scheduler [None req-6f2c6e7b-d660-4eda-ac7e-a84c4b8bd59f admin admin] Resources bound (agent type, host, resource id): {{(pid=87663) schedule /opt/stack/neutron/neutron/scheduler/base_scheduler.py:57}}
Jan 12 09:32:18.932473 dv-neutron-824346-1-hyperv neutron-server[87665]: DEBUG neutron.scheduler.dhcp_agent_scheduler [None req-d00c7df4-9b42-42d6-b37b-9a094a95f1cd None None] Network 1d826b3d-9ac9-472c-87aa-fc2f8c3dc84f is already hosted by enough agents. {{(pid=87665) _get_dhcp_agents_hosting_network /opt/stack/neutron/neutron/scheduler/dhcp_agent_scheduler.py:275}}
Jan 12 09:32:18.933962 dv-neutron-824346-1-hyperv neutron-server[87663]: DEBUG neutron.db.l3_dvrscheduler_db [None req-6f2c6e7b-d660-4eda-ac7e-a84c4b8bd59f admin admin] Received port after_create {{(pid=87663) _notify_l3_agent_new_port /opt/stack/neutron/neutron/db/l3_dvrscheduler_db.py:537}}
Jan 12 09:32:18.934522 dv-neutron-824346-1-hyperv neutron-server[87663]: DEBUG neutron_lib.callbacks.manager [None req-6f2c6e7b-d660-4eda-ac7e-a84c4b8bd59f admin admin] Notify callbacks ['neutron.services.l3_router.l3_router_plugin.DVRResourceOperationHandler._add_csnat_on_interface_create-941442'] for router_interface, before_create {{(pid=87663) _notify_loop /usr/local/lib/python3.8/dist-packages/neutron_lib/callbacks/manager.py:192}}
Jan 12 09:32:18.946784 dv-neutron-824346-1-hyperv neutron-server[87665]: DEBUG neutron.db.l3_dvr_db [None req-3d431237-560e-47e9-9c8b-1647fc253766 None None] Set router a62a2453-e1f0-4dbe-b283-3f2f6f3f1ba3 gateway port host: dv-neutron-824346-1-hyperv {{(pid=87665) _build_routers_list /opt/stack/neutron/neutron/db/l3_dvr_db.py:875}}
Jan 12 09:32:19.007887 dv-neutron-824346-1-hyperv neutron-server[87665]: DEBUG neutron.scheduler.base_scheduler [None req-d00c7df4-9b42-42d6-b37b-9a094a95f1cd None None] Resources bound (agent type, host, resource id): {{(pid=87665) schedule /opt/stack/neutron/neutron/scheduler/base_scheduler.py:57}}
Jan 12 09:32:19.012955 dv-neutron-824346-1-hyperv neutron-server[87665]: DEBUG neutron.plugins.ml2.rpc [None req-70497775-635b-4d95-b049-671dad051aa9 None None] Device 37c53014-6ca8-48de-ab2a-7d59d27120af up at agent ovs-agent-dv-neutron-824346-1-hyperv {{(pid=87665) update_device_up /opt/stack/neutron/neutron/plugins/ml2/rpc.py:278}}
Jan 12 09:32:19.033388 dv-neutron-824346-1-hyperv neutron-server[87663]: DEBUG neutron_lib.callbacks.manager [None req-1c2eee86-e0dd-4664-923f-cca326f66966 tempest-ExternalNetworksTestJSON-882315555 tempest-ExternalNetworksTestJSON-882315555-project-admin] Notify callbacks ['neutron.plugins.ml2.plugin.SecurityGroupDbMixin._ensure_default_security_group_handler-3696505'] for port, before_create {{(pid=87663) _notify_loop /usr/local/lib/python3.8/dist-packages/neutron_lib/callbacks/manager.py:192}}
Jan 12 09:32:19.045275 dv-neutron-824346-1-hyperv neutron-server[87665]: DEBUG neutron.db.l3_dvrscheduler_db [None req-d00c7df4-9b42-42d6-b37b-9a094a95f1cd None None] Received port after_create {{(pid=87665) _notify_l3_agent_new_port /opt/stack/neutron/neutron/db/l3_dvrscheduler_db.py:537}}
Jan 12 09:32:19.115523 dv-neutron-824346-1-hyperv neutron-server[87664]: DEBUG neutron_lib.callbacks.manager [None req-b2434e95-f851-403f-aedb-45b3cb79bea8 tempest-DHCPAgentSchedulersTestJSON-2112525505 tempest-DHCPAgentSchedulersTestJSON-2112525505-project] Notify callbacks ['neutron.notifiers.nova.Notifier._send_nova_notification-231596'] for port, before_response {{(pid=87664) _notify_loop /usr/local/lib/python3.8/dist-packages/neutron_lib/callbacks/manager.py:192}}
Jan 12 09:32:19.202820 dv-neutron-824346-1-hyperv neutron-server[87666]: DEBUG neutron.db.l3_hamode_db [None req-84db4266-2808-4b2a-b43b-ad6efd2a579f None None] neutron.services.l3_router.l3_router_plugin.L3RouterPlugin method _process_sync_ha_data called with arguments (, [{'id': 'fc1cf035-d511-42b4-bf40-d8064044d417', 'name': 'tempest-ServersTestJSON-590366113-router', 'tenant_id': 'ebb294eb2d1b42b58d6a86284879f275', 'admin_state_up': True, 'status': 'ACTIVE', 'external_gateway_info': {'network_id': 'a0c71044-c202-4180-8447-4ec1d9a406cf', 'external_fixed_ips': [{'subnet_id': '4c3b2e47-be3b-4999-a552-bef9b6b07b7c', 'ip_address': '172.26.2.248'}], 'enable_snat': True}, 'gw_port_id': 'f194a9b5-ad9d-45f8-8e42-73609d228643', 'description': '', 'availability_zones': ['nova'], 'distributed': False, 'ha': False, 'ha_vr_id': 0, 'availability_zone_hints': [], 'routes': [], 'flavor_id': None, 'tags': [], 'created_at': '2022-01-12T09:32:05Z', 'updated_at': '2022-01-12T09:32:12Z', 'revision_number': 3, 'project_id': 'ebb294eb2d1b42b58d6a86284879f275', 'gw_port': {'id': 'f194a9b5-ad9d-45f8-8e42-73609d228643', 'name': '', 'network_id': 'a0c71044-c202-4180-8447-4ec1d9a406cf', 'tenant_id': '', 'mac_address': 'fa:16:3e:9f:91:aa', 'admin_state_up': True, 'status': 'DOWN', 'device_id': 'fc1cf035-d511-42b4-bf40-d8064044d417', 'device_owner': 'network:router_gateway', 'standard_attr_id': 110, 'fixed_ips': [{'subnet_id': '4c3b2e47-be3b-4999-a552-bef9b6b07b7c', 'ip_address': '172.26.2.248', 'prefixlen': 24}], 'allowed_address_pairs': [], 'extra_dhcp_opts': [], 'security_groups': [], 'description': '', 'binding:vnic_type': 'normal', 'binding:profile': {}, 'binding:host_id': 'dv-neutron-824346-1-hyperv', 'binding:vif_type': 'ovs', 'binding:vif_details': {'connectivity': 'l2', 'port_filter': True, 'ovs_hybrid_plug': False, 'datapath_type': 'system', 'bridge_name': 'br-int'}, 'port_security_enabled': False, 'tags': [], 'created_at': '2022-01-12T09:32:08Z', 'updated_at': '2022-01-12T09:32:18Z', 'revision_number': 3, 'project_id': '', 'subnets': [{'id': '4c3b2e47-be3b-4999-a552-bef9b6b07b7c', 'cidr': '172.26.2.0/24', 'gateway_ip': '172.26.2.1', 'dns_nameservers': [], 'ipv6_ra_mode': None, 'subnetpool_id': None}], 'extra_subnets': [], 'address_scopes': {4: None, 6: None}, 'mtu': 1500}, 'enable_snat': True, 'gw_port_host': 'dv-neutron-824346-1-hyperv'}], 'dv-neutron-824346-1-hyperv', False) {} {{(pid=87666) wrapper /usr/local/lib/python3.8/dist-packages/oslo_log/helpers.py:65}}
Jan 12 09:32:19.207425 dv-neutron-824346-1-hyperv neutron-server[87664]: DEBUG neutron_lib.callbacks.manager [None req-c2942b69-7061-42ca-bffd-5d4f5c3dcff1 tempest-AllowedAddressPairIpV6TestJSON-1986814085 tempest-AllowedAddressPairIpV6TestJSON-1986814085-project] Notify callbacks [] for port, precommit_create {{(pid=87664) _notify_loop /usr/local/lib/python3.8/dist-packages/neutron_lib/callbacks/manager.py:192}}
Jan 12 09:32:19.211955 dv-neutron-824346-1-hyperv neutron-server[87663]: DEBUG neutron.db.db_base_plugin_common [None req-1c2eee86-e0dd-4664-923f-cca326f66966 tempest-ExternalNetworksTestJSON-882315555 tempest-ExternalNetworksTestJSON-882315555-project-admin] Allocated IP 172.20.0.14 (e563a27f-6599-4b7b-a04b-c318bdef87ec/002acc61-0f53-4e66-a82e-690c976c3c13/c0f57f60-cb2c-48b5-80ec-9d8d461f6618) {{(pid=87663) _store_ip_allocation /opt/stack/neutron/neutron/db/db_base_plugin_common.py:131}}
Jan 12 09:32:19.212374 dv-neutron-824346-1-hyperv neutron-server[87666]: DEBUG neutron.api.rpc.handlers.l3_rpc [None req-84db4266-2808-4b2a-b43b-ad6efd2a579f None None] The sync data for ids ['fc1cf035-d511-42b4-bf40-d8064044d417'] in dv-neutron-824346-1-hyperv is: [{'id': 'fc1cf035-d511-42b4-bf40-d8064044d417', 'name': 'tempest-ServersTestJSON-590366113-router', 'tenant_id': 'ebb294eb2d1b42b58d6a86284879f275', 'admin_state_up': True, 'status': 'ACTIVE', 'external_gateway_info': {'network_id': 'a0c71044-c202-4180-8447-4ec1d9a406cf', 'external_fixed_ips': [{'subnet_id': '4c3b2e47-be3b-4999-a552-bef9b6b07b7c', 'ip_address': '172.26.2.248'}], 'enable_snat': True}, 'gw_port_id': 'f194a9b5-ad9d-45f8-8e42-73609d228643', 'description': '', 'availability_zones': ['nova'], 'distributed': False, 'ha': False, 'ha_vr_id': 0, 'availability_zone_hints': [], 'routes': [], 'flavor_id': None, 'tags': [], 'created_at': '2022-01-12T09:32:05Z', 'updated_at': '2022-01-12T09:32:12Z', 'revision_number': 3, 'project_id': 'ebb294eb2d1b42b58d6a86284879f275', 'gw_port': {'id': 'f194a9b5-ad9d-45f8-8e42-73609d228643', 'name': '', 'network_id': 'a0c71044-c202-4180-8447-4ec1d9a406cf', 'tenant_id': '', 'mac_address': 'fa:16:3e:9f:91:aa', 'admin_state_up': True, 'status': 'DOWN', 'device_id': 'fc1cf035-d511-42b4-bf40-d8064044d417', 'device_owner': 'network:router_gateway', 'standard_attr_id': 110, 'fixed_ips': [{'subnet_id': '4c3b2e47-be3b-4999-a552-bef9b6b07b7c', 'ip_address': '172.26.2.248', 'prefixlen': 24}], 'allowed_address_pairs': [], 'extra_dhcp_opts': [], 'security_groups': [], 'description': '', 'binding:vnic_type': 'normal', 'binding:profile': {}, 'binding:host_id': 'dv-neutron-824346-1-hyperv', 'binding:vif_type': 'ovs', 'binding:vif_details': {'connectivity': 'l2', 'port_filter': True, 'ovs_hybrid_plug': False, 'datapath_type': 'system', 'bridge_name': 'br-int'}, 'port_security_enabled': False, 'tags': [], 'created_at': '2022-01-12T09:32:08Z', 'updated_at': '2022-01-12T09:32:18Z', 'revision_number': 3, 'project_id': '', 'subnets': [{'id': '4c3b2e47-be3b-4999-a552-bef9b6b07b7c', 'cidr': '172.26.2.0/24', 'gateway_ip': '172.26.2.1', 'dns_nameservers': [], 'ipv6_ra_mode': None, 'subnetpool_id': None}], 'extra_subnets': [], 'address_scopes': {4: None, 6: None}, 'mtu': 1500}, 'enable_snat': True, 'gw_port_host': 'dv-neutron-824346-1-hyperv'}] {{(pid=87666) sync_routers /opt/stack/neutron/neutron/api/rpc/handlers/l3_rpc.py:137}}
Jan 12 09:32:19.235041 dv-neutron-824346-1-hyperv neutron-server[87666]: DEBUG neutron.api.rpc.handlers.resources_rpc [None req-66312e2e-a4d3-4a4c-8b57-8f56966c4f88 None None] Pushing event updated for resources: {'Port': ['ID=f194a9b5-ad9d-45f8-8e42-73609d228643,revision_number=3']} {{(pid=87666) push /opt/stack/neutron/neutron/api/rpc/handlers/resources_rpc.py:237}}
Jan 12 09:32:19.253940 dv-neutron-824346-1-hyperv neutron-server[87664]: INFO neutron.wsgi [None req-b2434e95-f851-403f-aedb-45b3cb79bea8 tempest-DHCPAgentSchedulersTestJSON-2112525505 tempest-DHCPAgentSchedulersTestJSON-2112525505-project] 10.222.0.26 "DELETE /v2.0/ports/2b111813-74e1-448b-adb7-618c53454c9c HTTP/1.1" status: 204 len: 168 time: 3.5297482
Jan 12 09:32:19.342062 dv-neutron-824346-1-hyperv neutron-server[87664]: DEBUG neutron.wsgi [-] (87664) accepted ('10.222.0.26', 58364) {{(pid=87664) server /usr/local/lib/python3.8/dist-packages/eventlet/wsgi.py:992}}
Jan 12 09:32:19.378685 dv-neutron-824346-1-hyperv neutron-server[87664]: DEBUG neutron.db.provisioning_blocks [None req-c2942b69-7061-42ca-bffd-5d4f5c3dcff1 tempest-AllowedAddressPairIpV6TestJSON-1986814085 tempest-AllowedAddressPairIpV6TestJSON-1986814085-project] Transition to ACTIVE for port object ce0775e7-b855-4020-b526-6acf36fedfa6 will not be triggered until provisioned by entity DHCP. {{(pid=87664) add_provisioning_component /opt/stack/neutron/neutron/db/provisioning_blocks.py:73}}
Jan 12 09:32:19.433017 dv-neutron-824346-1-hyperv neutron-server[87664]: DEBUG neutron_lib.callbacks.manager [None req-e2214ab5-108c-4dda-a58f-e0ada890564f admin admin] Notify callbacks ['neutron.plugins.ml2.plugin.SecurityGroupDbMixin._ensure_default_security_group_handler-3696505'] for port, before_update {{(pid=87664) _notify_loop /usr/local/lib/python3.8/dist-packages/neutron_lib/callbacks/manager.py:192}}
Jan 12 09:32:19.549065 dv-neutron-824346-1-hyperv neutron-server[87665]: DEBUG neutron.plugins.ml2.plugin [None req-65859ea6-0516-4593-8d01-5bf3016cb459 None None] Port 97f086cb-0922-4900-9c40-af79477cc088 cannot update to ACTIVE because it is not bound. {{(pid=87665) _port_provisioned /opt/stack/neutron/neutron/plugins/ml2/plugin.py:337}}
Jan 12 09:32:19.651132 dv-neutron-824346-1-hyperv neutron-server[87663]: DEBUG neutron_lib.callbacks.manager [None req-1c2eee86-e0dd-4664-923f-cca326f66966 tempest-ExternalNetworksTestJSON-882315555 tempest-ExternalNetworksTestJSON-882315555-project-admin] Notify callbacks [] for port, precommit_create {{(pid=87663) _notify_loop /usr/local/lib/python3.8/dist-packages/neutron_lib/callbacks/manager.py:192}}
Jan 12 09:32:19.766836 dv-neutron-824346-1-hyperv neutron-server[87663]: DEBUG neutron_lib.callbacks.manager [None req-a7583fed-ce30-4248-9dc8-2ad35f21e918 tempest-FloatingIPAdminTestJSON-1079208218 tempest-FloatingIPAdminTestJSON-1079208218-project] Notify callbacks [] for port, precommit_create {{(pid=87663) _notify_loop /usr/local/lib/python3.8/dist-packages/neutron_lib/callbacks/manager.py:192}}
Jan 12 09:32:19.768278 dv-neutron-824346-1-hyperv neutron-server[87665]: DEBUG neutron.plugins.ml2.managers [None req-d00c7df4-9b42-42d6-b37b-9a094a95f1cd None None] Attempting to bind port 90e7a160-06b3-4d10-804d-959e30162684 on host dv-neutron-824346-1-hyperv for vnic_type normal with profile {{(pid=87665) bind_port /opt/stack/neutron/neutron/plugins/ml2/managers.py:790}}
Jan 12 09:32:19.768801 dv-neutron-824346-1-hyperv neutron-server[87665]: DEBUG neutron.plugins.ml2.managers [None req-d00c7df4-9b42-42d6-b37b-9a094a95f1cd None None] Attempting to bind port 90e7a160-06b3-4d10-804d-959e30162684 by drivers openvswitch,hyperv on host dv-neutron-824346-1-hyperv at level 0 using segments [{'id': 'a1de79b8-8c81-480a-9516-92b2572f06df', 'network_type': 'vlan', 'physical_network': 'physnet1', 'segmentation_id': 545, 'network_id': '1d826b3d-9ac9-472c-87aa-fc2f8c3dc84f'}] {{(pid=87665) _bind_port_level /opt/stack/neutron/neutron/plugins/ml2/managers.py:815}}
Jan 12 09:32:19.769177 dv-neutron-824346-1-hyperv neutron-server[87665]: DEBUG neutron.plugins.ml2.drivers.mech_agent [None req-d00c7df4-9b42-42d6-b37b-9a094a95f1cd None None] Attempting to bind port 90e7a160-06b3-4d10-804d-959e30162684 on network 1d826b3d-9ac9-472c-87aa-fc2f8c3dc84f {{(pid=87665) bind_port /opt/stack/neutron/neutron/plugins/ml2/drivers/mech_agent.py:86}}
Jan 12 09:32:19.799381 dv-neutron-824346-1-hyperv neutron-server[87665]: DEBUG neutron.plugins.ml2.drivers.mech_agent [None req-d00c7df4-9b42-42d6-b37b-9a094a95f1cd None None] Checking agent: {'id': '288fee5b-2397-4475-8fa5-fdbc8484d019', 'agent_type': 'Open vSwitch agent', 'binary': 'neutron-openvswitch-agent', 'topic': 'N/A', 'host': 'dv-neutron-824346-1-hyperv', 'admin_state_up': True, 'created_at': datetime.datetime(2022, 1, 12, 9, 23, 40), 'started_at': datetime.datetime(2022, 1, 12, 9, 24, 10), 'heartbeat_timestamp': datetime.datetime(2022, 1, 12, 9, 32, 10), 'description': None, 'resources_synced': None, 'availability_zone': None, 'alive': True, 'configurations': {'arp_responder_enabled': False, 'baremetal_smartnic': False, 'bridge_mappings': {'physnet1': 'br-data'}, 'datapath_type': 'system', 'devices': 0, 'enable_distributed_routing': False, 'extensions': [], 'in_distributed_mode': False, 'integration_bridge': 'br-int', 'l2_population': False, 'log_agent_heartbeats': False, 'ovs_capabilities': {'datapath_types': ['netdev', 'system'], 'iface_types': ['erspan', 'geneve', 'gre', 'internal', 'ip6erspan', 'ip6gre', 'lisp', 'patch', 'stt', 'system', 'tap', 'vxlan']}, 'ovs_hybrid_plug': False, 'resource_provider_bandwidths': {}, 'resource_provider_hypervisors': {'br-data': 'dv-neutron-824346-1-hyperv'}, 'resource_provider_inventory_defaults': {'allocation_ratio': 1.0, 'min_unit': 1, 'step_size': 1, 'reserved': 0}, 'tunnel_types': [], 'tunneling_ip': None, 'vhostuser_socket_dir': '/var/run/openvswitch'}, 'resource_versions': {'AddressGroup': '1.2', 'ConntrackHelper': '1.0', 'Log': '1.0', 'Network': '1.1', 'Port': '1.7', 'PortForwarding': '1.2', 'QosPolicy': '1.8', 'SecurityGroup': '1.4', 'SecurityGroupRule': '1.2', 'SubPort': '1.0', 'Subnet': '1.1', 'Trunk': '1.1'}} {{(pid=87665) bind_port /opt/stack/neutron/neutron/plugins/ml2/drivers/mech_agent.py:105}}
Jan 12 09:32:19.799641 dv-neutron-824346-1-hyperv neutron-server[87665]: DEBUG neutron.plugins.ml2.drivers.mech_agent [None req-d00c7df4-9b42-42d6-b37b-9a094a95f1cd None None] Checking segment: {'id': 'a1de79b8-8c81-480a-9516-92b2572f06df', 'network_type': 'vlan', 'physical_network': 'physnet1', 'segmentation_id': 545, 'network_id': '1d826b3d-9ac9-472c-87aa-fc2f8c3dc84f'} for mappings: {'physnet1': 'br-data'} with network types: ['local', 'flat', 'vlan'] {{(pid=87665) check_segment_for_agent /opt/stack/neutron/neutron/plugins/ml2/drivers/mech_agent.py:341}}
Jan 12 09:32:19.800594 dv-neutron-824346-1-hyperv neutron-server[87665]: DEBUG neutron_lib.callbacks.manager [None req-d00c7df4-9b42-42d6-b37b-9a094a95f1cd None None] Notify callbacks [] for ovs_bridge_name, before_read {{(pid=87665) _notify_loop /usr/local/lib/python3.8/dist-packages/neutron_lib/callbacks/manager.py:192}}
Jan 12 09:32:19.800849 dv-neutron-824346-1-hyperv neutron-server[87665]: DEBUG neutron.plugins.ml2.drivers.mech_agent [None req-d00c7df4-9b42-42d6-b37b-9a094a95f1cd None None] Bound using segment: {'id': 'a1de79b8-8c81-480a-9516-92b2572f06df', 'network_type': 'vlan', 'physical_network': 'physnet1', 'segmentation_id': 545, 'network_id': '1d826b3d-9ac9-472c-87aa-fc2f8c3dc84f'} {{(pid=87665) bind_port /opt/stack/neutron/neutron/plugins/ml2/drivers/mech_agent.py:115}}
Jan 12 09:32:19.801341 dv-neutron-824346-1-hyperv neutron-server[87665]: DEBUG neutron.plugins.ml2.managers [None req-d00c7df4-9b42-42d6-b37b-9a094a95f1cd None None] Bound port: 90e7a160-06b3-4d10-804d-959e30162684, host: dv-neutron-824346-1-hyperv, vif_type: ovs, vif_details: {"connectivity": "l2", "port_filter": true, "ovs_hybrid_plug": false, "datapath_type": "system", "bridge_name": "br-int"}, binding_levels: [{'bound_driver': 'openvswitch', 'bound_segment': {'id': 'a1de79b8-8c81-480a-9516-92b2572f06df', 'network_type': 'vlan', 'physical_network': 'physnet1', 'segmentation_id': 545, 'network_id': '1d826b3d-9ac9-472c-87aa-fc2f8c3dc84f'}}] {{(pid=87665) _bind_port_level /opt/stack/neutron/neutron/plugins/ml2/managers.py:928}}
Jan 12 09:32:19.801982 dv-neutron-824346-1-hyperv neutron-server[87665]: DEBUG neutron_lib.callbacks.manager [None req-d00c7df4-9b42-42d6-b37b-9a094a95f1cd None None] Notify callbacks ['neutron.plugins.ml2.plugin.SecurityGroupDbMixin._ensure_default_security_group_handler-3696505'] for port, before_update {{(pid=87665) _notify_loop /usr/local/lib/python3.8/dist-packages/neutron_lib/callbacks/manager.py:192}}
Jan 12 09:32:19.813463 dv-neutron-824346-1-hyperv neutron-server[87663]: DEBUG neutron_lib.callbacks.manager [None req-1c2eee86-e0dd-4664-923f-cca326f66966 tempest-ExternalNetworksTestJSON-882315555 tempest-ExternalNetworksTestJSON-882315555-project-admin] Notify callbacks ['neutron.plugins.ml2.plugin.SecurityGroupServerNotifierRpcMixin.notify_sg_on_port_change-3696440', 'neutron.plugins.ml2.ovo_rpc._ObjectChangeHandler.handle_event-478504', 'neutron.api.rpc.agentnotifiers.dhcp_rpc_agent_api.DhcpAgentNotifyAPI._native_event_send_dhcp_notification-527191', 'neutron.db.l3_dvrscheduler_db._notify_l3_agent_new_port-8731690842332'] for port, after_create {{(pid=87663) _notify_loop /usr/local/lib/python3.8/dist-packages/neutron_lib/callbacks/manager.py:192}}
Jan 12 09:32:19.823284 dv-neutron-824346-1-hyperv neutron-server[87665]: DEBUG neutron.db.provisioning_blocks [None req-70497775-635b-4d95-b049-671dad051aa9 None None] Provisioning for port 37c53014-6ca8-48de-ab2a-7d59d27120af completed by entity L2. {{(pid=87665) provisioning_complete /opt/stack/neutron/neutron/db/provisioning_blocks.py:133}}
Jan 12 09:32:19.842142 dv-neutron-824346-1-hyperv neutron-server[87665]: DEBUG neutron.db.provisioning_blocks [None req-fb6bf812-7b49-4b06-9e45-c66dce8bbbed None None] Provisioning for port 93574377-b9ff-4eb4-a6a9-26da98305f15 completed by entity DHCP. {{(pid=87665) provisioning_complete /opt/stack/neutron/neutron/db/provisioning_blocks.py:133}}
Jan 12 09:32:19.873078 dv-neutron-824346-1-hyperv neutron-server[87665]: DEBUG neutron.db.provisioning_blocks [None req-70497775-635b-4d95-b049-671dad051aa9 None None] Provisioning complete for port 37c53014-6ca8-48de-ab2a-7d59d27120af triggered by entity L2. {{(pid=87665) provisioning_complete /opt/stack/neutron/neutron/db/provisioning_blocks.py:139}}
Jan 12 09:32:19.873451 dv-neutron-824346-1-hyperv neutron-server[87665]: DEBUG neutron_lib.callbacks.manager [None req-70497775-635b-4d95-b049-671dad051aa9 None None] Notify callbacks ['neutron.plugins.ml2.plugin.Ml2Plugin._port_provisioned-4162114'] for port, provisioning_complete {{(pid=87665) _notify_loop /usr/local/lib/python3.8/dist-packages/neutron_lib/callbacks/manager.py:192}}
Jan 12 09:32:19.876595 dv-neutron-824346-1-hyperv neutron-server[87664]: INFO neutron.wsgi [None req-1b26c8f9-3234-46ef-9658-fa753929583f tempest-DHCPAgentSchedulersTestJSON-294355004 tempest-DHCPAgentSchedulersTestJSON-294355004-project-admin] 10.222.0.26 "GET /v2.0/agents HTTP/1.1" status: 200 len: 4310 time: 0.5206127
Jan 12 09:32:19.886123 dv-neutron-824346-1-hyperv neutron-server[87664]: DEBUG neutron.wsgi [-] (87664) accepted ('10.222.0.26', 58370) {{(pid=87664) server /usr/local/lib/python3.8/dist-packages/eventlet/wsgi.py:992}}
Jan 12 09:32:19.897836 dv-neutron-824346-1-hyperv neutron-server[87664]: DEBUG neutron_lib.callbacks.manager [None req-d9dfea7a-2ba4-4c36-8b9f-0831259f5f70 tempest-PortsAdminExtendedAttrsTestJSON-1309554138 tempest-PortsAdminExtendedAttrsTestJSON-1309554138-project-admin] Notify callbacks [] for port, precommit_create {{(pid=87664) _notify_loop /usr/local/lib/python3.8/dist-packages/neutron_lib/callbacks/manager.py:192}}
Jan 12 09:32:19.907101 dv-neutron-824346-1-hyperv neutron-server[87664]: DEBUG neutron.api.v2.base [None req-d2e8236f-f261-4c50-9908-838c765345fc tempest-DHCPAgentSchedulersTestJSON-2112525505 tempest-DHCPAgentSchedulersTestJSON-2112525505-project] Request body: {'network': {'name': 'tempest-DHCPAgentSchedulersTestJSON-test-network-844304791'}} {{(pid=87664) prepare_request_body /opt/stack/neutron/neutron/api/v2/base.py:729}}
Jan 12 09:32:19.920330 dv-neutron-824346-1-hyperv neutron-server[87665]: DEBUG neutron.db.provisioning_blocks [None req-fb6bf812-7b49-4b06-9e45-c66dce8bbbed None None] Provisioning complete for port 93574377-b9ff-4eb4-a6a9-26da98305f15 triggered by entity DHCP. {{(pid=87665) provisioning_complete /opt/stack/neutron/neutron/db/provisioning_blocks.py:139}}
Jan 12 09:32:19.920882 dv-neutron-824346-1-hyperv neutron-server[87665]: DEBUG neutron_lib.callbacks.manager [None req-fb6bf812-7b49-4b06-9e45-c66dce8bbbed None None] Notify callbacks ['neutron.plugins.ml2.plugin.Ml2Plugin._port_provisioned-4162114'] for port, provisioning_complete {{(pid=87665) _notify_loop /usr/local/lib/python3.8/dist-packages/neutron_lib/callbacks/manager.py:192}}
Jan 12 09:32:19.954968 dv-neutron-824346-1-hyperv neutron-server[87664]: DEBUG neutron_lib.callbacks.manager [None req-c2942b69-7061-42ca-bffd-5d4f5c3dcff1 tempest-AllowedAddressPairIpV6TestJSON-1986814085 tempest-AllowedAddressPairIpV6TestJSON-1986814085-project] Notify callbacks ['neutron.plugins.ml2.plugin.SecurityGroupServerNotifierRpcMixin.notify_sg_on_port_change-3696440', 'neutron.plugins.ml2.ovo_rpc._ObjectChangeHandler.handle_event-478504', 'neutron.api.rpc.agentnotifiers.dhcp_rpc_agent_api.DhcpAgentNotifyAPI._native_event_send_dhcp_notification-527191', 'neutron.db.l3_dvrscheduler_db._notify_l3_agent_new_port-8731690842332', 'neutron.services.segments.plugin.NovaSegmentNotifier._notify_port_created_or_deleted-1636340'] for port, after_create {{(pid=87664) _notify_loop /usr/local/lib/python3.8/dist-packages/neutron_lib/callbacks/manager.py:192}}
Jan 12 09:32:19.956994 dv-neutron-824346-1-hyperv neutron-server[87664]: DEBUG neutron.db.quota.driver [None req-d2e8236f-f261-4c50-9908-838c765345fc tempest-DHCPAgentSchedulersTestJSON-2112525505 tempest-DHCPAgentSchedulersTestJSON-2112525505-project] Resources subnetpool have unlimited quota limit. It is not required to calculate headroom {{(pid=87664) make_reservation /opt/stack/neutron/neutron/db/quota/driver.py:219}}
Jan 12 09:32:20.011533 dv-neutron-824346-1-hyperv neutron-server[87663]: DEBUG neutron.scheduler.dhcp_agent_scheduler [None req-1c2eee86-e0dd-4664-923f-cca326f66966 tempest-ExternalNetworksTestJSON-882315555 tempest-ExternalNetworksTestJSON-882315555-project-admin] Network e563a27f-6599-4b7b-a04b-c318bdef87ec is already hosted by enough agents. {{(pid=87663) _get_dhcp_agents_hosting_network /opt/stack/neutron/neutron/scheduler/dhcp_agent_scheduler.py:275}}
Jan 12 09:32:20.015475 dv-neutron-824346-1-hyperv neutron-server[87665]: DEBUG neutron.plugins.ml2.plugin [None req-fb6bf812-7b49-4b06-9e45-c66dce8bbbed None None] Port 93574377-b9ff-4eb4-a6a9-26da98305f15 cannot update to ACTIVE because it is not bound. {{(pid=87665) _port_provisioned /opt/stack/neutron/neutron/plugins/ml2/plugin.py:337}}
Jan 12 09:32:20.017281 dv-neutron-824346-1-hyperv neutron-server[87664]: DEBUG neutron.quota.resource [None req-d2e8236f-f261-4c50-9908-838c765345fc tempest-DHCPAgentSchedulersTestJSON-2112525505 tempest-DHCPAgentSchedulersTestJSON-2112525505-project] Usage tracker for resource:network and tenant:048d9cec1df84db5b2c2ff59a19dffe2 is out of sync, need to count used quota {{(pid=87664) count_used /opt/stack/neutron/neutron/quota/resource.py:270}}
Jan 12 09:32:20.018210 dv-neutron-824346-1-hyperv neutron-server[87663]: DEBUG neutron.api.rpc.handlers.resources_rpc [None req-1c2eee86-e0dd-4664-923f-cca326f66966 tempest-ExternalNetworksTestJSON-882315555 tempest-ExternalNetworksTestJSON-882315555-project-admin] Pushing event updated for resources: {'Port': ['ID=c0f57f60-cb2c-48b5-80ec-9d8d461f6618,revision_number=1']} {{(pid=87663) push /opt/stack/neutron/neutron/api/rpc/handlers/resources_rpc.py:237}}
Jan 12 09:32:20.025716 dv-neutron-824346-1-hyperv neutron-server[87663]: DEBUG neutron.scheduler.base_scheduler [None req-1c2eee86-e0dd-4664-923f-cca326f66966 tempest-ExternalNetworksTestJSON-882315555 tempest-ExternalNetworksTestJSON-882315555-project-admin] Resources bound (agent type, host, resource id): {{(pid=87663) schedule /opt/stack/neutron/neutron/scheduler/base_scheduler.py:57}}
Jan 12 09:32:20.038823 dv-neutron-824346-1-hyperv neutron-server[87663]: DEBUG neutron.db.l3_dvrscheduler_db [None req-1c2eee86-e0dd-4664-923f-cca326f66966 tempest-ExternalNetworksTestJSON-882315555 tempest-ExternalNetworksTestJSON-882315555-project-admin] Received port after_create {{(pid=87663) _notify_l3_agent_new_port /opt/stack/neutron/neutron/db/l3_dvrscheduler_db.py:537}}
Jan 12 09:32:20.043264 dv-neutron-824346-1-hyperv neutron-server[87663]: DEBUG neutron_lib.callbacks.manager [None req-6f2c6e7b-d660-4eda-ac7e-a84c4b8bd59f admin admin] Notify callbacks ['neutron.plugins.ml2.plugin.SecurityGroupDbMixin._ensure_default_security_group_handler-3696505'] for port, before_update {{(pid=87663) _notify_loop /usr/local/lib/python3.8/dist-packages/neutron_lib/callbacks/manager.py:192}}
Jan 12 09:32:20.053377 dv-neutron-824346-1-hyperv neutron-server[87664]: DEBUG neutron.quota.resource [None req-d2e8236f-f261-4c50-9908-838c765345fc tempest-DHCPAgentSchedulersTestJSON-2112525505 tempest-DHCPAgentSchedulersTestJSON-2112525505-project] Quota usage for network was recalculated. Used quota:1. {{(pid=87664) count_used /opt/stack/neutron/neutron/quota/resource.py:290}}
Jan 12 09:32:20.061621 dv-neutron-824346-1-hyperv neutron-server[87663]: DEBUG neutron_lib.callbacks.manager [None req-a7583fed-ce30-4248-9dc8-2ad35f21e918 tempest-FloatingIPAdminTestJSON-1079208218 tempest-FloatingIPAdminTestJSON-1079208218-project] Notify callbacks ['neutron.plugins.ml2.plugin.SecurityGroupServerNotifierRpcMixin.notify_sg_on_port_change-3696440', 'neutron.plugins.ml2.ovo_rpc._ObjectChangeHandler.handle_event-478504', 'neutron.api.rpc.agentnotifiers.dhcp_rpc_agent_api.DhcpAgentNotifyAPI._native_event_send_dhcp_notification-527191', 'neutron.db.l3_dvrscheduler_db._notify_l3_agent_new_port-8731690842332'] for port, after_create {{(pid=87663) _notify_loop /usr/local/lib/python3.8/dist-packages/neutron_lib/callbacks/manager.py:192}}
Jan 12 09:32:20.131952 dv-neutron-824346-1-hyperv neutron-server[87664]: DEBUG neutron.db.quota.driver [None req-d2e8236f-f261-4c50-9908-838c765345fc tempest-DHCPAgentSchedulersTestJSON-2112525505 tempest-DHCPAgentSchedulersTestJSON-2112525505-project] Attempting to reserve 1 items for resource network. Total usage: 1; quota limit: 100; headroom:99 {{(pid=87664) make_reservation /opt/stack/neutron/neutron/db/quota/driver.py:246}}
Jan 12 09:32:20.189929 dv-neutron-824346-1-hyperv neutron-server[87664]: DEBUG neutron.scheduler.dhcp_agent_scheduler [None req-c2942b69-7061-42ca-bffd-5d4f5c3dcff1 tempest-AllowedAddressPairIpV6TestJSON-1986814085 tempest-AllowedAddressPairIpV6TestJSON-1986814085-project] Network 24aa9364-b8f3-4949-8438-deaa36e20db2 is already hosted by enough agents. {{(pid=87664) _get_dhcp_agents_hosting_network /opt/stack/neutron/neutron/scheduler/dhcp_agent_scheduler.py:275}}
Jan 12 09:32:20.200974 dv-neutron-824346-1-hyperv neutron-server[87664]: DEBUG neutron.scheduler.base_scheduler [None req-c2942b69-7061-42ca-bffd-5d4f5c3dcff1 tempest-AllowedAddressPairIpV6TestJSON-1986814085 tempest-AllowedAddressPairIpV6TestJSON-1986814085-project] Resources bound (agent type, host, resource id): {{(pid=87664) schedule /opt/stack/neutron/neutron/scheduler/base_scheduler.py:57}}
Jan 12 09:32:20.214335 dv-neutron-824346-1-hyperv neutron-server[87664]: DEBUG neutron.db.l3_dvrscheduler_db [None req-c2942b69-7061-42ca-bffd-5d4f5c3dcff1 tempest-AllowedAddressPairIpV6TestJSON-1986814085 tempest-AllowedAddressPairIpV6TestJSON-1986814085-project] Received port after_create {{(pid=87664) _notify_l3_agent_new_port /opt/stack/neutron/neutron/db/l3_dvrscheduler_db.py:537}}
Jan 12 09:32:20.226022 dv-neutron-824346-1-hyperv neutron-server[87664]: DEBUG neutron.pecan_wsgi.hooks.policy_enforcement [None req-c2942b69-7061-42ca-bffd-5d4f5c3dcff1 tempest-AllowedAddressPairIpV6TestJSON-1986814085 tempest-AllowedAddressPairIpV6TestJSON-1986814085-project] Attributes excluded by policy engine: ['standard_attr_id', 'binding:profile', 'binding:host_id', 'binding:vif_type', 'binding:vif_details', 'network'] {{(pid=87664) _exclude_attributes_by_policy /opt/stack/neutron/neutron/pecan_wsgi/hooks/policy_enforcement.py:255}}
Jan 12 09:32:20.226748 dv-neutron-824346-1-hyperv neutron-server[87664]: DEBUG neutron_lib.callbacks.manager [None req-c2942b69-7061-42ca-bffd-5d4f5c3dcff1 tempest-AllowedAddressPairIpV6TestJSON-1986814085 tempest-AllowedAddressPairIpV6TestJSON-1986814085-project] Notify callbacks ['neutron.notifiers.nova.Notifier._send_nova_notification-231596'] for port, before_response {{(pid=87664) _notify_loop /usr/local/lib/python3.8/dist-packages/neutron_lib/callbacks/manager.py:192}}
Jan 12 09:32:20.259556 dv-neutron-824346-1-hyperv neutron-server[87663]: DEBUG neutron.scheduler.dhcp_agent_scheduler [None req-a7583fed-ce30-4248-9dc8-2ad35f21e918 tempest-FloatingIPAdminTestJSON-1079208218 tempest-FloatingIPAdminTestJSON-1079208218-project] Network a0c71044-c202-4180-8447-4ec1d9a406cf is already hosted by enough agents. {{(pid=87663) _get_dhcp_agents_hosting_network /opt/stack/neutron/neutron/scheduler/dhcp_agent_scheduler.py:275}}
Jan 12 09:32:20.270620 dv-neutron-824346-1-hyperv neutron-server[87663]: DEBUG neutron.scheduler.base_scheduler [None req-a7583fed-ce30-4248-9dc8-2ad35f21e918 tempest-FloatingIPAdminTestJSON-1079208218 tempest-FloatingIPAdminTestJSON-1079208218-project] Resources bound (agent type, host, resource id): {{(pid=87663) schedule /opt/stack/neutron/neutron/scheduler/base_scheduler.py:57}}
Jan 12 09:32:20.278340 dv-neutron-824346-1-hyperv neutron-server[87664]: DEBUG neutron.api.rpc.handlers.resources_rpc [None req-c2942b69-7061-42ca-bffd-5d4f5c3dcff1 tempest-AllowedAddressPairIpV6TestJSON-1986814085 tempest-AllowedAddressPairIpV6TestJSON-1986814085-project] Pushing event updated for resources: {'Port': ['ID=ce0775e7-b855-4020-b526-6acf36fedfa6,revision_number=1']} {{(pid=87664) push /opt/stack/neutron/neutron/api/rpc/handlers/resources_rpc.py:237}}
Jan 12 09:32:20.279953 dv-neutron-824346-1-hyperv neutron-server[87663]: DEBUG neutron.db.l3_dvrscheduler_db [None req-a7583fed-ce30-4248-9dc8-2ad35f21e918 tempest-FloatingIPAdminTestJSON-1079208218 tempest-FloatingIPAdminTestJSON-1079208218-project] Received port after_create {{(pid=87663) _notify_l3_agent_new_port /opt/stack/neutron/neutron/db/l3_dvrscheduler_db.py:537}}
Jan 12 09:32:20.281292 dv-neutron-824346-1-hyperv neutron-server[87664]: DEBUG neutron_lib.db.resource_extend [None req-e2214ab5-108c-4dda-a58f-e0ada890564f admin admin] It took 0.19 seconds to run function 'neutron_lib.db.resource_extend.apply_funcs' {{(pid=87664) wrapper /usr/local/lib/python3.8/dist-packages/oslo_utils/timeutils.py:386}}
Jan 12 09:32:20.304625 dv-neutron-824346-1-hyperv neutron-server[87665]: DEBUG neutron.plugins.ml2.db [None req-d00c7df4-9b42-42d6-b37b-9a094a95f1cd None None] For port 90e7a160-06b3-4d10-804d-959e30162684, host dv-neutron-824346-1-hyperv, cleared binding levels {{(pid=87665) clear_binding_levels /opt/stack/neutron/neutron/plugins/ml2/db.py:88}}
Jan 12 09:32:20.315307 dv-neutron-824346-1-hyperv neutron-server[87664]: DEBUG neutron.pecan_wsgi.hooks.quota_enforcement [None req-d2e8236f-f261-4c50-9908-838c765345fc tempest-DHCPAgentSchedulersTestJSON-2112525505 tempest-DHCPAgentSchedulersTestJSON-2112525505-project] Made reservation on behalf of 048d9cec1df84db5b2c2ff59a19dffe2 for: {'network': 1} {{(pid=87664) before /opt/stack/neutron/neutron/pecan_wsgi/hooks/quota_enforcement.py:53}}
Jan 12 09:32:20.316005 dv-neutron-824346-1-hyperv neutron-server[87665]: DEBUG neutron.plugins.ml2.db [None req-d00c7df4-9b42-42d6-b37b-9a094a95f1cd None None] For port 90e7a160-06b3-4d10-804d-959e30162684, host dv-neutron-824346-1-hyperv, set binding levels [PortBindingLevel(driver='openvswitch',host='dv-neutron-824346-1-hyperv',level=0,port_id=90e7a160-06b3-4d10-804d-959e30162684,segment=NetworkSegment(a1de79b8-8c81-480a-9516-92b2572f06df),segment_id=a1de79b8-8c81-480a-9516-92b2572f06df)] {{(pid=87665) set_binding_levels /opt/stack/neutron/neutron/plugins/ml2/db.py:60}}
Jan 12 09:32:20.319094 dv-neutron-824346-1-hyperv neutron-server[87664]: DEBUG neutron_lib.callbacks.manager [None req-d2e8236f-f261-4c50-9908-838c765345fc tempest-DHCPAgentSchedulersTestJSON-2112525505 tempest-DHCPAgentSchedulersTestJSON-2112525505-project] Notify callbacks ['neutron.plugins.ml2.plugin.SecurityGroupDbMixin._ensure_default_security_group_handler-3696505'] for network, before_create {{(pid=87664) _notify_loop /usr/local/lib/python3.8/dist-packages/neutron_lib/callbacks/manager.py:192}}
Jan 12 09:32:20.413804 dv-neutron-824346-1-hyperv neutron-server[87664]: DEBUG neutron_lib.callbacks.manager [None req-e2214ab5-108c-4dda-a58f-e0ada890564f admin admin] Notify callbacks [] for port, precommit_update {{(pid=87664) _notify_loop /usr/local/lib/python3.8/dist-packages/neutron_lib/callbacks/manager.py:192}}
Jan 12 09:32:20.421488 dv-neutron-824346-1-hyperv neutron-server[87665]: DEBUG neutron_lib.callbacks.manager [None req-70497775-635b-4d95-b049-671dad051aa9 None None] Notify callbacks ['neutron.plugins.ml2.plugin.SecurityGroupDbMixin._ensure_default_security_group_handler-3696505'] for port, before_update {{(pid=87665) _notify_loop /usr/local/lib/python3.8/dist-packages/neutron_lib/callbacks/manager.py:192}}
Jan 12 09:32:20.433016 dv-neutron-824346-1-hyperv neutron-server[87664]: INFO neutron.wsgi [None req-c2942b69-7061-42ca-bffd-5d4f5c3dcff1 tempest-AllowedAddressPairIpV6TestJSON-1986814085 tempest-AllowedAddressPairIpV6TestJSON-1986814085-project] 10.222.0.26 "POST /v2.0/ports HTTP/1.1" status: 201 len: 944 time: 4.5240839
Jan 12 09:32:20.443319 dv-neutron-824346-1-hyperv neutron-server[87664]: DEBUG neutron.wsgi [-] (87664) accepted ('10.222.0.26', 58374) {{(pid=87664) server /usr/local/lib/python3.8/dist-packages/eventlet/wsgi.py:992}}
Jan 12 09:32:20.449267 dv-neutron-824346-1-hyperv neutron-server[87664]: DEBUG neutron_lib.callbacks.manager [None req-d9dfea7a-2ba4-4c36-8b9f-0831259f5f70 tempest-PortsAdminExtendedAttrsTestJSON-1309554138 tempest-PortsAdminExtendedAttrsTestJSON-1309554138-project-admin] Notify callbacks ['neutron.plugins.ml2.plugin.SecurityGroupServerNotifierRpcMixin.notify_sg_on_port_change-3696440', 'neutron.plugins.ml2.ovo_rpc._ObjectChangeHandler.handle_event-478504', 'neutron.api.rpc.agentnotifiers.dhcp_rpc_agent_api.DhcpAgentNotifyAPI._native_event_send_dhcp_notification-527191', 'neutron.db.l3_dvrscheduler_db._notify_l3_agent_new_port-8731690842332', 'neutron.services.segments.plugin.NovaSegmentNotifier._notify_port_created_or_deleted-1636340'] for port, after_create {{(pid=87664) _notify_loop /usr/local/lib/python3.8/dist-packages/neutron_lib/callbacks/manager.py:192}}
Jan 12 09:32:20.450249 dv-neutron-824346-1-hyperv neutron-server[87665]: DEBUG neutron_lib.callbacks.manager [None req-d00c7df4-9b42-42d6-b37b-9a094a95f1cd None None] Notify callbacks ['neutron.plugins.ml2.plugin.SecurityGroupServerNotifierRpcMixin.notify_sg_on_port_change-3696440', 'neutron.plugins.ml2.ovo_rpc._ObjectChangeHandler.handle_event-478504', 'neutron.api.rpc.agentnotifiers.dhcp_rpc_agent_api.DhcpAgentNotifyAPI._native_event_send_dhcp_notification-527191', 'neutron.db.l3_db.L3RpcNotifierMixin._notify_gateway_port_ip_changed-8731691316435', 'neutron.db.l3_dvrscheduler_db._notify_l3_agent_port_update-8731690842350', 'neutron.db.l3_hascheduler_db._notify_l3_agent_ha_port_update-8731690845727'] for port, after_update {{(pid=87665) _notify_loop /usr/local/lib/python3.8/dist-packages/neutron_lib/callbacks/manager.py:192}}
Jan 12 09:32:20.492114 dv-neutron-824346-1-hyperv neutron-server[87665]: DEBUG neutron.plugins.ml2.db [None req-70497775-635b-4d95-b049-671dad051aa9 None None] For port 37c53014-6ca8-48de-ab2a-7d59d27120af, host dv-neutron-824346-1-hyperv, got binding levels [PortBindingLevel(driver='openvswitch',host='dv-neutron-824346-1-hyperv',level=0,port_id=37c53014-6ca8-48de-ab2a-7d59d27120af,segment=NetworkSegment(4b3ddbfb-7379-4759-bba3-79bc5684bf42),segment_id=4b3ddbfb-7379-4759-bba3-79bc5684bf42)] {{(pid=87665) get_binding_level_objs /opt/stack/neutron/neutron/plugins/ml2/db.py:75}}
Jan 12 09:32:20.549955 dv-neutron-824346-1-hyperv neutron-server[87664]: DEBUG neutron_lib.callbacks.manager [None req-e2214ab5-108c-4dda-a58f-e0ada890564f admin admin] Notify callbacks ['neutron.plugins.ml2.plugin.SecurityGroupServerNotifierRpcMixin.notify_sg_on_port_change-3696440', 'neutron.plugins.ml2.ovo_rpc._ObjectChangeHandler.handle_event-478504', 'neutron.api.rpc.agentnotifiers.dhcp_rpc_agent_api.DhcpAgentNotifyAPI._native_event_send_dhcp_notification-527191', 'neutron.db.l3_db.L3RpcNotifierMixin._notify_gateway_port_ip_changed-8731691316435', 'neutron.db.l3_dvrscheduler_db._notify_l3_agent_port_update-8731690842350', 'neutron.db.l3_hascheduler_db._notify_l3_agent_ha_port_update-8731690845727', 'neutron.services.segments.plugin.NovaSegmentNotifier._notify_port_updated-1636323'] for port, after_update {{(pid=87664) _notify_loop /usr/local/lib/python3.8/dist-packages/neutron_lib/callbacks/manager.py:192}}
Jan 12 09:32:20.585605 dv-neutron-824346-1-hyperv neutron-server[87663]: DEBUG neutron_lib.callbacks.manager [None req-6f2c6e7b-d660-4eda-ac7e-a84c4b8bd59f admin admin] Notify callbacks [] for port, precommit_update {{(pid=87663) _notify_loop /usr/local/lib/python3.8/dist-packages/neutron_lib/callbacks/manager.py:192}}
Jan 12 09:32:20.594197 dv-neutron-824346-1-hyperv neutron-server[87664]: DEBUG neutron.api.v2.base [None req-9c23fbcb-334c-4f3c-a647-8c420e03bf66 tempest-AllowedAddressPairIpV6TestJSON-1986814085 tempest-AllowedAddressPairIpV6TestJSON-1986814085-project] Request body: {'port': {'allowed_address_pairs': [{'ip_address': '2001:db8::285', 'mac_address': 'fa:16:3e:aa:fb:f5'}]}} {{(pid=87664) prepare_request_body /opt/stack/neutron/neutron/api/v2/base.py:729}}
Jan 12 09:32:20.597098 dv-neutron-824346-1-hyperv neutron-server[87665]: DEBUG neutron.api.rpc.handlers.resources_rpc [None req-d00c7df4-9b42-42d6-b37b-9a094a95f1cd None None] Pushing event updated for resources: {'Port': ['ID=90e7a160-06b3-4d10-804d-959e30162684,revision_number=2']} {{(pid=87665) push /opt/stack/neutron/neutron/api/rpc/handlers/resources_rpc.py:237}}
Jan 12 09:32:20.611773 dv-neutron-824346-1-hyperv neutron-server[87663]: DEBUG neutron_lib.callbacks.manager [None req-1c2eee86-e0dd-4664-923f-cca326f66966 tempest-ExternalNetworksTestJSON-882315555 tempest-ExternalNetworksTestJSON-882315555-project-admin] Notify callbacks [] for floatingip, precommit_create {{(pid=87663) _notify_loop /usr/local/lib/python3.8/dist-packages/neutron_lib/callbacks/manager.py:192}}
Jan 12 09:32:20.615508 dv-neutron-824346-1-hyperv neutron-server[87665]: DEBUG neutron_lib.callbacks.manager [None req-70497775-635b-4d95-b049-671dad051aa9 None None] Notify callbacks ['neutron.plugins.ml2.plugin.SecurityGroupServerNotifierRpcMixin.notify_sg_on_port_change-3696440', 'neutron.plugins.ml2.ovo_rpc._ObjectChangeHandler.handle_event-478504', 'neutron.api.rpc.agentnotifiers.dhcp_rpc_agent_api.DhcpAgentNotifyAPI._native_event_send_dhcp_notification-527191', 'neutron.db.l3_db.L3RpcNotifierMixin._notify_gateway_port_ip_changed-8731691316435', 'neutron.db.l3_dvrscheduler_db._notify_l3_agent_port_update-8731690842350', 'neutron.db.l3_hascheduler_db._notify_l3_agent_ha_port_update-8731690845727'] for port, after_update {{(pid=87665) _notify_loop /usr/local/lib/python3.8/dist-packages/neutron_lib/callbacks/manager.py:192}}
Jan 12 09:32:20.619510 dv-neutron-824346-1-hyperv neutron-server[87665]: DEBUG neutron.plugins.ml2.rpc [None req-70497775-635b-4d95-b049-671dad051aa9 None None] Device f8177f0e-7367-410a-bd67-aa284c1550cf up at agent ovs-agent-dv-neutron-824346-1-hyperv {{(pid=87665) update_device_up /opt/stack/neutron/neutron/plugins/ml2/rpc.py:278}}
Jan 12 09:32:20.619964 dv-neutron-824346-1-hyperv neutron-server[87663]: DEBUG neutron.api.rpc.handlers.resources_rpc [None req-a7583fed-ce30-4248-9dc8-2ad35f21e918 tempest-FloatingIPAdminTestJSON-1079208218 tempest-FloatingIPAdminTestJSON-1079208218-project] Pushing event updated for resources: {'Port': ['ID=8b997840-afc8-45db-9e40-413345d45516,revision_number=1']} {{(pid=87663) push /opt/stack/neutron/neutron/api/rpc/handlers/resources_rpc.py:237}}
Jan 12 09:32:20.622266 dv-neutron-824346-1-hyperv neutron-server[87663]: DEBUG neutron_lib.callbacks.manager [None req-6f2c6e7b-d660-4eda-ac7e-a84c4b8bd59f admin admin] Notify callbacks ['neutron.plugins.ml2.plugin.SecurityGroupServerNotifierRpcMixin.notify_sg_on_port_change-3696440', 'neutron.plugins.ml2.ovo_rpc._ObjectChangeHandler.handle_event-478504', 'neutron.api.rpc.agentnotifiers.dhcp_rpc_agent_api.DhcpAgentNotifyAPI._native_event_send_dhcp_notification-527191', 'neutron.db.l3_db.L3RpcNotifierMixin._notify_gateway_port_ip_changed-8731691316435', 'neutron.db.l3_dvrscheduler_db._notify_l3_agent_port_update-8731690842350', 'neutron.db.l3_hascheduler_db._notify_l3_agent_ha_port_update-8731690845727'] for port, after_update {{(pid=87663) _notify_loop /usr/local/lib/python3.8/dist-packages/neutron_lib/callbacks/manager.py:192}}
Jan 12 09:32:20.622975 dv-neutron-824346-1-hyperv neutron-server[87663]: DEBUG neutron_lib.callbacks.manager [None req-6f2c6e7b-d660-4eda-ac7e-a84c4b8bd59f admin admin] Notify callbacks ['neutron.api.rpc.agentnotifiers.dhcp_rpc_agent_api.DhcpAgentNotifyAPI._after_router_interface_created-527209', 'neutron.services.l3_router.l3_router_plugin.DVRResourceOperationHandler._update_snat_v6_addrs_after_intf_update-941549'] for router_interface, after_create {{(pid=87663) _notify_loop /usr/local/lib/python3.8/dist-packages/neutron_lib/callbacks/manager.py:192}}
Jan 12 09:32:20.669018 dv-neutron-824346-1-hyperv neutron-server[87664]: DEBUG neutron_lib.callbacks.manager [None req-2559ecf0-2f30-491f-ac24-d7d8864873f3 admin admin] Notify callbacks ['neutron.plugins.ml2.plugin.SecurityGroupDbMixin._ensure_default_security_group_handler-3696505'] for port, before_create {{(pid=87664) _notify_loop /usr/local/lib/python3.8/dist-packages/neutron_lib/callbacks/manager.py:192}}
Jan 12 09:32:20.715950 dv-neutron-824346-1-hyperv neutron-server[87664]: DEBUG neutron.plugins.ml2.drivers.helpers [None req-d2e8236f-f261-4c50-9908-838c765345fc tempest-DHCPAgentSchedulersTestJSON-2112525505 tempest-DHCPAgentSchedulersTestJSON-2112525505-project] vlan segment allocate from pool success with {'physical_network': 'physnet1', 'vlan_id': 548} {{(pid=87664) allocate_partially_specified_segment /opt/stack/neutron/neutron/plugins/ml2/drivers/helpers.py:153}}
Jan 12 09:32:20.764398 dv-neutron-824346-1-hyperv neutron-server[87664]: DEBUG neutron.scheduler.dhcp_agent_scheduler [None req-d9dfea7a-2ba4-4c36-8b9f-0831259f5f70 tempest-PortsAdminExtendedAttrsTestJSON-1309554138 tempest-PortsAdminExtendedAttrsTestJSON-1309554138-project-admin] Network d9c1e969-b760-4e3b-8ccf-eaf1608b977b is already hosted by enough agents. {{(pid=87664) _get_dhcp_agents_hosting_network /opt/stack/neutron/neutron/scheduler/dhcp_agent_scheduler.py:275}}
Jan 12 09:32:20.831584 dv-neutron-824346-1-hyperv neutron-server[87665]: DEBUG neutron.api.rpc.handlers.resources_rpc [None req-70497775-635b-4d95-b049-671dad051aa9 None None] Pushing event updated for resources: {'Port': ['ID=37c53014-6ca8-48de-ab2a-7d59d27120af,revision_number=3']} {{(pid=87665) push /opt/stack/neutron/neutron/api/rpc/handlers/resources_rpc.py:237}}
Jan 12 09:32:20.857437 dv-neutron-824346-1-hyperv neutron-server[87665]: DEBUG neutron.db.l3_hamode_db [None req-3d431237-560e-47e9-9c8b-1647fc253766 None None] neutron.services.l3_router.l3_router_plugin.L3RouterPlugin method _process_sync_ha_data called with arguments (, [{'id': 'a62a2453-e1f0-4dbe-b283-3f2f6f3f1ba3', 'name': 'tempest-ServerActionsTestJSON-1191303219-router', 'tenant_id': '4a462b68449743d888150888eed67276', 'admin_state_up': True, 'status': 'ACTIVE', 'external_gateway_info': {'network_id': 'a0c71044-c202-4180-8447-4ec1d9a406cf', 'external_fixed_ips': [{'subnet_id': '4c3b2e47-be3b-4999-a552-bef9b6b07b7c', 'ip_address': '172.26.2.239'}], 'enable_snat': True}, 'gw_port_id': 'e0bae8db-56ce-4eb7-a369-efc2b1ae21e3', 'description': '', 'availability_zones': ['nova'], 'distributed': False, 'ha': False, 'ha_vr_id': 0, 'availability_zone_hints': [], 'routes': [], 'flavor_id': None, 'tags': [], 'created_at': '2022-01-12T09:32:06Z', 'updated_at': '2022-01-12T09:32:09Z', 'revision_number': 3, 'project_id': '4a462b68449743d888150888eed67276', 'gw_port': {'id': 'e0bae8db-56ce-4eb7-a369-efc2b1ae21e3', 'name': '', 'network_id': 'a0c71044-c202-4180-8447-4ec1d9a406cf', 'tenant_id': '', 'mac_address': 'fa:16:3e:e7:6f:5f', 'admin_state_up': True, 'status': 'DOWN', 'device_id': 'a62a2453-e1f0-4dbe-b283-3f2f6f3f1ba3', 'device_owner': 'network:router_gateway', 'standard_attr_id': 108, 'fixed_ips': [{'subnet_id': '4c3b2e47-be3b-4999-a552-bef9b6b07b7c', 'ip_address': '172.26.2.239', 'prefixlen': 24}], 'allowed_address_pairs': [], 'extra_dhcp_opts': [], 'security_groups': [], 'description': '', 'binding:vnic_type': 'normal', 'binding:profile': {}, 'binding:host_id': 'dv-neutron-824346-1-hyperv', 'binding:vif_type': 'ovs', 'binding:vif_details': {'connectivity': 'l2', 'port_filter': True, 'ovs_hybrid_plug': False, 'datapath_type': 'system', 'bridge_name': 'br-int'}, 'port_security_enabled': False, 'tags': [], 'created_at': '2022-01-12T09:32:07Z', 'updated_at': '2022-01-12T09:32:17Z', 'revision_number': 3, 'project_id': '', 'subnets': [{'id': '4c3b2e47-be3b-4999-a552-bef9b6b07b7c', 'cidr': '172.26.2.0/24', 'gateway_ip': '172.26.2.1', 'dns_nameservers': [], 'ipv6_ra_mode': None, 'subnetpool_id': None}], 'extra_subnets': [], 'address_scopes': {4: None, 6: None}, 'mtu': 1500}, 'enable_snat': True, 'gw_port_host': 'dv-neutron-824346-1-hyperv'}], 'dv-neutron-824346-1-hyperv', False) {} {{(pid=87665) wrapper /usr/local/lib/python3.8/dist-packages/oslo_log/helpers.py:65}}
