Jan 12 09:32:27.085182 dv-neutron-824346-1-hyperv neutron-server[87665]: DEBUG neutron.api.rpc.handlers.resources_rpc [None req-4d41a872-3e81-4826-b167-76690de4397f None None] Pushing event updated for resources: {'Port': ['ID=93574377-b9ff-4eb4-a6a9-26da98305f15,revision_number=3']} {{(pid=87665) push /opt/stack/neutron/neutron/api/rpc/handlers/resources_rpc.py:237}}
Jan 12 09:32:27.090429 dv-neutron-824346-1-hyperv neutron-server[87666]: DEBUG neutron.db.l3_dvr_db [None req-9f7c1a71-e225-45d9-9106-f8ef9558b660 None None] Set router 0597e7b4-f3d3-4aaa-a9df-77ce3589e03a gateway port host: dv-neutron-824346-1-hyperv {{(pid=87666) _build_routers_list /opt/stack/neutron/neutron/db/l3_dvr_db.py:875}}
Jan 12 09:32:27.165214 dv-neutron-824346-1-hyperv neutron-server[87665]: DEBUG neutron.db.provisioning_blocks [None req-70497775-635b-4d95-b049-671dad051aa9 None None] Provisioning complete for port e0bae8db-56ce-4eb7-a369-efc2b1ae21e3 triggered by entity L2. {{(pid=87665) provisioning_complete /opt/stack/neutron/neutron/db/provisioning_blocks.py:139}}
Jan 12 09:32:27.167924 dv-neutron-824346-1-hyperv neutron-server[87665]: DEBUG neutron_lib.callbacks.manager [None req-70497775-635b-4d95-b049-671dad051aa9 None None] Notify callbacks ['neutron.plugins.ml2.plugin.Ml2Plugin._port_provisioned-4162114'] for port, provisioning_complete {{(pid=87665) _notify_loop /usr/local/lib/python3.8/dist-packages/neutron_lib/callbacks/manager.py:192}}
Jan 12 09:32:27.170110 dv-neutron-824346-1-hyperv neutron-server[87663]: DEBUG neutron_lib.callbacks.manager [None req-e7723d5e-07bc-45cc-b9fc-d5f46ab4645a tempest-DHCPAgentSchedulersTestJSON-2112525505 tempest-DHCPAgentSchedulersTestJSON-2112525505-project] Subscribe: > subnet after_create 55550000 {{(pid=87663) subscribe /usr/local/lib/python3.8/dist-packages/neutron_lib/callbacks/manager.py:45}}
Jan 12 09:32:27.170555 dv-neutron-824346-1-hyperv neutron-server[87663]: DEBUG neutron_lib.callbacks.manager [None req-e7723d5e-07bc-45cc-b9fc-d5f46ab4645a tempest-DHCPAgentSchedulersTestJSON-2112525505 tempest-DHCPAgentSchedulersTestJSON-2112525505-project] Subscribe: > subnet after_delete 55550000 {{(pid=87663) subscribe /usr/local/lib/python3.8/dist-packages/neutron_lib/callbacks/manager.py:45}}
Jan 12 09:32:27.170872 dv-neutron-824346-1-hyperv neutron-server[87663]: DEBUG neutron_lib.callbacks.manager [None req-e7723d5e-07bc-45cc-b9fc-d5f46ab4645a tempest-DHCPAgentSchedulersTestJSON-2112525505 tempest-DHCPAgentSchedulersTestJSON-2112525505-project] Subscribe: > subnet before_create 55550000 {{(pid=87663) subscribe /usr/local/lib/python3.8/dist-packages/neutron_lib/callbacks/manager.py:45}}
Jan 12 09:32:27.171205 dv-neutron-824346-1-hyperv neutron-server[87663]: DEBUG neutron_lib.callbacks.manager [None req-e7723d5e-07bc-45cc-b9fc-d5f46ab4645a tempest-DHCPAgentSchedulersTestJSON-2112525505 tempest-DHCPAgentSchedulersTestJSON-2112525505-project] Subscribe: > subnet before_update 55550000 {{(pid=87663) subscribe /usr/local/lib/python3.8/dist-packages/neutron_lib/callbacks/manager.py:45}}
Jan 12 09:32:27.172447 dv-neutron-824346-1-hyperv neutron-server[87663]: DEBUG neutron.services.segments.db [None req-e7723d5e-07bc-45cc-b9fc-d5f46ab4645a tempest-DHCPAgentSchedulersTestJSON-2112525505 tempest-DHCPAgentSchedulersTestJSON-2112525505-project] neutron.services.segments.plugin.Plugin method get_segments called with arguments (,) {'filters': {'network_id': ['b976eadb-9d0e-4751-a885-d1a327b3055f']}} {{(pid=87663) wrapper /usr/local/lib/python3.8/dist-packages/oslo_log/helpers.py:65}}
Jan 12 09:32:27.204085 dv-neutron-824346-1-hyperv neutron-server[87663]: DEBUG neutron.services.segments.db [None req-e7723d5e-07bc-45cc-b9fc-d5f46ab4645a tempest-DHCPAgentSchedulersTestJSON-2112525505 tempest-DHCPAgentSchedulersTestJSON-2112525505-project] neutron.services.segments.plugin.Plugin method delete_segment called with arguments (, '31bd1e13-a4ec-4d42-ba45-4fd78533fe10') {'for_net_delete': True} {{(pid=87663) wrapper /usr/local/lib/python3.8/dist-packages/oslo_log/helpers.py:65}}
Jan 12 09:32:27.205001 dv-neutron-824346-1-hyperv neutron-server[87663]: DEBUG neutron.services.segments.db [None req-e7723d5e-07bc-45cc-b9fc-d5f46ab4645a tempest-DHCPAgentSchedulersTestJSON-2112525505 tempest-DHCPAgentSchedulersTestJSON-2112525505-project] neutron.services.segments.plugin.Plugin method get_segment called with arguments (, '31bd1e13-a4ec-4d42-ba45-4fd78533fe10') {} {{(pid=87663) wrapper /usr/local/lib/python3.8/dist-packages/oslo_log/helpers.py:65}}
Jan 12 09:32:27.212076 dv-neutron-824346-1-hyperv neutron-server[87664]: DEBUG neutron_lib.callbacks.manager [None req-2003f087-d1d4-4e36-a03c-2c02eea7f3f2 tempest-ExternalNetworksTestJSON-882315555 tempest-ExternalNetworksTestJSON-882315555-project-admin] Notify callbacks ['neutron.plugins.ml2.plugin.Ml2Plugin._subnet_delete_precommit_handler-4017175'] for subnet, precommit_delete {{(pid=87664) _notify_loop /usr/local/lib/python3.8/dist-packages/neutron_lib/callbacks/manager.py:192}}
Jan 12 09:32:27.219786 dv-neutron-824346-1-hyperv neutron-server[87663]: DEBUG neutron_lib.callbacks.manager [None req-e7723d5e-07bc-45cc-b9fc-d5f46ab4645a tempest-DHCPAgentSchedulersTestJSON-2112525505 tempest-DHCPAgentSchedulersTestJSON-2112525505-project] Notify callbacks ['neutron.plugins.ml2.db._prevent_segment_delete_with_port_bound-8731691364401', 'neutron.services.segments.plugin.Plugin._prevent_segment_delete_with_subnet_associated-29248568'] for segment, before_delete {{(pid=87663) _notify_loop /usr/local/lib/python3.8/dist-packages/neutron_lib/callbacks/manager.py:192}}
Jan 12 09:32:27.240465 dv-neutron-824346-1-hyperv neutron-server[87663]: DEBUG neutron_lib.callbacks.manager [None req-e7723d5e-07bc-45cc-b9fc-d5f46ab4645a tempest-DHCPAgentSchedulersTestJSON-2112525505 tempest-DHCPAgentSchedulersTestJSON-2112525505-project] Notify callbacks ['neutron.plugins.ml2.plugin.Ml2Plugin._handle_segment_change-4007166'] for segment, precommit_delete {{(pid=87663) _notify_loop /usr/local/lib/python3.8/dist-packages/neutron_lib/callbacks/manager.py:192}}
Jan 12 09:32:27.243635 dv-neutron-824346-1-hyperv neutron-server[87664]: DEBUG neutron_lib.callbacks.manager [None req-e9322ac7-df2a-4914-9445-7d2b3a91af83 tempest-AllowedAddressPairIpV6TestJSON-1986814085 tempest-AllowedAddressPairIpV6TestJSON-1986814085-project] Notify callbacks ['neutron.services.l3_router.l3_router_plugin.L3_NAT_dbonly_mixin._precommit_delete_port_callback-984405'] for port, precommit_delete {{(pid=87664) _notify_loop /usr/local/lib/python3.8/dist-packages/neutron_lib/callbacks/manager.py:192}}
Jan 12 09:32:27.249002 dv-neutron-824346-1-hyperv neutron-server[87663]: DEBUG neutron.plugins.ml2.drivers.type_vlan [None req-e7723d5e-07bc-45cc-b9fc-d5f46ab4645a tempest-DHCPAgentSchedulersTestJSON-2112525505 tempest-DHCPAgentSchedulersTestJSON-2112525505-project] Releasing vlan 548 on physical network physnet1 to pool {{(pid=87663) release_segment /opt/stack/neutron/neutron/plugins/ml2/drivers/type_vlan.py:304}}
Jan 12 09:32:27.249482 dv-neutron-824346-1-hyperv neutron-server[87663]: DEBUG neutron_lib.callbacks.manager [None req-e7723d5e-07bc-45cc-b9fc-d5f46ab4645a tempest-DHCPAgentSchedulersTestJSON-2112525505 tempest-DHCPAgentSchedulersTestJSON-2112525505-project] Notify callbacks ['neutron.plugins.ml2.plugin.Ml2Plugin._handle_after_delete_segment_change-4007113', 'neutron.services.segments.plugin.NovaSegmentNotifier._notify_segment_deleted-27475494'] for segment, after_delete {{(pid=87663) _notify_loop /usr/local/lib/python3.8/dist-packages/neutron_lib/callbacks/manager.py:192}}
Jan 12 09:32:27.253004 dv-neutron-824346-1-hyperv neutron-server[87665]: DEBUG neutron.db.l3_dvrscheduler_db [None req-ce377fda-54bf-4c4a-a0d0-5915660d1b91 None None] Routers {'a62a2453-e1f0-4dbe-b283-3f2f6f3f1ba3'} bound to L3 agent in host dv-neutron-824346-1-hyperv {{(pid=87665) _get_router_ids_for_agent /opt/stack/neutron/neutron/db/l3_dvrscheduler_db.py:422}}
Jan 12 09:32:27.253446 dv-neutron-824346-1-hyperv neutron-server[87664]: DEBUG neutron.plugins.ml2.managers [None req-ffe10beb-c4df-4e8b-879b-07572f9374ad tempest-PortsAdminExtendedAttrsTestJSON-1309554138 tempest-PortsAdminExtendedAttrsTestJSON-1309554138-project-admin] Attempting to bind port 7e2c6fa0-34d9-42e9-bfc1-8ea76132a4e7 on host hv-neutron-8243 for vnic_type normal with profile {{(pid=87664) bind_port /opt/stack/neutron/neutron/plugins/ml2/managers.py:790}}
Jan 12 09:32:27.253559 dv-neutron-824346-1-hyperv neutron-server[87665]: DEBUG neutron.db.l3_hamode_db [None req-ce377fda-54bf-4c4a-a0d0-5915660d1b91 None None] neutron.services.l3_router.l3_router_plugin.L3RouterPlugin method get_ha_sync_data_for_host called with arguments (, 'dv-neutron-824346-1-hyperv', Agent(admin_state_up=True,agent_type='L3 agent',availability_zone='nova',binary='neutron-l3-agent',configurations={"agent_mode": "legacy", "ex_gw_ports": 1, "extensions": [], "floating_ips": 0, "handle_internal_only_routers": true, "interface_driver": "openvswitch", "interfaces": 1, "log_agent_heartbeats": false, "routers": 1},created_at=2022-01-12T09:23:39Z,description=,heartbeat_timestamp=2022-01-12T09:32:09Z,host='dv-neutron-824346-1-hyperv',id=a9c99030-1e48-415e-871c-8cf43e0ee8c3,load=0,resource_versions=,resources_synced=,started_at=2022-01-12T09:23:39Z,topic='l3_agent')) {'router_ids': ['a62a2453-e1f0-4dbe-b283-3f2f6f3f1ba3'], 'active': True} {{(pid=87665) wrapper /usr/local/lib/python3.8/dist-packages/oslo_log/helpers.py:65}}
Jan 12 09:32:27.253784 dv-neutron-824346-1-hyperv neutron-server[87664]: DEBUG neutron.plugins.ml2.managers [None req-ffe10beb-c4df-4e8b-879b-07572f9374ad tempest-PortsAdminExtendedAttrsTestJSON-1309554138 tempest-PortsAdminExtendedAttrsTestJSON-1309554138-project-admin] Attempting to bind port 7e2c6fa0-34d9-42e9-bfc1-8ea76132a4e7 by drivers openvswitch,hyperv on host hv-neutron-8243 at level 0 using segments [{'id': 'd13be91b-d1cd-401b-89b7-939b9cecbe23', 'network_type': 'vlan', 'physical_network': 'physnet1', 'segmentation_id': 546, 'network_id': 'd9c1e969-b760-4e3b-8ccf-eaf1608b977b'}] {{(pid=87664) _bind_port_level /opt/stack/neutron/neutron/plugins/ml2/managers.py:815}}
Jan 12 09:32:27.254115 dv-neutron-824346-1-hyperv neutron-server[87664]: DEBUG neutron.plugins.ml2.drivers.mech_agent [None req-ffe10beb-c4df-4e8b-879b-07572f9374ad tempest-PortsAdminExtendedAttrsTestJSON-1309554138 tempest-PortsAdminExtendedAttrsTestJSON-1309554138-project-admin] Attempting to bind port 7e2c6fa0-34d9-42e9-bfc1-8ea76132a4e7 on network d9c1e969-b760-4e3b-8ccf-eaf1608b977b {{(pid=87664) bind_port /opt/stack/neutron/neutron/plugins/ml2/drivers/mech_agent.py:86}}
Jan 12 09:32:27.283835 dv-neutron-824346-1-hyperv neutron-server[87664]: DEBUG neutron.api.rpc.handlers.resources_rpc [None req-f2c0ec1a-c3e7-4f89-ba0d-e562db68bfa4 tempest-ServerActionsTestJSON-980992033 tempest-ServerActionsTestJSON-980992033-project] Pushing event updated for resources: {'SecurityGroup': ['ID=f845d1e9-d9b2-4171-a817-72123fae9eff,revision_number=1']} {{(pid=87664) push /opt/stack/neutron/neutron/api/rpc/handlers/resources_rpc.py:237}}
Jan 12 09:32:27.359803 dv-neutron-824346-1-hyperv neutron-server[87663]: DEBUG neutron.quota.resource [None req-2a27d767-4b63-496c-859c-7fc8afb70802 tempest-ServersTestManualDisk-83777694 tempest-ServersTestManualDisk-83777694-project] Quota usage for security_group_rule was recalculated. Used quota:6. {{(pid=87663) count_used /opt/stack/neutron/neutron/quota/resource.py:290}}
Jan 12 09:32:27.368613 dv-neutron-824346-1-hyperv neutron-server[87663]: /usr/lib/python3/dist-packages/secretstorage/dhcrypto.py:15: CryptographyDeprecationWarning: int_from_bytes is deprecated, use int.from_bytes instead
Jan 12 09:32:27.368613 dv-neutron-824346-1-hyperv neutron-server[87663]: from cryptography.utils import int_from_bytes
Jan 12 09:32:27.368613 dv-neutron-824346-1-hyperv neutron-server[87663]: /usr/lib/python3/dist-packages/secretstorage/util.py:19: CryptographyDeprecationWarning: int_from_bytes is deprecated, use int.from_bytes instead
Jan 12 09:32:27.368613 dv-neutron-824346-1-hyperv neutron-server[87663]: from cryptography.utils import int_from_bytes
Jan 12 09:32:27.368613 dv-neutron-824346-1-hyperv neutron-server[87663]: /usr/local/lib/python3.8/dist-packages/sqlalchemy/orm/relationships.py:1994: SAWarning: Setting backref / back_populates on relationship QosNetworkPolicyBinding.port to refer to viewonly relationship Port.qos_network_policy_binding should include sync_backref=False set on the QosNetworkPolicyBinding.port relationship. (this warning may be suppressed after 10 occurrences)
Jan 12 09:32:27.368613 dv-neutron-824346-1-hyperv neutron-server[87663]: util.warn_limited(
Jan 12 09:32:27.368613 dv-neutron-824346-1-hyperv neutron-server[87663]: /usr/local/lib/python3.8/dist-packages/sqlalchemy/orm/relationships.py:1994: SAWarning: Setting backref / back_populates on relationship Tag.standard_attr to refer to viewonly relationship StandardAttribute.tags should include sync_backref=False set on the Tag.standard_attr relationship. (this warning may be suppressed after 10 occurrences)
Jan 12 09:32:27.368613 dv-neutron-824346-1-hyperv neutron-server[87663]: util.warn_limited(
Jan 12 09:32:27.368613 dv-neutron-824346-1-hyperv neutron-server[87663]: Traceback (most recent call last):
Jan 12 09:32:27.368613 dv-neutron-824346-1-hyperv neutron-server[87663]: File "/usr/local/lib/python3.8/dist-packages/eventlet/hubs/hub.py", line 476, in fire_timers
Jan 12 09:32:27.368613 dv-neutron-824346-1-hyperv neutron-server[87663]: timer()
Jan 12 09:32:27.368613 dv-neutron-824346-1-hyperv neutron-server[87663]: File "/usr/local/lib/python3.8/dist-packages/eventlet/hubs/timer.py", line 59, in __call__
Jan 12 09:32:27.368613 dv-neutron-824346-1-hyperv neutron-server[87663]: cb(*args, **kw)
Jan 12 09:32:27.368613 dv-neutron-824346-1-hyperv neutron-server[87663]: File "/opt/stack/neutron/neutron/common/utils.py", line 912, in wrapper
Jan 12 09:32:27.368613 dv-neutron-824346-1-hyperv neutron-server[87663]: return func(*args, **kwargs)
Jan 12 09:32:27.368613 dv-neutron-824346-1-hyperv neutron-server[87663]: File "/opt/stack/neutron/neutron/notifiers/batch_notifier.py", line 58, in synced_send
Jan 12 09:32:27.368613 dv-neutron-824346-1-hyperv neutron-server[87663]: self._notify()
Jan 12 09:32:27.368613 dv-neutron-824346-1-hyperv neutron-server[87663]: File "/opt/stack/neutron/neutron/notifiers/batch_notifier.py", line 69, in _notify
Jan 12 09:32:27.368613 dv-neutron-824346-1-hyperv neutron-server[87663]: self.callback(batched_events)
Jan 12 09:32:27.368613 dv-neutron-824346-1-hyperv neutron-server[87663]: File "/opt/stack/neutron/neutron/services/segments/plugin.py", line 211, in _send_notifications
Jan 12 09:32:27.368613 dv-neutron-824346-1-hyperv neutron-server[87663]: event.method(event)
Jan 12 09:32:27.368613 dv-neutron-824346-1-hyperv neutron-server[87663]: File "/opt/stack/neutron/neutron/services/segments/plugin.py", line 379, in _delete_nova_inventory
Jan 12 09:32:27.368613 dv-neutron-824346-1-hyperv neutron-server[87663]: aggregate_id = self._get_aggregate_id(event.segment_id)
Jan 12 09:32:27.368613 dv-neutron-824346-1-hyperv neutron-server[87663]: File "/opt/stack/neutron/neutron/services/segments/plugin.py", line 366, in _get_aggregate_id
Jan 12 09:32:27.368613 dv-neutron-824346-1-hyperv neutron-server[87663]: aggregate_uuid = self.p_client.list_aggregates(
Jan 12 09:32:27.368613 dv-neutron-824346-1-hyperv neutron-server[87663]: File "/usr/local/lib/python3.8/dist-packages/neutron_lib/placement/client.py", line 57, in wrapper
Jan 12 09:32:27.368613 dv-neutron-824346-1-hyperv neutron-server[87663]: return f(self, *a, **k)
Jan 12 09:32:27.368613 dv-neutron-824346-1-hyperv neutron-server[87663]: File "/usr/local/lib/python3.8/dist-packages/neutron_lib/placement/client.py", line 553, in list_aggregates
Jan 12 09:32:27.368613 dv-neutron-824346-1-hyperv neutron-server[87663]: return self._get(url).json()
Jan 12 09:32:27.368613 dv-neutron-824346-1-hyperv neutron-server[87663]: File "/usr/local/lib/python3.8/dist-packages/neutron_lib/placement/client.py", line 189, in _get
Jan 12 09:32:27.368613 dv-neutron-824346-1-hyperv neutron-server[87663]: return self._client.get(url, endpoint_filter=self._ks_filter,
Jan 12 09:32:27.368613 dv-neutron-824346-1-hyperv neutron-server[87663]: File "/usr/local/lib/python3.8/dist-packages/keystoneauth1/session.py", line 1141, in get
Jan 12 09:32:27.368613 dv-neutron-824346-1-hyperv neutron-server[87663]: return self.request(url, 'GET', **kwargs)
Jan 12 09:32:27.368613 dv-neutron-824346-1-hyperv neutron-server[87663]: File "/usr/local/lib/python3.8/dist-packages/keystoneauth1/session.py", line 811, in request
Jan 12 09:32:27.368613 dv-neutron-824346-1-hyperv neutron-server[87663]: base_url = self.get_endpoint(auth, allow=allow,
Jan 12 09:32:27.368613 dv-neutron-824346-1-hyperv neutron-server[87663]: File "/usr/local/lib/python3.8/dist-packages/keystoneauth1/session.py", line 1241, in get_endpoint
Jan 12 09:32:27.368613 dv-neutron-824346-1-hyperv neutron-server[87663]: auth = self._auth_required(auth, 'determine endpoint URL')
Jan 12 09:32:27.368613 dv-neutron-824346-1-hyperv neutron-server[87663]: File "/usr/local/lib/python3.8/dist-packages/keystoneauth1/session.py", line 1181, in _auth_required
Jan 12 09:32:27.368613 dv-neutron-824346-1-hyperv neutron-server[87663]: raise exceptions.MissingAuthPlugin(msg_fmt % msg)
Jan 12 09:32:27.368613 dv-neutron-824346-1-hyperv neutron-server[87663]: keystoneauth1.exceptions.auth_plugins.MissingAuthPlugin: An auth plugin is required to determine endpoint URL
Jan 12 09:32:27.378419 dv-neutron-824346-1-hyperv neutron-server[87664]: DEBUG neutron.plugins.ml2.drivers.mech_agent [None req-ffe10beb-c4df-4e8b-879b-07572f9374ad tempest-PortsAdminExtendedAttrsTestJSON-1309554138 tempest-PortsAdminExtendedAttrsTestJSON-1309554138-project-admin] Port 7e2c6fa0-34d9-42e9-bfc1-8ea76132a4e7 on network d9c1e969-b760-4e3b-8ccf-eaf1608b977b not bound, no agent of type Open vSwitch agent registered on host hv-neutron-8243 {{(pid=87664) bind_port /opt/stack/neutron/neutron/plugins/ml2/drivers/mech_agent.py:98}}
Jan 12 09:32:27.378751 dv-neutron-824346-1-hyperv neutron-server[87664]: ERROR neutron.plugins.ml2.managers [None req-ffe10beb-c4df-4e8b-879b-07572f9374ad tempest-PortsAdminExtendedAttrsTestJSON-1309554138 tempest-PortsAdminExtendedAttrsTestJSON-1309554138-project-admin] Failed to bind port 7e2c6fa0-34d9-42e9-bfc1-8ea76132a4e7 on host hv-neutron-8243 for vnic_type normal using segments [{'id': 'd13be91b-d1cd-401b-89b7-939b9cecbe23', 'network_type': 'vlan', 'physical_network': 'physnet1', 'segmentation_id': 546, 'network_id': 'd9c1e969-b760-4e3b-8ccf-eaf1608b977b'}]
Jan 12 09:32:27.380315 dv-neutron-824346-1-hyperv neutron-server[87663]: DEBUG neutron_lib.callbacks.manager [None req-e7723d5e-07bc-45cc-b9fc-d5f46ab4645a tempest-DHCPAgentSchedulersTestJSON-2112525505 tempest-DHCPAgentSchedulersTestJSON-2112525505-project] Notify callbacks ['neutron.plugins.ml2.plugin.Ml2Plugin._network_delete_after_delete_handler-4017150', 'neutron.plugins.ml2.ovo_rpc._ObjectChangeHandler.handle_event-573872', 'neutron.api.rpc.agentnotifiers.dhcp_rpc_agent_api.DhcpAgentNotifyAPI._native_event_send_dhcp_notification-527191', 'neutron.services.l3_router.l3_router_plugin.DVRResourceOperationHandler.delete_fip_namespaces_for_ext_net-588063'] for network, after_delete {{(pid=87663) _notify_loop /usr/local/lib/python3.8/dist-packages/neutron_lib/callbacks/manager.py:192}}
Jan 12 09:32:27.386287 dv-neutron-824346-1-hyperv neutron-server[87663]: DEBUG neutron_lib.callbacks.manager [None req-e7723d5e-07bc-45cc-b9fc-d5f46ab4645a tempest-DHCPAgentSchedulersTestJSON-2112525505 tempest-DHCPAgentSchedulersTestJSON-2112525505-project] Notify callbacks ['neutron.api.rpc.agentnotifiers.dhcp_rpc_agent_api.DhcpAgentNotifyAPI._send_dhcp_notification-527173'] for network, before_response {{(pid=87663) _notify_loop /usr/local/lib/python3.8/dist-packages/neutron_lib/callbacks/manager.py:192}}
Jan 12 09:32:27.436380 dv-neutron-824346-1-hyperv neutron-server[87663]: DEBUG neutron.db.quota.driver [None req-2a27d767-4b63-496c-859c-7fc8afb70802 tempest-ServersTestManualDisk-83777694 tempest-ServersTestManualDisk-83777694-project] Attempting to reserve 1 items for resource security_group_rule. Total usage: 6; quota limit: 100; headroom:94 {{(pid=87663) make_reservation /opt/stack/neutron/neutron/db/quota/driver.py:246}}
Jan 12 09:32:27.437217 dv-neutron-824346-1-hyperv neutron-server[87664]: INFO neutron.plugins.ml2.plugin [None req-ffe10beb-c4df-4e8b-879b-07572f9374ad tempest-PortsAdminExtendedAttrsTestJSON-1309554138 tempest-PortsAdminExtendedAttrsTestJSON-1309554138-project-admin] Attempt 8 to bind port 7e2c6fa0-34d9-42e9-bfc1-8ea76132a4e7
Jan 12 09:32:27.440781 dv-neutron-824346-1-hyperv neutron-server[87665]: DEBUG neutron.api.rpc.handlers.resources_rpc [None req-4d41a872-3e81-4826-b167-76690de4397f None None] Pushing event updated for resources: {'Port': ['ID=93574377-b9ff-4eb4-a6a9-26da98305f15,revision_number=4']} {{(pid=87665) push /opt/stack/neutron/neutron/api/rpc/handlers/resources_rpc.py:237}}
Jan 12 09:32:27.444239 dv-neutron-824346-1-hyperv neutron-server[87664]: DEBUG neutron_lib.callbacks.manager [None req-f2c0ec1a-c3e7-4f89-ba0d-e562db68bfa4 tempest-ServerActionsTestJSON-980992033 tempest-ServerActionsTestJSON-980992033-project] Notify callbacks [] for security_group, before_response {{(pid=87664) _notify_loop /usr/local/lib/python3.8/dist-packages/neutron_lib/callbacks/manager.py:192}}
Jan 12 09:32:27.447998 dv-neutron-824346-1-hyperv neutron-server[87664]: INFO neutron.wsgi [None req-f2c0ec1a-c3e7-4f89-ba0d-e562db68bfa4 tempest-ServerActionsTestJSON-980992033 tempest-ServerActionsTestJSON-980992033-project] 10.222.0.26 "POST /v2.0/security-groups HTTP/1.1" status: 201 len: 1778 time: 3.1397061
Jan 12 09:32:27.465723 dv-neutron-824346-1-hyperv neutron-server[87663]: INFO neutron.wsgi [None req-e7723d5e-07bc-45cc-b9fc-d5f46ab4645a tempest-DHCPAgentSchedulersTestJSON-2112525505 tempest-DHCPAgentSchedulersTestJSON-2112525505-project] 10.222.0.26 "DELETE /v2.0/networks/b976eadb-9d0e-4751-a885-d1a327b3055f HTTP/1.1" status: 204 len: 168 time: 0.9075053
Jan 12 09:32:27.471027 dv-neutron-824346-1-hyperv neutron-server[87663]: DEBUG neutron.wsgi [-] (87663) accepted ('10.222.0.26', 58468) {{(pid=87663) server /usr/local/lib/python3.8/dist-packages/eventlet/wsgi.py:992}}
Jan 12 09:32:27.471378 dv-neutron-824346-1-hyperv neutron-server[87663]: DEBUG neutron.wsgi [-] (87663) accepted ('10.222.0.26', 58470) {{(pid=87663) server /usr/local/lib/python3.8/dist-packages/eventlet/wsgi.py:992}}
Jan 12 09:32:27.472451 dv-neutron-824346-1-hyperv neutron-server[87664]: DEBUG neutron.plugins.ml2.plugin [None req-e9322ac7-df2a-4914-9445-7d2b3a91af83 tempest-AllowedAddressPairIpV6TestJSON-1986814085 tempest-AllowedAddressPairIpV6TestJSON-1986814085-project] Calling delete_port for ce0775e7-b855-4020-b526-6acf36fedfa6 owned by {{(pid=87664) delete_port /opt/stack/neutron/neutron/plugins/ml2/plugin.py:1987}}
Jan 12 09:32:27.472957 dv-neutron-824346-1-hyperv neutron-server[87663]: DEBUG neutron.api.rpc.handlers.resources_rpc [None req-e7723d5e-07bc-45cc-b9fc-d5f46ab4645a tempest-DHCPAgentSchedulersTestJSON-2112525505 tempest-DHCPAgentSchedulersTestJSON-2112525505-project] Pushing event deleted for resources: {'Network': ['ID=b976eadb-9d0e-4751-a885-d1a327b3055f,revision_number=None']} {{(pid=87663) push /opt/stack/neutron/neutron/api/rpc/handlers/resources_rpc.py:237}}
Jan 12 09:32:27.529194 dv-neutron-824346-1-hyperv neutron-server[87664]: DEBUG neutron.plugins.ml2.managers [None req-ffe10beb-c4df-4e8b-879b-07572f9374ad tempest-PortsAdminExtendedAttrsTestJSON-1309554138 tempest-PortsAdminExtendedAttrsTestJSON-1309554138-project-admin] Attempting to bind port 7e2c6fa0-34d9-42e9-bfc1-8ea76132a4e7 on host hv-neutron-8243 for vnic_type normal with profile {{(pid=87664) bind_port /opt/stack/neutron/neutron/plugins/ml2/managers.py:790}}
Jan 12 09:32:27.529532 dv-neutron-824346-1-hyperv neutron-server[87664]: DEBUG neutron.plugins.ml2.managers [None req-ffe10beb-c4df-4e8b-879b-07572f9374ad tempest-PortsAdminExtendedAttrsTestJSON-1309554138 tempest-PortsAdminExtendedAttrsTestJSON-1309554138-project-admin] Attempting to bind port 7e2c6fa0-34d9-42e9-bfc1-8ea76132a4e7 by drivers openvswitch,hyperv on host hv-neutron-8243 at level 0 using segments [{'id': 'd13be91b-d1cd-401b-89b7-939b9cecbe23', 'network_type': 'vlan', 'physical_network': 'physnet1', 'segmentation_id': 546, 'network_id': 'd9c1e969-b760-4e3b-8ccf-eaf1608b977b'}] {{(pid=87664) _bind_port_level /opt/stack/neutron/neutron/plugins/ml2/managers.py:815}}
Jan 12 09:32:27.529866 dv-neutron-824346-1-hyperv neutron-server[87664]: DEBUG neutron.plugins.ml2.drivers.mech_agent [None req-ffe10beb-c4df-4e8b-879b-07572f9374ad tempest-PortsAdminExtendedAttrsTestJSON-1309554138 tempest-PortsAdminExtendedAttrsTestJSON-1309554138-project-admin] Attempting to bind port 7e2c6fa0-34d9-42e9-bfc1-8ea76132a4e7 on network d9c1e969-b760-4e3b-8ccf-eaf1608b977b {{(pid=87664) bind_port /opt/stack/neutron/neutron/plugins/ml2/drivers/mech_agent.py:86}}
Jan 12 09:32:27.541138 dv-neutron-824346-1-hyperv neutron-server[87663]: DEBUG neutron.api.v2.base [None req-2b75039e-8920-460e-bcf1-0341aa229034 tempest-ServerActionsTestJSON-980992033 tempest-ServerActionsTestJSON-980992033-project] Request body: {'security_group_rule': {'security_group_id': 'f845d1e9-d9b2-4171-a817-72123fae9eff', 'protocol': 'tcp', 'ethertype': 'IPv4', 'port_range_min': 22, 'port_range_max': 22, 'direction': 'ingress'}} {{(pid=87663) prepare_request_body /opt/stack/neutron/neutron/api/v2/base.py:729}}
Jan 12 09:32:27.549355 dv-neutron-824346-1-hyperv neutron-server[87663]: INFO neutron.pecan_wsgi.hooks.translation [None req-8aae22d3-02ba-493e-afe7-3fd9bb17add8 tempest-DHCPAgentSchedulersTestJSON-2112525505 tempest-DHCPAgentSchedulersTestJSON-2112525505-project] DELETE failed (client error): The resource could not be found.
Jan 12 09:32:27.549355 dv-neutron-824346-1-hyperv neutron-server[87663]: DEBUG neutron.pecan_wsgi.hooks.notifier [None req-8aae22d3-02ba-493e-afe7-3fd9bb17add8 tempest-DHCPAgentSchedulersTestJSON-2112525505 tempest-DHCPAgentSchedulersTestJSON-2112525505-project] No notification will be sent due to unsuccessful status code: 404 {{(pid=87663) after /opt/stack/neutron/neutron/pecan_wsgi/hooks/notifier.py:78}}
Jan 12 09:32:27.550008 dv-neutron-824346-1-hyperv neutron-server[87664]: DEBUG neutron.plugins.ml2.drivers.mech_agent [None req-ffe10beb-c4df-4e8b-879b-07572f9374ad tempest-PortsAdminExtendedAttrsTestJSON-1309554138 tempest-PortsAdminExtendedAttrsTestJSON-1309554138-project-admin] Port 7e2c6fa0-34d9-42e9-bfc1-8ea76132a4e7 on network d9c1e969-b760-4e3b-8ccf-eaf1608b977b not bound, no agent of type Open vSwitch agent registered on host hv-neutron-8243 {{(pid=87664) bind_port /opt/stack/neutron/neutron/plugins/ml2/drivers/mech_agent.py:98}}
Jan 12 09:32:27.550413 dv-neutron-824346-1-hyperv neutron-server[87664]: ERROR neutron.plugins.ml2.managers [None req-ffe10beb-c4df-4e8b-879b-07572f9374ad tempest-PortsAdminExtendedAttrsTestJSON-1309554138 tempest-PortsAdminExtendedAttrsTestJSON-1309554138-project-admin] Failed to bind port 7e2c6fa0-34d9-42e9-bfc1-8ea76132a4e7 on host hv-neutron-8243 for vnic_type normal using segments [{'id': 'd13be91b-d1cd-401b-89b7-939b9cecbe23', 'network_type': 'vlan', 'physical_network': 'physnet1', 'segmentation_id': 546, 'network_id': 'd9c1e969-b760-4e3b-8ccf-eaf1608b977b'}]
Jan 12 09:32:27.552759 dv-neutron-824346-1-hyperv neutron-server[87663]: INFO neutron.wsgi [None req-8aae22d3-02ba-493e-afe7-3fd9bb17add8 tempest-DHCPAgentSchedulersTestJSON-2112525505 tempest-DHCPAgentSchedulersTestJSON-2112525505-project] 10.222.0.26 "DELETE /v2.0/ports/2b111813-74e1-448b-adb7-618c53454c9c HTTP/1.1" status: 404 len: 333 time: 0.0721161
Jan 12 09:32:27.557308 dv-neutron-824346-1-hyperv neutron-server[87664]: INFO neutron.plugins.ml2.plugin [None req-ffe10beb-c4df-4e8b-879b-07572f9374ad tempest-PortsAdminExtendedAttrsTestJSON-1309554138 tempest-PortsAdminExtendedAttrsTestJSON-1309554138-project-admin] Attempt 9 to bind port 7e2c6fa0-34d9-42e9-bfc1-8ea76132a4e7
Jan 12 09:32:27.558428 dv-neutron-824346-1-hyperv neutron-server[87663]: DEBUG neutron.db.quota.driver [None req-2b75039e-8920-460e-bcf1-0341aa229034 tempest-ServerActionsTestJSON-980992033 tempest-ServerActionsTestJSON-980992033-project] Resources subnetpool have unlimited quota limit. It is not required to calculate headroom {{(pid=87663) make_reservation /opt/stack/neutron/neutron/db/quota/driver.py:219}}
Jan 12 09:32:27.560910 dv-neutron-824346-1-hyperv neutron-server[87663]: DEBUG neutron.wsgi [-] (87663) accepted ('10.222.0.26', 58476) {{(pid=87663) server /usr/local/lib/python3.8/dist-packages/eventlet/wsgi.py:992}}
Jan 12 09:32:27.569855 dv-neutron-824346-1-hyperv neutron-server[87664]: DEBUG neutron.scheduler.dhcp_agent_scheduler [None req-2559ecf0-2f30-491f-ac24-d7d8864873f3 admin admin] Network f97beb88-ba86-4f8e-9a7c-dda2e84c4fba is already hosted by enough agents. {{(pid=87664) _get_dhcp_agents_hosting_network /opt/stack/neutron/neutron/scheduler/dhcp_agent_scheduler.py:275}}
Jan 12 09:32:27.580444 dv-neutron-824346-1-hyperv neutron-server[87664]: DEBUG neutron.scheduler.base_scheduler [None req-2559ecf0-2f30-491f-ac24-d7d8864873f3 admin admin] Resources bound (agent type, host, resource id): {{(pid=87664) schedule /opt/stack/neutron/neutron/scheduler/base_scheduler.py:57}}
Jan 12 09:32:27.606827 dv-neutron-824346-1-hyperv neutron-server[87664]: DEBUG neutron.plugins.ml2.managers [None req-ffe10beb-c4df-4e8b-879b-07572f9374ad tempest-PortsAdminExtendedAttrsTestJSON-1309554138 tempest-PortsAdminExtendedAttrsTestJSON-1309554138-project-admin] Attempting to bind port 7e2c6fa0-34d9-42e9-bfc1-8ea76132a4e7 on host hv-neutron-8243 for vnic_type normal with profile {{(pid=87664) bind_port /opt/stack/neutron/neutron/plugins/ml2/managers.py:790}}
Jan 12 09:32:27.607398 dv-neutron-824346-1-hyperv neutron-server[87664]: DEBUG neutron.plugins.ml2.managers [None req-ffe10beb-c4df-4e8b-879b-07572f9374ad tempest-PortsAdminExtendedAttrsTestJSON-1309554138 tempest-PortsAdminExtendedAttrsTestJSON-1309554138-project-admin] Attempting to bind port 7e2c6fa0-34d9-42e9-bfc1-8ea76132a4e7 by drivers openvswitch,hyperv on host hv-neutron-8243 at level 0 using segments [{'id': 'd13be91b-d1cd-401b-89b7-939b9cecbe23', 'network_type': 'vlan', 'physical_network': 'physnet1', 'segmentation_id': 546, 'network_id': 'd9c1e969-b760-4e3b-8ccf-eaf1608b977b'}] {{(pid=87664) _bind_port_level /opt/stack/neutron/neutron/plugins/ml2/managers.py:815}}
Jan 12 09:32:27.607879 dv-neutron-824346-1-hyperv neutron-server[87664]: DEBUG neutron.plugins.ml2.drivers.mech_agent [None req-ffe10beb-c4df-4e8b-879b-07572f9374ad tempest-PortsAdminExtendedAttrsTestJSON-1309554138 tempest-PortsAdminExtendedAttrsTestJSON-1309554138-project-admin] Attempting to bind port 7e2c6fa0-34d9-42e9-bfc1-8ea76132a4e7 on network d9c1e969-b760-4e3b-8ccf-eaf1608b977b {{(pid=87664) bind_port /opt/stack/neutron/neutron/plugins/ml2/drivers/mech_agent.py:86}}
Jan 12 09:32:27.618172 dv-neutron-824346-1-hyperv neutron-server[87665]: DEBUG neutron.db.l3_dvr_db [None req-ce377fda-54bf-4c4a-a0d0-5915660d1b91 None None] Set router a62a2453-e1f0-4dbe-b283-3f2f6f3f1ba3 gateway port host: dv-neutron-824346-1-hyperv {{(pid=87665) _build_routers_list /opt/stack/neutron/neutron/db/l3_dvr_db.py:875}}
Jan 12 09:32:27.633856 dv-neutron-824346-1-hyperv neutron-server[87664]: DEBUG neutron_lib.callbacks.manager [None req-2003f087-d1d4-4e36-a03c-2c02eea7f3f2 tempest-ExternalNetworksTestJSON-882315555 tempest-ExternalNetworksTestJSON-882315555-project-admin] Notify callbacks ['neutron.plugins.ml2.plugin.Ml2Plugin._subnet_delete_after_delete_handler-4017262', 'neutron.plugins.ml2.ovo_rpc._ObjectChangeHandler.handle_event-576280', 'neutron.api.rpc.agentnotifiers.dhcp_rpc_agent_api.DhcpAgentNotifyAPI._native_event_send_dhcp_notification-527191', 'neutron.services.segments.plugin.NovaSegmentNotifier._notify_subnet_deleted-1636313', 'neutron.services.segments.plugin.SegmentHostRoutes.host_routes_after_delete-27378416'] for subnet, after_delete {{(pid=87664) _notify_loop /usr/local/lib/python3.8/dist-packages/neutron_lib/callbacks/manager.py:192}}
Jan 12 09:32:27.637107 dv-neutron-824346-1-hyperv neutron-server[87663]: DEBUG neutron.quota.resource [None req-2b75039e-8920-460e-bcf1-0341aa229034 tempest-ServerActionsTestJSON-980992033 tempest-ServerActionsTestJSON-980992033-project] Usage tracker for resource:security_group_rule and tenant:4a462b68449743d888150888eed67276 is out of sync, need to count used quota {{(pid=87663) count_used /opt/stack/neutron/neutron/quota/resource.py:270}}
Jan 12 09:32:27.651451 dv-neutron-824346-1-hyperv neutron-server[87663]: DEBUG neutron.quota.resource [None req-2b75039e-8920-460e-bcf1-0341aa229034 tempest-ServerActionsTestJSON-980992033 tempest-ServerActionsTestJSON-980992033-project] Quota usage for security_group_rule was recalculated. Used quota:6. {{(pid=87663) count_used /opt/stack/neutron/neutron/quota/resource.py:290}}
Jan 12 09:32:27.658524 dv-neutron-824346-1-hyperv neutron-server[87666]: DEBUG neutron.db.l3_hamode_db [None req-9f7c1a71-e225-45d9-9106-f8ef9558b660 None None] neutron.services.l3_router.l3_router_plugin.L3RouterPlugin method _process_sync_ha_data called with arguments (, [{'id': '0597e7b4-f3d3-4aaa-a9df-77ce3589e03a', 'name': 'tempest-ServersTestManualDisk-1875479056-router', 'tenant_id': '3cc823a812264b34a63384f9a88614d6', 'admin_state_up': True, 'status': 'ACTIVE', 'external_gateway_info': {'network_id': 'a0c71044-c202-4180-8447-4ec1d9a406cf', 'external_fixed_ips': [{'subnet_id': '4c3b2e47-be3b-4999-a552-bef9b6b07b7c', 'ip_address': '172.26.2.3'}], 'enable_snat': True}, 'gw_port_id': 'e63090c7-c2e0-4fd3-a0c2-9f2a8763c8fa', 'description': '', 'availability_zones': ['nova'], 'distributed': False, 'ha': False, 'ha_vr_id': 0, 'availability_zone_hints': [], 'routes': [], 'flavor_id': None, 'tags': [], 'created_at': '2022-01-12T09:32:03Z', 'updated_at': '2022-01-12T09:32:18Z', 'revision_number': 4, 'project_id': '3cc823a812264b34a63384f9a88614d6', 'gw_port': {'id': 'e63090c7-c2e0-4fd3-a0c2-9f2a8763c8fa', 'name': '', 'network_id': 'a0c71044-c202-4180-8447-4ec1d9a406cf', 'tenant_id': '', 'mac_address': 'fa:16:3e:99:86:44', 'admin_state_up': True, 'status': 'ACTIVE', 'device_id': '0597e7b4-f3d3-4aaa-a9df-77ce3589e03a', 'device_owner': 'network:router_gateway', 'standard_attr_id': 89, 'fixed_ips': [{'subnet_id': '4c3b2e47-be3b-4999-a552-bef9b6b07b7c', 'ip_address': '172.26.2.3', 'prefixlen': 24}], 'allowed_address_pairs': [], 'extra_dhcp_opts': [], 'security_groups': [], 'description': '', 'binding:vnic_type': 'normal', 'binding:profile': {}, 'binding:host_id': 'dv-neutron-824346-1-hyperv', 'binding:vif_type': 'ovs', 'binding:vif_details': {'connectivity': 'l2', 'port_filter': True, 'ovs_hybrid_plug': False, 'datapath_type': 'system', 'bridge_name': 'br-int'}, 'port_security_enabled': False, 'tags': [], 'created_at': '2022-01-12T09:32:05Z', 'updated_at': '2022-01-12T09:32:17Z', 'revision_number': 4, 'project_id': '', 'subnets': [{'id': '4c3b2e47-be3b-4999-a552-bef9b6b07b7c', 'cidr': '172.26.2.0/24', 'gateway_ip': '172.26.2.1', 'dns_nameservers': [], 'ipv6_ra_mode': None, 'subnetpool_id': None}], 'extra_subnets': [], 'address_scopes': {4: None, 6: None}, 'mtu': 1500}, 'enable_snat': True, 'gw_port_host': 'dv-neutron-824346-1-hyperv', '_interfaces': [{'id': '97f086cb-0922-4900-9c40-af79477cc088', 'name': '', 'network_id': 'b58e70f3-410d-4dd4-968c-5801134546cd', 'tenant_id': '3cc823a812264b34a63384f9a88614d6', 'mac_address': 'fa:16:3e:58:ad:64', 'admin_state_up': True, 'status': 'DOWN', 'device_id': '0597e7b4-f3d3-4aaa-a9df-77ce3589e03a', 'device_owner': 'network:router_interface', 'standard_attr_id': 124, 'fixed_ips': [{'subnet_id': '59039bb2-2ecd-4352-a837-d58b0d19d54e', 'ip_address': '172.20.0.1', 'prefixlen': 28}], 'allowed_address_pairs': [], 'extra_dhcp_opts': [], 'security_groups': [], 'description': '', 'binding:vnic_type': 'normal', 'binding:profile': {}, 'binding:host_id': 'dv-neutron-824346-1-hyperv', 'binding:vif_type': 'ovs', 'binding:vif_details': {'connectivity': 'l2', 'port_filter': True, 'ovs_hybrid_plug': False, 'datapath_type': 'system', 'bridge_name': 'br-int'}, 'port_security_enabled': False, 'tags': [], 'created_at': '2022-01-12T09:32:14Z', 'updated_at': '2022-01-12T09:32:26Z', 'revision_number': 4, 'project_id': '3cc823a812264b34a63384f9a88614d6', 'subnets': [{'id': '59039bb2-2ecd-4352-a837-d58b0d19d54e', 'cidr': '172.20.0.0/28', 'gateway_ip': '172.20.0.1', 'dns_nameservers': [], 'ipv6_ra_mode': None, 'subnetpool_id': None}], 'extra_subnets': [], 'address_scopes': {4: None, 6: None}, 'mtu': 1500}]}], 'dv-neutron-824346-1-hyperv', False) {} {{(pid=87666) wrapper /usr/local/lib/python3.8/dist-packages/oslo_log/helpers.py:65}}
Jan 12 09:32:27.663076 dv-neutron-824346-1-hyperv neutron-server[87666]: DEBUG neutron.api.rpc.handlers.l3_rpc [None req-9f7c1a71-e225-45d9-9106-f8ef9558b660 None None] The sync data for ids ['0597e7b4-f3d3-4aaa-a9df-77ce3589e03a'] in dv-neutron-824346-1-hyperv is: [{'id': '0597e7b4-f3d3-4aaa-a9df-77ce3589e03a', 'name': 'tempest-ServersTestManualDisk-1875479056-router', 'tenant_id': '3cc823a812264b34a63384f9a88614d6', 'admin_state_up': True, 'status': 'ACTIVE', 'external_gateway_info': {'network_id': 'a0c71044-c202-4180-8447-4ec1d9a406cf', 'external_fixed_ips': [{'subnet_id': '4c3b2e47-be3b-4999-a552-bef9b6b07b7c', 'ip_address': '172.26.2.3'}], 'enable_snat': True}, 'gw_port_id': 'e63090c7-c2e0-4fd3-a0c2-9f2a8763c8fa', 'description': '', 'availability_zones': ['nova'], 'distributed': False, 'ha': False, 'ha_vr_id': 0, 'availability_zone_hints': [], 'routes': [], 'flavor_id': None, 'tags': [], 'created_at': '2022-01-12T09:32:03Z', 'updated_at': '2022-01-12T09:32:18Z', 'revision_number': 4, 'project_id': '3cc823a812264b34a63384f9a88614d6', 'gw_port': {'id': 'e63090c7-c2e0-4fd3-a0c2-9f2a8763c8fa', 'name': '', 'network_id': 'a0c71044-c202-4180-8447-4ec1d9a406cf', 'tenant_id': '', 'mac_address': 'fa:16:3e:99:86:44', 'admin_state_up': True, 'status': 'ACTIVE', 'device_id': '0597e7b4-f3d3-4aaa-a9df-77ce3589e03a', 'device_owner': 'network:router_gateway', 'standard_attr_id': 89, 'fixed_ips': [{'subnet_id': '4c3b2e47-be3b-4999-a552-bef9b6b07b7c', 'ip_address': '172.26.2.3', 'prefixlen': 24}], 'allowed_address_pairs': [], 'extra_dhcp_opts': [], 'security_groups': [], 'description': '', 'binding:vnic_type': 'normal', 'binding:profile': {}, 'binding:host_id': 'dv-neutron-824346-1-hyperv', 'binding:vif_type': 'ovs', 'binding:vif_details': {'connectivity': 'l2', 'port_filter': True, 'ovs_hybrid_plug': False, 'datapath_type': 'system', 'bridge_name': 'br-int'}, 'port_security_enabled': False, 'tags': [], 'created_at': '2022-01-12T09:32:05Z', 'updated_at': '2022-01-12T09:32:17Z', 'revision_number': 4, 'project_id': '', 'subnets': [{'id': '4c3b2e47-be3b-4999-a552-bef9b6b07b7c', 'cidr': '172.26.2.0/24', 'gateway_ip': '172.26.2.1', 'dns_nameservers': [], 'ipv6_ra_mode': None, 'subnetpool_id': None}], 'extra_subnets': [], 'address_scopes': {4: None, 6: None}, 'mtu': 1500}, 'enable_snat': True, 'gw_port_host': 'dv-neutron-824346-1-hyperv', '_interfaces': [{'id': '97f086cb-0922-4900-9c40-af79477cc088', 'name': '', 'network_id': 'b58e70f3-410d-4dd4-968c-5801134546cd', 'tenant_id': '3cc823a812264b34a63384f9a88614d6', 'mac_address': 'fa:16:3e:58:ad:64', 'admin_state_up': True, 'status': 'DOWN', 'device_id': '0597e7b4-f3d3-4aaa-a9df-77ce3589e03a', 'device_owner': 'network:router_interface', 'standard_attr_id': 124, 'fixed_ips': [{'subnet_id': '59039bb2-2ecd-4352-a837-d58b0d19d54e', 'ip_address': '172.20.0.1', 'prefixlen': 28}], 'allowed_address_pairs': [], 'extra_dhcp_opts': [], 'security_groups': [], 'description': '', 'binding:vnic_type': 'normal', 'binding:profile': {}, 'binding:host_id': 'dv-neutron-824346-1-hyperv', 'binding:vif_type': 'ovs', 'binding:vif_details': {'connectivity': 'l2', 'port_filter': True, 'ovs_hybrid_plug': False, 'datapath_type': 'system', 'bridge_name': 'br-int'}, 'port_security_enabled': False, 'tags': [], 'created_at': '2022-01-12T09:32:14Z', 'updated_at': '2022-01-12T09:32:26Z', 'revision_number': 4, 'project_id': '3cc823a812264b34a63384f9a88614d6', 'subnets': [{'id': '59039bb2-2ecd-4352-a837-d58b0d19d54e', 'cidr': '172.20.0.0/28', 'gateway_ip': '172.20.0.1', 'dns_nameservers': [], 'ipv6_ra_mode': None, 'subnetpool_id': None}], 'extra_subnets': [], 'address_scopes': {4: None, 6: None}, 'mtu': 1500}]}] {{(pid=87666) sync_routers /opt/stack/neutron/neutron/api/rpc/handlers/l3_rpc.py:137}}
Jan 12 09:32:27.667031 dv-neutron-824346-1-hyperv neutron-server[87663]: DEBUG neutron.db.quota.driver [None req-2b75039e-8920-460e-bcf1-0341aa229034 tempest-ServerActionsTestJSON-980992033 tempest-ServerActionsTestJSON-980992033-project] Attempting to reserve 1 items for resource security_group_rule. Total usage: 6; quota limit: 100; headroom:94 {{(pid=87663) make_reservation /opt/stack/neutron/neutron/db/quota/driver.py:246}}
Jan 12 09:32:27.678451 dv-neutron-824346-1-hyperv neutron-server[87663]: DEBUG neutron.db.db_base_plugin_common [None req-2db7e63b-32c8-4f50-8080-c0e4a6461c00 tempest-FloatingIPAdminTestJSON-1079208218 tempest-FloatingIPAdminTestJSON-1079208218-project] Allocated IP 172.20.0.1 (1d826b3d-9ac9-472c-87aa-fc2f8c3dc84f/9dadf753-25d1-48b8-8e7e-1ae8ed929160/c59b2699-a2d6-43bc-b626-dccc232691bf) {{(pid=87663) _store_ip_allocation /opt/stack/neutron/neutron/db/db_base_plugin_common.py:131}}
Jan 12 09:32:27.687238 dv-neutron-824346-1-hyperv neutron-server[87663]: DEBUG neutron_lib.callbacks.manager [None req-2a27d767-4b63-496c-859c-7fc8afb70802 tempest-ServersTestManualDisk-83777694 tempest-ServersTestManualDisk-83777694-project] Notify callbacks [] for security_group_rule, before_create {{(pid=87663) _notify_loop /usr/local/lib/python3.8/dist-packages/neutron_lib/callbacks/manager.py:192}}
Jan 12 09:32:27.761109 dv-neutron-824346-1-hyperv neutron-server[87665]: DEBUG neutron.plugins.ml2.rpc [None req-70497775-635b-4d95-b049-671dad051aa9 None None] Device 90e7a160-06b3-4d10-804d-959e30162684 up at agent ovs-agent-dv-neutron-824346-1-hyperv {{(pid=87665) update_device_up /opt/stack/neutron/neutron/plugins/ml2/rpc.py:278}}
Jan 12 09:32:27.913314 dv-neutron-824346-1-hyperv neutron-server[87664]: DEBUG neutron.plugins.ml2.drivers.mech_agent [None req-ffe10beb-c4df-4e8b-879b-07572f9374ad tempest-PortsAdminExtendedAttrsTestJSON-1309554138 tempest-PortsAdminExtendedAttrsTestJSON-1309554138-project-admin] Port 7e2c6fa0-34d9-42e9-bfc1-8ea76132a4e7 on network d9c1e969-b760-4e3b-8ccf-eaf1608b977b not bound, no agent of type Open vSwitch agent registered on host hv-neutron-8243 {{(pid=87664) bind_port /opt/stack/neutron/neutron/plugins/ml2/drivers/mech_agent.py:98}}
Jan 12 09:32:27.913815 dv-neutron-824346-1-hyperv neutron-server[87664]: ERROR neutron.plugins.ml2.managers [None req-ffe10beb-c4df-4e8b-879b-07572f9374ad tempest-PortsAdminExtendedAttrsTestJSON-1309554138 tempest-PortsAdminExtendedAttrsTestJSON-1309554138-project-admin] Failed to bind port 7e2c6fa0-34d9-42e9-bfc1-8ea76132a4e7 on host hv-neutron-8243 for vnic_type normal using segments [{'id': 'd13be91b-d1cd-401b-89b7-939b9cecbe23', 'network_type': 'vlan', 'physical_network': 'physnet1', 'segmentation_id': 546, 'network_id': 'd9c1e969-b760-4e3b-8ccf-eaf1608b977b'}]
Jan 12 09:32:27.929512 dv-neutron-824346-1-hyperv neutron-server[87664]: INFO neutron.plugins.ml2.plugin [None req-ffe10beb-c4df-4e8b-879b-07572f9374ad tempest-PortsAdminExtendedAttrsTestJSON-1309554138 tempest-PortsAdminExtendedAttrsTestJSON-1309554138-project-admin] Attempt 10 to bind port 7e2c6fa0-34d9-42e9-bfc1-8ea76132a4e7
Jan 12 09:32:27.953752 dv-neutron-824346-1-hyperv neutron-server[87664]: DEBUG neutron.plugins.ml2.managers [None req-ffe10beb-c4df-4e8b-879b-07572f9374ad tempest-PortsAdminExtendedAttrsTestJSON-1309554138 tempest-PortsAdminExtendedAttrsTestJSON-1309554138-project-admin] Attempting to bind port 7e2c6fa0-34d9-42e9-bfc1-8ea76132a4e7 on host hv-neutron-8243 for vnic_type normal with profile {{(pid=87664) bind_port /opt/stack/neutron/neutron/plugins/ml2/managers.py:790}}
Jan 12 09:32:27.954580 dv-neutron-824346-1-hyperv neutron-server[87664]: DEBUG neutron.plugins.ml2.managers [None req-ffe10beb-c4df-4e8b-879b-07572f9374ad tempest-PortsAdminExtendedAttrsTestJSON-1309554138 tempest-PortsAdminExtendedAttrsTestJSON-1309554138-project-admin] Attempting to bind port 7e2c6fa0-34d9-42e9-bfc1-8ea76132a4e7 by drivers openvswitch,hyperv on host hv-neutron-8243 at level 0 using segments [{'id': 'd13be91b-d1cd-401b-89b7-939b9cecbe23', 'network_type': 'vlan', 'physical_network': 'physnet1', 'segmentation_id': 546, 'network_id': 'd9c1e969-b760-4e3b-8ccf-eaf1608b977b'}] {{(pid=87664) _bind_port_level /opt/stack/neutron/neutron/plugins/ml2/managers.py:815}}
Jan 12 09:32:27.955354 dv-neutron-824346-1-hyperv neutron-server[87664]: DEBUG neutron.plugins.ml2.drivers.mech_agent [None req-ffe10beb-c4df-4e8b-879b-07572f9374ad tempest-PortsAdminExtendedAttrsTestJSON-1309554138 tempest-PortsAdminExtendedAttrsTestJSON-1309554138-project-admin] Attempting to bind port 7e2c6fa0-34d9-42e9-bfc1-8ea76132a4e7 on network d9c1e969-b760-4e3b-8ccf-eaf1608b977b {{(pid=87664) bind_port /opt/stack/neutron/neutron/plugins/ml2/drivers/mech_agent.py:86}}
Jan 12 09:32:27.962146 dv-neutron-824346-1-hyperv neutron-server[87664]: DEBUG neutron.api.rpc.handlers.resources_rpc [None req-2003f087-d1d4-4e36-a03c-2c02eea7f3f2 tempest-ExternalNetworksTestJSON-882315555 tempest-ExternalNetworksTestJSON-882315555-project-admin] Pushing event deleted for resources: {'Subnet': ['ID=002acc61-0f53-4e66-a82e-690c976c3c13,revision_number=None']} {{(pid=87664) push /opt/stack/neutron/neutron/api/rpc/handlers/resources_rpc.py:237}}
Jan 12 09:32:28.005761 dv-neutron-824346-1-hyperv neutron-server[87664]: DEBUG neutron.plugins.ml2.drivers.mech_agent [None req-ffe10beb-c4df-4e8b-879b-07572f9374ad tempest-PortsAdminExtendedAttrsTestJSON-1309554138 tempest-PortsAdminExtendedAttrsTestJSON-1309554138-project-admin] Port 7e2c6fa0-34d9-42e9-bfc1-8ea76132a4e7 on network d9c1e969-b760-4e3b-8ccf-eaf1608b977b not bound, no agent of type Open vSwitch agent registered on host hv-neutron-8243 {{(pid=87664) bind_port /opt/stack/neutron/neutron/plugins/ml2/drivers/mech_agent.py:98}}
Jan 12 09:32:28.006276 dv-neutron-824346-1-hyperv neutron-server[87664]: ERROR neutron.plugins.ml2.managers [None req-ffe10beb-c4df-4e8b-879b-07572f9374ad tempest-PortsAdminExtendedAttrsTestJSON-1309554138 tempest-PortsAdminExtendedAttrsTestJSON-1309554138-project-admin] Failed to bind port 7e2c6fa0-34d9-42e9-bfc1-8ea76132a4e7 on host hv-neutron-8243 for vnic_type normal using segments [{'id': 'd13be91b-d1cd-401b-89b7-939b9cecbe23', 'network_type': 'vlan', 'physical_network': 'physnet1', 'segmentation_id': 546, 'network_id': 'd9c1e969-b760-4e3b-8ccf-eaf1608b977b'}]
Jan 12 09:32:28.006744 dv-neutron-824346-1-hyperv neutron-server[87664]: DEBUG neutron_lib.callbacks.manager [None req-ffe10beb-c4df-4e8b-879b-07572f9374ad tempest-PortsAdminExtendedAttrsTestJSON-1309554138 tempest-PortsAdminExtendedAttrsTestJSON-1309554138-project-admin] Notify callbacks ['neutron.plugins.ml2.plugin.SecurityGroupDbMixin._ensure_default_security_group_handler-3696505'] for port, before_update {{(pid=87664) _notify_loop /usr/local/lib/python3.8/dist-packages/neutron_lib/callbacks/manager.py:192}}
Jan 12 09:32:28.080143 dv-neutron-824346-1-hyperv neutron-server[87665]: DEBUG neutron.db.provisioning_blocks [None req-70497775-635b-4d95-b049-671dad051aa9 None None] Provisioning complete for port 90e7a160-06b3-4d10-804d-959e30162684 triggered by entity L2. {{(pid=87665) provisioning_complete /opt/stack/neutron/neutron/db/provisioning_blocks.py:139}}
Jan 12 09:32:28.080521 dv-neutron-824346-1-hyperv neutron-server[87665]: DEBUG neutron_lib.callbacks.manager [None req-70497775-635b-4d95-b049-671dad051aa9 None None] Notify callbacks ['neutron.plugins.ml2.plugin.Ml2Plugin._port_provisioned-4162114'] for port, provisioning_complete {{(pid=87665) _notify_loop /usr/local/lib/python3.8/dist-packages/neutron_lib/callbacks/manager.py:192}}
Jan 12 09:32:28.098498 dv-neutron-824346-1-hyperv neutron-server[87663]: DEBUG neutron.db.db_base_plugin_v2 [None req-17be3a8e-0deb-47f4-801e-0debf161079c tempest-DHCPAgentSchedulersTestJSON-2112525505 tempest-DHCPAgentSchedulersTestJSON-2112525505-project] Deleting subnet 2ed83dc2-6926-4656-a9a1-ba7ebf481d52 {{(pid=87663) delete_subnet /opt/stack/neutron/neutron/db/db_base_plugin_v2.py:1048}}
Jan 12 09:32:28.106294 dv-neutron-824346-1-hyperv neutron-server[87663]: DEBUG neutron_lib.callbacks.manager [None req-17be3a8e-0deb-47f4-801e-0debf161079c tempest-DHCPAgentSchedulersTestJSON-2112525505 tempest-DHCPAgentSchedulersTestJSON-2112525505-project] Notify callbacks [] for subnet, before_delete {{(pid=87663) _notify_loop /usr/local/lib/python3.8/dist-packages/neutron_lib/callbacks/manager.py:192}}
Jan 12 09:32:28.175916 dv-neutron-824346-1-hyperv neutron-server[87665]: DEBUG neutron.db.provisioning_blocks [None req-6dba48dc-5d16-4f82-bb2a-82a2a53ae0d3 None None] Provisioning complete for port 329b750c-5615-417b-b8cb-1cf6a23024a4 triggered by entity DHCP. {{(pid=87665) provisioning_complete /opt/stack/neutron/neutron/db/provisioning_blocks.py:139}}
Jan 12 09:32:28.176288 dv-neutron-824346-1-hyperv neutron-server[87665]: DEBUG neutron_lib.callbacks.manager [None req-6dba48dc-5d16-4f82-bb2a-82a2a53ae0d3 None None] Notify callbacks ['neutron.plugins.ml2.plugin.Ml2Plugin._port_provisioned-4162114'] for port, provisioning_complete {{(pid=87665) _notify_loop /usr/local/lib/python3.8/dist-packages/neutron_lib/callbacks/manager.py:192}}
