Jan 10 17:39:03.939697 dv-neutron-824009-2-hyperv neutron-server[109798]: DEBUG neutron.wsgi [-] (109798) accepted ('10.222.0.37', 40460) {{(pid=109798) server /usr/local/lib/python3.8/dist-packages/eventlet/wsgi.py:1004}}
Jan 10 17:39:04.039040 dv-neutron-824009-2-hyperv neutron-server[109799]: DEBUG neutron_lib.callbacks.manager [None req-8833e53f-6393-451f-a443-8685d19780bf tempest-MeteringIpV6TestJSON-707676049 tempest-MeteringIpV6TestJSON-707676049-project-admin] Publish callbacks [] for metering_label_rule (None), before_response {{(pid=109799) _notify_loop /usr/local/lib/python3.8/dist-packages/neutron_lib/callbacks/manager.py:176}}
Jan 10 17:39:04.045727 dv-neutron-824009-2-hyperv neutron-server[109799]: INFO neutron.wsgi [None req-8833e53f-6393-451f-a443-8685d19780bf tempest-MeteringIpV6TestJSON-707676049 tempest-MeteringIpV6TestJSON-707676049-project-admin] 10.222.0.37 "DELETE /v2.0/metering/metering-label-rules/ddf23dde-0dec-4158-8c2e-58de9dac5d1a HTTP/1.1" status: 204 len: 168 time: 0.3603334
Jan 10 17:39:04.047291 dv-neutron-824009-2-hyperv neutron-server[109799]: DEBUG neutron.wsgi [-] (109799) accepted ('10.222.0.37', 40464) {{(pid=109799) server /usr/local/lib/python3.8/dist-packages/eventlet/wsgi.py:1004}}
Jan 10 17:39:04.103698 dv-neutron-824009-2-hyperv neutron-server[109799]: DEBUG neutron.pecan_wsgi.hooks.quota_enforcement [None req-211020a3-cd92-4496-bfe1-06e2b838c80d tempest-QuotasNegativeTest-514789203 tempest-QuotasNegativeTest-514789203-project-admin] Made reservation on behalf of 2b0593ae64394da9ac704ab3a8854319 for: {'network': 1} {{(pid=109799) before /opt/stack/neutron/neutron/pecan_wsgi/hooks/quota_enforcement.py:53}}
Jan 10 17:39:04.106831 dv-neutron-824009-2-hyperv neutron-server[109799]: DEBUG neutron_lib.callbacks.manager [None req-211020a3-cd92-4496-bfe1-06e2b838c80d tempest-QuotasNegativeTest-514789203 tempest-QuotasNegativeTest-514789203-project-admin] Publish callbacks ['neutron.plugins.ml2.plugin.SecurityGroupDbMixin._ensure_default_security_group_handler-939307'] for network (None), before_create {{(pid=109799) _notify_loop /usr/local/lib/python3.8/dist-packages/neutron_lib/callbacks/manager.py:176}}
Jan 10 17:39:04.113376 dv-neutron-824009-2-hyperv neutron-server[109798]: DEBUG neutron_lib.callbacks.manager [None req-5e4d58c2-a5ef-4949-9f12-dbb7a96fe15b tempest-ExternalNetworksTestJSON-2126698905 tempest-ExternalNetworksTestJSON-2126698905-project] Publish callbacks ['neutron.plugins.ml2.plugin.Ml2Plugin._handle_segment_change-940771'] for segment (f08e28d0-f432-4a72-bcdf-d0767934c339), precommit_create {{(pid=109798) _notify_loop /usr/local/lib/python3.8/dist-packages/neutron_lib/callbacks/manager.py:176}}
Jan 10 17:39:04.113727 dv-neutron-824009-2-hyperv neutron-server[109798]: INFO neutron.db.segments_db [None req-5e4d58c2-a5ef-4949-9f12-dbb7a96fe15b tempest-ExternalNetworksTestJSON-2126698905 tempest-ExternalNetworksTestJSON-2126698905-project] Added segment f08e28d0-f432-4a72-bcdf-d0767934c339 of type vlan for network eb4608dc-98a4-45c0-abf3-69b281b2c800
Jan 10 17:39:04.120533 dv-neutron-824009-2-hyperv neutron-server[109798]: DEBUG neutron_lib.callbacks.manager [None req-aba7b146-120c-4c50-a610-15551804a072 tempest-RoutersIpV6AdminTest-728129684 tempest-RoutersIpV6AdminTest-728129684-project-admin] Publish callbacks [] for security_group (5cf385e2-c968-4e0d-b418-7f4b0efd4281), precommit_create {{(pid=109798) _notify_loop /usr/local/lib/python3.8/dist-packages/neutron_lib/callbacks/manager.py:176}}
Jan 10 17:39:04.150510 dv-neutron-824009-2-hyperv neutron-server[109798]: DEBUG neutron_lib.callbacks.manager [None req-aba7b146-120c-4c50-a610-15551804a072 tempest-RoutersIpV6AdminTest-728129684 tempest-RoutersIpV6AdminTest-728129684-project-admin] Publish callbacks ['neutron.plugins.ml2.ovo_rpc._ObjectChangeHandler.handle_event-1829418'] for security_group (5cf385e2-c968-4e0d-b418-7f4b0efd4281), after_create {{(pid=109798) _notify_loop /usr/local/lib/python3.8/dist-packages/neutron_lib/callbacks/manager.py:176}}
Jan 10 17:39:04.158905 dv-neutron-824009-2-hyperv neutron-server[109799]: INFO neutron.wsgi [None req-58b81366-a679-4843-8d65-487e344fcca3 tempest-MeteringIpV6TestJSON-707676049 tempest-MeteringIpV6TestJSON-707676049-project-admin] 10.222.0.37 "GET /v2.0/metering/metering-label-rules?id=ddf23dde-0dec-4158-8c2e-58de9dac5d1a HTTP/1.1" status: 200 len: 221 time: 0.1053269
Jan 10 17:39:04.175077 dv-neutron-824009-2-hyperv neutron-server[109799]: DEBUG neutron.wsgi [-] (109799) accepted ('10.222.0.37', 40470) {{(pid=109799) server /usr/local/lib/python3.8/dist-packages/eventlet/wsgi.py:1004}}
Jan 10 17:39:04.180387 dv-neutron-824009-2-hyperv neutron-server[109798]: DEBUG neutron.api.rpc.handlers.resources_rpc [None req-5e4d58c2-a5ef-4949-9f12-dbb7a96fe15b tempest-ExternalNetworksTestJSON-2126698905 tempest-ExternalNetworksTestJSON-2126698905-project] Pushing event updated for resources: {'SecurityGroup': ['ID=f38738c5-201f-4388-9b4c-059bde1a971d,revision_number=1']} {{(pid=109798) push /opt/stack/neutron/neutron/api/rpc/handlers/resources_rpc.py:237}}
Jan 10 17:39:04.190670 dv-neutron-824009-2-hyperv neutron-server[109799]: DEBUG neutron.api.v2.base [None req-b2973218-8772-40ff-864b-1dda4b5612dc tempest-MeteringIpV6TestJSON-707676049 tempest-MeteringIpV6TestJSON-707676049-project-admin] Request body: {'metering_label': {'name': 'tempest-metering-label--1263538462', 'description': 'label created by tempest'}} {{(pid=109799) prepare_request_body /opt/stack/neutron/neutron/api/v2/base.py:729}}
Jan 10 17:39:04.191201 dv-neutron-824009-2-hyperv neutron-server[109799]: DEBUG neutron.api.v2.base [None req-b2973218-8772-40ff-864b-1dda4b5612dc tempest-MeteringIpV6TestJSON-707676049 tempest-MeteringIpV6TestJSON-707676049-project-admin] Unknown quota resources ['metering_label']. {{(pid=109799) _create /opt/stack/neutron/neutron/api/v2/base.py:496}}
Jan 10 17:39:04.195926 dv-neutron-824009-2-hyperv neutron-server[109799]: DEBUG neutron_lib.callbacks.manager [None req-211020a3-cd92-4496-bfe1-06e2b838c80d tempest-QuotasNegativeTest-514789203 tempest-QuotasNegativeTest-514789203-project-admin] Publish callbacks [] for security_group (None), before_create {{(pid=109799) _notify_loop /usr/local/lib/python3.8/dist-packages/neutron_lib/callbacks/manager.py:176}}
Jan 10 17:39:04.247304 dv-neutron-824009-2-hyperv neutron-server[109798]: DEBUG neutron.plugins.ml2.drivers.helpers [None req-aba7b146-120c-4c50-a610-15551804a072 tempest-RoutersIpV6AdminTest-728129684 tempest-RoutersIpV6AdminTest-728129684-project-admin] vlan segment allocate from pool success with {'vlan_id': 392, 'physical_network': 'physnet1'} {{(pid=109798) allocate_partially_specified_segment /opt/stack/neutron/neutron/plugins/ml2/drivers/helpers.py:153}}
Jan 10 17:39:04.261068 dv-neutron-824009-2-hyperv neutron-server[109798]: DEBUG neutron_lib.callbacks.manager [None req-5e4d58c2-a5ef-4949-9f12-dbb7a96fe15b tempest-ExternalNetworksTestJSON-2126698905 tempest-ExternalNetworksTestJSON-2126698905-project] Publish callbacks ['neutron.services.auto_allocate.db._ensure_external_network_default_value_callback-8763831100034'] for network (eb4608dc-98a4-45c0-abf3-69b281b2c800), precommit_create {{(pid=109798) _notify_loop /usr/local/lib/python3.8/dist-packages/neutron_lib/callbacks/manager.py:176}}
Jan 10 17:39:04.303933 dv-neutron-824009-2-hyperv neutron-server[109798]: DEBUG neutron_lib.callbacks.manager [None req-aba7b146-120c-4c50-a610-15551804a072 tempest-RoutersIpV6AdminTest-728129684 tempest-RoutersIpV6AdminTest-728129684-project-admin] Publish callbacks ['neutron.plugins.ml2.plugin.Ml2Plugin._handle_segment_change-940771'] for segment (3b1c2399-cb8f-4d07-a63e-ef06a5c92c36), precommit_create {{(pid=109798) _notify_loop /usr/local/lib/python3.8/dist-packages/neutron_lib/callbacks/manager.py:176}}
Jan 10 17:39:04.304342 dv-neutron-824009-2-hyperv neutron-server[109798]: INFO neutron.db.segments_db [None req-aba7b146-120c-4c50-a610-15551804a072 tempest-RoutersIpV6AdminTest-728129684 tempest-RoutersIpV6AdminTest-728129684-project-admin] Added segment 3b1c2399-cb8f-4d07-a63e-ef06a5c92c36 of type vlan for network c3f95047-2358-4199-b6b8-7b5940acac93
Jan 10 17:39:04.323105 dv-neutron-824009-2-hyperv neutron-server[109798]: DEBUG neutron.api.rpc.handlers.resources_rpc [None req-aba7b146-120c-4c50-a610-15551804a072 tempest-RoutersIpV6AdminTest-728129684 tempest-RoutersIpV6AdminTest-728129684-project-admin] Pushing event updated for resources: {'SecurityGroup': ['ID=5cf385e2-c968-4e0d-b418-7f4b0efd4281,revision_number=1']} {{(pid=109798) push /opt/stack/neutron/neutron/api/rpc/handlers/resources_rpc.py:237}}
Jan 10 17:39:04.400472 dv-neutron-824009-2-hyperv neutron-server[109798]: DEBUG neutron_lib.callbacks.manager [None req-f51da076-46bf-4c3e-9a54-32d0cb5be89c admin admin] Publish callbacks [] for router_gateway (c72f0779-b252-41d8-910a-b12b56c82395), after_create {{(pid=109798) _notify_loop /usr/local/lib/python3.8/dist-packages/neutron_lib/callbacks/manager.py:176}}
Jan 10 17:39:04.466523 dv-neutron-824009-2-hyperv neutron-server[109798]: DEBUG neutron_lib.callbacks.manager [None req-5e4d58c2-a5ef-4949-9f12-dbb7a96fe15b tempest-ExternalNetworksTestJSON-2126698905 tempest-ExternalNetworksTestJSON-2126698905-project] Publish callbacks ['neutron.plugins.ml2.ovo_rpc._ObjectChangeHandler.handle_event-1829468', 'neutron.api.rpc.agentnotifiers.dhcp_rpc_agent_api.DhcpAgentNotifyAPI._native_event_send_dhcp_notification-1634800'] for network (eb4608dc-98a4-45c0-abf3-69b281b2c800), after_create {{(pid=109798) _notify_loop /usr/local/lib/python3.8/dist-packages/neutron_lib/callbacks/manager.py:176}}
Jan 10 17:39:04.479653 dv-neutron-824009-2-hyperv neutron-server[109798]: DEBUG neutron.pecan_wsgi.hooks.policy_enforcement [None req-5e4d58c2-a5ef-4949-9f12-dbb7a96fe15b tempest-ExternalNetworksTestJSON-2126698905 tempest-ExternalNetworksTestJSON-2126698905-project] Attributes excluded by policy engine: ['standard_attr_id', 'provider:network_type', 'provider:physical_network', 'provider:segmentation_id', 'vlan_transparent'] {{(pid=109798) _exclude_attributes_by_policy /opt/stack/neutron/neutron/pecan_wsgi/hooks/policy_enforcement.py:255}}
Jan 10 17:39:04.480883 dv-neutron-824009-2-hyperv neutron-server[109798]: DEBUG neutron_lib.callbacks.manager [None req-5e4d58c2-a5ef-4949-9f12-dbb7a96fe15b tempest-ExternalNetworksTestJSON-2126698905 tempest-ExternalNetworksTestJSON-2126698905-project] Publish callbacks ['neutron.api.rpc.agentnotifiers.dhcp_rpc_agent_api.DhcpAgentNotifyAPI._send_dhcp_notification-1634786'] for network (None), before_response {{(pid=109798) _notify_loop /usr/local/lib/python3.8/dist-packages/neutron_lib/callbacks/manager.py:176}}
Jan 10 17:39:04.508530 dv-neutron-824009-2-hyperv neutron-server[109800]: DEBUG neutron.api.rpc.handlers.dhcp_rpc [None req-c1ffd237-2093-4fd2-9dac-06e4e875e5b0 None None] Network 09910616-94af-4ee0-8528-69e1003af12e requested from dv-neutron-824009-2-hyperv {{(pid=109800) get_network_info /opt/stack/neutron/neutron/api/rpc/handlers/dhcp_rpc.py:219}}
Jan 10 17:39:04.549939 dv-neutron-824009-2-hyperv neutron-server[109798]: DEBUG neutron.api.v2.base [None req-3a48d1c3-66ec-4491-9b55-d161cfd6311b tempest-FloatingIPAdminTestJSON-1002491274 tempest-FloatingIPAdminTestJSON-1002491274-project] Request body: {'floatingip': {'floating_network_id': 'fa0b1f35-045f-45de-8740-d5280c48a232'}} {{(pid=109798) prepare_request_body /opt/stack/neutron/neutron/api/v2/base.py:729}}
Jan 10 17:39:04.610805 dv-neutron-824009-2-hyperv neutron-server[109799]: DEBUG neutron_lib.callbacks.manager [None req-c5f822a0-ef16-4a1b-bd46-3c7e195b2bfe admin admin] Publish callbacks [] for port (beb548c3-4def-4775-8fa5-11fb51c16668), precommit_update {{(pid=109799) _notify_loop /usr/local/lib/python3.8/dist-packages/neutron_lib/callbacks/manager.py:176}}
Jan 10 17:39:04.616496 dv-neutron-824009-2-hyperv neutron-server[109799]: DEBUG neutron_lib.callbacks.manager [None req-b2973218-8772-40ff-864b-1dda4b5612dc tempest-MeteringIpV6TestJSON-707676049 tempest-MeteringIpV6TestJSON-707676049-project-admin] Publish callbacks [] for metering_label (None), before_response {{(pid=109799) _notify_loop /usr/local/lib/python3.8/dist-packages/neutron_lib/callbacks/manager.py:176}}
Jan 10 17:39:04.618155 dv-neutron-824009-2-hyperv neutron-server[109799]: INFO neutron.wsgi [None req-b2973218-8772-40ff-864b-1dda4b5612dc tempest-MeteringIpV6TestJSON-707676049 tempest-MeteringIpV6TestJSON-707676049-project-admin] 10.222.0.37 "POST /v2.0/metering/metering-labels HTTP/1.1" status: 201 len: 470 time: 0.4328370
Jan 10 17:39:04.620928 dv-neutron-824009-2-hyperv neutron-server[109799]: DEBUG neutron_lib.callbacks.manager [None req-c5f822a0-ef16-4a1b-bd46-3c7e195b2bfe admin admin] Publish callbacks ['neutron.plugins.ml2.plugin.SecurityGroupServerNotifierRpcMixin._notify_sg_on_port_change-939370', 'neutron.plugins.ml2.ovo_rpc._ObjectChangeHandler.handle_event-61464', 'neutron.api.rpc.agentnotifiers.dhcp_rpc_agent_api.DhcpAgentNotifyAPI._native_event_send_dhcp_notification-1634800', 'neutron.db.l3_db.L3RpcNotifierMixin._notify_gateway_port_ip_changed-8763831608706', 'neutron.db.l3_dvrscheduler_db._notify_l3_agent_port_update-8763831138106', 'neutron.db.l3_hascheduler_db._notify_l3_agent_ha_port_update-8763831138124'] for port (beb548c3-4def-4775-8fa5-11fb51c16668), after_update {{(pid=109799) _notify_loop /usr/local/lib/python3.8/dist-packages/neutron_lib/callbacks/manager.py:176}}
Jan 10 17:39:04.621733 dv-neutron-824009-2-hyperv neutron-server[109799]: DEBUG neutron_lib.callbacks.manager [None req-c5f822a0-ef16-4a1b-bd46-3c7e195b2bfe admin admin] Publish callbacks ['neutron.api.rpc.agentnotifiers.dhcp_rpc_agent_api.DhcpAgentNotifyAPI._after_router_interface_created-1634074', 'neutron.services.l3_router.l3_router_plugin.DVRResourceOperationHandler._update_snat_v6_addrs_after_intf_update-1747816'] for router_interface (b3cf2541-047a-4475-8fcc-dbb01f39c4e5), after_create {{(pid=109799) _notify_loop /usr/local/lib/python3.8/dist-packages/neutron_lib/callbacks/manager.py:176}}
Jan 10 17:39:04.631096 dv-neutron-824009-2-hyperv neutron-server[109798]: DEBUG neutron.wsgi [-] (109798) accepted ('10.222.0.37', 40480) {{(pid=109798) server /usr/local/lib/python3.8/dist-packages/eventlet/wsgi.py:1004}}
Jan 10 17:39:04.635530 dv-neutron-824009-2-hyperv neutron-server[109798]: DEBUG neutron_lib.callbacks.manager [None req-aba7b146-120c-4c50-a610-15551804a072 tempest-RoutersIpV6AdminTest-728129684 tempest-RoutersIpV6AdminTest-728129684-project-admin] Publish callbacks ['neutron.services.auto_allocate.db._ensure_external_network_default_value_callback-8763831100034'] for network (c3f95047-2358-4199-b6b8-7b5940acac93), precommit_create {{(pid=109798) _notify_loop /usr/local/lib/python3.8/dist-packages/neutron_lib/callbacks/manager.py:176}}
Jan 10 17:39:04.650776 dv-neutron-824009-2-hyperv neutron-server[109800]: DEBUG neutron.db.provisioning_blocks [None req-39050d81-5dce-453a-b154-c36c92e72727 None None] Provisioning complete for port ef14f592-29d2-45cc-91ce-a282798df57c triggered by entity DHCP. {{(pid=109800) provisioning_complete /opt/stack/neutron/neutron/db/provisioning_blocks.py:139}}
Jan 10 17:39:04.651855 dv-neutron-824009-2-hyperv neutron-server[109800]: DEBUG neutron_lib.callbacks.manager [None req-39050d81-5dce-453a-b154-c36c92e72727 None None] Publish callbacks ['neutron.plugins.ml2.plugin.Ml2Plugin._port_provisioned-930302'] for port (ef14f592-29d2-45cc-91ce-a282798df57c), provisioning_complete {{(pid=109800) _notify_loop /usr/local/lib/python3.8/dist-packages/neutron_lib/callbacks/manager.py:176}}
Jan 10 17:39:04.699339 dv-neutron-824009-2-hyperv neutron-server[109798]: INFO neutron.wsgi [None req-5e4d58c2-a5ef-4949-9f12-dbb7a96fe15b tempest-ExternalNetworksTestJSON-2126698905 tempest-ExternalNetworksTestJSON-2126698905-project] 10.222.0.37 "POST /v2.0/networks HTTP/1.1" status: 201 len: 792 time: 2.5318520
Jan 10 17:39:04.711243 dv-neutron-824009-2-hyperv neutron-server[109798]: DEBUG neutron.wsgi [-] (109798) accepted ('10.222.0.37', 40484) {{(pid=109798) server /usr/local/lib/python3.8/dist-packages/eventlet/wsgi.py:1004}}
Jan 10 17:39:04.739443 dv-neutron-824009-2-hyperv neutron-server[109799]: DEBUG neutron.wsgi [-] (109799) accepted ('10.222.0.37', 40488) {{(pid=109799) server /usr/local/lib/python3.8/dist-packages/eventlet/wsgi.py:1004}}
Jan 10 17:39:04.795044 dv-neutron-824009-2-hyperv neutron-server[109798]: DEBUG neutron_lib.callbacks.manager [None req-3a48d1c3-66ec-4491-9b55-d161cfd6311b tempest-FloatingIPAdminTestJSON-1002491274 tempest-FloatingIPAdminTestJSON-1002491274-project] Publish callbacks [] for floatingip (None), before_create {{(pid=109798) _notify_loop /usr/local/lib/python3.8/dist-packages/neutron_lib/callbacks/manager.py:176}}
Jan 10 17:39:04.839470 dv-neutron-824009-2-hyperv neutron-server[109798]: DEBUG neutron.api.rpc.handlers.resources_rpc [None req-5e4d58c2-a5ef-4949-9f12-dbb7a96fe15b tempest-ExternalNetworksTestJSON-2126698905 tempest-ExternalNetworksTestJSON-2126698905-project] Pushing event updated for resources: {'Network': ['ID=eb4608dc-98a4-45c0-abf3-69b281b2c800,revision_number=1']} {{(pid=109798) push /opt/stack/neutron/neutron/api/rpc/handlers/resources_rpc.py:237}}
Jan 10 17:39:04.900098 dv-neutron-824009-2-hyperv neutron-server[109800]: DEBUG neutron.plugins.ml2.rpc [None req-c3b9b933-7ba3-4a90-947f-a82b98092ca3 None None] Network eb4608dc-98a4-45c0-abf3-69b281b2c800 details requested by agent ovs-agent-dv-neutron-824009-2-hyperv with host dv-neutron-824009-2-hyperv {{(pid=109800) get_network_details /opt/stack/neutron/neutron/plugins/ml2/rpc.py:248}}
Jan 10 17:39:04.914548 dv-neutron-824009-2-hyperv neutron-server[109799]: DEBUG neutron.api.rpc.handlers.resources_rpc [None req-c5f822a0-ef16-4a1b-bd46-3c7e195b2bfe admin admin] Pushing event updated for resources: {'Port': ['ID=beb548c3-4def-4775-8fa5-11fb51c16668,revision_number=2']} {{(pid=109799) push /opt/stack/neutron/neutron/api/rpc/handlers/resources_rpc.py:237}}
Jan 10 17:39:04.966714 dv-neutron-824009-2-hyperv neutron-server[109799]: DEBUG neutron_lib.callbacks.manager [None req-211020a3-cd92-4496-bfe1-06e2b838c80d tempest-QuotasNegativeTest-514789203 tempest-QuotasNegativeTest-514789203-project-admin] Publish callbacks [] for security_group (5fb3010b-2eb8-4274-86f3-261399451b60), precommit_create {{(pid=109799) _notify_loop /usr/local/lib/python3.8/dist-packages/neutron_lib/callbacks/manager.py:176}}
Jan 10 17:39:04.989834 dv-neutron-824009-2-hyperv neutron-server[109799]: DEBUG neutron.api.v2.base [None req-b6449ce4-2fd7-4d96-b0cf-47130f33ec7b tempest-FloatingIPTestJSON-1756961840 tempest-FloatingIPTestJSON-1756961840-project] Request body: {'network': {'name': 'tempest-FloatingIPTestJSON-test-network-1234316064'}} {{(pid=109799) prepare_request_body /opt/stack/neutron/neutron/api/v2/base.py:729}}
Jan 10 17:39:05.002628 dv-neutron-824009-2-hyperv neutron-server[109799]: DEBUG neutron_lib.callbacks.manager [None req-211020a3-cd92-4496-bfe1-06e2b838c80d tempest-QuotasNegativeTest-514789203 tempest-QuotasNegativeTest-514789203-project-admin] Publish callbacks ['neutron.plugins.ml2.ovo_rpc._ObjectChangeHandler.handle_event-1829418'] for security_group (5fb3010b-2eb8-4274-86f3-261399451b60), after_create {{(pid=109799) _notify_loop /usr/local/lib/python3.8/dist-packages/neutron_lib/callbacks/manager.py:176}}
Jan 10 17:39:05.056837 dv-neutron-824009-2-hyperv neutron-server[109798]: INFO neutron.wsgi [None req-9418c9af-f8de-48e1-b07e-75f5c62b66ad tempest-MeteringIpV6TestJSON-707676049 tempest-MeteringIpV6TestJSON-707676049-project-admin] 10.222.0.37 "GET /v2.0/metering/metering-labels?id=94db4c0f-a3b5-4bd6-ae1d-a87630e38060 HTTP/1.1" status: 200 len: 468 time: 0.4240267
Jan 10 17:39:05.063390 dv-neutron-824009-2-hyperv neutron-server[109798]: DEBUG neutron.api.v2.base [None req-466816b5-ab37-475d-a21c-d90334291daf tempest-ExternalNetworksTestJSON-1197179316 tempest-ExternalNetworksTestJSON-1197179316-project-admin] Request body: {'network': {'name': 'tempest-network--1446171881', 'router:external': True}} {{(pid=109798) prepare_request_body /opt/stack/neutron/neutron/api/v2/base.py:729}}
Jan 10 17:39:05.067752 dv-neutron-824009-2-hyperv neutron-server[109799]: DEBUG neutron.wsgi [-] (109799) accepted ('10.222.0.37', 40494) {{(pid=109799) server /usr/local/lib/python3.8/dist-packages/eventlet/wsgi.py:1004}}
Jan 10 17:39:05.072168 dv-neutron-824009-2-hyperv neutron-server[109799]: DEBUG neutron.plugins.ml2.drivers.helpers [None req-211020a3-cd92-4496-bfe1-06e2b838c80d tempest-QuotasNegativeTest-514789203 tempest-QuotasNegativeTest-514789203-project-admin] vlan segment allocate from pool success with {'vlan_id': 386, 'physical_network': 'physnet1'} {{(pid=109799) allocate_partially_specified_segment /opt/stack/neutron/neutron/plugins/ml2/drivers/helpers.py:153}}
Jan 10 17:39:05.075927 dv-neutron-824009-2-hyperv neutron-server[109798]: DEBUG neutron_lib.callbacks.manager [None req-aba7b146-120c-4c50-a610-15551804a072 tempest-RoutersIpV6AdminTest-728129684 tempest-RoutersIpV6AdminTest-728129684-project-admin] Publish callbacks ['neutron.plugins.ml2.ovo_rpc._ObjectChangeHandler.handle_event-1829468', 'neutron.api.rpc.agentnotifiers.dhcp_rpc_agent_api.DhcpAgentNotifyAPI._native_event_send_dhcp_notification-1634800'] for network (c3f95047-2358-4199-b6b8-7b5940acac93), after_create {{(pid=109798) _notify_loop /usr/local/lib/python3.8/dist-packages/neutron_lib/callbacks/manager.py:176}}
Jan 10 17:39:05.077822 dv-neutron-824009-2-hyperv neutron-server[109798]: DEBUG neutron.pecan_wsgi.hooks.policy_enforcement [None req-aba7b146-120c-4c50-a610-15551804a072 tempest-RoutersIpV6AdminTest-728129684 tempest-RoutersIpV6AdminTest-728129684-project-admin] Attributes excluded by policy engine: ['standard_attr_id', 'vlan_transparent'] {{(pid=109798) _exclude_attributes_by_policy /opt/stack/neutron/neutron/pecan_wsgi/hooks/policy_enforcement.py:255}}
Jan 10 17:39:05.078850 dv-neutron-824009-2-hyperv neutron-server[109798]: DEBUG neutron_lib.callbacks.manager [None req-aba7b146-120c-4c50-a610-15551804a072 tempest-RoutersIpV6AdminTest-728129684 tempest-RoutersIpV6AdminTest-728129684-project-admin] Publish callbacks ['neutron.api.rpc.agentnotifiers.dhcp_rpc_agent_api.DhcpAgentNotifyAPI._send_dhcp_notification-1634786'] for network (None), before_response {{(pid=109798) _notify_loop /usr/local/lib/python3.8/dist-packages/neutron_lib/callbacks/manager.py:176}}
Jan 10 17:39:05.099498 dv-neutron-824009-2-hyperv neutron-server[109800]: DEBUG neutron.plugins.ml2.rpc [None req-c3b9b933-7ba3-4a90-947f-a82b98092ca3 None None] Device c13b6887-9097-4d45-ab6d-23b92a9a8046 up at agent ovs-agent-dv-neutron-824009-2-hyperv {{(pid=109800) update_device_up /opt/stack/neutron/neutron/plugins/ml2/rpc.py:296}}
Jan 10 17:39:05.152170 dv-neutron-824009-2-hyperv neutron-server[109799]: DEBUG neutron.api.rpc.handlers.resources_rpc [None req-211020a3-cd92-4496-bfe1-06e2b838c80d tempest-QuotasNegativeTest-514789203 tempest-QuotasNegativeTest-514789203-project-admin] Pushing event updated for resources: {'SecurityGroup': ['ID=5fb3010b-2eb8-4274-86f3-261399451b60,revision_number=1']} {{(pid=109799) push /opt/stack/neutron/neutron/api/rpc/handlers/resources_rpc.py:237}}
Jan 10 17:39:05.183321 dv-neutron-824009-2-hyperv neutron-server[109800]: DEBUG neutron.plugins.ml2.plugin [None req-39050d81-5dce-453a-b154-c36c92e72727 None None] Current status of the port ef14f592-29d2-45cc-91ce-a282798df57c is: DOWN; New status is: ACTIVE {{(pid=109800) _update_individual_port_db_status /opt/stack/neutron/neutron/plugins/ml2/plugin.py:2213}}
Jan 10 17:39:05.183716 dv-neutron-824009-2-hyperv neutron-server[109800]: DEBUG neutron_lib.callbacks.manager [None req-39050d81-5dce-453a-b154-c36c92e72727 None None] Publish callbacks ['neutron.plugins.ml2.plugin.SecurityGroupDbMixin._ensure_default_security_group_handler-939307'] for port (ef14f592-29d2-45cc-91ce-a282798df57c), before_update {{(pid=109800) _notify_loop /usr/local/lib/python3.8/dist-packages/neutron_lib/callbacks/manager.py:176}}
Jan 10 17:39:05.251353 dv-neutron-824009-2-hyperv neutron-server[109800]: DEBUG neutron.plugins.ml2.db [None req-39050d81-5dce-453a-b154-c36c92e72727 None None] For port ef14f592-29d2-45cc-91ce-a282798df57c, host dv-neutron-824009-2-hyperv, got binding levels [PortBindingLevel(driver='openvswitch',host='dv-neutron-824009-2-hyperv',level=0,port_id=ef14f592-29d2-45cc-91ce-a282798df57c,segment=NetworkSegment(a7c79da4-3673-4a4a-9447-997b9693e56d),segment_id=a7c79da4-3673-4a4a-9447-997b9693e56d)] {{(pid=109800) get_binding_level_objs /opt/stack/neutron/neutron/plugins/ml2/db.py:74}}
Jan 10 17:39:05.258995 dv-neutron-824009-2-hyperv neutron-server[109800]: DEBUG neutron_lib.callbacks.manager [None req-39050d81-5dce-453a-b154-c36c92e72727 None None] Publish callbacks ['neutron.plugins.ml2.plugin.SecurityGroupServerNotifierRpcMixin._notify_sg_on_port_change-939370', 'neutron.plugins.ml2.ovo_rpc._ObjectChangeHandler.handle_event-61464', 'neutron.api.rpc.agentnotifiers.dhcp_rpc_agent_api.DhcpAgentNotifyAPI._native_event_send_dhcp_notification-1634800', 'neutron.db.l3_db.L3RpcNotifierMixin._notify_gateway_port_ip_changed-8763831608706', 'neutron.db.l3_dvrscheduler_db._notify_l3_agent_port_update-8763831138106', 'neutron.db.l3_hascheduler_db._notify_l3_agent_ha_port_update-8763831138124'] for port (ef14f592-29d2-45cc-91ce-a282798df57c), after_update {{(pid=109800) _notify_loop /usr/local/lib/python3.8/dist-packages/neutron_lib/callbacks/manager.py:176}}
Jan 10 17:39:05.267564 dv-neutron-824009-2-hyperv neutron-server[109800]: DEBUG neutron.db.provisioning_blocks [None req-c3b9b933-7ba3-4a90-947f-a82b98092ca3 None None] Provisioning complete for port c13b6887-9097-4d45-ab6d-23b92a9a8046 triggered by entity L2. {{(pid=109800) provisioning_complete /opt/stack/neutron/neutron/db/provisioning_blocks.py:139}}
Jan 10 17:39:05.267564 dv-neutron-824009-2-hyperv neutron-server[109800]: DEBUG neutron_lib.callbacks.manager [None req-c3b9b933-7ba3-4a90-947f-a82b98092ca3 None None] Publish callbacks ['neutron.plugins.ml2.plugin.Ml2Plugin._port_provisioned-930302'] for port (c13b6887-9097-4d45-ab6d-23b92a9a8046), provisioning_complete {{(pid=109800) _notify_loop /usr/local/lib/python3.8/dist-packages/neutron_lib/callbacks/manager.py:176}}
Jan 10 17:39:05.296231 dv-neutron-824009-2-hyperv neutron-server[109798]: INFO neutron.wsgi [None req-aba7b146-120c-4c50-a610-15551804a072 tempest-RoutersIpV6AdminTest-728129684 tempest-RoutersIpV6AdminTest-728129684-project-admin] 10.222.0.37 "POST /v2.0/networks HTTP/1.1" status: 201 len: 875 time: 3.0873637
Jan 10 17:39:05.310958 dv-neutron-824009-2-hyperv neutron-server[109798]: DEBUG neutron.wsgi [-] (109798) accepted ('10.222.0.37', 40498) {{(pid=109798) server /usr/local/lib/python3.8/dist-packages/eventlet/wsgi.py:1004}}
Jan 10 17:39:05.314300 dv-neutron-824009-2-hyperv neutron-server[109798]: DEBUG neutron.api.rpc.handlers.resources_rpc [None req-aba7b146-120c-4c50-a610-15551804a072 tempest-RoutersIpV6AdminTest-728129684 tempest-RoutersIpV6AdminTest-728129684-project-admin] Pushing event updated for resources: {'Network': ['ID=c3f95047-2358-4199-b6b8-7b5940acac93,revision_number=1']} {{(pid=109798) push /opt/stack/neutron/neutron/api/rpc/handlers/resources_rpc.py:237}}
Jan 10 17:39:05.325430 dv-neutron-824009-2-hyperv neutron-server[109798]: DEBUG neutron.api.v2.base [None req-d5778224-c9e1-43c2-83b5-40180eb40dbf tempest-RoutersIpV6AdminTest-728129684 tempest-RoutersIpV6AdminTest-728129684-project-admin] Request body: {'subnet': {'network_id': 'c3f95047-2358-4199-b6b8-7b5940acac93', 'cidr': '2001:db8::/64', 'ip_version': 6, 'gateway_ip': '2001:db8::1', 'enable_dhcp': False}} {{(pid=109798) prepare_request_body /opt/stack/neutron/neutron/api/v2/base.py:729}}
Jan 10 17:39:05.341360 dv-neutron-824009-2-hyperv neutron-server[109800]: DEBUG neutron.plugins.ml2.rpc [None req-c3b9b933-7ba3-4a90-947f-a82b98092ca3 None None] Network c3f95047-2358-4199-b6b8-7b5940acac93 details requested by agent ovs-agent-dv-neutron-824009-2-hyperv with host dv-neutron-824009-2-hyperv {{(pid=109800) get_network_details /opt/stack/neutron/neutron/plugins/ml2/rpc.py:248}}
Jan 10 17:39:05.360131 dv-neutron-824009-2-hyperv neutron-server[109798]: DEBUG neutron.pecan_wsgi.hooks.quota_enforcement [None req-466816b5-ab37-475d-a21c-d90334291daf tempest-ExternalNetworksTestJSON-1197179316 tempest-ExternalNetworksTestJSON-1197179316-project-admin] Made reservation on behalf of c910be40dbb5432299aee75df86499b3 for: {'network': 1} {{(pid=109798) before /opt/stack/neutron/neutron/pecan_wsgi/hooks/quota_enforcement.py:53}}
Jan 10 17:39:05.363495 dv-neutron-824009-2-hyperv neutron-server[109798]: DEBUG neutron_lib.callbacks.manager [None req-466816b5-ab37-475d-a21c-d90334291daf tempest-ExternalNetworksTestJSON-1197179316 tempest-ExternalNetworksTestJSON-1197179316-project-admin] Publish callbacks ['neutron.plugins.ml2.plugin.SecurityGroupDbMixin._ensure_default_security_group_handler-939307'] for network (None), before_create {{(pid=109798) _notify_loop /usr/local/lib/python3.8/dist-packages/neutron_lib/callbacks/manager.py:176}}
Jan 10 17:39:05.375524 dv-neutron-824009-2-hyperv neutron-server[109799]: DEBUG neutron_lib.callbacks.manager [None req-211020a3-cd92-4496-bfe1-06e2b838c80d tempest-QuotasNegativeTest-514789203 tempest-QuotasNegativeTest-514789203-project-admin] Publish callbacks ['neutron.plugins.ml2.plugin.Ml2Plugin._handle_segment_change-940771'] for segment (aa6805fa-45c4-4ef9-9020-2e1ad1d4b298), precommit_create {{(pid=109799) _notify_loop /usr/local/lib/python3.8/dist-packages/neutron_lib/callbacks/manager.py:176}}
Jan 10 17:39:05.376095 dv-neutron-824009-2-hyperv neutron-server[109799]: INFO neutron.db.segments_db [None req-211020a3-cd92-4496-bfe1-06e2b838c80d tempest-QuotasNegativeTest-514789203 tempest-QuotasNegativeTest-514789203-project-admin] Added segment aa6805fa-45c4-4ef9-9020-2e1ad1d4b298 of type vlan for network 10a3c0a4-a6d9-4c5e-aa1f-e98f0c39c1ea
Jan 10 17:39:05.388933 dv-neutron-824009-2-hyperv neutron-server[109799]: DEBUG neutron.scheduler.dhcp_agent_scheduler [None req-c5f822a0-ef16-4a1b-bd46-3c7e195b2bfe admin admin] Network 5a6282b5-ebd1-4938-9e24-955e6931472d is already hosted by enough agents. {{(pid=109799) _get_dhcp_agents_hosting_network /opt/stack/neutron/neutron/scheduler/dhcp_agent_scheduler.py:275}}
Jan 10 17:39:05.390250 dv-neutron-824009-2-hyperv neutron-server[109799]: DEBUG neutron.pecan_wsgi.hooks.quota_enforcement [None req-b6449ce4-2fd7-4d96-b0cf-47130f33ec7b tempest-FloatingIPTestJSON-1756961840 tempest-FloatingIPTestJSON-1756961840-project] Made reservation on behalf of e621284aca9949ff84dc41750f88b105 for: {'network': 1} {{(pid=109799) before /opt/stack/neutron/neutron/pecan_wsgi/hooks/quota_enforcement.py:53}}
Jan 10 17:39:05.391289 dv-neutron-824009-2-hyperv neutron-server[109798]: DEBUG neutron_lib.callbacks.manager [None req-466816b5-ab37-475d-a21c-d90334291daf tempest-ExternalNetworksTestJSON-1197179316 tempest-ExternalNetworksTestJSON-1197179316-project-admin] Publish callbacks [] for security_group (None), before_create {{(pid=109798) _notify_loop /usr/local/lib/python3.8/dist-packages/neutron_lib/callbacks/manager.py:176}}
Jan 10 17:39:05.394458 dv-neutron-824009-2-hyperv neutron-server[109799]: DEBUG neutron_lib.callbacks.manager [None req-b6449ce4-2fd7-4d96-b0cf-47130f33ec7b tempest-FloatingIPTestJSON-1756961840 tempest-FloatingIPTestJSON-1756961840-project] Publish callbacks ['neutron.plugins.ml2.plugin.SecurityGroupDbMixin._ensure_default_security_group_handler-939307'] for network (None), before_create {{(pid=109799) _notify_loop /usr/local/lib/python3.8/dist-packages/neutron_lib/callbacks/manager.py:176}}
Jan 10 17:39:05.401211 dv-neutron-824009-2-hyperv neutron-server[109799]: DEBUG neutron.scheduler.base_scheduler [None req-c5f822a0-ef16-4a1b-bd46-3c7e195b2bfe admin admin] Resources bound (agent type, host, resource id): {{(pid=109799) schedule /opt/stack/neutron/neutron/scheduler/base_scheduler.py:57}}
Jan 10 17:39:05.402044 dv-neutron-824009-2-hyperv neutron-server[109800]: DEBUG neutron.api.rpc.handlers.resources_rpc [None req-39050d81-5dce-453a-b154-c36c92e72727 None None] Pushing event updated for resources: {'Port': ['ID=ef14f592-29d2-45cc-91ce-a282798df57c,revision_number=3']} {{(pid=109800) push /opt/stack/neutron/neutron/api/rpc/handlers/resources_rpc.py:237}}
Jan 10 17:39:05.438149 dv-neutron-824009-2-hyperv neutron-server[109798]: DEBUG neutron_lib.callbacks.manager [None req-f51da076-46bf-4c3e-9a54-32d0cb5be89c admin admin] Publish callbacks ['neutron.services.l3_router.l3_router_plugin.L3_HA_NAT_db_mixin._after_router_create-1748250', 'neutron.services.l3_router.l3_router_plugin.DVRResourceOperationHandler._create_snat_interfaces_after_change-1747625'] for router (c72f0779-b252-41d8-910a-b12b56c82395), after_create {{(pid=109798) _notify_loop /usr/local/lib/python3.8/dist-packages/neutron_lib/callbacks/manager.py:176}}
Jan 10 17:39:05.440900 dv-neutron-824009-2-hyperv neutron-server[109800]: DEBUG neutron.db.provisioning_blocks [None req-475cb13e-6b4c-4dc1-99b0-740de4f7c703 None None] Provisioning complete for port ef14f592-29d2-45cc-91ce-a282798df57c triggered by entity DHCP. {{(pid=109800) provisioning_complete /opt/stack/neutron/neutron/db/provisioning_blocks.py:139}}
Jan 10 17:39:05.441302 dv-neutron-824009-2-hyperv neutron-server[109800]: DEBUG neutron_lib.callbacks.manager [None req-475cb13e-6b4c-4dc1-99b0-740de4f7c703 None None] Publish callbacks ['neutron.plugins.ml2.plugin.Ml2Plugin._port_provisioned-930302'] for port (ef14f592-29d2-45cc-91ce-a282798df57c), provisioning_complete {{(pid=109800) _notify_loop /usr/local/lib/python3.8/dist-packages/neutron_lib/callbacks/manager.py:176}}
Jan 10 17:39:05.459683 dv-neutron-824009-2-hyperv neutron-server[109798]: DEBUG neutron.pecan_wsgi.hooks.quota_enforcement [None req-d5778224-c9e1-43c2-83b5-40180eb40dbf tempest-RoutersIpV6AdminTest-728129684 tempest-RoutersIpV6AdminTest-728129684-project-admin] Made reservation on behalf of 48cef10f2cf04834a788d61137162e01 for: {'subnet': 1} {{(pid=109798) before /opt/stack/neutron/neutron/pecan_wsgi/hooks/quota_enforcement.py:53}}
Jan 10 17:39:05.465502 dv-neutron-824009-2-hyperv neutron-server[109798]: DEBUG neutron_lib.callbacks.manager [None req-d5778224-c9e1-43c2-83b5-40180eb40dbf tempest-RoutersIpV6AdminTest-728129684 tempest-RoutersIpV6AdminTest-728129684-project-admin] Publish callbacks [] for subnet (None), before_create {{(pid=109798) _notify_loop /usr/local/lib/python3.8/dist-packages/neutron_lib/callbacks/manager.py:176}}
Jan 10 17:39:05.520282 dv-neutron-824009-2-hyperv neutron-server[109800]: DEBUG neutron.plugins.ml2.plugin [None req-c3b9b933-7ba3-4a90-947f-a82b98092ca3 None None] Current status of the port c13b6887-9097-4d45-ab6d-23b92a9a8046 is: DOWN; New status is: ACTIVE {{(pid=109800) _update_individual_port_db_status /opt/stack/neutron/neutron/plugins/ml2/plugin.py:2213}}
Jan 10 17:39:05.520676 dv-neutron-824009-2-hyperv neutron-server[109800]: DEBUG neutron_lib.callbacks.manager [None req-c3b9b933-7ba3-4a90-947f-a82b98092ca3 None None] Publish callbacks ['neutron.plugins.ml2.plugin.SecurityGroupDbMixin._ensure_default_security_group_handler-939307'] for port (c13b6887-9097-4d45-ab6d-23b92a9a8046), before_update {{(pid=109800) _notify_loop /usr/local/lib/python3.8/dist-packages/neutron_lib/callbacks/manager.py:176}}
Jan 10 17:39:05.551250 dv-neutron-824009-2-hyperv neutron-server[109800]: DEBUG neutron.plugins.ml2.db [None req-c3b9b933-7ba3-4a90-947f-a82b98092ca3 None None] For port c13b6887-9097-4d45-ab6d-23b92a9a8046, host dv-neutron-824009-2-hyperv, got binding levels [PortBindingLevel(driver='openvswitch',host='dv-neutron-824009-2-hyperv',level=0,port_id=c13b6887-9097-4d45-ab6d-23b92a9a8046,segment=NetworkSegment(07633609-7d8d-46ec-8094-73aeecd3a5dd),segment_id=07633609-7d8d-46ec-8094-73aeecd3a5dd)] {{(pid=109800) get_binding_level_objs /opt/stack/neutron/neutron/plugins/ml2/db.py:74}}
Jan 10 17:39:05.586182 dv-neutron-824009-2-hyperv neutron-server[109800]: DEBUG neutron_lib.callbacks.manager [None req-c3b9b933-7ba3-4a90-947f-a82b98092ca3 None None] Publish callbacks ['neutron.plugins.ml2.plugin.SecurityGroupServerNotifierRpcMixin._notify_sg_on_port_change-939370', 'neutron.plugins.ml2.ovo_rpc._ObjectChangeHandler.handle_event-61464', 'neutron.api.rpc.agentnotifiers.dhcp_rpc_agent_api.DhcpAgentNotifyAPI._native_event_send_dhcp_notification-1634800', 'neutron.db.l3_db.L3RpcNotifierMixin._notify_gateway_port_ip_changed-8763831608706', 'neutron.db.l3_dvrscheduler_db._notify_l3_agent_port_update-8763831138106', 'neutron.db.l3_hascheduler_db._notify_l3_agent_ha_port_update-8763831138124'] for port (c13b6887-9097-4d45-ab6d-23b92a9a8046), after_update {{(pid=109800) _notify_loop /usr/local/lib/python3.8/dist-packages/neutron_lib/callbacks/manager.py:176}}
Jan 10 17:39:05.587199 dv-neutron-824009-2-hyperv neutron-server[109800]: DEBUG neutron.plugins.ml2.rpc [None req-c3b9b933-7ba3-4a90-947f-a82b98092ca3 None None] Device ef14f592-29d2-45cc-91ce-a282798df57c up at agent ovs-agent-dv-neutron-824009-2-hyperv {{(pid=109800) update_device_up /opt/stack/neutron/neutron/plugins/ml2/rpc.py:296}}
Jan 10 17:39:05.631243 dv-neutron-824009-2-hyperv neutron-server[109799]: DEBUG neutron_lib.callbacks.manager [None req-211020a3-cd92-4496-bfe1-06e2b838c80d tempest-QuotasNegativeTest-514789203 tempest-QuotasNegativeTest-514789203-project-admin] Publish callbacks ['neutron.services.auto_allocate.db._ensure_external_network_default_value_callback-8763831100034'] for network (10a3c0a4-a6d9-4c5e-aa1f-e98f0c39c1ea), precommit_create {{(pid=109799) _notify_loop /usr/local/lib/python3.8/dist-packages/neutron_lib/callbacks/manager.py:176}}
Jan 10 17:39:05.658854 dv-neutron-824009-2-hyperv neutron-server[109800]: DEBUG neutron.plugins.ml2.plugin [None req-475cb13e-6b4c-4dc1-99b0-740de4f7c703 None None] Current status of the port ef14f592-29d2-45cc-91ce-a282798df57c is: ACTIVE; New status is: ACTIVE {{(pid=109800) _update_individual_port_db_status /opt/stack/neutron/neutron/plugins/ml2/plugin.py:2213}}
Jan 10 17:39:05.667174 dv-neutron-824009-2-hyperv neutron-server[109799]: DEBUG neutron_lib.callbacks.manager [None req-b6449ce4-2fd7-4d96-b0cf-47130f33ec7b tempest-FloatingIPTestJSON-1756961840 tempest-FloatingIPTestJSON-1756961840-project] Publish callbacks [] for security_group (None), before_create {{(pid=109799) _notify_loop /usr/local/lib/python3.8/dist-packages/neutron_lib/callbacks/manager.py:176}}
Jan 10 17:39:05.706649 dv-neutron-824009-2-hyperv neutron-server[109798]: DEBUG neutron_lib.callbacks.manager [None req-3a48d1c3-66ec-4491-9b55-d161cfd6311b tempest-FloatingIPAdminTestJSON-1002491274 tempest-FloatingIPAdminTestJSON-1002491274-project] Publish callbacks ['neutron.plugins.ml2.plugin.SecurityGroupDbMixin._ensure_default_security_group_handler-939307'] for port (None), before_create {{(pid=109798) _notify_loop /usr/local/lib/python3.8/dist-packages/neutron_lib/callbacks/manager.py:176}}
Jan 10 17:39:05.721226 dv-neutron-824009-2-hyperv neutron-server[109800]: DEBUG neutron.api.rpc.handlers.resources_rpc [None req-c3b9b933-7ba3-4a90-947f-a82b98092ca3 None None] Pushing event updated for resources: {'Port': ['ID=c13b6887-9097-4d45-ab6d-23b92a9a8046,revision_number=4']} {{(pid=109800) push /opt/stack/neutron/neutron/api/rpc/handlers/resources_rpc.py:237}}
Jan 10 17:39:05.737794 dv-neutron-824009-2-hyperv neutron-server[109799]: DEBUG neutron_lib.callbacks.manager [None req-211020a3-cd92-4496-bfe1-06e2b838c80d tempest-QuotasNegativeTest-514789203 tempest-QuotasNegativeTest-514789203-project-admin] Publish callbacks ['neutron.plugins.ml2.ovo_rpc._ObjectChangeHandler.handle_event-1829468', 'neutron.api.rpc.agentnotifiers.dhcp_rpc_agent_api.DhcpAgentNotifyAPI._native_event_send_dhcp_notification-1634800'] for network (10a3c0a4-a6d9-4c5e-aa1f-e98f0c39c1ea), after_create {{(pid=109799) _notify_loop /usr/local/lib/python3.8/dist-packages/neutron_lib/callbacks/manager.py:176}}
Jan 10 17:39:05.740036 dv-neutron-824009-2-hyperv neutron-server[109799]: DEBUG neutron.pecan_wsgi.hooks.policy_enforcement [None req-211020a3-cd92-4496-bfe1-06e2b838c80d tempest-QuotasNegativeTest-514789203 tempest-QuotasNegativeTest-514789203-project-admin] Attributes excluded by policy engine: ['standard_attr_id', 'vlan_transparent'] {{(pid=109799) _exclude_attributes_by_policy /opt/stack/neutron/neutron/pecan_wsgi/hooks/policy_enforcement.py:255}}
Jan 10 17:39:05.741153 dv-neutron-824009-2-hyperv neutron-server[109799]: DEBUG neutron_lib.callbacks.manager [None req-211020a3-cd92-4496-bfe1-06e2b838c80d tempest-QuotasNegativeTest-514789203 tempest-QuotasNegativeTest-514789203-project-admin] Publish callbacks ['neutron.api.rpc.agentnotifiers.dhcp_rpc_agent_api.DhcpAgentNotifyAPI._send_dhcp_notification-1634786'] for network (None), before_response {{(pid=109799) _notify_loop /usr/local/lib/python3.8/dist-packages/neutron_lib/callbacks/manager.py:176}}
Jan 10 17:39:05.755199 dv-neutron-824009-2-hyperv neutron-server[109800]: DEBUG neutron.db.provisioning_blocks [None req-c3b9b933-7ba3-4a90-947f-a82b98092ca3 None None] Provisioning complete for port ef14f592-29d2-45cc-91ce-a282798df57c triggered by entity L2. {{(pid=109800) provisioning_complete /opt/stack/neutron/neutron/db/provisioning_blocks.py:139}}
Jan 10 17:39:05.755521 dv-neutron-824009-2-hyperv neutron-server[109800]: DEBUG neutron_lib.callbacks.manager [None req-c3b9b933-7ba3-4a90-947f-a82b98092ca3 None None] Publish callbacks ['neutron.plugins.ml2.plugin.Ml2Plugin._port_provisioned-930302'] for port (ef14f592-29d2-45cc-91ce-a282798df57c), provisioning_complete {{(pid=109800) _notify_loop /usr/local/lib/python3.8/dist-packages/neutron_lib/callbacks/manager.py:176}}
Jan 10 17:39:05.823936 dv-neutron-824009-2-hyperv neutron-server[109800]: DEBUG neutron.db.provisioning_blocks [None req-f8c31520-d06c-46b1-a3d4-4045e373e927 None None] Provisioning complete for port beb548c3-4def-4775-8fa5-11fb51c16668 triggered by entity DHCP. {{(pid=109800) provisioning_complete /opt/stack/neutron/neutron/db/provisioning_blocks.py:139}}
Jan 10 17:39:05.824463 dv-neutron-824009-2-hyperv neutron-server[109800]: DEBUG neutron_lib.callbacks.manager [None req-f8c31520-d06c-46b1-a3d4-4045e373e927 None None] Publish callbacks ['neutron.plugins.ml2.plugin.Ml2Plugin._port_provisioned-930302'] for port (beb548c3-4def-4775-8fa5-11fb51c16668), provisioning_complete {{(pid=109800) _notify_loop /usr/local/lib/python3.8/dist-packages/neutron_lib/callbacks/manager.py:176}}
Jan 10 17:39:05.826925 dv-neutron-824009-2-hyperv neutron-server[109799]: DEBUG neutron_lib.callbacks.manager [None req-d7d8bfd9-e15c-47f5-8b7b-7fd06fd7e0bd tempest-MeteringIpV6TestJSON-707676049 tempest-MeteringIpV6TestJSON-707676049-project-admin] Publish callbacks [] for metering_label (None), before_response {{(pid=109799) _notify_loop /usr/local/lib/python3.8/dist-packages/neutron_lib/callbacks/manager.py:176}}
Jan 10 17:39:05.829206 dv-neutron-824009-2-hyperv neutron-server[109799]: INFO neutron.wsgi [None req-d7d8bfd9-e15c-47f5-8b7b-7fd06fd7e0bd tempest-MeteringIpV6TestJSON-707676049 tempest-MeteringIpV6TestJSON-707676049-project-admin] 10.222.0.37 "DELETE /v2.0/metering/metering-labels/94db4c0f-a3b5-4bd6-ae1d-a87630e38060 HTTP/1.1" status: 204 len: 168 time: 0.7517655
Jan 10 17:39:05.833847 dv-neutron-824009-2-hyperv neutron-server[109798]: DEBUG neutron.wsgi [-] (109798) accepted ('10.222.0.37', 40500) {{(pid=109798) server /usr/local/lib/python3.8/dist-packages/eventlet/wsgi.py:1004}}
Jan 10 17:39:05.855081 dv-neutron-824009-2-hyperv neutron-server[109798]: DEBUG neutron_lib.callbacks.manager [None req-466816b5-ab37-475d-a21c-d90334291daf tempest-ExternalNetworksTestJSON-1197179316 tempest-ExternalNetworksTestJSON-1197179316-project-admin] Publish callbacks [] for security_group (8b860b77-f45b-45a9-848e-090ac51ad827), precommit_create {{(pid=109798) _notify_loop /usr/local/lib/python3.8/dist-packages/neutron_lib/callbacks/manager.py:176}}
Jan 10 17:39:05.868277 dv-neutron-824009-2-hyperv neutron-server[109799]: DEBUG neutron.api.rpc.handlers.resources_rpc [None req-211020a3-cd92-4496-bfe1-06e2b838c80d tempest-QuotasNegativeTest-514789203 tempest-QuotasNegativeTest-514789203-project-admin] Pushing event updated for resources: {'Network': ['ID=10a3c0a4-a6d9-4c5e-aa1f-e98f0c39c1ea,revision_number=1']} {{(pid=109799) push /opt/stack/neutron/neutron/api/rpc/handlers/resources_rpc.py:237}}
Jan 10 17:39:05.872492 dv-neutron-824009-2-hyperv neutron-server[109798]: DEBUG neutron_lib.callbacks.manager [None req-466816b5-ab37-475d-a21c-d90334291daf tempest-ExternalNetworksTestJSON-1197179316 tempest-ExternalNetworksTestJSON-1197179316-project-admin] Publish callbacks ['neutron.plugins.ml2.ovo_rpc._ObjectChangeHandler.handle_event-1829418'] for security_group (8b860b77-f45b-45a9-848e-090ac51ad827), after_create {{(pid=109798) _notify_loop /usr/local/lib/python3.8/dist-packages/neutron_lib/callbacks/manager.py:176}}
Jan 10 17:39:05.880094 dv-neutron-824009-2-hyperv neutron-server[109798]: INFO neutron.wsgi [None req-ea55b5f6-d4fa-40d2-a32f-b6c1f0e730d3 tempest-MeteringIpV6TestJSON-707676049 tempest-MeteringIpV6TestJSON-707676049-project-admin] 10.222.0.37 "GET /v2.0/metering/metering-labels?id=94db4c0f-a3b5-4bd6-ae1d-a87630e38060 HTTP/1.1" status: 200 len: 216 time: 0.0399191
Jan 10 17:39:05.880366 dv-neutron-824009-2-hyperv neutron-server[109799]: INFO neutron.wsgi [None req-211020a3-cd92-4496-bfe1-06e2b838c80d tempest-QuotasNegativeTest-514789203 tempest-QuotasNegativeTest-514789203-project-admin] 10.222.0.37 "POST /v2.0/networks HTTP/1.1" status: 201 len: 837 time: 2.0833068
Jan 10 17:39:05.887053 dv-neutron-824009-2-hyperv neutron-server[109799]: DEBUG neutron.wsgi [-] (109799) accepted ('10.222.0.37', 40502) {{(pid=109799) server /usr/local/lib/python3.8/dist-packages/eventlet/wsgi.py:1004}}
Jan 10 17:39:05.887564 dv-neutron-824009-2-hyperv neutron-server[109799]: DEBUG neutron.wsgi [-] (109799) accepted ('10.222.0.37', 40504) {{(pid=109799) server /usr/local/lib/python3.8/dist-packages/eventlet/wsgi.py:1004}}
Jan 10 17:39:05.893251 dv-neutron-824009-2-hyperv neutron-server[109799]: DEBUG neutron.api.v2.base [None req-c887585a-0742-42b3-bc16-7217042e148e tempest-QuotasNegativeTest-514789203 tempest-QuotasNegativeTest-514789203-project-admin] Request body: {'network': {'project_id': '2b0593ae64394da9ac704ab3a8854319'}} {{(pid=109799) prepare_request_body /opt/stack/neutron/neutron/api/v2/base.py:729}}
Jan 10 17:39:05.925413 dv-neutron-824009-2-hyperv neutron-server[109800]: DEBUG neutron.plugins.ml2.plugin [None req-c3b9b933-7ba3-4a90-947f-a82b98092ca3 None None] Current status of the port ef14f592-29d2-45cc-91ce-a282798df57c is: ACTIVE; New status is: ACTIVE {{(pid=109800) _update_individual_port_db_status /opt/stack/neutron/neutron/plugins/ml2/plugin.py:2213}}
Jan 10 17:39:05.928566 dv-neutron-824009-2-hyperv neutron-server[109800]: DEBUG neutron.plugins.ml2.rpc [None req-c3b9b933-7ba3-4a90-947f-a82b98092ca3 None None] Network 10a3c0a4-a6d9-4c5e-aa1f-e98f0c39c1ea details requested by agent ovs-agent-dv-neutron-824009-2-hyperv with host dv-neutron-824009-2-hyperv {{(pid=109800) get_network_details /opt/stack/neutron/neutron/plugins/ml2/rpc.py:248}}
Jan 10 17:39:05.929247 dv-neutron-824009-2-hyperv neutron-server[109799]: INFO neutron.wsgi [None req-ad6095bd-58b8-4548-9d92-39d3f408f8db tempest-MeteringIpV6TestJSON-707676049 tempest-MeteringIpV6TestJSON-707676049-project-admin] 10.222.0.37 "GET /v2.0/metering/metering-label-rules?id=33 HTTP/1.1" status: 200 len: 221 time: 0.0320148
Jan 10 17:39:05.937835 dv-neutron-824009-2-hyperv neutron-server[109799]: DEBUG neutron.wsgi [-] (109799) accepted ('10.222.0.37', 40506) {{(pid=109799) server /usr/local/lib/python3.8/dist-packages/eventlet/wsgi.py:1004}}
Jan 10 17:39:05.980441 dv-neutron-824009-2-hyperv neutron-server[109799]: INFO neutron.wsgi [None req-6e58464c-2703-4229-8036-0813a6aa2583 tempest-MeteringIpV6TestJSON-707676049 tempest-MeteringIpV6TestJSON-707676049-project-admin] 10.222.0.37 "GET /v2.0/metering/metering-labels?id=33 HTTP/1.1" status: 200 len: 216 time: 0.0340974
Jan 10 17:39:05.983516 dv-neutron-824009-2-hyperv neutron-server[109799]: DEBUG neutron.wsgi [-] (109799) accepted ('10.222.0.37', 40508) {{(pid=109799) server /usr/local/lib/python3.8/dist-packages/eventlet/wsgi.py:1004}}
Jan 10 17:39:05.990195 dv-neutron-824009-2-hyperv neutron-server[109800]: DEBUG neutron.plugins.ml2.plugin [None req-f8c31520-d06c-46b1-a3d4-4045e373e927 None None] Port beb548c3-4def-4775-8fa5-11fb51c16668 cannot update to ACTIVE because it is not bound. {{(pid=109800) _port_provisioned /opt/stack/neutron/neutron/plugins/ml2/plugin.py:342}}
Jan 10 17:39:05.992838 dv-neutron-824009-2-hyperv neutron-server[109798]: DEBUG neutron.db.db_base_plugin_common [None req-3a48d1c3-66ec-4491-9b55-d161cfd6311b tempest-FloatingIPAdminTestJSON-1002491274 tempest-FloatingIPAdminTestJSON-1002491274-project] Allocated IP 172.26.7.47 (fa0b1f35-045f-45de-8740-d5280c48a232/a316473a-868f-4633-9e42-d514a6601a4f/bf51691c-5bb4-497d-81ac-a63c066e66f3) {{(pid=109798) _store_ip_allocation /opt/stack/neutron/neutron/db/db_base_plugin_common.py:131}}
Jan 10 17:39:05.994189 dv-neutron-824009-2-hyperv neutron-server[109799]: DEBUG neutron.pecan_wsgi.hooks.quota_enforcement [None req-c887585a-0742-42b3-bc16-7217042e148e tempest-QuotasNegativeTest-514789203 tempest-QuotasNegativeTest-514789203-project-admin] Made reservation on behalf of 2b0593ae64394da9ac704ab3a8854319 for: {'network': 1} {{(pid=109799) before /opt/stack/neutron/neutron/pecan_wsgi/hooks/quota_enforcement.py:53}}
