Jan 10 17:39:16.562388 dv-neutron-824009-2-hyperv neutron-server[109800]: DEBUG neutron_lib.callbacks.manager [None req-e6e1502a-eea4-4fb9-b0b5-f8afc5a51252 None None] Publish callbacks ['neutron.plugins.ml2.plugin.SecurityGroupServerNotifierRpcMixin._notify_sg_on_port_change-939370', 'neutron.plugins.ml2.ovo_rpc._ObjectChangeHandler.handle_event-61464', 'neutron.api.rpc.agentnotifiers.dhcp_rpc_agent_api.DhcpAgentNotifyAPI._native_event_send_dhcp_notification-1634800', 'neutron.db.l3_db.L3RpcNotifierMixin._notify_gateway_port_ip_changed-8763831608706', 'neutron.db.l3_dvrscheduler_db._notify_l3_agent_port_update-8763831138106', 'neutron.db.l3_hascheduler_db._notify_l3_agent_ha_port_update-8763831138124'] for port (17ac737a-1afd-471c-b700-1e232a311945), after_update {{(pid=109800) _notify_loop /usr/local/lib/python3.8/dist-packages/neutron_lib/callbacks/manager.py:176}}
Jan 10 17:39:16.578268 dv-neutron-824009-2-hyperv neutron-server[109799]: INFO neutron.wsgi [None req-916e3282-48c6-4ef0-9cea-460019bbbd6f tempest-QuotasTest-2068340171 tempest-QuotasTest-2068340171-project-admin] 10.222.0.37 "GET /v2.0/quotas/80052afa38e64760a575dd2fcce8bc09/details.json HTTP/1.1" status: 200 len: 703 time: 0.7385724
Jan 10 17:39:16.618662 dv-neutron-824009-2-hyperv neutron-server[109799]: DEBUG neutron.pecan_wsgi.hooks.policy_enforcement [None req-848434d2-b625-4719-ad92-7e35c76e68b6 tempest-ExternalNetworksTestJSON-2126698905 tempest-ExternalNetworksTestJSON-2126698905-project] Attributes excluded by policy engine: ['standard_attr_id', 'vlan_transparent', 'provider:network_type', 'provider:physical_network', 'provider:segmentation_id'] {{(pid=109799) _exclude_attributes_by_policy /opt/stack/neutron/neutron/pecan_wsgi/hooks/policy_enforcement.py:255}}
Jan 10 17:39:16.625990 dv-neutron-824009-2-hyperv neutron-server[109799]: INFO neutron.wsgi [None req-848434d2-b625-4719-ad92-7e35c76e68b6 tempest-ExternalNetworksTestJSON-2126698905 tempest-ExternalNetworksTestJSON-2126698905-project] 10.222.0.37 "GET /v2.0/networks/6dc7155b-23fa-4edf-89d7-0d235551e048 HTTP/1.1" status: 200 len: 757 time: 0.1177907
Jan 10 17:39:16.626621 dv-neutron-824009-2-hyperv neutron-server[109799]: DEBUG neutron.wsgi [-] (109799) accepted ('10.222.0.37', 40740) {{(pid=109799) server /usr/local/lib/python3.8/dist-packages/eventlet/wsgi.py:1004}}
Jan 10 17:39:16.714307 dv-neutron-824009-2-hyperv neutron-server[109800]: DEBUG neutron.api.rpc.handlers.resources_rpc [None req-e6e1502a-eea4-4fb9-b0b5-f8afc5a51252 None None] Pushing event updated for resources: {'Port': ['ID=17ac737a-1afd-471c-b700-1e232a311945,revision_number=3']} {{(pid=109800) push /opt/stack/neutron/neutron/api/rpc/handlers/resources_rpc.py:237}}
Jan 10 17:39:16.751477 dv-neutron-824009-2-hyperv neutron-server[109798]: DEBUG neutron.scheduler.base_scheduler [None req-2b1858b2-e7f7-464e-be1d-9f50bbd72fe0 admin admin] Resources bound (agent type, host, resource id): {{(pid=109798) schedule /opt/stack/neutron/neutron/scheduler/base_scheduler.py:57}}
Jan 10 17:39:16.758790 dv-neutron-824009-2-hyperv neutron-server[109799]: DEBUG neutron.pecan_wsgi.hooks.policy_enforcement [None req-d19d05d6-d6ff-439c-b899-f5d831fdbade tempest-ExternalNetworksTestJSON-2126698905 tempest-ExternalNetworksTestJSON-2126698905-project] Attributes excluded by policy engine: ['standard_attr_id', 'vlan_transparent', 'provider:network_type', 'provider:physical_network', 'provider:segmentation_id'] {{(pid=109799) _exclude_attributes_by_policy /opt/stack/neutron/neutron/pecan_wsgi/hooks/policy_enforcement.py:255}}
Jan 10 17:39:16.762156 dv-neutron-824009-2-hyperv neutron-server[109799]: INFO neutron.wsgi [None req-d19d05d6-d6ff-439c-b899-f5d831fdbade tempest-ExternalNetworksTestJSON-2126698905 tempest-ExternalNetworksTestJSON-2126698905-project] 10.222.0.37 "GET /v2.0/networks/eb4608dc-98a4-45c0-abf3-69b281b2c800 HTTP/1.1" status: 200 len: 768 time: 0.1343560
Jan 10 17:39:16.770706 dv-neutron-824009-2-hyperv neutron-server[109799]: DEBUG neutron.wsgi [-] (109799) accepted ('10.222.0.37', 40742) {{(pid=109799) server /usr/local/lib/python3.8/dist-packages/eventlet/wsgi.py:1004}}
Jan 10 17:39:16.928065 dv-neutron-824009-2-hyperv neutron-server[109799]: DEBUG neutron_lib.callbacks.manager [None req-9bf4ad4d-ce25-49ff-b7df-853236403445 tempest-ExternalNetworksTestJSON-1197179316 tempest-ExternalNetworksTestJSON-1197179316-project-admin] Publish callbacks ['neutron.plugins.ml2.plugin.External_net_db_mixin._before_network_delete_handler-818393'] for network (6dc7155b-23fa-4edf-89d7-0d235551e048), before_delete {{(pid=109799) _notify_loop /usr/local/lib/python3.8/dist-packages/neutron_lib/callbacks/manager.py:176}}
Jan 10 17:39:17.020750 dv-neutron-824009-2-hyperv neutron-server[109800]: DEBUG neutron.plugins.ml2.rpc [None req-c3b9b933-7ba3-4a90-947f-a82b98092ca3 None None] Device 17ac737a-1afd-471c-b700-1e232a311945 up at agent ovs-agent-dv-neutron-824009-2-hyperv {{(pid=109800) update_device_up /opt/stack/neutron/neutron/plugins/ml2/rpc.py:296}}
Jan 10 17:39:17.103508 dv-neutron-824009-2-hyperv neutron-server[109799]: DEBUG neutron_lib.callbacks.manager [None req-9bf4ad4d-ce25-49ff-b7df-853236403445 tempest-ExternalNetworksTestJSON-1197179316 tempest-ExternalNetworksTestJSON-1197179316-project-admin] Publish callbacks ['neutron.plugins.ml2.plugin.Ml2Plugin._network_delete_precommit_handler-928325', 'neutron.services.segments.db._delete_segments_for_network-8763831690671'] for network (6dc7155b-23fa-4edf-89d7-0d235551e048), precommit_delete {{(pid=109799) _notify_loop /usr/local/lib/python3.8/dist-packages/neutron_lib/callbacks/manager.py:176}}
Jan 10 17:39:17.126615 dv-neutron-824009-2-hyperv neutron-server[109800]: DEBUG neutron.db.provisioning_blocks [None req-37306046-f775-4a77-9c73-ffebaf0e3b80 None None] Provisioning complete for port 17ac737a-1afd-471c-b700-1e232a311945 triggered by entity DHCP. {{(pid=109800) provisioning_complete /opt/stack/neutron/neutron/db/provisioning_blocks.py:139}}
Jan 10 17:39:17.127144 dv-neutron-824009-2-hyperv neutron-server[109800]: DEBUG neutron_lib.callbacks.manager [None req-37306046-f775-4a77-9c73-ffebaf0e3b80 None None] Publish callbacks ['neutron.plugins.ml2.plugin.Ml2Plugin._port_provisioned-930302'] for port (17ac737a-1afd-471c-b700-1e232a311945), provisioning_complete {{(pid=109800) _notify_loop /usr/local/lib/python3.8/dist-packages/neutron_lib/callbacks/manager.py:176}}
Jan 10 17:39:17.128358 dv-neutron-824009-2-hyperv neutron-server[109798]: DEBUG neutron.scheduler.l3_agent_scheduler [None req-2b1858b2-e7f7-464e-be1d-9f50bbd72fe0 admin admin] Router c72f0779-b252-41d8-910a-b12b56c82395 has already been hosted by L3 agent a96118cc-13ee-4ed3-b608-a0c8946e9463 {{(pid=109798) _get_candidates /opt/stack/neutron/neutron/scheduler/l3_agent_scheduler.py:126}}
Jan 10 17:39:17.165428 dv-neutron-824009-2-hyperv neutron-server[109799]: DEBUG neutron.services.segments.db [None req-9bf4ad4d-ce25-49ff-b7df-853236403445 tempest-ExternalNetworksTestJSON-1197179316 tempest-ExternalNetworksTestJSON-1197179316-project-admin] neutron.services.segments.plugin.Plugin method get_segments called with arguments (,) {'filters': {'network_id': ['6dc7155b-23fa-4edf-89d7-0d235551e048']}} {{(pid=109799) wrapper /usr/local/lib/python3.8/dist-packages/oslo_log/helpers.py:65}}
Jan 10 17:39:17.188813 dv-neutron-824009-2-hyperv neutron-server[109798]: DEBUG neutron_lib.callbacks.manager [None req-e0c42f42-86d0-4ad9-af94-00d116c1283a tempest-FloatingIPAdminTestJSON-1002491274 tempest-FloatingIPAdminTestJSON-1002491274-project] Publish callbacks [] for router_gateway (dfb14afe-a8af-4530-bea7-236285344135), before_create {{(pid=109798) _notify_loop /usr/local/lib/python3.8/dist-packages/neutron_lib/callbacks/manager.py:176}}
Jan 10 17:39:17.197414 dv-neutron-824009-2-hyperv neutron-server[109799]: DEBUG neutron.services.segments.db [None req-9bf4ad4d-ce25-49ff-b7df-853236403445 tempest-ExternalNetworksTestJSON-1197179316 tempest-ExternalNetworksTestJSON-1197179316-project-admin] neutron.services.segments.plugin.Plugin method delete_segment called with arguments (, 'c623fbed-154e-4a38-b5ca-876e52d768ff') {'for_net_delete': True} {{(pid=109799) wrapper /usr/local/lib/python3.8/dist-packages/oslo_log/helpers.py:65}}
Jan 10 17:39:17.200581 dv-neutron-824009-2-hyperv neutron-server[109799]: DEBUG neutron.services.segments.db [None req-9bf4ad4d-ce25-49ff-b7df-853236403445 tempest-ExternalNetworksTestJSON-1197179316 tempest-ExternalNetworksTestJSON-1197179316-project-admin] neutron.services.segments.plugin.Plugin method get_segment called with arguments (, 'c623fbed-154e-4a38-b5ca-876e52d768ff') {} {{(pid=109799) wrapper /usr/local/lib/python3.8/dist-packages/oslo_log/helpers.py:65}}
Jan 10 17:39:17.212449 dv-neutron-824009-2-hyperv neutron-server[109798]: DEBUG neutron_lib.callbacks.manager [None req-e0c42f42-86d0-4ad9-af94-00d116c1283a tempest-FloatingIPAdminTestJSON-1002491274 tempest-FloatingIPAdminTestJSON-1002491274-project] Publish callbacks ['neutron.plugins.ml2.plugin.SecurityGroupDbMixin._ensure_default_security_group_handler-939307'] for port (None), before_create {{(pid=109798) _notify_loop /usr/local/lib/python3.8/dist-packages/neutron_lib/callbacks/manager.py:176}}
Jan 10 17:39:17.222977 dv-neutron-824009-2-hyperv neutron-server[109800]: DEBUG neutron.db.provisioning_blocks [None req-c3b9b933-7ba3-4a90-947f-a82b98092ca3 None None] Provisioning complete for port 17ac737a-1afd-471c-b700-1e232a311945 triggered by entity L2. {{(pid=109800) provisioning_complete /opt/stack/neutron/neutron/db/provisioning_blocks.py:139}}
Jan 10 17:39:17.223679 dv-neutron-824009-2-hyperv neutron-server[109800]: DEBUG neutron_lib.callbacks.manager [None req-c3b9b933-7ba3-4a90-947f-a82b98092ca3 None None] Publish callbacks ['neutron.plugins.ml2.plugin.Ml2Plugin._port_provisioned-930302'] for port (17ac737a-1afd-471c-b700-1e232a311945), provisioning_complete {{(pid=109800) _notify_loop /usr/local/lib/python3.8/dist-packages/neutron_lib/callbacks/manager.py:176}}
Jan 10 17:39:17.231165 dv-neutron-824009-2-hyperv neutron-server[109799]: DEBUG neutron_lib.callbacks.manager [None req-9bf4ad4d-ce25-49ff-b7df-853236403445 tempest-ExternalNetworksTestJSON-1197179316 tempest-ExternalNetworksTestJSON-1197179316-project-admin] Publish callbacks ['neutron.plugins.ml2.db._prevent_segment_delete_with_port_bound-8763831694008', 'neutron.services.segments.plugin.Plugin._prevent_segment_delete_with_subnet_associated-32842231'] for segment (c623fbed-154e-4a38-b5ca-876e52d768ff), before_delete {{(pid=109799) _notify_loop /usr/local/lib/python3.8/dist-packages/neutron_lib/callbacks/manager.py:176}}
Jan 10 17:39:17.266965 dv-neutron-824009-2-hyperv neutron-server[109799]: DEBUG neutron_lib.callbacks.manager [None req-9bf4ad4d-ce25-49ff-b7df-853236403445 tempest-ExternalNetworksTestJSON-1197179316 tempest-ExternalNetworksTestJSON-1197179316-project-admin] Publish callbacks ['neutron.plugins.ml2.plugin.Ml2Plugin._handle_segment_change-940771'] for segment (c623fbed-154e-4a38-b5ca-876e52d768ff), precommit_delete {{(pid=109799) _notify_loop /usr/local/lib/python3.8/dist-packages/neutron_lib/callbacks/manager.py:176}}
Jan 10 17:39:17.277715 dv-neutron-824009-2-hyperv neutron-server[109799]: DEBUG neutron.wsgi [-] (109799) accepted ('10.222.0.37', 40752) {{(pid=109799) server /usr/local/lib/python3.8/dist-packages/eventlet/wsgi.py:1004}}
Jan 10 17:39:17.315250 dv-neutron-824009-2-hyperv neutron-server[109799]: DEBUG neutron.plugins.ml2.drivers.type_vlan [None req-9bf4ad4d-ce25-49ff-b7df-853236403445 tempest-ExternalNetworksTestJSON-1197179316 tempest-ExternalNetworksTestJSON-1197179316-project-admin] Releasing vlan 376 on physical network physnet1 to pool {{(pid=109799) release_segment /opt/stack/neutron/neutron/plugins/ml2/drivers/type_vlan.py:304}}
Jan 10 17:39:17.315664 dv-neutron-824009-2-hyperv neutron-server[109799]: DEBUG neutron_lib.callbacks.manager [None req-9bf4ad4d-ce25-49ff-b7df-853236403445 tempest-ExternalNetworksTestJSON-1197179316 tempest-ExternalNetworksTestJSON-1197179316-project-admin] Publish callbacks ['neutron.plugins.ml2.plugin.Ml2Plugin._handle_segment_change-940771', 'neutron.services.segments.plugin.NovaSegmentNotifier._notify_segment_deleted-29913592'] for segment (c623fbed-154e-4a38-b5ca-876e52d768ff), after_delete {{(pid=109799) _notify_loop /usr/local/lib/python3.8/dist-packages/neutron_lib/callbacks/manager.py:176}}
Jan 10 17:39:17.320120 dv-neutron-824009-2-hyperv neutron-server[109799]: Traceback (most recent call last):
Jan 10 17:39:17.320120 dv-neutron-824009-2-hyperv neutron-server[109799]: File "/usr/local/lib/python3.8/dist-packages/eventlet/hubs/hub.py", line 476, in fire_timers
Jan 10 17:39:17.320120 dv-neutron-824009-2-hyperv neutron-server[109799]: timer()
Jan 10 17:39:17.320120 dv-neutron-824009-2-hyperv neutron-server[109799]: File "/usr/local/lib/python3.8/dist-packages/eventlet/hubs/timer.py", line 59, in __call__
Jan 10 17:39:17.320120 dv-neutron-824009-2-hyperv neutron-server[109799]: cb(*args, **kw)
Jan 10 17:39:17.320120 dv-neutron-824009-2-hyperv neutron-server[109799]: File "/opt/stack/neutron/neutron/common/utils.py", line 921, in wrapper
Jan 10 17:39:17.320120 dv-neutron-824009-2-hyperv neutron-server[109799]: return func(*args, **kwargs)
Jan 10 17:39:17.320120 dv-neutron-824009-2-hyperv neutron-server[109799]: File "/opt/stack/neutron/neutron/notifiers/batch_notifier.py", line 58, in synced_send
Jan 10 17:39:17.320120 dv-neutron-824009-2-hyperv neutron-server[109799]: self._notify()
Jan 10 17:39:17.320120 dv-neutron-824009-2-hyperv neutron-server[109799]: File "/opt/stack/neutron/neutron/notifiers/batch_notifier.py", line 69, in _notify
Jan 10 17:39:17.320120 dv-neutron-824009-2-hyperv neutron-server[109799]: self.callback(batched_events)
Jan 10 17:39:17.320120 dv-neutron-824009-2-hyperv neutron-server[109799]: File "/opt/stack/neutron/neutron/services/segments/plugin.py", line 211, in _send_notifications
Jan 10 17:39:17.320120 dv-neutron-824009-2-hyperv neutron-server[109799]: event.method(event)
Jan 10 17:39:17.320120 dv-neutron-824009-2-hyperv neutron-server[109799]: File "/opt/stack/neutron/neutron/services/segments/plugin.py", line 383, in _delete_nova_inventory
Jan 10 17:39:17.320120 dv-neutron-824009-2-hyperv neutron-server[109799]: aggregate_id = self._get_aggregate_id(event.segment_id)
Jan 10 17:39:17.320120 dv-neutron-824009-2-hyperv neutron-server[109799]: File "/opt/stack/neutron/neutron/services/segments/plugin.py", line 370, in _get_aggregate_id
Jan 10 17:39:17.320120 dv-neutron-824009-2-hyperv neutron-server[109799]: aggregate_uuid = self.p_client.list_aggregates(
Jan 10 17:39:17.320120 dv-neutron-824009-2-hyperv neutron-server[109799]: File "/usr/local/lib/python3.8/dist-packages/neutron_lib/placement/client.py", line 58, in wrapper
Jan 10 17:39:17.320120 dv-neutron-824009-2-hyperv neutron-server[109799]: return f(self, *a, **k)
Jan 10 17:39:17.320120 dv-neutron-824009-2-hyperv neutron-server[109799]: File "/usr/local/lib/python3.8/dist-packages/neutron_lib/placement/client.py", line 554, in list_aggregates
Jan 10 17:39:17.320120 dv-neutron-824009-2-hyperv neutron-server[109799]: return self._get(url).json()
Jan 10 17:39:17.320120 dv-neutron-824009-2-hyperv neutron-server[109799]: File "/usr/local/lib/python3.8/dist-packages/neutron_lib/placement/client.py", line 190, in _get
Jan 10 17:39:17.320120 dv-neutron-824009-2-hyperv neutron-server[109799]: return self._client.get(url, endpoint_filter=self._ks_filter,
Jan 10 17:39:17.320120 dv-neutron-824009-2-hyperv neutron-server[109799]: File "/usr/local/lib/python3.8/dist-packages/keystoneauth1/session.py", line 1141, in get
Jan 10 17:39:17.320120 dv-neutron-824009-2-hyperv neutron-server[109799]: return self.request(url, 'GET', **kwargs)
Jan 10 17:39:17.320120 dv-neutron-824009-2-hyperv neutron-server[109799]: File "/usr/local/lib/python3.8/dist-packages/keystoneauth1/session.py", line 811, in request
Jan 10 17:39:17.320120 dv-neutron-824009-2-hyperv neutron-server[109799]: base_url = self.get_endpoint(auth, allow=allow,
Jan 10 17:39:17.320120 dv-neutron-824009-2-hyperv neutron-server[109799]: File "/usr/local/lib/python3.8/dist-packages/keystoneauth1/session.py", line 1241, in get_endpoint
Jan 10 17:39:17.320120 dv-neutron-824009-2-hyperv neutron-server[109799]: auth = self._auth_required(auth, 'determine endpoint URL')
Jan 10 17:39:17.320120 dv-neutron-824009-2-hyperv neutron-server[109799]: File "/usr/local/lib/python3.8/dist-packages/keystoneauth1/session.py", line 1181, in _auth_required
Jan 10 17:39:17.320120 dv-neutron-824009-2-hyperv neutron-server[109799]: raise exceptions.MissingAuthPlugin(msg_fmt % msg)
Jan 10 17:39:17.320120 dv-neutron-824009-2-hyperv neutron-server[109799]: keystoneauth1.exceptions.auth_plugins.MissingAuthPlugin: An auth plugin is required to determine endpoint URL
Jan 10 17:39:17.332766 dv-neutron-824009-2-hyperv neutron-server[109798]: DEBUG neutron_lib.callbacks.manager [None req-35c5db75-82a5-471d-b5e3-18508920c58f tempest-RoutersIpV6AdminTest-728129684 tempest-RoutersIpV6AdminTest-728129684-project-admin] Publish callbacks [] for router_gateway (9488bbc5-903c-47b2-ac6b-c9ec3216745f), before_create {{(pid=109798) _notify_loop /usr/local/lib/python3.8/dist-packages/neutron_lib/callbacks/manager.py:176}}
Jan 10 17:39:17.343773 dv-neutron-824009-2-hyperv neutron-server[109798]: DEBUG neutron.api.rpc.agentnotifiers.l3_rpc_agent_api [None req-2b1858b2-e7f7-464e-be1d-9f50bbd72fe0 admin admin] Notify agent at l3_agent.dv-neutron-824009-2-hyperv the message routers_updated {{(pid=109798) _agent_notification /opt/stack/neutron/neutron/api/rpc/agentnotifiers/l3_rpc_agent_api.py:65}}
Jan 10 17:39:17.348931 dv-neutron-824009-2-hyperv neutron-server[109800]: DEBUG neutron.plugins.ml2.plugin [None req-c3b9b933-7ba3-4a90-947f-a82b98092ca3 None None] Current status of the port 17ac737a-1afd-471c-b700-1e232a311945 is: ACTIVE; New status is: ACTIVE {{(pid=109800) _update_individual_port_db_status /opt/stack/neutron/neutron/plugins/ml2/plugin.py:2213}}
Jan 10 17:39:17.369533 dv-neutron-824009-2-hyperv neutron-server[109798]: DEBUG neutron.wsgi [req-8f49f539-b92b-4faf-8a48-28cbb50dca45 req-a7650cc0-6e0f-4246-ad4c-5e10e08d0516 service neutron] http://10.222.0.37:9696/v2.0/extensions returned with HTTP 200 {{(pid=109798) __call__ /opt/stack/neutron/neutron/wsgi.py:729}}
Jan 10 17:39:17.371371 dv-neutron-824009-2-hyperv neutron-server[109800]: DEBUG neutron.plugins.ml2.plugin [None req-37306046-f775-4a77-9c73-ffebaf0e3b80 None None] Current status of the port 17ac737a-1afd-471c-b700-1e232a311945 is: ACTIVE; New status is: ACTIVE {{(pid=109800) _update_individual_port_db_status /opt/stack/neutron/neutron/plugins/ml2/plugin.py:2213}}
Jan 10 17:39:17.377915 dv-neutron-824009-2-hyperv neutron-server[109798]: INFO neutron.wsgi [req-8f49f539-b92b-4faf-8a48-28cbb50dca45 req-a7650cc0-6e0f-4246-ad4c-5e10e08d0516 service neutron] 10.222.0.37 "GET /v2.0/extensions HTTP/1.1" status: 200 len: 14082 time: 0.6338389
Jan 10 17:39:17.384769 dv-neutron-824009-2-hyperv neutron-server[109798]: INFO neutron.wsgi [None req-2b1858b2-e7f7-464e-be1d-9f50bbd72fe0 admin admin] 10.222.0.37 "PUT /v2.0/routers/c72f0779-b252-41d8-910a-b12b56c82395/add_router_interface HTTP/1.1" status: 200 len: 503 time: 10.5846066
Jan 10 17:39:17.391788 dv-neutron-824009-2-hyperv neutron-server[109799]: DEBUG neutron_lib.callbacks.manager [None req-01524559-34a5-4b65-ac83-b3884f0fef05 admin admin] Publish callbacks [] for security_group (None), before_create {{(pid=109799) _notify_loop /usr/local/lib/python3.8/dist-packages/neutron_lib/callbacks/manager.py:176}}
Jan 10 17:39:17.413448 dv-neutron-824009-2-hyperv neutron-server[109798]: DEBUG neutron_lib.callbacks.manager [None req-35c5db75-82a5-471d-b5e3-18508920c58f tempest-RoutersIpV6AdminTest-728129684 tempest-RoutersIpV6AdminTest-728129684-project-admin] Publish callbacks ['neutron.plugins.ml2.plugin.SecurityGroupDbMixin._ensure_default_security_group_handler-939307'] for port (None), before_create {{(pid=109798) _notify_loop /usr/local/lib/python3.8/dist-packages/neutron_lib/callbacks/manager.py:176}}
Jan 10 17:39:17.414650 dv-neutron-824009-2-hyperv neutron-server[109799]: DEBUG neutron.wsgi [-] (109799) accepted ('10.222.0.37', 40756) {{(pid=109799) server /usr/local/lib/python3.8/dist-packages/eventlet/wsgi.py:1004}}
Jan 10 17:39:17.500126 dv-neutron-824009-2-hyperv neutron-server[109800]: DEBUG neutron.db.provisioning_blocks [None req-fea44ac1-1acd-44df-8f26-b7589b6552a7 None None] Provisioning complete for port 95e2bb81-8215-4f70-acff-a8c70a471e9c triggered by entity DHCP. {{(pid=109800) provisioning_complete /opt/stack/neutron/neutron/db/provisioning_blocks.py:139}}
Jan 10 17:39:17.500853 dv-neutron-824009-2-hyperv neutron-server[109800]: DEBUG neutron_lib.callbacks.manager [None req-fea44ac1-1acd-44df-8f26-b7589b6552a7 None None] Publish callbacks ['neutron.plugins.ml2.plugin.Ml2Plugin._port_provisioned-930302'] for port (95e2bb81-8215-4f70-acff-a8c70a471e9c), provisioning_complete {{(pid=109800) _notify_loop /usr/local/lib/python3.8/dist-packages/neutron_lib/callbacks/manager.py:176}}
Jan 10 17:39:17.531724 dv-neutron-824009-2-hyperv neutron-server[109798]: DEBUG neutron_lib.callbacks.manager [None req-d8001456-d25e-4bd5-9ff5-0a0b3b990349 tempest-FloatingIPTestJSON-1756961840 tempest-FloatingIPTestJSON-1756961840-project] Publish callbacks ['neutron.services.l3_router.l3_router_plugin.L3_HA_NAT_db_mixin._after_router_create-1748250', 'neutron.services.l3_router.l3_router_plugin.DVRResourceOperationHandler._create_snat_interfaces_after_change-1747625'] for router (1fcb3f0d-da2b-4c35-a5c4-dc6c3ae4d9a3), after_create {{(pid=109798) _notify_loop /usr/local/lib/python3.8/dist-packages/neutron_lib/callbacks/manager.py:176}}
Jan 10 17:39:17.568612 dv-neutron-824009-2-hyperv neutron-server[109799]: DEBUG neutron_lib.callbacks.manager [None req-01524559-34a5-4b65-ac83-b3884f0fef05 admin admin] Publish callbacks [] for security_group (7c06ca4c-af59-4ec1-8efc-f37d873b484e), precommit_create {{(pid=109799) _notify_loop /usr/local/lib/python3.8/dist-packages/neutron_lib/callbacks/manager.py:176}}
Jan 10 17:39:17.574467 dv-neutron-824009-2-hyperv neutron-server[109799]: DEBUG neutron_lib.callbacks.manager [None req-9bf4ad4d-ce25-49ff-b7df-853236403445 tempest-ExternalNetworksTestJSON-1197179316 tempest-ExternalNetworksTestJSON-1197179316-project-admin] Publish callbacks ['neutron.plugins.ml2.plugin.Ml2Plugin._network_delete_after_delete_handler-928334', 'neutron.plugins.ml2.ovo_rpc._ObjectChangeHandler.handle_event-1829468', 'neutron.api.rpc.agentnotifiers.dhcp_rpc_agent_api.DhcpAgentNotifyAPI._native_event_send_dhcp_notification-1634800', 'neutron.services.l3_router.l3_router_plugin.DVRResourceOperationHandler.delete_fip_namespaces_for_ext_net-1747473'] for network (6dc7155b-23fa-4edf-89d7-0d235551e048), after_delete {{(pid=109799) _notify_loop /usr/local/lib/python3.8/dist-packages/neutron_lib/callbacks/manager.py:176}}
Jan 10 17:39:17.576765 dv-neutron-824009-2-hyperv neutron-server[109799]: DEBUG neutron_lib.callbacks.manager [None req-01524559-34a5-4b65-ac83-b3884f0fef05 admin admin] Publish callbacks ['neutron.plugins.ml2.ovo_rpc._ObjectChangeHandler.handle_event-1829418'] for security_group (7c06ca4c-af59-4ec1-8efc-f37d873b484e), after_create {{(pid=109799) _notify_loop /usr/local/lib/python3.8/dist-packages/neutron_lib/callbacks/manager.py:176}}
Jan 10 17:39:17.592239 dv-neutron-824009-2-hyperv neutron-server[109800]: DEBUG neutron.plugins.ml2.plugin [None req-fea44ac1-1acd-44df-8f26-b7589b6552a7 None None] Port 95e2bb81-8215-4f70-acff-a8c70a471e9c cannot update to ACTIVE because it is not bound. {{(pid=109800) _port_provisioned /opt/stack/neutron/neutron/plugins/ml2/plugin.py:342}}
Jan 10 17:39:17.600442 dv-neutron-824009-2-hyperv neutron-server[109800]: DEBUG neutron.api.rpc.handlers.l3_rpc [None req-ed3ddac9-926f-42b6-9785-1dd40ce12b33 None None] Sync routers for ids ['c72f0779-b252-41d8-910a-b12b56c82395'] in dv-neutron-824009-2-hyperv {{(pid=109800) sync_routers /opt/stack/neutron/neutron/api/rpc/handlers/l3_rpc.py:125}}
Jan 10 17:39:17.607157 dv-neutron-824009-2-hyperv neutron-server[109799]: DEBUG neutron.api.rpc.agentnotifiers.l3_rpc_agent_api [None req-9bf4ad4d-ce25-49ff-b7df-853236403445 tempest-ExternalNetworksTestJSON-1197179316 tempest-ExternalNetworksTestJSON-1197179316-project-admin] Fanout notify agent at l3_agent the message fipnamespace_delete_on_ext_net for external_network 6dc7155b-23fa-4edf-89d7-0d235551e048 {{(pid=109799) _notification_fanout /opt/stack/neutron/neutron/api/rpc/agentnotifiers/l3_rpc_agent_api.py:120}}
Jan 10 17:39:17.610649 dv-neutron-824009-2-hyperv neutron-server[109799]: DEBUG neutron_lib.callbacks.manager [None req-9bf4ad4d-ce25-49ff-b7df-853236403445 tempest-ExternalNetworksTestJSON-1197179316 tempest-ExternalNetworksTestJSON-1197179316-project-admin] Publish callbacks ['neutron.api.rpc.agentnotifiers.dhcp_rpc_agent_api.DhcpAgentNotifyAPI._send_dhcp_notification-1634786'] for network (None), before_response {{(pid=109799) _notify_loop /usr/local/lib/python3.8/dist-packages/neutron_lib/callbacks/manager.py:176}}
Jan 10 17:39:17.617844 dv-neutron-824009-2-hyperv neutron-server[109799]: INFO neutron.wsgi [None req-9bf4ad4d-ce25-49ff-b7df-853236403445 tempest-ExternalNetworksTestJSON-1197179316 tempest-ExternalNetworksTestJSON-1197179316-project-admin] 10.222.0.37 "DELETE /v2.0/networks/6dc7155b-23fa-4edf-89d7-0d235551e048 HTTP/1.1" status: 204 len: 168 time: 0.8460310
Jan 10 17:39:17.626927 dv-neutron-824009-2-hyperv neutron-server[109800]: DEBUG neutron.db.l3_dvrscheduler_db [None req-ed3ddac9-926f-42b6-9785-1dd40ce12b33 None None] Routers {'c72f0779-b252-41d8-910a-b12b56c82395'} bound to L3 agent in host dv-neutron-824009-2-hyperv {{(pid=109800) _get_router_ids_for_agent /opt/stack/neutron/neutron/db/l3_dvrscheduler_db.py:420}}
Jan 10 17:39:17.627781 dv-neutron-824009-2-hyperv neutron-server[109798]: DEBUG neutron.wsgi [-] (109798) accepted ('10.222.0.37', 40764) {{(pid=109798) server /usr/local/lib/python3.8/dist-packages/eventlet/wsgi.py:1004}}
Jan 10 17:39:17.629504 dv-neutron-824009-2-hyperv neutron-server[109800]: DEBUG neutron.db.l3_hamode_db [None req-ed3ddac9-926f-42b6-9785-1dd40ce12b33 None None] neutron.services.l3_router.l3_router_plugin.L3RouterPlugin method get_ha_sync_data_for_host called with arguments (, 'dv-neutron-824009-2-hyperv', Agent(admin_state_up=True,agent_type='L3 agent',availability_zone='nova',binary='neutron-l3-agent',configurations={"agent_mode": "legacy", "ex_gw_ports": 1, "extensions": [], "floating_ips": 0, "handle_internal_only_routers": true, "interface_driver": "openvswitch", "interfaces": 1, "log_agent_heartbeats": false, "routers": 1},created_at=2022-01-10T17:31:24Z,description=,heartbeat_timestamp=2022-01-10T17:38:54Z,host='dv-neutron-824009-2-hyperv',id=a96118cc-13ee-4ed3-b608-a0c8946e9463,load=0,resource_versions=,resources_synced=,started_at=2022-01-10T17:31:24Z,topic='l3_agent')) {'router_ids': ['c72f0779-b252-41d8-910a-b12b56c82395'], 'active': True} {{(pid=109800) wrapper /usr/local/lib/python3.8/dist-packages/oslo_log/helpers.py:65}}
Jan 10 17:39:17.645723 dv-neutron-824009-2-hyperv neutron-server[109799]: DEBUG neutron.api.rpc.handlers.resources_rpc [None req-9bf4ad4d-ce25-49ff-b7df-853236403445 tempest-ExternalNetworksTestJSON-1197179316 tempest-ExternalNetworksTestJSON-1197179316-project-admin] Pushing event deleted for resources: {'Network': ['ID=6dc7155b-23fa-4edf-89d7-0d235551e048,revision_number=None']} {{(pid=109799) push /opt/stack/neutron/neutron/api/rpc/handlers/resources_rpc.py:237}}
Jan 10 17:39:17.667512 dv-neutron-824009-2-hyperv neutron-server[109799]: DEBUG neutron_lib.callbacks.manager [None req-d89f6b5f-b908-4571-af0d-61a360d5996f admin admin] Publish callbacks [] for security_group (None), before_create {{(pid=109799) _notify_loop /usr/local/lib/python3.8/dist-packages/neutron_lib/callbacks/manager.py:176}}
Jan 10 17:39:17.754741 dv-neutron-824009-2-hyperv neutron-server[109798]: DEBUG neutron.api.v2.base [None req-7e702157-0107-4822-b900-ef2e1ce18610 tempest-ExternalNetworksTestJSON-1197179316 tempest-ExternalNetworksTestJSON-1197179316-project-admin] Request body: {'network': {'name': 'tempest-network--876909791'}} {{(pid=109798) prepare_request_body /opt/stack/neutron/neutron/api/v2/base.py:729}}
Jan 10 17:39:17.771512 dv-neutron-824009-2-hyperv neutron-server[109799]: DEBUG neutron_lib.callbacks.manager [None req-d89f6b5f-b908-4571-af0d-61a360d5996f admin admin] Publish callbacks [] for security_group (e6ee8d44-f29b-4c16-8c71-20ff95da524a), precommit_create {{(pid=109799) _notify_loop /usr/local/lib/python3.8/dist-packages/neutron_lib/callbacks/manager.py:176}}
Jan 10 17:39:17.779156 dv-neutron-824009-2-hyperv neutron-server[109799]: INFO neutron.wsgi [None req-01524559-34a5-4b65-ac83-b3884f0fef05 admin admin] 10.222.0.37 "GET /v2.0/security-groups?tenant_id=2f5504db526a4e7396e8513354705e7d&name=default HTTP/1.1" status: 200 len: 2996 time: 0.4969513
Jan 10 17:39:17.779156 dv-neutron-824009-2-hyperv neutron-server[109799]: DEBUG neutron.api.rpc.handlers.resources_rpc [None req-01524559-34a5-4b65-ac83-b3884f0fef05 admin admin] Pushing event updated for resources: {'SecurityGroup': ['ID=7c06ca4c-af59-4ec1-8efc-f37d873b484e,revision_number=1']} {{(pid=109799) push /opt/stack/neutron/neutron/api/rpc/handlers/resources_rpc.py:237}}
Jan 10 17:39:17.779156 dv-neutron-824009-2-hyperv neutron-server[109799]: DEBUG neutron.wsgi [-] (109799) accepted ('10.222.0.37', 40766) {{(pid=109799) server /usr/local/lib/python3.8/dist-packages/eventlet/wsgi.py:1004}}
Jan 10 17:39:17.794106 dv-neutron-824009-2-hyperv neutron-server[109799]: DEBUG neutron_lib.callbacks.manager [None req-d89f6b5f-b908-4571-af0d-61a360d5996f admin admin] Publish callbacks ['neutron.plugins.ml2.ovo_rpc._ObjectChangeHandler.handle_event-1829418'] for security_group (e6ee8d44-f29b-4c16-8c71-20ff95da524a), after_create {{(pid=109799) _notify_loop /usr/local/lib/python3.8/dist-packages/neutron_lib/callbacks/manager.py:176}}
Jan 10 17:39:17.855026 dv-neutron-824009-2-hyperv neutron-server[109799]: INFO neutron.wsgi [None req-d89f6b5f-b908-4571-af0d-61a360d5996f admin admin] 10.222.0.37 "GET /v2.0/security-groups?tenant_id=9aa7235a18e049c6b4614bdc15b3b7e5&name=default HTTP/1.1" status: 200 len: 2996 time: 0.4339371
Jan 10 17:39:17.858550 dv-neutron-824009-2-hyperv neutron-server[109799]: DEBUG neutron.wsgi [-] (109799) accepted ('10.222.0.37', 40768) {{(pid=109799) server /usr/local/lib/python3.8/dist-packages/eventlet/wsgi.py:1004}}
Jan 10 17:39:17.867209 dv-neutron-824009-2-hyperv neutron-server[109799]: DEBUG neutron.api.rpc.handlers.resources_rpc [None req-d89f6b5f-b908-4571-af0d-61a360d5996f admin admin] Pushing event updated for resources: {'SecurityGroup': ['ID=e6ee8d44-f29b-4c16-8c71-20ff95da524a,revision_number=1']} {{(pid=109799) push /opt/stack/neutron/neutron/api/rpc/handlers/resources_rpc.py:237}}
Jan 10 17:39:17.925153 dv-neutron-824009-2-hyperv neutron-server[109799]: DEBUG neutron_lib.callbacks.manager [None req-f64df657-ba2e-4627-baa4-21e3bd69f0a3 admin admin] Publish callbacks [] for security_group (7c06ca4c-af59-4ec1-8efc-f37d873b484e), before_delete {{(pid=109799) _notify_loop /usr/local/lib/python3.8/dist-packages/neutron_lib/callbacks/manager.py:176}}
Jan 10 17:39:17.979321 dv-neutron-824009-2-hyperv neutron-server[109799]: DEBUG neutron_lib.callbacks.manager [None req-f64df657-ba2e-4627-baa4-21e3bd69f0a3 admin admin] Publish callbacks [] for security_group (7c06ca4c-af59-4ec1-8efc-f37d873b484e), precommit_delete {{(pid=109799) _notify_loop /usr/local/lib/python3.8/dist-packages/neutron_lib/callbacks/manager.py:176}}
Jan 10 17:39:17.998792 dv-neutron-824009-2-hyperv neutron-server[109800]: DEBUG neutron.db.l3_dvr_db [None req-ed3ddac9-926f-42b6-9785-1dd40ce12b33 None None] Set router c72f0779-b252-41d8-910a-b12b56c82395 gateway port host: dv-neutron-824009-2-hyperv {{(pid=109800) _build_routers_list /opt/stack/neutron/neutron/db/l3_dvr_db.py:906}}
Jan 10 17:39:18.037426 dv-neutron-824009-2-hyperv neutron-server[109799]: DEBUG neutron_lib.callbacks.manager [None req-f64df657-ba2e-4627-baa4-21e3bd69f0a3 admin admin] Publish callbacks ['neutron.plugins.ml2.ovo_rpc._ObjectChangeHandler.handle_event-1829418'] for security_group (7c06ca4c-af59-4ec1-8efc-f37d873b484e), after_delete {{(pid=109799) _notify_loop /usr/local/lib/python3.8/dist-packages/neutron_lib/callbacks/manager.py:176}}
Jan 10 17:39:18.040063 dv-neutron-824009-2-hyperv neutron-server[109799]: DEBUG neutron_lib.callbacks.manager [None req-f64df657-ba2e-4627-baa4-21e3bd69f0a3 admin admin] Publish callbacks [] for security_group (None), before_response {{(pid=109799) _notify_loop /usr/local/lib/python3.8/dist-packages/neutron_lib/callbacks/manager.py:176}}
Jan 10 17:39:18.043923 dv-neutron-824009-2-hyperv neutron-server[109799]: INFO neutron.wsgi [None req-f64df657-ba2e-4627-baa4-21e3bd69f0a3 admin admin] 10.222.0.37 "DELETE /v2.0/security-groups/7c06ca4c-af59-4ec1-8efc-f37d873b484e HTTP/1.1" status: 204 len: 168 time: 0.2612336
Jan 10 17:39:18.074935 dv-neutron-824009-2-hyperv neutron-server[109799]: DEBUG neutron.api.rpc.handlers.resources_rpc [None req-f64df657-ba2e-4627-baa4-21e3bd69f0a3 admin admin] Pushing event deleted for resources: {'SecurityGroup': ['ID=7c06ca4c-af59-4ec1-8efc-f37d873b484e,revision_number=None']} {{(pid=109799) push /opt/stack/neutron/neutron/api/rpc/handlers/resources_rpc.py:237}}
Jan 10 17:39:18.105798 dv-neutron-824009-2-hyperv neutron-server[109799]: DEBUG neutron_lib.callbacks.manager [None req-fedb131b-3632-4f60-a949-3dca65803423 admin admin] Publish callbacks [] for security_group (e6ee8d44-f29b-4c16-8c71-20ff95da524a), before_delete {{(pid=109799) _notify_loop /usr/local/lib/python3.8/dist-packages/neutron_lib/callbacks/manager.py:176}}
Jan 10 17:39:18.154048 dv-neutron-824009-2-hyperv neutron-server[109799]: DEBUG neutron_lib.callbacks.manager [None req-fedb131b-3632-4f60-a949-3dca65803423 admin admin] Publish callbacks [] for security_group (e6ee8d44-f29b-4c16-8c71-20ff95da524a), precommit_delete {{(pid=109799) _notify_loop /usr/local/lib/python3.8/dist-packages/neutron_lib/callbacks/manager.py:176}}
Jan 10 17:39:18.156339 dv-neutron-824009-2-hyperv neutron-server[109799]: DEBUG neutron.wsgi [-] (109799) accepted ('10.222.0.37', 40772) {{(pid=109799) server /usr/local/lib/python3.8/dist-packages/eventlet/wsgi.py:1004}}
Jan 10 17:39:18.161176 dv-neutron-824009-2-hyperv neutron-server[109799]: DEBUG neutron.api.v2.base [None req-053465b2-b083-4eac-91e8-4ac761de4a32 tempest-ServersTestManualDisk-1297744466 tempest-ServersTestManualDisk-1297744466-project] Request body: {'security_group': {'name': 'tempest-securitygroup--379538299', 'description': 'tempest-description--198739898'}} {{(pid=109799) prepare_request_body /opt/stack/neutron/neutron/api/v2/base.py:729}}
Jan 10 17:39:18.190019 dv-neutron-824009-2-hyperv neutron-server[109798]: DEBUG neutron.db.db_base_plugin_common [None req-e0c42f42-86d0-4ad9-af94-00d116c1283a tempest-FloatingIPAdminTestJSON-1002491274 tempest-FloatingIPAdminTestJSON-1002491274-project] Allocated IP 172.26.7.77 (fa0b1f35-045f-45de-8740-d5280c48a232/a316473a-868f-4633-9e42-d514a6601a4f/4b55821a-b6b4-4e25-88e2-f6110633dc5e) {{(pid=109798) _store_ip_allocation /opt/stack/neutron/neutron/db/db_base_plugin_common.py:131}}
Jan 10 17:39:18.272922 dv-neutron-824009-2-hyperv neutron-server[109799]: DEBUG neutron_lib.callbacks.manager [None req-053465b2-b083-4eac-91e8-4ac761de4a32 tempest-ServersTestManualDisk-1297744466 tempest-ServersTestManualDisk-1297744466-project] Publish callbacks [] for security_group (None), before_create {{(pid=109799) _notify_loop /usr/local/lib/python3.8/dist-packages/neutron_lib/callbacks/manager.py:176}}
Jan 10 17:39:18.308750 dv-neutron-824009-2-hyperv neutron-server[109799]: DEBUG neutron_lib.callbacks.manager [None req-fedb131b-3632-4f60-a949-3dca65803423 admin admin] Publish callbacks ['neutron.plugins.ml2.ovo_rpc._ObjectChangeHandler.handle_event-1829418'] for security_group (e6ee8d44-f29b-4c16-8c71-20ff95da524a), after_delete {{(pid=109799) _notify_loop /usr/local/lib/python3.8/dist-packages/neutron_lib/callbacks/manager.py:176}}
Jan 10 17:39:18.312408 dv-neutron-824009-2-hyperv neutron-server[109799]: DEBUG neutron_lib.callbacks.manager [None req-fedb131b-3632-4f60-a949-3dca65803423 admin admin] Publish callbacks [] for security_group (None), before_response {{(pid=109799) _notify_loop /usr/local/lib/python3.8/dist-packages/neutron_lib/callbacks/manager.py:176}}
Jan 10 17:39:18.315007 dv-neutron-824009-2-hyperv neutron-server[109799]: INFO neutron.wsgi [None req-fedb131b-3632-4f60-a949-3dca65803423 admin admin] 10.222.0.37 "DELETE /v2.0/security-groups/e6ee8d44-f29b-4c16-8c71-20ff95da524a HTTP/1.1" status: 204 len: 168 time: 0.4550517
Jan 10 17:39:18.331897 dv-neutron-824009-2-hyperv neutron-server[109798]: INFO neutron.wsgi [req-8f49f539-b92b-4faf-8a48-28cbb50dca45 req-f657bd71-de3f-4197-83d2-086a9105513a service neutron] 10.222.0.37 "GET /v2.0/networks/5a6282b5-ebd1-4938-9e24-955e6931472d?fields=segments HTTP/1.1" status: 200 len: 212 time: 0.9525983
Jan 10 17:39:18.335620 dv-neutron-824009-2-hyperv neutron-server[109799]: DEBUG neutron.api.rpc.handlers.resources_rpc [None req-fedb131b-3632-4f60-a949-3dca65803423 admin admin] Pushing event deleted for resources: {'SecurityGroup': ['ID=e6ee8d44-f29b-4c16-8c71-20ff95da524a,revision_number=None']} {{(pid=109799) push /opt/stack/neutron/neutron/api/rpc/handlers/resources_rpc.py:237}}
Jan 10 17:39:18.389026 dv-neutron-824009-2-hyperv neutron-server[109798]: DEBUG neutron.pecan_wsgi.hooks.quota_enforcement [None req-7e702157-0107-4822-b900-ef2e1ce18610 tempest-ExternalNetworksTestJSON-1197179316 tempest-ExternalNetworksTestJSON-1197179316-project-admin] Made reservation on behalf of c910be40dbb5432299aee75df86499b3 for: {'network': 1} {{(pid=109798) before /opt/stack/neutron/neutron/pecan_wsgi/hooks/quota_enforcement.py:53}}
Jan 10 17:39:18.392129 dv-neutron-824009-2-hyperv neutron-server[109798]: DEBUG neutron_lib.callbacks.manager [None req-7e702157-0107-4822-b900-ef2e1ce18610 tempest-ExternalNetworksTestJSON-1197179316 tempest-ExternalNetworksTestJSON-1197179316-project-admin] Publish callbacks ['neutron.plugins.ml2.plugin.SecurityGroupDbMixin._ensure_default_security_group_handler-939307'] for network (None), before_create {{(pid=109798) _notify_loop /usr/local/lib/python3.8/dist-packages/neutron_lib/callbacks/manager.py:176}}
Jan 10 17:39:18.393956 dv-neutron-824009-2-hyperv neutron-server[109798]: DEBUG neutron.scheduler.l3_agent_scheduler [None req-d8001456-d25e-4bd5-9ff5-0a0b3b990349 tempest-FloatingIPTestJSON-1756961840 tempest-FloatingIPTestJSON-1756961840-project] Router 1fcb3f0d-da2b-4c35-a5c4-dc6c3ae4d9a3 is scheduled to L3 agent a96118cc-13ee-4ed3-b608-a0c8946e9463 with binding_index 1 {{(pid=109798) bind_router /opt/stack/neutron/neutron/scheduler/l3_agent_scheduler.py:209}}
Jan 10 17:39:18.422434 dv-neutron-824009-2-hyperv neutron-server[109800]: DEBUG neutron.db.l3_hamode_db [None req-ed3ddac9-926f-42b6-9785-1dd40ce12b33 None None] neutron.services.l3_router.l3_router_plugin.L3RouterPlugin method _process_sync_ha_data called with arguments (, [{'id': 'c72f0779-b252-41d8-910a-b12b56c82395', 'name': 'tempest-ServersTestManualDisk-478873666-router', 'tenant_id': 'b996fbfd9bf14628adf259f8a107b302', 'admin_state_up': True, 'status': 'ACTIVE', 'external_gateway_info': {'network_id': 'fa0b1f35-045f-45de-8740-d5280c48a232', 'external_fixed_ips': [{'subnet_id': 'a316473a-868f-4633-9e42-d514a6601a4f', 'ip_address': '172.26.7.82'}], 'enable_snat': True}, 'gw_port_id': '2b0e1e52-98ed-49ad-bce0-199a5ecc360d', 'description': '', 'availability_zones': ['nova'], 'distributed': False, 'ha': False, 'ha_vr_id': 0, 'availability_zone_hints': [], 'routes': [], 'flavor_id': None, 'tags': [], 'created_at': '2022-01-10T17:39:01Z', 'updated_at': '2022-01-10T17:39:13Z', 'revision_number': 4, 'project_id': 'b996fbfd9bf14628adf259f8a107b302', 'gw_port': {'id': '2b0e1e52-98ed-49ad-bce0-199a5ecc360d', 'name': '', 'network_id': 'fa0b1f35-045f-45de-8740-d5280c48a232', 'tenant_id': '', 'mac_address': 'fa:16:3e:f3:a9:0c', 'admin_state_up': True, 'status': 'ACTIVE', 'device_id': 'c72f0779-b252-41d8-910a-b12b56c82395', 'device_owner': 'network:router_gateway', 'standard_attr_id': 58, 'fixed_ips': [{'subnet_id': 'a316473a-868f-4633-9e42-d514a6601a4f', 'ip_address': '172.26.7.82', 'prefixlen': 24}], 'allowed_address_pairs': [], 'extra_dhcp_opts': [], 'security_groups': [], 'description': '', 'binding:vnic_type': 'normal', 'binding:profile': {}, 'binding:host_id': 'dv-neutron-824009-2-hyperv', 'binding:vif_type': 'ovs', 'binding:vif_details': {'connectivity': 'l2', 'port_filter': True, 'ovs_hybrid_plug': False, 'datapath_type': 'system', 'bridge_name': 'br-int'}, 'port_security_enabled': False, 'tags': [], 'created_at': '2022-01-10T17:39:02Z', 'updated_at': '2022-01-10T17:39:11Z', 'revision_number': 4, 'project_id': '', 'subnets': [{'id': 'a316473a-868f-4633-9e42-d514a6601a4f', 'cidr': '172.26.7.0/24', 'gateway_ip': '172.26.7.1', 'dns_nameservers': [], 'ipv6_ra_mode': None, 'subnetpool_id': None}], 'extra_subnets': [], 'address_scopes': {4: None, 6: None}, 'mtu': 1500}, 'enable_snat': True, 'gw_port_host': 'dv-neutron-824009-2-hyperv', '_interfaces': [{'id': '95e2bb81-8215-4f70-acff-a8c70a471e9c', 'name': '', 'network_id': '09910616-94af-4ee0-8528-69e1003af12e', 'tenant_id': 'b996fbfd9bf14628adf259f8a107b302', 'mac_address': 'fa:16:3e:ef:e8:ac', 'admin_state_up': True, 'status': 'DOWN', 'device_id': 'c72f0779-b252-41d8-910a-b12b56c82395', 'device_owner': 'network:router_interface', 'standard_attr_id': 120, 'fixed_ips': [{'subnet_id': 'a18f310b-545b-4a73-ac38-163df7dadda3', 'ip_address': '172.20.0.1', 'prefixlen': 28}], 'allowed_address_pairs': [], 'extra_dhcp_opts': [], 'security_groups': [], 'description': '', 'binding:vnic_type': 'normal', 'binding:profile': {}, 'binding:host_id': '', 'binding:vif_type': 'unbound', 'binding:vif_details': {}, 'port_security_enabled': False, 'tags': [], 'created_at': '2022-01-10T17:39:10Z', 'updated_at': '2022-01-10T17:39:14Z', 'revision_number': 2, 'project_id': 'b996fbfd9bf14628adf259f8a107b302', 'subnets': [{'id': 'a18f310b-545b-4a73-ac38-163df7dadda3', 'cidr': '172.20.0.0/28', 'gateway_ip': '172.20.0.1', 'dns_nameservers': [], 'ipv6_ra_mode': None, 'subnetpool_id': None}], 'extra_subnets': [], 'address_scopes': {4: None, 6: None}, 'mtu': 1500}]}], 'dv-neutron-824009-2-hyperv', False) {} {{(pid=109800) wrapper /usr/local/lib/python3.8/dist-packages/oslo_log/helpers.py:65}}
Jan 10 17:39:18.424729 dv-neutron-824009-2-hyperv neutron-server[109798]: DEBUG neutron.db.db_base_plugin_common [None req-35c5db75-82a5-471d-b5e3-18508920c58f tempest-RoutersIpV6AdminTest-728129684 tempest-RoutersIpV6AdminTest-728129684-project-admin] Allocated IP 2001:db8::23e (c3f95047-2358-4199-b6b8-7b5940acac93/5429c7d3-5260-49f7-bd0d-ad405ad560b2/a37edcad-4b69-4b55-8afd-994304cc41a0) {{(pid=109798) _store_ip_allocation /opt/stack/neutron/neutron/db/db_base_plugin_common.py:131}}
Jan 10 17:39:18.425227 dv-neutron-824009-2-hyperv neutron-server[109799]: DEBUG neutron_lib.callbacks.manager [None req-053465b2-b083-4eac-91e8-4ac761de4a32 tempest-ServersTestManualDisk-1297744466 tempest-ServersTestManualDisk-1297744466-project] Publish callbacks [] for security_group (a04bc083-aabf-46ea-bdd0-f8e047167ff9), precommit_create {{(pid=109799) _notify_loop /usr/local/lib/python3.8/dist-packages/neutron_lib/callbacks/manager.py:176}}
Jan 10 17:39:18.431897 dv-neutron-824009-2-hyperv neutron-server[109799]: DEBUG neutron_lib.callbacks.manager [None req-053465b2-b083-4eac-91e8-4ac761de4a32 tempest-ServersTestManualDisk-1297744466 tempest-ServersTestManualDisk-1297744466-project] Publish callbacks ['neutron.plugins.ml2.ovo_rpc._ObjectChangeHandler.handle_event-1829418'] for security_group (a04bc083-aabf-46ea-bdd0-f8e047167ff9), after_create {{(pid=109799) _notify_loop /usr/local/lib/python3.8/dist-packages/neutron_lib/callbacks/manager.py:176}}
Jan 10 17:39:18.463693 dv-neutron-824009-2-hyperv neutron-server[109800]: DEBUG neutron.api.rpc.handlers.l3_rpc [None req-ed3ddac9-926f-42b6-9785-1dd40ce12b33 None None] Checking router: c72f0779-b252-41d8-910a-b12b56c82395 for host: dv-neutron-824009-2-hyperv {{(pid=109800) _ensure_host_set_on_ports /opt/stack/neutron/neutron/api/rpc/handlers/l3_rpc.py:155}}
Jan 10 17:39:18.463846 dv-neutron-824009-2-hyperv neutron-server[109800]: DEBUG neutron.api.rpc.handlers.l3_rpc [None req-ed3ddac9-926f-42b6-9785-1dd40ce12b33 None None] Updating router c72f0779-b252-41d8-910a-b12b56c82395 port 95e2bb81-8215-4f70-acff-a8c70a471e9c binding host dv-neutron-824009-2-hyperv {{(pid=109800) _ensure_host_set_on_port /opt/stack/neutron/neutron/api/rpc/handlers/l3_rpc.py:205}}
Jan 10 17:39:18.477768 dv-neutron-824009-2-hyperv neutron-server[109799]: DEBUG neutron_lib.callbacks.manager [None req-053465b2-b083-4eac-91e8-4ac761de4a32 tempest-ServersTestManualDisk-1297744466 tempest-ServersTestManualDisk-1297744466-project] Publish callbacks [] for security_group (None), before_response {{(pid=109799) _notify_loop /usr/local/lib/python3.8/dist-packages/neutron_lib/callbacks/manager.py:176}}
Jan 10 17:39:18.479939 dv-neutron-824009-2-hyperv neutron-server[109799]: INFO neutron.wsgi [None req-053465b2-b083-4eac-91e8-4ac761de4a32 tempest-ServersTestManualDisk-1297744466 tempest-ServersTestManualDisk-1297744466-project] 10.222.0.37 "POST /v2.0/security-groups HTTP/1.1" status: 201 len: 1795 time: 0.3224607
Jan 10 17:39:18.484124 dv-neutron-824009-2-hyperv neutron-server[109799]: DEBUG neutron.wsgi [-] (109799) accepted ('10.222.0.37', 40780) {{(pid=109799) server /usr/local/lib/python3.8/dist-packages/eventlet/wsgi.py:1004}}
Jan 10 17:39:18.490720 dv-neutron-824009-2-hyperv neutron-server[109799]: DEBUG neutron.api.v2.base [None req-f4f10b4f-db91-4b2d-bf88-8531abcd3ae0 tempest-ServersTestManualDisk-1297744466 tempest-ServersTestManualDisk-1297744466-project] Request body: {'security_group_rule': {'security_group_id': 'a04bc083-aabf-46ea-bdd0-f8e047167ff9', 'protocol': 'tcp', 'ethertype': 'IPv4', 'port_range_min': 22, 'port_range_max': 22, 'direction': 'ingress'}} {{(pid=109799) prepare_request_body /opt/stack/neutron/neutron/api/v2/base.py:729}}
Jan 10 17:39:18.499752 dv-neutron-824009-2-hyperv neutron-server[109798]: DEBUG neutron_lib.callbacks.manager [None req-e0c42f42-86d0-4ad9-af94-00d116c1283a tempest-FloatingIPAdminTestJSON-1002491274 tempest-FloatingIPAdminTestJSON-1002491274-project] Publish callbacks [] for port (4b55821a-b6b4-4e25-88e2-f6110633dc5e), precommit_create {{(pid=109798) _notify_loop /usr/local/lib/python3.8/dist-packages/neutron_lib/callbacks/manager.py:176}}
Jan 10 17:39:18.500560 dv-neutron-824009-2-hyperv neutron-server[109800]: DEBUG neutron_lib.callbacks.manager [None req-ed3ddac9-926f-42b6-9785-1dd40ce12b33 None None] Publish callbacks ['neutron.plugins.ml2.plugin.SecurityGroupDbMixin._ensure_default_security_group_handler-939307'] for port (95e2bb81-8215-4f70-acff-a8c70a471e9c), before_update {{(pid=109800) _notify_loop /usr/local/lib/python3.8/dist-packages/neutron_lib/callbacks/manager.py:176}}
Jan 10 17:39:18.554166 dv-neutron-824009-2-hyperv neutron-server[109799]: DEBUG neutron.api.rpc.handlers.resources_rpc [None req-053465b2-b083-4eac-91e8-4ac761de4a32 tempest-ServersTestManualDisk-1297744466 tempest-ServersTestManualDisk-1297744466-project] Pushing event updated for resources: {'SecurityGroup': ['ID=a04bc083-aabf-46ea-bdd0-f8e047167ff9,revision_number=1']} {{(pid=109799) push /opt/stack/neutron/neutron/api/rpc/handlers/resources_rpc.py:237}}
Jan 10 17:39:18.558270 dv-neutron-824009-2-hyperv neutron-server[109799]: DEBUG neutron_lib.callbacks.manager [None req-f4f10b4f-db91-4b2d-bf88-8531abcd3ae0 tempest-ServersTestManualDisk-1297744466 tempest-ServersTestManualDisk-1297744466-project] Publish callbacks [] for security_group_rule (3b355312-50a2-48c6-8cae-8605192b1b88), before_create {{(pid=109799) _notify_loop /usr/local/lib/python3.8/dist-packages/neutron_lib/callbacks/manager.py:176}}
Jan 10 17:39:18.638890 dv-neutron-824009-2-hyperv neutron-server[109798]: DEBUG neutron.plugins.ml2.drivers.helpers [None req-7e702157-0107-4822-b900-ef2e1ce18610 tempest-ExternalNetworksTestJSON-1197179316 tempest-ExternalNetworksTestJSON-1197179316-project-admin] vlan segment allocate from pool success with {'vlan_id': 353, 'physical_network': 'physnet1'} {{(pid=109798) allocate_partially_specified_segment /opt/stack/neutron/neutron/plugins/ml2/drivers/helpers.py:153}}
Jan 10 17:39:18.667153 dv-neutron-824009-2-hyperv neutron-server[109799]: DEBUG neutron_lib.callbacks.manager [None req-f4f10b4f-db91-4b2d-bf88-8531abcd3ae0 tempest-ServersTestManualDisk-1297744466 tempest-ServersTestManualDisk-1297744466-project] Publish callbacks [] for security_group_rule (3b355312-50a2-48c6-8cae-8605192b1b88), precommit_create {{(pid=109799) _notify_loop /usr/local/lib/python3.8/dist-packages/neutron_lib/callbacks/manager.py:176}}
Jan 10 17:39:18.675238 dv-neutron-824009-2-hyperv neutron-server[109799]: DEBUG neutron_lib.callbacks.manager [None req-f4f10b4f-db91-4b2d-bf88-8531abcd3ae0 tempest-ServersTestManualDisk-1297744466 tempest-ServersTestManualDisk-1297744466-project] Publish callbacks ['neutron.plugins.ml2.ovo_rpc._ObjectChangeHandler.handle_event-6192'] for security_group_rule (3b355312-50a2-48c6-8cae-8605192b1b88), after_create {{(pid=109799) _notify_loop /usr/local/lib/python3.8/dist-packages/neutron_lib/callbacks/manager.py:176}}
