Jan 13 13:26:24.937945 dv-neutron-824008-2-hyperv devstack@n-api.service[102504]: DEBUG oslo_db.sqlalchemy.engines [None req-e8292958-11b3-4b32-8eab-e8071aa9a1b2 None None] MySQL server mode set to STRICT_TRANS_TABLES,STRICT_ALL_TABLES,NO_ZERO_IN_DATE,NO_ZERO_DATE,ERROR_FOR_DIVISION_BY_ZERO,TRADITIONAL,NO_ENGINE_SUBSTITUTION {{(pid=102504) _check_effective_sql_mode /usr/local/lib/python3.8/dist-packages/oslo_db/sqlalchemy/engines.py:314}}
Jan 13 13:26:25.004167 dv-neutron-824008-2-hyperv devstack@n-api.service[102506]: DEBUG nova.context [None req-88fadd5b-abf6-476b-8bf1-8e08171a5072 None None] Found 2 cells: 00000000-0000-0000-0000-000000000000(cell0),2a05238f-b58d-4a73-9973-9ff368df7519(cell1) {{(pid=102506) load_cells /opt/stack/nova/nova/context.py:464}}
Jan 13 13:26:25.004734 dv-neutron-824008-2-hyperv devstack@n-api.service[102504]: DEBUG nova.context [None req-e8292958-11b3-4b32-8eab-e8071aa9a1b2 None None] Found 2 cells: 00000000-0000-0000-0000-000000000000(cell0),2a05238f-b58d-4a73-9973-9ff368df7519(cell1) {{(pid=102504) load_cells /opt/stack/nova/nova/context.py:464}}
Jan 13 13:26:25.008362 dv-neutron-824008-2-hyperv devstack@n-api.service[102506]: DEBUG oslo_concurrency.lockutils [None req-88fadd5b-abf6-476b-8bf1-8e08171a5072 None None] Lock "00000000-0000-0000-0000-000000000000" acquired by "nova.context.set_target_cell..get_or_set_cached_cell_and_set_connections" :: waited 0.000s {{(pid=102506) inner /usr/local/lib/python3.8/dist-packages/oslo_concurrency/lockutils.py:386}}
Jan 13 13:26:25.008927 dv-neutron-824008-2-hyperv devstack@n-api.service[102504]: DEBUG oslo_concurrency.lockutils [None req-e8292958-11b3-4b32-8eab-e8071aa9a1b2 None None] Lock "00000000-0000-0000-0000-000000000000" acquired by "nova.context.set_target_cell..get_or_set_cached_cell_and_set_connections" :: waited 0.000s {{(pid=102504) inner /usr/local/lib/python3.8/dist-packages/oslo_concurrency/lockutils.py:386}}
Jan 13 13:26:25.010051 dv-neutron-824008-2-hyperv devstack@n-api.service[102506]: DEBUG oslo_concurrency.lockutils [None req-88fadd5b-abf6-476b-8bf1-8e08171a5072 None None] Lock "00000000-0000-0000-0000-000000000000" "released" by "nova.context.set_target_cell..get_or_set_cached_cell_and_set_connections" :: held 0.002s {{(pid=102506) inner /usr/local/lib/python3.8/dist-packages/oslo_concurrency/lockutils.py:400}}
Jan 13 13:26:25.010597 dv-neutron-824008-2-hyperv devstack@n-api.service[102504]: DEBUG oslo_concurrency.lockutils [None req-e8292958-11b3-4b32-8eab-e8071aa9a1b2 None None] Lock "00000000-0000-0000-0000-000000000000" "released" by "nova.context.set_target_cell..get_or_set_cached_cell_and_set_connections" :: held 0.002s {{(pid=102504) inner /usr/local/lib/python3.8/dist-packages/oslo_concurrency/lockutils.py:400}}
Jan 13 13:26:25.010862 dv-neutron-824008-2-hyperv devstack@n-api.service[102506]: DEBUG oslo_concurrency.lockutils [None req-88fadd5b-abf6-476b-8bf1-8e08171a5072 None None] Lock "2a05238f-b58d-4a73-9973-9ff368df7519" acquired by "nova.context.set_target_cell..get_or_set_cached_cell_and_set_connections" :: waited 0.000s {{(pid=102506) inner /usr/local/lib/python3.8/dist-packages/oslo_concurrency/lockutils.py:386}}
Jan 13 13:26:25.011416 dv-neutron-824008-2-hyperv devstack@n-api.service[102504]: DEBUG oslo_concurrency.lockutils [None req-e8292958-11b3-4b32-8eab-e8071aa9a1b2 None None] Lock "2a05238f-b58d-4a73-9973-9ff368df7519" acquired by "nova.context.set_target_cell..get_or_set_cached_cell_and_set_connections" :: waited 0.000s {{(pid=102504) inner /usr/local/lib/python3.8/dist-packages/oslo_concurrency/lockutils.py:386}}
Jan 13 13:26:25.012811 dv-neutron-824008-2-hyperv devstack@n-api.service[102506]: DEBUG oslo_concurrency.lockutils [None req-88fadd5b-abf6-476b-8bf1-8e08171a5072 None None] Lock "2a05238f-b58d-4a73-9973-9ff368df7519" "released" by "nova.context.set_target_cell..get_or_set_cached_cell_and_set_connections" :: held 0.002s {{(pid=102506) inner /usr/local/lib/python3.8/dist-packages/oslo_concurrency/lockutils.py:400}}
Jan 13 13:26:25.013385 dv-neutron-824008-2-hyperv devstack@n-api.service[102504]: DEBUG oslo_concurrency.lockutils [None req-e8292958-11b3-4b32-8eab-e8071aa9a1b2 None None] Lock "2a05238f-b58d-4a73-9973-9ff368df7519" "released" by "nova.context.set_target_cell..get_or_set_cached_cell_and_set_connections" :: held 0.002s {{(pid=102504) inner /usr/local/lib/python3.8/dist-packages/oslo_concurrency/lockutils.py:400}}
Jan 13 13:26:25.023148 dv-neutron-824008-2-hyperv devstack@n-api.service[102506]: DEBUG oslo_db.sqlalchemy.engines [None req-88fadd5b-abf6-476b-8bf1-8e08171a5072 None None] MySQL server mode set to STRICT_TRANS_TABLES,STRICT_ALL_TABLES,NO_ZERO_IN_DATE,NO_ZERO_DATE,ERROR_FOR_DIVISION_BY_ZERO,TRADITIONAL,NO_ENGINE_SUBSTITUTION {{(pid=102506) _check_effective_sql_mode /usr/local/lib/python3.8/dist-packages/oslo_db/sqlalchemy/engines.py:314}}
Jan 13 13:26:25.026029 dv-neutron-824008-2-hyperv devstack@n-api.service[102504]: DEBUG oslo_db.sqlalchemy.engines [None req-e8292958-11b3-4b32-8eab-e8071aa9a1b2 None None] MySQL server mode set to STRICT_TRANS_TABLES,STRICT_ALL_TABLES,NO_ZERO_IN_DATE,NO_ZERO_DATE,ERROR_FOR_DIVISION_BY_ZERO,TRADITIONAL,NO_ENGINE_SUBSTITUTION {{(pid=102504) _check_effective_sql_mode /usr/local/lib/python3.8/dist-packages/oslo_db/sqlalchemy/engines.py:314}}
Jan 13 13:26:25.028323 dv-neutron-824008-2-hyperv devstack@n-api.service[102504]: DEBUG oslo_db.sqlalchemy.engines [None req-e8292958-11b3-4b32-8eab-e8071aa9a1b2 None None] MySQL server mode set to STRICT_TRANS_TABLES,STRICT_ALL_TABLES,NO_ZERO_IN_DATE,NO_ZERO_DATE,ERROR_FOR_DIVISION_BY_ZERO,TRADITIONAL,NO_ENGINE_SUBSTITUTION {{(pid=102504) _check_effective_sql_mode /usr/local/lib/python3.8/dist-packages/oslo_db/sqlalchemy/engines.py:314}}
Jan 13 13:26:25.032660 dv-neutron-824008-2-hyperv devstack@n-api.service[102506]: DEBUG oslo_db.sqlalchemy.engines [None req-88fadd5b-abf6-476b-8bf1-8e08171a5072 None None] MySQL server mode set to STRICT_TRANS_TABLES,STRICT_ALL_TABLES,NO_ZERO_IN_DATE,NO_ZERO_DATE,ERROR_FOR_DIVISION_BY_ZERO,TRADITIONAL,NO_ENGINE_SUBSTITUTION {{(pid=102506) _check_effective_sql_mode /usr/local/lib/python3.8/dist-packages/oslo_db/sqlalchemy/engines.py:314}}
Jan 13 13:26:25.193035 dv-neutron-824008-2-hyperv devstack@n-api.service[102504]: DEBUG oslo_db.sqlalchemy.engines [None req-e8292958-11b3-4b32-8eab-e8071aa9a1b2 None None] MySQL server mode set to STRICT_TRANS_TABLES,STRICT_ALL_TABLES,NO_ZERO_IN_DATE,NO_ZERO_DATE,ERROR_FOR_DIVISION_BY_ZERO,TRADITIONAL,NO_ENGINE_SUBSTITUTION {{(pid=102504) _check_effective_sql_mode /usr/local/lib/python3.8/dist-packages/oslo_db/sqlalchemy/engines.py:314}}
Jan 13 13:26:25.195757 dv-neutron-824008-2-hyperv devstack@n-api.service[102506]: DEBUG oslo_db.sqlalchemy.engines [None req-88fadd5b-abf6-476b-8bf1-8e08171a5072 None None] MySQL server mode set to STRICT_TRANS_TABLES,STRICT_ALL_TABLES,NO_ZERO_IN_DATE,NO_ZERO_DATE,ERROR_FOR_DIVISION_BY_ZERO,TRADITIONAL,NO_ENGINE_SUBSTITUTION {{(pid=102506) _check_effective_sql_mode /usr/local/lib/python3.8/dist-packages/oslo_db/sqlalchemy/engines.py:314}}
Jan 13 13:26:25.536543 dv-neutron-824008-2-hyperv devstack@n-api.service[102506]: WARNING keystonemiddleware.auth_token [None req-88fadd5b-abf6-476b-8bf1-8e08171a5072 None None] AuthToken middleware is set with keystone_authtoken.service_token_roles_required set to False. This is backwards compatible but deprecated behaviour. Please set this to True.
Jan 13 13:26:25.539876 dv-neutron-824008-2-hyperv devstack@n-api.service[102504]: WARNING keystonemiddleware.auth_token [None req-e8292958-11b3-4b32-8eab-e8071aa9a1b2 None None] AuthToken middleware is set with keystone_authtoken.service_token_roles_required set to False. This is backwards compatible but deprecated behaviour. Please set this to True.
Jan 13 13:26:25.544058 dv-neutron-824008-2-hyperv devstack@n-api.service[102506]: WARNING keystonemiddleware.auth_token [None req-88fadd5b-abf6-476b-8bf1-8e08171a5072 None None] Configuring www_authenticate_uri to point to the public identity endpoint is required; clients may not be able to authenticate against an admin endpoint
Jan 13 13:26:25.547133 dv-neutron-824008-2-hyperv devstack@n-api.service[102504]: WARNING keystonemiddleware.auth_token [None req-e8292958-11b3-4b32-8eab-e8071aa9a1b2 None None] Configuring www_authenticate_uri to point to the public identity endpoint is required; clients may not be able to authenticate against an admin endpoint
Jan 13 13:26:25.885542 dv-neutron-824008-2-hyperv devstack@n-api.service[102506]: WARNING keystonemiddleware.auth_token [None req-88fadd5b-abf6-476b-8bf1-8e08171a5072 None None] AuthToken middleware is set with keystone_authtoken.service_token_roles_required set to False. This is backwards compatible but deprecated behaviour. Please set this to True.
Jan 13 13:26:25.889583 dv-neutron-824008-2-hyperv devstack@n-api.service[102504]: WARNING keystonemiddleware.auth_token [None req-e8292958-11b3-4b32-8eab-e8071aa9a1b2 None None] AuthToken middleware is set with keystone_authtoken.service_token_roles_required set to False. This is backwards compatible but deprecated behaviour. Please set this to True.
Jan 13 13:26:25.890755 dv-neutron-824008-2-hyperv devstack@n-api.service[102506]: WARNING keystonemiddleware.auth_token [None req-88fadd5b-abf6-476b-8bf1-8e08171a5072 None None] Configuring www_authenticate_uri to point to the public identity endpoint is required; clients may not be able to authenticate against an admin endpoint
Jan 13 13:26:25.894803 dv-neutron-824008-2-hyperv devstack@n-api.service[102504]: WARNING keystonemiddleware.auth_token [None req-e8292958-11b3-4b32-8eab-e8071aa9a1b2 None None] Configuring www_authenticate_uri to point to the public identity endpoint is required; clients may not be able to authenticate against an admin endpoint
Jan 13 13:26:25.895841 dv-neutron-824008-2-hyperv devstack@n-api.service[102506]: WSGI app 0 (mountpoint='') ready in 5 seconds on interpreter 0x56422c1aa9c0 pid: 102506 (default app)
Jan 13 13:26:25.897935 dv-neutron-824008-2-hyperv devstack@n-api.service[102506]: DEBUG nova.api.openstack.wsgi [None req-88fadd5b-abf6-476b-8bf1-8e08171a5072 None None] Calling method '>' {{(pid=102506) _process_stack /opt/stack/nova/nova/api/openstack/wsgi.py:513}}
Jan 13 13:26:25.899108 dv-neutron-824008-2-hyperv devstack@n-api.service[102506]: INFO nova.api.openstack.requestlog [None req-88fadd5b-abf6-476b-8bf1-8e08171a5072 None None] 10.222.0.36 "GET /compute/v2.1/" status: 200 len: 388 microversion: 2.1 time: 0.001745
Jan 13 13:26:25.899524 dv-neutron-824008-2-hyperv devstack@n-api.service[102506]: [pid: 102506|app: 0|req: 1/1] 10.222.0.36 () {50 vars in 788 bytes} [Thu Jan 13 13:26:25 2022] GET /compute/v2.1/ => generated 388 bytes in 3 msecs (HTTP/1.1 200) 9 headers in 357 bytes (1 switches on core 0)
Jan 13 13:26:25.900111 dv-neutron-824008-2-hyperv devstack@n-api.service[102504]: WSGI app 0 (mountpoint='') ready in 5 seconds on interpreter 0x56422c1aa9c0 pid: 102504 (default app)
Jan 13 13:27:50.506657 dv-neutron-824008-2-hyperv devstack@n-api.service[102506]: DEBUG nova.api.openstack.wsgi [None req-88fadd5b-abf6-476b-8bf1-8e08171a5072 None None] Calling method '>' {{(pid=102506) _process_stack /opt/stack/nova/nova/api/openstack/wsgi.py:513}}
Jan 13 13:27:50.508204 dv-neutron-824008-2-hyperv devstack@n-api.service[102506]: INFO nova.api.openstack.requestlog [None req-88fadd5b-abf6-476b-8bf1-8e08171a5072 None None] 10.222.0.36 "GET /compute/v2.1" status: 200 len: 388 microversion: 2.1 time: 0.002001
Jan 13 13:27:50.508749 dv-neutron-824008-2-hyperv devstack@n-api.service[102506]: [pid: 102506|app: 0|req: 2/2] 10.222.0.36 () {54 vars in 930 bytes} [Thu Jan 13 13:27:50 2022] GET /compute/v2.1 => generated 388 bytes in 3 msecs (HTTP/1.1 200) 9 headers in 357 bytes (1 switches on core 0)
Jan 13 13:27:50.941692 dv-neutron-824008-2-hyperv devstack@n-api.service[102504]: DEBUG nova.api.openstack.wsgi [None req-b56fa23e-0c36-4969-84f0-042d704bf9ea admin admin] Calling method '>' {{(pid=102504) _process_stack /opt/stack/nova/nova/api/openstack/wsgi.py:513}}
Jan 13 13:27:50.970580 dv-neutron-824008-2-hyperv devstack@n-api.service[102504]: INFO nova.api.openstack.requestlog [None req-b56fa23e-0c36-4969-84f0-042d704bf9ea admin admin] 10.222.0.36 "GET /compute/v2.1/flavors/detail?is_public=True" status: 200 len: 15 microversion: 2.61 time: 0.454867
Jan 13 13:27:50.971245 dv-neutron-824008-2-hyperv devstack@n-api.service[102504]: [pid: 102504|app: 0|req: 1/3] 10.222.0.36 () {60 vars in 1291 bytes} [Thu Jan 13 13:27:50 2022] GET /compute/v2.1/flavors/detail?is_public=True => generated 15 bytes in 457 msecs (HTTP/1.1 200) 9 headers in 358 bytes (1 switches on core 0)
Jan 13 13:27:53.209300 dv-neutron-824008-2-hyperv devstack@n-api.service[102506]: DEBUG nova.api.openstack.wsgi [None req-88fadd5b-abf6-476b-8bf1-8e08171a5072 None None] Calling method '>' {{(pid=102506) _process_stack /opt/stack/nova/nova/api/openstack/wsgi.py:513}}
Jan 13 13:27:53.210866 dv-neutron-824008-2-hyperv devstack@n-api.service[102506]: INFO nova.api.openstack.requestlog [None req-88fadd5b-abf6-476b-8bf1-8e08171a5072 None None] 10.222.0.36 "GET /compute/v2.1" status: 200 len: 388 microversion: 2.1 time: 0.002042
Jan 13 13:27:53.211430 dv-neutron-824008-2-hyperv devstack@n-api.service[102506]: [pid: 102506|app: 0|req: 3/4] 10.222.0.36 () {54 vars in 930 bytes} [Thu Jan 13 13:27:53 2022] GET /compute/v2.1 => generated 388 bytes in 3 msecs (HTTP/1.1 200) 9 headers in 357 bytes (1 switches on core 0)
Jan 13 13:27:53.277142 dv-neutron-824008-2-hyperv devstack@n-api.service[102504]: DEBUG nova.api.openstack.wsgi [None req-2054e8ca-4ec5-47c9-8e9f-3d8501707cd9 admin admin] Action: 'create', calling method: >, body: {"flavor": {"vcpus": 1, "ram": 256, "id": "c1", "disk": 1, "swap": 0, "rxtx_factor": 1.0, "os-flavor-access:is_public": true, "OS-FLV-EXT-DATA:ephemeral": 0, "name": "cirros256"}} {{(pid=102504) _process_stack /opt/stack/nova/nova/api/openstack/wsgi.py:511}}
Jan 13 13:27:53.295674 dv-neutron-824008-2-hyperv devstack@n-api.service[102504]: /usr/local/lib/python3.8/dist-packages/oslo_policy/policy.py:1119: UserWarning: Policy "os_compute_api:os-flavor-manage:create": "rule:system_admin_api" failed scope check. The token used to make the request was project scoped but the policy requires ['system'] scope. This behavior may change in the future where using the intended scope is required
Jan 13 13:27:53.295674 dv-neutron-824008-2-hyperv devstack@n-api.service[102504]: warnings.warn(msg)
Jan 13 13:27:53.325645 dv-neutron-824008-2-hyperv devstack@n-api.service[102504]: INFO nova.api.openstack.requestlog [None req-2054e8ca-4ec5-47c9-8e9f-3d8501707cd9 admin admin] 10.222.0.36 "POST /compute/v2.1/flavors" status: 200 len: 407 microversion: 2.61 time: 0.107605
Jan 13 13:27:53.332886 dv-neutron-824008-2-hyperv devstack@n-api.service[102504]: [pid: 102504|app: 0|req: 2/5] 10.222.0.36 () {64 vars in 1282 bytes} [Thu Jan 13 13:27:53 2022] POST /compute/v2.1/flavors => generated 407 bytes in 109 msecs (HTTP/1.1 200) 9 headers in 359 bytes (1 switches on core 0)
Jan 13 13:27:53.563959 dv-neutron-824008-2-hyperv devstack@n-api.service[102506]: DEBUG nova.api.openstack.wsgi [None req-d05677ce-cdfd-4e42-8062-d9d395a5ab14 admin admin] Action: 'create', calling method: >, body: {"extra_specs": {"hw_rng:allowed": "True"}} {{(pid=102506) _process_stack /opt/stack/nova/nova/api/openstack/wsgi.py:511}}
Jan 13 13:27:53.566438 dv-neutron-824008-2-hyperv devstack@n-api.service[102506]: /usr/local/lib/python3.8/dist-packages/oslo_policy/policy.py:1119: UserWarning: Policy "os_compute_api:os-flavor-extra-specs:create": "rule:system_admin_api" failed scope check. The token used to make the request was project scoped but the policy requires ['system'] scope. This behavior may change in the future where using the intended scope is required
Jan 13 13:27:53.566438 dv-neutron-824008-2-hyperv devstack@n-api.service[102506]: warnings.warn(msg)
Jan 13 13:27:53.615597 dv-neutron-824008-2-hyperv devstack@n-api.service[102506]: INFO nova.api.openstack.requestlog [None req-d05677ce-cdfd-4e42-8062-d9d395a5ab14 admin admin] 10.222.0.36 "POST /compute/v2.1/flavors/c1/os-extra_specs" status: 200 len: 43 microversion: 2.61 time: 0.280959
Jan 13 13:27:53.628942 dv-neutron-824008-2-hyperv devstack@n-api.service[102506]: [pid: 102506|app: 0|req: 4/6] 10.222.0.36 () {64 vars in 1335 bytes} [Thu Jan 13 13:27:53 2022] POST /compute/v2.1/flavors/c1/os-extra_specs => generated 43 bytes in 282 msecs (HTTP/1.1 200) 9 headers in 358 bytes (2 switches on core 0)
Jan 13 13:27:55.848666 dv-neutron-824008-2-hyperv devstack@n-api.service[102504]: DEBUG nova.api.openstack.wsgi [None req-2054e8ca-4ec5-47c9-8e9f-3d8501707cd9 admin admin] Calling method '>' {{(pid=102504) _process_stack /opt/stack/nova/nova/api/openstack/wsgi.py:513}}
Jan 13 13:27:55.849725 dv-neutron-824008-2-hyperv devstack@n-api.service[102504]: INFO nova.api.openstack.requestlog [None req-2054e8ca-4ec5-47c9-8e9f-3d8501707cd9 admin admin] 10.222.0.36 "GET /compute/v2.1" status: 200 len: 388 microversion: 2.1 time: 0.001543
Jan 13 13:27:55.850129 dv-neutron-824008-2-hyperv devstack@n-api.service[102504]: [pid: 102504|app: 0|req: 3/7] 10.222.0.36 () {54 vars in 930 bytes} [Thu Jan 13 13:27:55 2022] GET /compute/v2.1 => generated 388 bytes in 2 msecs (HTTP/1.1 200) 9 headers in 357 bytes (1 switches on core 0)
Jan 13 13:27:55.954983 dv-neutron-824008-2-hyperv devstack@n-api.service[102506]: DEBUG nova.api.openstack.wsgi [None req-e2962227-728b-437d-a87a-fc0a052e8598 admin admin] Action: 'create', calling method: >, body: {"flavor": {"name": "ds512M", "vcpus": 1, "os-flavor-access:is_public": true, "ram": 512, "swap": 0, "disk": 5, "rxtx_factor": 1.0, "id": "d1", "OS-FLV-EXT-DATA:ephemeral": 0}} {{(pid=102506) _process_stack /opt/stack/nova/nova/api/openstack/wsgi.py:511}}
Jan 13 13:27:55.973404 dv-neutron-824008-2-hyperv devstack@n-api.service[102506]: /usr/local/lib/python3.8/dist-packages/oslo_policy/policy.py:1119: UserWarning: Policy "os_compute_api:os-flavor-manage:create": "rule:system_admin_api" failed scope check. The token used to make the request was project scoped but the policy requires ['system'] scope. This behavior may change in the future where using the intended scope is required
Jan 13 13:27:55.973404 dv-neutron-824008-2-hyperv devstack@n-api.service[102506]: warnings.warn(msg)
Jan 13 13:27:55.993940 dv-neutron-824008-2-hyperv devstack@n-api.service[102506]: INFO nova.api.openstack.requestlog [None req-e2962227-728b-437d-a87a-fc0a052e8598 admin admin] 10.222.0.36 "POST /compute/v2.1/flavors" status: 200 len: 404 microversion: 2.61 time: 0.137587
Jan 13 13:27:55.994662 dv-neutron-824008-2-hyperv devstack@n-api.service[102506]: [pid: 102506|app: 0|req: 5/8] 10.222.0.36 () {64 vars in 1282 bytes} [Thu Jan 13 13:27:55 2022] POST /compute/v2.1/flavors => generated 404 bytes in 139 msecs (HTTP/1.1 200) 9 headers in 359 bytes (2 switches on core 0)
Jan 13 13:27:56.007217 dv-neutron-824008-2-hyperv devstack@n-api.service[102504]: DEBUG nova.api.openstack.wsgi [None req-6d89a843-b718-4e08-8952-dd1eadb93414 admin admin] Action: 'create', calling method: >, body: {"extra_specs": {"hw_rng:allowed": "True"}} {{(pid=102504) _process_stack /opt/stack/nova/nova/api/openstack/wsgi.py:511}}
Jan 13 13:27:56.008689 dv-neutron-824008-2-hyperv devstack@n-api.service[102504]: /usr/local/lib/python3.8/dist-packages/oslo_policy/policy.py:1119: UserWarning: Policy "os_compute_api:os-flavor-extra-specs:create": "rule:system_admin_api" failed scope check. The token used to make the request was project scoped but the policy requires ['system'] scope. This behavior may change in the future where using the intended scope is required
Jan 13 13:27:56.008689 dv-neutron-824008-2-hyperv devstack@n-api.service[102504]: warnings.warn(msg)
Jan 13 13:27:56.043770 dv-neutron-824008-2-hyperv devstack@n-api.service[102504]: INFO nova.api.openstack.requestlog [None req-6d89a843-b718-4e08-8952-dd1eadb93414 admin admin] 10.222.0.36 "POST /compute/v2.1/flavors/d1/os-extra_specs" status: 200 len: 43 microversion: 2.61 time: 0.040561
Jan 13 13:27:56.044803 dv-neutron-824008-2-hyperv devstack@n-api.service[102504]: [pid: 102504|app: 0|req: 4/9] 10.222.0.36 () {64 vars in 1335 bytes} [Thu Jan 13 13:27:56 2022] POST /compute/v2.1/flavors/d1/os-extra_specs => generated 43 bytes in 42 msecs (HTTP/1.1 200) 9 headers in 358 bytes (1 switches on core 0)
Jan 13 13:27:58.349678 dv-neutron-824008-2-hyperv devstack@n-api.service[102506]: DEBUG nova.api.openstack.wsgi [None req-e2962227-728b-437d-a87a-fc0a052e8598 admin admin] Calling method '>' {{(pid=102506) _process_stack /opt/stack/nova/nova/api/openstack/wsgi.py:513}}
Jan 13 13:27:58.350751 dv-neutron-824008-2-hyperv devstack@n-api.service[102506]: INFO nova.api.openstack.requestlog [None req-e2962227-728b-437d-a87a-fc0a052e8598 admin admin] 10.222.0.36 "GET /compute/v2.1" status: 200 len: 388 microversion: 2.1 time: 0.001555
Jan 13 13:27:58.353120 dv-neutron-824008-2-hyperv devstack@n-api.service[102506]: [pid: 102506|app: 0|req: 6/10] 10.222.0.36 () {54 vars in 930 bytes} [Thu Jan 13 13:27:58 2022] GET /compute/v2.1 => generated 388 bytes in 4 msecs (HTTP/1.1 200) 9 headers in 357 bytes (1 switches on core 0)
Jan 13 13:27:58.427305 dv-neutron-824008-2-hyperv devstack@n-api.service[102504]: DEBUG nova.api.openstack.wsgi [None req-4d8b33d9-bbb3-425d-ac55-57a0a05e3f87 admin admin] Action: 'create', calling method: >, body: {"flavor": {"vcpus": 1, "swap": 0, "id": "d2", "rxtx_factor": 1.0, "os-flavor-access:is_public": true, "OS-FLV-EXT-DATA:ephemeral": 0, "name": "ds1G", "disk": 10, "ram": 1024}} {{(pid=102504) _process_stack /opt/stack/nova/nova/api/openstack/wsgi.py:511}}
Jan 13 13:27:58.451683 dv-neutron-824008-2-hyperv devstack@n-api.service[102504]: INFO nova.api.openstack.requestlog [None req-4d8b33d9-bbb3-425d-ac55-57a0a05e3f87 admin admin] 10.222.0.36 "POST /compute/v2.1/flavors" status: 200 len: 404 microversion: 2.61 time: 0.091358
Jan 13 13:27:58.467013 dv-neutron-824008-2-hyperv devstack@n-api.service[102506]: DEBUG nova.api.openstack.wsgi [None req-3298d738-f302-4e46-9570-11aa3ffdc824 admin admin] Action: 'create', calling method: >, body: {"extra_specs": {"hw_rng:allowed": "True"}} {{(pid=102506) _process_stack /opt/stack/nova/nova/api/openstack/wsgi.py:511}}
Jan 13 13:27:58.469041 dv-neutron-824008-2-hyperv devstack@n-api.service[102504]: [pid: 102504|app: 0|req: 5/11] 10.222.0.36 () {64 vars in 1282 bytes} [Thu Jan 13 13:27:58 2022] POST /compute/v2.1/flavors => generated 404 bytes in 110 msecs (HTTP/1.1 200) 9 headers in 359 bytes (1 switches on core 0)
Jan 13 13:27:58.524749 dv-neutron-824008-2-hyperv devstack@n-api.service[102506]: INFO nova.api.openstack.requestlog [None req-3298d738-f302-4e46-9570-11aa3ffdc824 admin admin] 10.222.0.36 "POST /compute/v2.1/flavors/d2/os-extra_specs" status: 200 len: 43 microversion: 2.61 time: 0.061239
Jan 13 13:27:58.533435 dv-neutron-824008-2-hyperv devstack@n-api.service[102506]: [pid: 102506|app: 0|req: 7/12] 10.222.0.36 () {64 vars in 1335 bytes} [Thu Jan 13 13:27:58 2022] POST /compute/v2.1/flavors/d2/os-extra_specs => generated 43 bytes in 70 msecs (HTTP/1.1 200) 9 headers in 358 bytes (1 switches on core 0)
Jan 13 13:28:00.962899 dv-neutron-824008-2-hyperv devstack@n-api.service[102504]: DEBUG nova.api.openstack.wsgi [None req-4d8b33d9-bbb3-425d-ac55-57a0a05e3f87 admin admin] Calling method '>' {{(pid=102504) _process_stack /opt/stack/nova/nova/api/openstack/wsgi.py:513}}
Jan 13 13:28:00.964489 dv-neutron-824008-2-hyperv devstack@n-api.service[102504]: INFO nova.api.openstack.requestlog [None req-4d8b33d9-bbb3-425d-ac55-57a0a05e3f87 admin admin] 10.222.0.36 "GET /compute/v2.1" status: 200 len: 388 microversion: 2.1 time: 0.002025
Jan 13 13:28:00.965105 dv-neutron-824008-2-hyperv devstack@n-api.service[102504]: [pid: 102504|app: 0|req: 6/13] 10.222.0.36 () {54 vars in 930 bytes} [Thu Jan 13 13:28:00 2022] GET /compute/v2.1 => generated 388 bytes in 3 msecs (HTTP/1.1 200) 9 headers in 357 bytes (1 switches on core 0)
Jan 13 13:28:01.032440 dv-neutron-824008-2-hyperv devstack@n-api.service[102506]: DEBUG nova.api.openstack.wsgi [None req-8b2e600e-d819-44d8-96ac-13d4b713d996 admin admin] Action: 'create', calling method: >, body: {"flavor": {"os-flavor-access:is_public": true, "rxtx_factor": 1.0, "disk": 10, "name": "ds2G", "OS-FLV-EXT-DATA:ephemeral": 0, "id": "d3", "swap": 0, "vcpus": 2, "ram": 2048}} {{(pid=102506) _process_stack /opt/stack/nova/nova/api/openstack/wsgi.py:511}}
Jan 13 13:28:01.057860 dv-neutron-824008-2-hyperv devstack@n-api.service[102506]: INFO nova.api.openstack.requestlog [None req-8b2e600e-d819-44d8-96ac-13d4b713d996 admin admin] 10.222.0.36 "POST /compute/v2.1/flavors" status: 200 len: 404 microversion: 2.61 time: 0.086277
Jan 13 13:28:01.059398 dv-neutron-824008-2-hyperv devstack@n-api.service[102506]: [pid: 102506|app: 0|req: 8/14] 10.222.0.36 () {64 vars in 1282 bytes} [Thu Jan 13 13:28:00 2022] POST /compute/v2.1/flavors => generated 404 bytes in 88 msecs (HTTP/1.1 200) 9 headers in 359 bytes (1 switches on core 0)
Jan 13 13:28:01.070179 dv-neutron-824008-2-hyperv devstack@n-api.service[102504]: DEBUG nova.api.openstack.wsgi [None req-9c6d7cc7-5e60-4d2b-9b2f-4cc1b57bbb91 admin admin] Action: 'create', calling method: >, body: {"extra_specs": {"hw_rng:allowed": "True"}} {{(pid=102504) _process_stack /opt/stack/nova/nova/api/openstack/wsgi.py:511}}
Jan 13 13:28:01.095241 dv-neutron-824008-2-hyperv devstack@n-api.service[102504]: INFO nova.api.openstack.requestlog [None req-9c6d7cc7-5e60-4d2b-9b2f-4cc1b57bbb91 admin admin] 10.222.0.36 "POST /compute/v2.1/flavors/d3/os-extra_specs" status: 200 len: 43 microversion: 2.61 time: 0.028118
Jan 13 13:28:01.096042 dv-neutron-824008-2-hyperv devstack@n-api.service[102504]: [pid: 102504|app: 0|req: 7/15] 10.222.0.36 () {64 vars in 1335 bytes} [Thu Jan 13 13:28:01 2022] POST /compute/v2.1/flavors/d3/os-extra_specs => generated 43 bytes in 30 msecs (HTTP/1.1 200) 9 headers in 358 bytes (1 switches on core 0)
Jan 13 13:28:03.362331 dv-neutron-824008-2-hyperv devstack@n-api.service[102506]: DEBUG nova.api.openstack.wsgi [None req-8b2e600e-d819-44d8-96ac-13d4b713d996 admin admin] Calling method '>' {{(pid=102506) _process_stack /opt/stack/nova/nova/api/openstack/wsgi.py:513}}
Jan 13 13:28:03.363365 dv-neutron-824008-2-hyperv devstack@n-api.service[102506]: INFO nova.api.openstack.requestlog [None req-8b2e600e-d819-44d8-96ac-13d4b713d996 admin admin] 10.222.0.36 "GET /compute/v2.1" status: 200 len: 388 microversion: 2.1 time: 0.001479
Jan 13 13:28:03.363941 dv-neutron-824008-2-hyperv devstack@n-api.service[102506]: [pid: 102506|app: 0|req: 9/16] 10.222.0.36 () {54 vars in 930 bytes} [Thu Jan 13 13:28:03 2022] GET /compute/v2.1 => generated 388 bytes in 3 msecs (HTTP/1.1 200) 9 headers in 357 bytes (1 switches on core 0)
Jan 13 13:28:03.424351 dv-neutron-824008-2-hyperv devstack@n-api.service[102504]: DEBUG nova.api.openstack.wsgi [None req-e5a78f9a-6c82-42a2-a1d5-f0f48ad1d472 admin admin] Action: 'create', calling method: >, body: {"flavor": {"ram": 4096, "disk": 20, "name": "ds4G", "os-flavor-access:is_public": true, "rxtx_factor": 1.0, "swap": 0, "OS-FLV-EXT-DATA:ephemeral": 0, "id": "d4", "vcpus": 4}} {{(pid=102504) _process_stack /opt/stack/nova/nova/api/openstack/wsgi.py:511}}
Jan 13 13:28:03.446582 dv-neutron-824008-2-hyperv devstack@n-api.service[102504]: INFO nova.api.openstack.requestlog [None req-e5a78f9a-6c82-42a2-a1d5-f0f48ad1d472 admin admin] 10.222.0.36 "POST /compute/v2.1/flavors" status: 200 len: 404 microversion: 2.61 time: 0.075758
Jan 13 13:28:03.447211 dv-neutron-824008-2-hyperv devstack@n-api.service[102504]: [pid: 102504|app: 0|req: 8/17] 10.222.0.36 () {64 vars in 1282 bytes} [Thu Jan 13 13:28:03 2022] POST /compute/v2.1/flavors => generated 404 bytes in 77 msecs (HTTP/1.1 200) 9 headers in 359 bytes (1 switches on core 0)
Jan 13 13:28:03.459147 dv-neutron-824008-2-hyperv devstack@n-api.service[102506]: DEBUG nova.api.openstack.wsgi [None req-8020f1da-66d8-4802-9204-509837abd4fd admin admin] Action: 'create', calling method: >, body: {"extra_specs": {"hw_rng:allowed": "True"}} {{(pid=102506) _process_stack /opt/stack/nova/nova/api/openstack/wsgi.py:511}}
Jan 13 13:28:03.484101 dv-neutron-824008-2-hyperv devstack@n-api.service[102506]: INFO nova.api.openstack.requestlog [None req-8020f1da-66d8-4802-9204-509837abd4fd admin admin] 10.222.0.36 "POST /compute/v2.1/flavors/d4/os-extra_specs" status: 200 len: 43 microversion: 2.61 time: 0.028746
Jan 13 13:28:03.484701 dv-neutron-824008-2-hyperv devstack@n-api.service[102506]: [pid: 102506|app: 0|req: 10/18] 10.222.0.36 () {64 vars in 1335 bytes} [Thu Jan 13 13:28:03 2022] POST /compute/v2.1/flavors/d4/os-extra_specs => generated 43 bytes in 30 msecs (HTTP/1.1 200) 9 headers in 358 bytes (2 switches on core 0)
Jan 13 13:28:05.760024 dv-neutron-824008-2-hyperv devstack@n-api.service[102504]: DEBUG nova.api.openstack.wsgi [None req-e5a78f9a-6c82-42a2-a1d5-f0f48ad1d472 admin admin] Calling method '>' {{(pid=102504) _process_stack /opt/stack/nova/nova/api/openstack/wsgi.py:513}}
Jan 13 13:28:05.764177 dv-neutron-824008-2-hyperv devstack@n-api.service[102504]: INFO nova.api.openstack.requestlog [None req-e5a78f9a-6c82-42a2-a1d5-f0f48ad1d472 admin admin] 10.222.0.36 "GET /compute/v2.1" status: 200 len: 388 microversion: 2.1 time: 0.001460
Jan 13 13:28:05.764177 dv-neutron-824008-2-hyperv devstack@n-api.service[102504]: [pid: 102504|app: 0|req: 9/19] 10.222.0.36 () {54 vars in 930 bytes} [Thu Jan 13 13:28:05 2022] GET /compute/v2.1 => generated 388 bytes in 3 msecs (HTTP/1.1 200) 9 headers in 357 bytes (1 switches on core 0)
Jan 13 13:28:05.831596 dv-neutron-824008-2-hyperv devstack@n-api.service[102506]: DEBUG nova.api.openstack.wsgi [None req-9310e40c-d351-4e6b-bbd8-2305477a4f71 admin admin] Calling method '>' {{(pid=102506) _process_stack /opt/stack/nova/nova/api/openstack/wsgi.py:513}}
Jan 13 13:28:05.863646 dv-neutron-824008-2-hyperv devstack@n-api.service[102506]: INFO nova.api.openstack.requestlog [None req-9310e40c-d351-4e6b-bbd8-2305477a4f71 admin admin] 10.222.0.36 "GET /compute/v2.1/flavors/detail?is_public=True" status: 200 len: 2106 microversion: 2.61 time: 0.091681
Jan 13 13:28:05.864666 dv-neutron-824008-2-hyperv devstack@n-api.service[102506]: [pid: 102506|app: 0|req: 11/20] 10.222.0.36 () {60 vars in 1291 bytes} [Thu Jan 13 13:28:05 2022] GET /compute/v2.1/flavors/detail?is_public=True => generated 2106 bytes in 93 msecs (HTTP/1.1 200) 9 headers in 360 bytes (1 switches on core 0)
Jan 13 13:28:08.182637 dv-neutron-824008-2-hyperv devstack@n-api.service[102504]: DEBUG nova.api.openstack.wsgi [None req-e5a78f9a-6c82-42a2-a1d5-f0f48ad1d472 admin admin] Calling method '>' {{(pid=102504) _process_stack /opt/stack/nova/nova/api/openstack/wsgi.py:513}}
Jan 13 13:28:08.184209 dv-neutron-824008-2-hyperv devstack@n-api.service[102504]: INFO nova.api.openstack.requestlog [None req-e5a78f9a-6c82-42a2-a1d5-f0f48ad1d472 admin admin] 10.222.0.36 "GET /compute/v2.1" status: 200 len: 388 microversion: 2.1 time: 0.001988
Jan 13 13:28:08.185151 dv-neutron-824008-2-hyperv devstack@n-api.service[102504]: [pid: 102504|app: 0|req: 10/21] 10.222.0.36 () {54 vars in 930 bytes} [Thu Jan 13 13:28:08 2022] GET /compute/v2.1 => generated 388 bytes in 3 msecs (HTTP/1.1 200) 9 headers in 357 bytes (1 switches on core 0)
Jan 13 13:28:08.252523 dv-neutron-824008-2-hyperv devstack@n-api.service[102506]: DEBUG nova.api.openstack.wsgi [None req-a756a516-54ae-41cf-a187-fcae8de7d005 admin admin] Action: 'create', calling method: >, body: {"flavor": {"swap": 0, "disk": 1, "vcpus": 1, "OS-FLV-EXT-DATA:ephemeral": 0, "os-flavor-access:is_public": true, "ram": 512, "id": "1", "name": "m1.tiny", "rxtx_factor": 1.0}} {{(pid=102506) _process_stack /opt/stack/nova/nova/api/openstack/wsgi.py:511}}
Jan 13 13:28:08.274577 dv-neutron-824008-2-hyperv devstack@n-api.service[102506]: INFO nova.api.openstack.requestlog [None req-a756a516-54ae-41cf-a187-fcae8de7d005 admin admin] 10.222.0.36 "POST /compute/v2.1/flavors" status: 200 len: 402 microversion: 2.61 time: 0.083350
Jan 13 13:28:08.282605 dv-neutron-824008-2-hyperv devstack@n-api.service[102506]: [pid: 102506|app: 0|req: 12/22] 10.222.0.36 () {64 vars in 1282 bytes} [Thu Jan 13 13:28:08 2022] POST /compute/v2.1/flavors => generated 402 bytes in 91 msecs (HTTP/1.1 200) 9 headers in 359 bytes (1 switches on core 0)
Jan 13 13:28:08.288276 dv-neutron-824008-2-hyperv devstack@n-api.service[102504]: DEBUG nova.api.openstack.wsgi [None req-2da62911-5c78-462a-954a-95b7c41b9398 admin admin] Action: 'create', calling method: >, body: {"extra_specs": {"hw_rng:allowed": "True"}} {{(pid=102504) _process_stack /opt/stack/nova/nova/api/openstack/wsgi.py:511}}
Jan 13 13:28:08.313874 dv-neutron-824008-2-hyperv devstack@n-api.service[102504]: INFO nova.api.openstack.requestlog [None req-2da62911-5c78-462a-954a-95b7c41b9398 admin admin] 10.222.0.36 "POST /compute/v2.1/flavors/1/os-extra_specs" status: 200 len: 43 microversion: 2.61 time: 0.029074
Jan 13 13:28:08.331578 dv-neutron-824008-2-hyperv devstack@n-api.service[102504]: [pid: 102504|app: 0|req: 11/23] 10.222.0.36 () {64 vars in 1332 bytes} [Thu Jan 13 13:28:08 2022] POST /compute/v2.1/flavors/1/os-extra_specs => generated 43 bytes in 48 msecs (HTTP/1.1 200) 9 headers in 358 bytes (1 switches on core 0)
Jan 13 13:28:10.646417 dv-neutron-824008-2-hyperv devstack@n-api.service[102506]: DEBUG nova.api.openstack.wsgi [None req-a756a516-54ae-41cf-a187-fcae8de7d005 admin admin] Calling method '>' {{(pid=102506) _process_stack /opt/stack/nova/nova/api/openstack/wsgi.py:513}}
Jan 13 13:28:10.647874 dv-neutron-824008-2-hyperv devstack@n-api.service[102506]: INFO nova.api.openstack.requestlog [None req-a756a516-54ae-41cf-a187-fcae8de7d005 admin admin] 10.222.0.36 "GET /compute/v2.1" status: 200 len: 388 microversion: 2.1 time: 0.002014
Jan 13 13:28:10.648375 dv-neutron-824008-2-hyperv devstack@n-api.service[102506]: [pid: 102506|app: 0|req: 13/24] 10.222.0.36 () {54 vars in 930 bytes} [Thu Jan 13 13:28:10 2022] GET /compute/v2.1 => generated 388 bytes in 3 msecs (HTTP/1.1 200) 9 headers in 357 bytes (1 switches on core 0)
Jan 13 13:28:10.712294 dv-neutron-824008-2-hyperv devstack@n-api.service[102504]: DEBUG nova.api.openstack.wsgi [None req-b3e20144-a042-421d-90df-35725828a3ce admin admin] Action: 'create', calling method: >, body: {"flavor": {"id": "2", "vcpus": 1, "disk": 20, "rxtx_factor": 1.0, "name": "m1.small", "OS-FLV-EXT-DATA:ephemeral": 0, "swap": 0, "ram": 2048, "os-flavor-access:is_public": true}} {{(pid=102504) _process_stack /opt/stack/nova/nova/api/openstack/wsgi.py:511}}
Jan 13 13:28:10.731306 dv-neutron-824008-2-hyperv devstack@n-api.service[102504]: INFO nova.api.openstack.requestlog [None req-b3e20144-a042-421d-90df-35725828a3ce admin admin] 10.222.0.36 "POST /compute/v2.1/flavors" status: 200 len: 405 microversion: 2.61 time: 0.076578
Jan 13 13:28:10.731859 dv-neutron-824008-2-hyperv devstack@n-api.service[102504]: [pid: 102504|app: 0|req: 12/25] 10.222.0.36 () {64 vars in 1282 bytes} [Thu Jan 13 13:28:10 2022] POST /compute/v2.1/flavors => generated 405 bytes in 78 msecs (HTTP/1.1 200) 9 headers in 359 bytes (2 switches on core 0)
Jan 13 13:28:10.744088 dv-neutron-824008-2-hyperv devstack@n-api.service[102506]: DEBUG nova.api.openstack.wsgi [None req-53a32983-f50c-423e-9457-9003b2c49dd0 admin admin] Action: 'create', calling method: >, body: {"extra_specs": {"hw_rng:allowed": "True"}} {{(pid=102506) _process_stack /opt/stack/nova/nova/api/openstack/wsgi.py:511}}
Jan 13 13:28:10.767556 dv-neutron-824008-2-hyperv devstack@n-api.service[102506]: INFO nova.api.openstack.requestlog [None req-53a32983-f50c-423e-9457-9003b2c49dd0 admin admin] 10.222.0.36 "POST /compute/v2.1/flavors/2/os-extra_specs" status: 200 len: 43 microversion: 2.61 time: 0.027771
Jan 13 13:28:10.768305 dv-neutron-824008-2-hyperv devstack@n-api.service[102506]: [pid: 102506|app: 0|req: 14/26] 10.222.0.36 () {64 vars in 1332 bytes} [Thu Jan 13 13:28:10 2022] POST /compute/v2.1/flavors/2/os-extra_specs => generated 43 bytes in 29 msecs (HTTP/1.1 200) 9 headers in 358 bytes (1 switches on core 0)
Jan 13 13:28:13.308858 dv-neutron-824008-2-hyperv devstack@n-api.service[102504]: DEBUG nova.api.openstack.wsgi [None req-b3e20144-a042-421d-90df-35725828a3ce admin admin] Calling method '>' {{(pid=102504) _process_stack /opt/stack/nova/nova/api/openstack/wsgi.py:513}}
Jan 13 13:28:13.308858 dv-neutron-824008-2-hyperv devstack@n-api.service[102504]: INFO nova.api.openstack.requestlog [None req-b3e20144-a042-421d-90df-35725828a3ce admin admin] 10.222.0.36 "GET /compute/v2.1" status: 200 len: 388 microversion: 2.1 time: 0.001506
Jan 13 13:28:13.308858 dv-neutron-824008-2-hyperv devstack@n-api.service[102504]: [pid: 102504|app: 0|req: 13/27] 10.222.0.36 () {54 vars in 930 bytes} [Thu Jan 13 13:28:13 2022] GET /compute/v2.1 => generated 388 bytes in 3 msecs (HTTP/1.1 200) 9 headers in 357 bytes (1 switches on core 0)
Jan 13 13:28:13.399873 dv-neutron-824008-2-hyperv devstack@n-api.service[102506]: DEBUG nova.api.openstack.wsgi [None req-554fb872-45b0-455f-a9ce-a929033bdb3e admin admin] Action: 'create', calling method: >, body: {"flavor": {"OS-FLV-EXT-DATA:ephemeral": 0, "rxtx_factor": 1.0, "name": "m1.medium", "os-flavor-access:is_public": true, "vcpus": 2, "disk": 40, "swap": 0, "id": "3", "ram": 4096}} {{(pid=102506) _process_stack /opt/stack/nova/nova/api/openstack/wsgi.py:511}}
Jan 13 13:28:13.419877 dv-neutron-824008-2-hyperv devstack@n-api.service[102506]: INFO nova.api.openstack.requestlog [None req-554fb872-45b0-455f-a9ce-a929033bdb3e admin admin] 10.222.0.36 "POST /compute/v2.1/flavors" status: 200 len: 406 microversion: 2.61 time: 0.094561
Jan 13 13:28:13.420761 dv-neutron-824008-2-hyperv devstack@n-api.service[102506]: [pid: 102506|app: 0|req: 15/28] 10.222.0.36 () {64 vars in 1282 bytes} [Thu Jan 13 13:28:13 2022] POST /compute/v2.1/flavors => generated 406 bytes in 96 msecs (HTTP/1.1 200) 9 headers in 359 bytes (1 switches on core 0)
Jan 13 13:28:13.431865 dv-neutron-824008-2-hyperv devstack@n-api.service[102504]: DEBUG nova.api.openstack.wsgi [None req-350acec4-36a0-4597-b372-7595fa8bed32 admin admin] Action: 'create', calling method: >, body: {"extra_specs": {"hw_rng:allowed": "True"}} {{(pid=102504) _process_stack /opt/stack/nova/nova/api/openstack/wsgi.py:511}}
Jan 13 13:28:13.457620 dv-neutron-824008-2-hyperv devstack@n-api.service[102504]: INFO nova.api.openstack.requestlog [None req-350acec4-36a0-4597-b372-7595fa8bed32 admin admin] 10.222.0.36 "POST /compute/v2.1/flavors/3/os-extra_specs" status: 200 len: 43 microversion: 2.61 time: 0.029121
Jan 13 13:28:13.459702 dv-neutron-824008-2-hyperv devstack@n-api.service[102504]: [pid: 102504|app: 0|req: 14/29] 10.222.0.36 () {64 vars in 1332 bytes} [Thu Jan 13 13:28:13 2022] POST /compute/v2.1/flavors/3/os-extra_specs => generated 43 bytes in 32 msecs (HTTP/1.1 200) 9 headers in 358 bytes (1 switches on core 0)
Jan 13 13:28:15.689162 dv-neutron-824008-2-hyperv devstack@n-api.service[102506]: DEBUG nova.api.openstack.wsgi [None req-554fb872-45b0-455f-a9ce-a929033bdb3e admin admin] Calling method '>' {{(pid=102506) _process_stack /opt/stack/nova/nova/api/openstack/wsgi.py:513}}
Jan 13 13:28:15.690456 dv-neutron-824008-2-hyperv devstack@n-api.service[102506]: INFO nova.api.openstack.requestlog [None req-554fb872-45b0-455f-a9ce-a929033bdb3e admin admin] 10.222.0.36 "GET /compute/v2.1" status: 200 len: 388 microversion: 2.1 time: 0.001920
Jan 13 13:28:15.691001 dv-neutron-824008-2-hyperv devstack@n-api.service[102506]: [pid: 102506|app: 0|req: 16/30] 10.222.0.36 () {54 vars in 930 bytes} [Thu Jan 13 13:28:15 2022] GET /compute/v2.1 => generated 388 bytes in 3 msecs (HTTP/1.1 200) 9 headers in 357 bytes (1 switches on core 0)
Jan 13 13:28:15.765910 dv-neutron-824008-2-hyperv devstack@n-api.service[102504]: DEBUG nova.api.openstack.wsgi [None req-cc77c8b3-2280-4eec-b814-2c817fa13c15 admin admin] Action: 'create', calling method: >, body: {"flavor": {"ram": 8192, "name": "m1.large", "rxtx_factor": 1.0, "OS-FLV-EXT-DATA:ephemeral": 0, "vcpus": 4, "id": "4", "disk": 80, "os-flavor-access:is_public": true, "swap": 0}} {{(pid=102504) _process_stack /opt/stack/nova/nova/api/openstack/wsgi.py:511}}
Jan 13 13:28:15.786467 dv-neutron-824008-2-hyperv devstack@n-api.service[102504]: INFO nova.api.openstack.requestlog [None req-cc77c8b3-2280-4eec-b814-2c817fa13c15 admin admin] 10.222.0.36 "POST /compute/v2.1/flavors" status: 200 len: 405 microversion: 2.61 time: 0.088726
Jan 13 13:28:15.787245 dv-neutron-824008-2-hyperv devstack@n-api.service[102504]: [pid: 102504|app: 0|req: 15/31] 10.222.0.36 () {64 vars in 1282 bytes} [Thu Jan 13 13:28:15 2022] POST /compute/v2.1/flavors => generated 405 bytes in 90 msecs (HTTP/1.1 200) 9 headers in 359 bytes (2 switches on core 0)
Jan 13 13:28:15.799229 dv-neutron-824008-2-hyperv devstack@n-api.service[102506]: DEBUG nova.api.openstack.wsgi [None req-d8002a00-2381-4d63-9824-5b5d2d573f9e admin admin] Action: 'create', calling method: >, body: {"extra_specs": {"hw_rng:allowed": "True"}} {{(pid=102506) _process_stack /opt/stack/nova/nova/api/openstack/wsgi.py:511}}
Jan 13 13:28:15.844290 dv-neutron-824008-2-hyperv devstack@n-api.service[102506]: INFO nova.api.openstack.requestlog [None req-d8002a00-2381-4d63-9824-5b5d2d573f9e admin admin] 10.222.0.36 "POST /compute/v2.1/flavors/4/os-extra_specs" status: 200 len: 43 microversion: 2.61 time: 0.048578
Jan 13 13:28:15.845482 dv-neutron-824008-2-hyperv devstack@n-api.service[102506]: [pid: 102506|app: 0|req: 17/32] 10.222.0.36 () {64 vars in 1332 bytes} [Thu Jan 13 13:28:15 2022] POST /compute/v2.1/flavors/4/os-extra_specs => generated 43 bytes in 50 msecs (HTTP/1.1 200) 9 headers in 358 bytes (1 switches on core 0)
Jan 13 13:28:18.061272 dv-neutron-824008-2-hyperv devstack@n-api.service[102504]: DEBUG nova.api.openstack.wsgi [None req-cc77c8b3-2280-4eec-b814-2c817fa13c15 admin admin] Calling method '>' {{(pid=102504) _process_stack /opt/stack/nova/nova/api/openstack/wsgi.py:513}}
Jan 13 13:28:18.062329 dv-neutron-824008-2-hyperv devstack@n-api.service[102504]: INFO nova.api.openstack.requestlog [None req-cc77c8b3-2280-4eec-b814-2c817fa13c15 admin admin] 10.222.0.36 "GET /compute/v2.1" status: 200 len: 388 microversion: 2.1 time: 0.001529
Jan 13 13:28:18.062732 dv-neutron-824008-2-hyperv devstack@n-api.service[102504]: [pid: 102504|app: 0|req: 16/33] 10.222.0.36 () {54 vars in 930 bytes} [Thu Jan 13 13:28:18 2022] GET /compute/v2.1 => generated 388 bytes in 2 msecs (HTTP/1.1 200) 9 headers in 357 bytes (1 switches on core 0)
Jan 13 13:28:18.120968 dv-neutron-824008-2-hyperv devstack@n-api.service[102506]: DEBUG nova.api.openstack.wsgi [None req-812bbc3a-7af3-47f6-9c3a-0bf52fb7c33e admin admin] Action: 'create', calling method: >, body: {"flavor": {"vcpus": 8, "ram": 16384, "swap": 0, "disk": 160, "name": "m1.xlarge", "os-flavor-access:is_public": true, "id": "5", "rxtx_factor": 1.0, "OS-FLV-EXT-DATA:ephemeral": 0}} {{(pid=102506) _process_stack /opt/stack/nova/nova/api/openstack/wsgi.py:511}}
Jan 13 13:28:18.139586 dv-neutron-824008-2-hyperv devstack@n-api.service[102506]: INFO nova.api.openstack.requestlog [None req-812bbc3a-7af3-47f6-9c3a-0bf52fb7c33e admin admin] 10.222.0.36 "POST /compute/v2.1/flavors" status: 200 len: 408 microversion: 2.61 time: 0.070206
Jan 13 13:28:18.140487 dv-neutron-824008-2-hyperv devstack@n-api.service[102506]: [pid: 102506|app: 0|req: 18/34] 10.222.0.36 () {64 vars in 1282 bytes} [Thu Jan 13 13:28:18 2022] POST /compute/v2.1/flavors => generated 408 bytes in 72 msecs (HTTP/1.1 200) 9 headers in 359 bytes (2 switches on core 0)
Jan 13 13:28:18.151979 dv-neutron-824008-2-hyperv devstack@n-api.service[102504]: DEBUG nova.api.openstack.wsgi [None req-39fb9b68-0a42-4955-8ec0-6e3deffd9b14 admin admin] Action: 'create', calling method: >, body: {"extra_specs": {"hw_rng:allowed": "True"}} {{(pid=102504) _process_stack /opt/stack/nova/nova/api/openstack/wsgi.py:511}}
Jan 13 13:28:18.175078 dv-neutron-824008-2-hyperv devstack@n-api.service[102504]: INFO nova.api.openstack.requestlog [None req-39fb9b68-0a42-4955-8ec0-6e3deffd9b14 admin admin] 10.222.0.36 "POST /compute/v2.1/flavors/5/os-extra_specs" status: 200 len: 43 microversion: 2.61 time: 0.026556
Jan 13 13:28:18.175554 dv-neutron-824008-2-hyperv devstack@n-api.service[102504]: [pid: 102504|app: 0|req: 17/35] 10.222.0.36 () {64 vars in 1332 bytes} [Thu Jan 13 13:28:18 2022] POST /compute/v2.1/flavors/5/os-extra_specs => generated 43 bytes in 28 msecs (HTTP/1.1 200) 9 headers in 358 bytes (1 switches on core 0)
Jan 13 13:28:45.392814 dv-neutron-824008-2-hyperv devstack@n-api.service[102506]: DEBUG nova.api.openstack.wsgi [None req-812bbc3a-7af3-47f6-9c3a-0bf52fb7c33e admin admin] Calling method '>' {{(pid=102506) _process_stack /opt/stack/nova/nova/api/openstack/wsgi.py:513}}
Jan 13 13:28:45.393854 dv-neutron-824008-2-hyperv devstack@n-api.service[102506]: INFO nova.api.openstack.requestlog [None req-812bbc3a-7af3-47f6-9c3a-0bf52fb7c33e admin admin] 10.222.0.36 "GET /compute/v2.1" status: 200 len: 388 microversion: 2.1 time: 0.001503
Jan 13 13:28:45.394247 dv-neutron-824008-2-hyperv devstack@n-api.service[102506]: [pid: 102506|app: 0|req: 19/36] 10.222.0.36 () {54 vars in 930 bytes} [Thu Jan 13 13:28:45 2022] GET /compute/v2.1 => generated 388 bytes in 2 msecs (HTTP/1.1 200) 9 headers in 357 bytes (1 switches on core 0)
Jan 13 13:28:45.450388 dv-neutron-824008-2-hyperv devstack@n-api.service[102504]: DEBUG nova.api.openstack.wsgi [None req-780fce95-9a14-437a-aa94-81f1c18d259d admin admin] Calling method '>' {{(pid=102504) _process_stack /opt/stack/nova/nova/api/openstack/wsgi.py:513}}
Jan 13 13:28:45.467260 dv-neutron-824008-2-hyperv devstack@n-api.service[102504]: INFO nova.api.openstack.requestlog [None req-780fce95-9a14-437a-aa94-81f1c18d259d admin admin] 10.222.0.36 "GET /compute/v2.1/flavors/detail?is_public=True" status: 200 len: 4202 microversion: 2.61 time: 0.066560
Jan 13 13:28:45.467783 dv-neutron-824008-2-hyperv devstack@n-api.service[102504]: [pid: 102504|app: 0|req: 18/37] 10.222.0.36 () {60 vars in 1291 bytes} [Thu Jan 13 13:28:45 2022] GET /compute/v2.1/flavors/detail?is_public=True => generated 4202 bytes in 68 msecs (HTTP/1.1 200) 9 headers in 360 bytes (1 switches on core 0)
Jan 13 13:28:46.802316 dv-neutron-824008-2-hyperv devstack@n-api.service[102506]: DEBUG nova.api.openstack.wsgi [None req-812bbc3a-7af3-47f6-9c3a-0bf52fb7c33e admin admin] Calling method '>' {{(pid=102506) _process_stack /opt/stack/nova/nova/api/openstack/wsgi.py:513}}
Jan 13 13:28:46.803323 dv-neutron-824008-2-hyperv devstack@n-api.service[102506]: INFO nova.api.openstack.requestlog [None req-812bbc3a-7af3-47f6-9c3a-0bf52fb7c33e admin admin] 10.222.0.36 "GET /compute/v2.1" status: 200 len: 388 microversion: 2.1 time: 0.001970
Jan 13 13:28:46.803727 dv-neutron-824008-2-hyperv devstack@n-api.service[102506]: [pid: 102506|app: 0|req: 20/38] 10.222.0.36 () {56 vars in 1074 bytes} [Thu Jan 13 13:28:46 2022] GET /compute/v2.1 => generated 388 bytes in 3 msecs (HTTP/1.1 200) 9 headers in 357 bytes (1 switches on core 0)
Jan 13 13:28:47.004691 dv-neutron-824008-2-hyperv devstack@n-api.service[102504]: DEBUG nova.api.openstack.wsgi [None req-3e4f1a1f-d5bd-4b72-9989-4adb313debe0 admin admin] Calling method '>' {{(pid=102504) _process_stack /opt/stack/nova/nova/api/openstack/wsgi.py:513}}
Jan 13 13:28:47.010129 dv-neutron-824008-2-hyperv devstack@n-api.service[102504]: INFO nova.api.openstack.wsgi [None req-3e4f1a1f-d5bd-4b72-9989-4adb313debe0 admin admin] HTTP exception thrown: Flavor 42 could not be found.
Jan 13 13:28:47.010620 dv-neutron-824008-2-hyperv devstack@n-api.service[102504]: DEBUG nova.api.openstack.wsgi [None req-3e4f1a1f-d5bd-4b72-9989-4adb313debe0 admin admin] Returning 404 to user: Flavor 42 could not be found. {{(pid=102504) __call__ /opt/stack/nova/nova/api/openstack/wsgi.py:936}}
Jan 13 13:28:47.011415 dv-neutron-824008-2-hyperv devstack@n-api.service[102504]: INFO nova.api.openstack.requestlog [None req-3e4f1a1f-d5bd-4b72-9989-4adb313debe0 admin admin] 10.222.0.36 "GET /compute/v2.1/flavors/42" status: 404 len: 75 microversion: 2.90 time: 0.057261
Jan 13 13:28:47.011934 dv-neutron-824008-2-hyperv devstack@n-api.service[102504]: [pid: 102504|app: 0|req: 19/39] 10.222.0.36 () {60 vars in 1190 bytes} [Thu Jan 13 13:28:46 2022] GET /compute/v2.1/flavors/42 => generated 75 bytes in 58 msecs (HTTP/1.1 404) 9 headers in 380 bytes (1 switches on core 0)
Jan 13 13:28:47.021192 dv-neutron-824008-2-hyperv devstack@n-api.service[102506]: DEBUG nova.api.openstack.wsgi [None req-63ecdef1-ea03-40f8-b1d8-87ae51a9155a admin admin] Calling method '>' {{(pid=102506) _process_stack /opt/stack/nova/nova/api/openstack/wsgi.py:513}}
Jan 13 13:28:47.042006 dv-neutron-824008-2-hyperv devstack@n-api.service[102506]: INFO nova.api.openstack.requestlog [None req-63ecdef1-ea03-40f8-b1d8-87ae51a9155a admin admin] 10.222.0.36 "GET /compute/v2.1/flavors?is_public=None" status: 200 len: 2056 microversion: 2.90 time: 0.024439
Jan 13 13:28:47.042544 dv-neutron-824008-2-hyperv devstack@n-api.service[102506]: [pid: 102506|app: 0|req: 21/40] 10.222.0.36 () {60 vars in 1210 bytes} [Thu Jan 13 13:28:47 2022] GET /compute/v2.1/flavors?is_public=None => generated 2056 bytes in 26 msecs (HTTP/1.1 200) 9 headers in 360 bytes (1 switches on core 0)
Jan 13 13:28:47.052327 dv-neutron-824008-2-hyperv devstack@n-api.service[102504]: DEBUG nova.api.openstack.wsgi [None req-0e9966a0-6b9a-4821-b959-81c45c08292d admin admin] Calling method '>' {{(pid=102504) _process_stack /opt/stack/nova/nova/api/openstack/wsgi.py:513}}
