Jan 11 11:07:27.499443 dv-neutron-823791-2-hyperv neutron-server[103264]: DEBUG neutron.plugins.ml2.drivers.mech_agent [None req-c221f6c1-faff-4523-9902-3ab686521168 None None] Checking segment: {'id': 'efb03e3c-6c1a-4620-af12-85876cbe69db', 'network_type': 'vlan', 'physical_network': 'physnet1', 'segmentation_id': 578, 'network_id': 'c0f29295-0e4b-4fd4-ab87-c3e5ceeca018'} for mappings: {'physnet1': 'br-data'} with network types: ['local', 'flat', 'vlan'] {{(pid=103264) check_segment_for_agent /opt/stack/neutron/neutron/plugins/ml2/drivers/mech_agent.py:371}}
Jan 11 11:07:27.500226 dv-neutron-823791-2-hyperv neutron-server[103264]: DEBUG neutron_lib.callbacks.manager [None req-c221f6c1-faff-4523-9902-3ab686521168 None None] Publish callbacks [] for ovs_bridge_name (None), before_read {{(pid=103264) _notify_loop /usr/local/lib/python3.8/dist-packages/neutron_lib/callbacks/manager.py:176}}
Jan 11 11:07:27.500612 dv-neutron-823791-2-hyperv neutron-server[103264]: DEBUG neutron.plugins.ml2.drivers.mech_agent [None req-c221f6c1-faff-4523-9902-3ab686521168 None None] Bound using segment: {'id': 'efb03e3c-6c1a-4620-af12-85876cbe69db', 'network_type': 'vlan', 'physical_network': 'physnet1', 'segmentation_id': 578, 'network_id': 'c0f29295-0e4b-4fd4-ab87-c3e5ceeca018'} {{(pid=103264) bind_port /opt/stack/neutron/neutron/plugins/ml2/drivers/mech_agent.py:120}}
Jan 11 11:07:27.501302 dv-neutron-823791-2-hyperv neutron-server[103264]: DEBUG neutron.plugins.ml2.managers [None req-c221f6c1-faff-4523-9902-3ab686521168 None None] Bound port: 0e52bf64-e238-485a-9298-6227e7228d43, host: dv-neutron-823791-2-hyperv, vif_type: ovs, vif_details: {"connectivity": "l2", "port_filter": true, "ovs_hybrid_plug": false, "datapath_type": "system", "bridge_name": "br-int"}, binding_levels: [{'bound_driver': 'openvswitch', 'bound_segment': {'id': 'efb03e3c-6c1a-4620-af12-85876cbe69db', 'network_type': 'vlan', 'physical_network': 'physnet1', 'segmentation_id': 578, 'network_id': 'c0f29295-0e4b-4fd4-ab87-c3e5ceeca018'}}] {{(pid=103264) _bind_port_level /opt/stack/neutron/neutron/plugins/ml2/managers.py:932}}
Jan 11 11:07:27.501437 dv-neutron-823791-2-hyperv neutron-server[103263]: DEBUG neutron_lib.callbacks.manager [None req-e7eb6b80-4518-46ed-910d-adddff7c3de1 tempest-ExternalNetworksAdminNegativeTestJSON-370473865 tempest-ExternalNetworksAdminNegativeTestJSON-370473865-project-admin] Publish callbacks ['neutron.plugins.ml2.plugin.SecurityGroupDbMixin._ensure_default_security_group_handler-555838'] for port (None), before_create {{(pid=103263) _notify_loop /usr/local/lib/python3.8/dist-packages/neutron_lib/callbacks/manager.py:176}}
Jan 11 11:07:27.501543 dv-neutron-823791-2-hyperv neutron-server[103264]: DEBUG neutron_lib.callbacks.manager [None req-c221f6c1-faff-4523-9902-3ab686521168 None None] Publish callbacks ['neutron.plugins.ml2.plugin.SecurityGroupDbMixin._ensure_default_security_group_handler-555838'] for port (0e52bf64-e238-485a-9298-6227e7228d43), before_update {{(pid=103264) _notify_loop /usr/local/lib/python3.8/dist-packages/neutron_lib/callbacks/manager.py:176}}
Jan 11 11:07:27.624217 dv-neutron-823791-2-hyperv neutron-server[103264]: DEBUG neutron.plugins.ml2.db [None req-c221f6c1-faff-4523-9902-3ab686521168 None None] For port 0e52bf64-e238-485a-9298-6227e7228d43, host dv-neutron-823791-2-hyperv, cleared binding levels {{(pid=103264) clear_binding_levels /opt/stack/neutron/neutron/plugins/ml2/db.py:87}}
Jan 11 11:07:27.628905 dv-neutron-823791-2-hyperv neutron-server[103264]: DEBUG neutron.plugins.ml2.db [None req-c221f6c1-faff-4523-9902-3ab686521168 None None] For port 0e52bf64-e238-485a-9298-6227e7228d43, host dv-neutron-823791-2-hyperv, set binding levels [PortBindingLevel(driver='openvswitch',host='dv-neutron-823791-2-hyperv',level=0,port_id=0e52bf64-e238-485a-9298-6227e7228d43,segment=NetworkSegment(efb03e3c-6c1a-4620-af12-85876cbe69db),segment_id=efb03e3c-6c1a-4620-af12-85876cbe69db)] {{(pid=103264) set_binding_levels /opt/stack/neutron/neutron/plugins/ml2/db.py:59}}
Jan 11 11:07:27.647408 dv-neutron-823791-2-hyperv neutron-server[103264]: DEBUG neutron_lib.callbacks.manager [None req-c221f6c1-faff-4523-9902-3ab686521168 None None] Publish callbacks ['neutron.plugins.ml2.plugin.SecurityGroupServerNotifierRpcMixin._notify_sg_on_port_change-555903', 'neutron.plugins.ml2.ovo_rpc._ObjectChangeHandler.handle_event-113038', 'neutron.api.rpc.agentnotifiers.dhcp_rpc_agent_api.DhcpAgentNotifyAPI._native_event_send_dhcp_notification-16490476', 'neutron.db.l3_db.L3RpcNotifierMixin._notify_gateway_port_ip_changed-8787243065474', 'neutron.db.l3_dvrscheduler_db._notify_l3_agent_port_update-8787242594106', 'neutron.db.l3_hascheduler_db._notify_l3_agent_ha_port_update-8787242594124'] for port (0e52bf64-e238-485a-9298-6227e7228d43), after_update {{(pid=103264) _notify_loop /usr/local/lib/python3.8/dist-packages/neutron_lib/callbacks/manager.py:176}}
Jan 11 11:07:27.666848 dv-neutron-823791-2-hyperv neutron-server[103262]: DEBUG neutron_lib.callbacks.manager [None req-e9065ed9-7b65-4a63-87cf-1bd62b4bb82d tempest-BulkNetworkOpsTest-1837845456 tempest-BulkNetworkOpsTest-1837845456-project] Publish callbacks ['neutron.plugins.ml2.plugin.External_net_db_mixin._before_network_delete_handler-779724'] for network (9f3dcbf6-cf74-41d1-bbc7-0d891495c799), before_delete {{(pid=103262) _notify_loop /usr/local/lib/python3.8/dist-packages/neutron_lib/callbacks/manager.py:176}}
Jan 11 11:07:27.696383 dv-neutron-823791-2-hyperv neutron-server[103262]: DEBUG neutron.wsgi [-] (103262) accepted ('10.222.0.53', 39356) {{(pid=103262) server /usr/local/lib/python3.8/dist-packages/eventlet/wsgi.py:1004}}
Jan 11 11:07:27.811909 dv-neutron-823791-2-hyperv neutron-server[103263]: DEBUG neutron.api.v2.base [None req-83490ff6-ed0a-4177-826b-996a9fa79d5c tempest-ExternalNetworksTestJSON-1098310174 tempest-ExternalNetworksTestJSON-1098310174-project] Request body: {'network': {'name': 'tempest-ExternalNetworksTestJSON-test-network-227838660'}} {{(pid=103263) prepare_request_body /opt/stack/neutron/neutron/api/v2/base.py:729}}
Jan 11 11:07:27.825221 dv-neutron-823791-2-hyperv neutron-server[103262]: DEBUG neutron_lib.callbacks.manager [None req-e9065ed9-7b65-4a63-87cf-1bd62b4bb82d tempest-BulkNetworkOpsTest-1837845456 tempest-BulkNetworkOpsTest-1837845456-project] Publish callbacks ['neutron.plugins.ml2.plugin.Ml2Plugin._network_delete_precommit_handler-708944', 'neutron.services.segments.db._delete_segments_for_network-8787243129007'] for network (9f3dcbf6-cf74-41d1-bbc7-0d891495c799), precommit_delete {{(pid=103262) _notify_loop /usr/local/lib/python3.8/dist-packages/neutron_lib/callbacks/manager.py:176}}
Jan 11 11:07:27.828131 dv-neutron-823791-2-hyperv neutron-server[103263]: DEBUG neutron_lib.callbacks.manager [None req-5792c037-8d57-48b3-ab63-6a4465e595d3 tempest-MeteringTestJSON-1552643870 tempest-MeteringTestJSON-1552643870-project-admin] Publish callbacks [] for metering_label_rule (None), before_response {{(pid=103263) _notify_loop /usr/local/lib/python3.8/dist-packages/neutron_lib/callbacks/manager.py:176}}
Jan 11 11:07:27.830544 dv-neutron-823791-2-hyperv neutron-server[103263]: INFO neutron.wsgi [None req-5792c037-8d57-48b3-ab63-6a4465e595d3 tempest-MeteringTestJSON-1552643870 tempest-MeteringTestJSON-1552643870-project-admin] 10.222.0.53 "POST /v2.0/metering/metering-label-rules HTTP/1.1" status: 201 len: 466 time: 0.5704849
Jan 11 11:07:27.858370 dv-neutron-823791-2-hyperv neutron-server[103262]: DEBUG neutron_lib.callbacks.manager [None req-e9065ed9-7b65-4a63-87cf-1bd62b4bb82d tempest-BulkNetworkOpsTest-1837845456 tempest-BulkNetworkOpsTest-1837845456-project] Subscribe: > segment before_delete 55550000 {{(pid=103262) subscribe /usr/local/lib/python3.8/dist-packages/neutron_lib/callbacks/manager.py:45}}
Jan 11 11:07:27.858774 dv-neutron-823791-2-hyperv neutron-server[103262]: DEBUG neutron_lib.callbacks.manager [None req-e9065ed9-7b65-4a63-87cf-1bd62b4bb82d tempest-BulkNetworkOpsTest-1837845456 tempest-BulkNetworkOpsTest-1837845456-project] Subscribe: > subnet precommit_delete_associations 55550000 {{(pid=103262) subscribe /usr/local/lib/python3.8/dist-packages/neutron_lib/callbacks/manager.py:45}}
Jan 11 11:07:27.859495 dv-neutron-823791-2-hyperv neutron-server[103262]: DEBUG neutron_lib.callbacks.manager [None req-e9065ed9-7b65-4a63-87cf-1bd62b4bb82d tempest-BulkNetworkOpsTest-1837845456 tempest-BulkNetworkOpsTest-1837845456-project] Subscribe: > segment_host_mapping after_create 55550000 {{(pid=103262) subscribe /usr/local/lib/python3.8/dist-packages/neutron_lib/callbacks/manager.py:45}}
Jan 11 11:07:27.859827 dv-neutron-823791-2-hyperv neutron-server[103262]: DEBUG neutron_lib.callbacks.manager [None req-e9065ed9-7b65-4a63-87cf-1bd62b4bb82d tempest-BulkNetworkOpsTest-1837845456 tempest-BulkNetworkOpsTest-1837845456-project] Subscribe: > port after_create 55550000 {{(pid=103262) subscribe /usr/local/lib/python3.8/dist-packages/neutron_lib/callbacks/manager.py:45}}
Jan 11 11:07:27.860166 dv-neutron-823791-2-hyperv neutron-server[103262]: DEBUG neutron_lib.callbacks.manager [None req-e9065ed9-7b65-4a63-87cf-1bd62b4bb82d tempest-BulkNetworkOpsTest-1837845456 tempest-BulkNetworkOpsTest-1837845456-project] Subscribe: > port after_delete 55550000 {{(pid=103262) subscribe /usr/local/lib/python3.8/dist-packages/neutron_lib/callbacks/manager.py:45}}
Jan 11 11:07:27.860500 dv-neutron-823791-2-hyperv neutron-server[103262]: DEBUG neutron_lib.callbacks.manager [None req-e9065ed9-7b65-4a63-87cf-1bd62b4bb82d tempest-BulkNetworkOpsTest-1837845456 tempest-BulkNetworkOpsTest-1837845456-project] Subscribe: > port after_update 55550000 {{(pid=103262) subscribe /usr/local/lib/python3.8/dist-packages/neutron_lib/callbacks/manager.py:45}}
Jan 11 11:07:27.860821 dv-neutron-823791-2-hyperv neutron-server[103262]: DEBUG neutron_lib.callbacks.manager [None req-e9065ed9-7b65-4a63-87cf-1bd62b4bb82d tempest-BulkNetworkOpsTest-1837845456 tempest-BulkNetworkOpsTest-1837845456-project] Subscribe: > segment after_delete 55550000 {{(pid=103262) subscribe /usr/local/lib/python3.8/dist-packages/neutron_lib/callbacks/manager.py:45}}
Jan 11 11:07:27.861297 dv-neutron-823791-2-hyperv neutron-server[103262]: DEBUG neutron_lib.callbacks.manager [None req-e9065ed9-7b65-4a63-87cf-1bd62b4bb82d tempest-BulkNetworkOpsTest-1837845456 tempest-BulkNetworkOpsTest-1837845456-project] Subscribe: > subnet after_create 55550000 {{(pid=103262) subscribe /usr/local/lib/python3.8/dist-packages/neutron_lib/callbacks/manager.py:45}}
Jan 11 11:07:27.861617 dv-neutron-823791-2-hyperv neutron-server[103262]: DEBUG neutron_lib.callbacks.manager [None req-e9065ed9-7b65-4a63-87cf-1bd62b4bb82d tempest-BulkNetworkOpsTest-1837845456 tempest-BulkNetworkOpsTest-1837845456-project] Subscribe: > subnet after_delete 55550000 {{(pid=103262) subscribe /usr/local/lib/python3.8/dist-packages/neutron_lib/callbacks/manager.py:45}}
Jan 11 11:07:27.861750 dv-neutron-823791-2-hyperv neutron-server[103264]: DEBUG neutron.api.rpc.handlers.resources_rpc [None req-c221f6c1-faff-4523-9902-3ab686521168 None None] Pushing event updated for resources: {'Port': ['ID=0e52bf64-e238-485a-9298-6227e7228d43,revision_number=2']} {{(pid=103264) push /opt/stack/neutron/neutron/api/rpc/handlers/resources_rpc.py:237}}
Jan 11 11:07:27.861924 dv-neutron-823791-2-hyperv neutron-server[103262]: DEBUG neutron_lib.callbacks.manager [None req-e9065ed9-7b65-4a63-87cf-1bd62b4bb82d tempest-BulkNetworkOpsTest-1837845456 tempest-BulkNetworkOpsTest-1837845456-project] Subscribe: > subnet after_update 55550000 {{(pid=103262) subscribe /usr/local/lib/python3.8/dist-packages/neutron_lib/callbacks/manager.py:45}}
Jan 11 11:07:27.886659 dv-neutron-823791-2-hyperv neutron-server[103263]: DEBUG neutron.wsgi [-] (103263) accepted ('10.222.0.53', 39360) {{(pid=103263) server /usr/local/lib/python3.8/dist-packages/eventlet/wsgi.py:1004}}
Jan 11 11:07:27.893706 dv-neutron-823791-2-hyperv neutron-server[103263]: DEBUG neutron.api.v2.base [None req-9747ade6-0e94-4a60-b441-a7b8e18bce09 tempest-MeteringTestJSON-1552643870 tempest-MeteringTestJSON-1552643870-project-admin] Request body: {'metering_label_rule': {'remote_ip_prefix': '10.0.1.0/24', 'direction': 'ingress', 'metering_label_id': 'c94e6911-9a2a-46cf-879c-a7599957c678'}} {{(pid=103263) prepare_request_body /opt/stack/neutron/neutron/api/v2/base.py:729}}
Jan 11 11:07:27.894366 dv-neutron-823791-2-hyperv neutron-server[103263]: DEBUG neutron.api.v2.base [None req-9747ade6-0e94-4a60-b441-a7b8e18bce09 tempest-MeteringTestJSON-1552643870 tempest-MeteringTestJSON-1552643870-project-admin] Unknown quota resources ['metering_label_rule']. {{(pid=103263) _create /opt/stack/neutron/neutron/api/v2/base.py:496}}
Jan 11 11:07:28.004223 dv-neutron-823791-2-hyperv neutron-server[103263]: DEBUG neutron.pecan_wsgi.hooks.quota_enforcement [None req-83490ff6-ed0a-4177-826b-996a9fa79d5c tempest-ExternalNetworksTestJSON-1098310174 tempest-ExternalNetworksTestJSON-1098310174-project] Made reservation on behalf of d20421cd4d454fd18be59d1c4d99be03 for: {'network': 1} {{(pid=103263) before /opt/stack/neutron/neutron/pecan_wsgi/hooks/quota_enforcement.py:53}}
Jan 11 11:07:28.008124 dv-neutron-823791-2-hyperv neutron-server[103263]: DEBUG neutron_lib.callbacks.manager [None req-83490ff6-ed0a-4177-826b-996a9fa79d5c tempest-ExternalNetworksTestJSON-1098310174 tempest-ExternalNetworksTestJSON-1098310174-project] Publish callbacks ['neutron.plugins.ml2.plugin.SecurityGroupDbMixin._ensure_default_security_group_handler-555838'] for network (None), before_create {{(pid=103263) _notify_loop /usr/local/lib/python3.8/dist-packages/neutron_lib/callbacks/manager.py:176}}
Jan 11 11:07:28.019053 dv-neutron-823791-2-hyperv neutron-server[103263]: DEBUG neutron_lib.callbacks.manager [None req-83490ff6-ed0a-4177-826b-996a9fa79d5c tempest-ExternalNetworksTestJSON-1098310174 tempest-ExternalNetworksTestJSON-1098310174-project] Publish callbacks [] for security_group (None), before_create {{(pid=103263) _notify_loop /usr/local/lib/python3.8/dist-packages/neutron_lib/callbacks/manager.py:176}}
Jan 11 11:07:28.027208 dv-neutron-823791-2-hyperv neutron-server[103263]: WARNING neutron.services.metering.metering_plugin [None req-9747ade6-0e94-4a60-b441-a7b8e18bce09 tempest-MeteringTestJSON-1552643870 tempest-MeteringTestJSON-1552643870-project-admin] The use of 'remote_ip_prefix' in metering label rules is deprecated and will be removed in future releases. One should use instead the 'source_ip_prefix' and/or 'destination_ip_prefix' parameters. For more details, you can check the spec: https://review.opendev.org/#/c/744702/.
Jan 11 11:07:28.035146 dv-neutron-823791-2-hyperv neutron-server[103262]: DEBUG neutron_lib.callbacks.manager [None req-e9065ed9-7b65-4a63-87cf-1bd62b4bb82d tempest-BulkNetworkOpsTest-1837845456 tempest-BulkNetworkOpsTest-1837845456-project] Subscribe: > subnet after_create 55550000 {{(pid=103262) subscribe /usr/local/lib/python3.8/dist-packages/neutron_lib/callbacks/manager.py:45}}
Jan 11 11:07:28.035498 dv-neutron-823791-2-hyperv neutron-server[103262]: DEBUG neutron_lib.callbacks.manager [None req-e9065ed9-7b65-4a63-87cf-1bd62b4bb82d tempest-BulkNetworkOpsTest-1837845456 tempest-BulkNetworkOpsTest-1837845456-project] Subscribe: > subnet after_delete 55550000 {{(pid=103262) subscribe /usr/local/lib/python3.8/dist-packages/neutron_lib/callbacks/manager.py:45}}
Jan 11 11:07:28.035827 dv-neutron-823791-2-hyperv neutron-server[103262]: DEBUG neutron_lib.callbacks.manager [None req-e9065ed9-7b65-4a63-87cf-1bd62b4bb82d tempest-BulkNetworkOpsTest-1837845456 tempest-BulkNetworkOpsTest-1837845456-project] Subscribe: > subnet before_create 55550000 {{(pid=103262) subscribe /usr/local/lib/python3.8/dist-packages/neutron_lib/callbacks/manager.py:45}}
Jan 11 11:07:28.036160 dv-neutron-823791-2-hyperv neutron-server[103262]: DEBUG neutron_lib.callbacks.manager [None req-e9065ed9-7b65-4a63-87cf-1bd62b4bb82d tempest-BulkNetworkOpsTest-1837845456 tempest-BulkNetworkOpsTest-1837845456-project] Subscribe: > subnet before_update 55550000 {{(pid=103262) subscribe /usr/local/lib/python3.8/dist-packages/neutron_lib/callbacks/manager.py:45}}
Jan 11 11:07:28.036518 dv-neutron-823791-2-hyperv neutron-server[103262]: DEBUG neutron.services.segments.db [None req-e9065ed9-7b65-4a63-87cf-1bd62b4bb82d tempest-BulkNetworkOpsTest-1837845456 tempest-BulkNetworkOpsTest-1837845456-project] neutron.services.segments.plugin.Plugin method get_segments called with arguments (,) {'filters': {'network_id': ['9f3dcbf6-cf74-41d1-bbc7-0d891495c799']}} {{(pid=103262) wrapper /usr/local/lib/python3.8/dist-packages/oslo_log/helpers.py:65}}
Jan 11 11:07:28.064258 dv-neutron-823791-2-hyperv neutron-server[103262]: DEBUG neutron.api.v2.base [None req-a883783c-3376-4a21-bb7c-83959d2130a9 tempest-RoutersAdminNegativeTest-447552815 tempest-RoutersAdminNegativeTest-447552815-project-admin] Request body: {'port': {'name': 'tempest-RoutersAdminNegativeTest-547993929', 'network_id': 'abc1867a-34e1-4ded-a5bf-6f8ca2dfa680'}} {{(pid=103262) prepare_request_body /opt/stack/neutron/neutron/api/v2/base.py:729}}
Jan 11 11:07:28.069375 dv-neutron-823791-2-hyperv neutron-server[103262]: DEBUG neutron.services.segments.db [None req-e9065ed9-7b65-4a63-87cf-1bd62b4bb82d tempest-BulkNetworkOpsTest-1837845456 tempest-BulkNetworkOpsTest-1837845456-project] neutron.services.segments.plugin.Plugin method delete_segment called with arguments (, '828c42d7-e066-4c2f-9069-dbd2e66795b5') {'for_net_delete': True} {{(pid=103262) wrapper /usr/local/lib/python3.8/dist-packages/oslo_log/helpers.py:65}}
Jan 11 11:07:28.069871 dv-neutron-823791-2-hyperv neutron-server[103262]: DEBUG neutron.services.segments.db [None req-e9065ed9-7b65-4a63-87cf-1bd62b4bb82d tempest-BulkNetworkOpsTest-1837845456 tempest-BulkNetworkOpsTest-1837845456-project] neutron.services.segments.plugin.Plugin method get_segment called with arguments (, '828c42d7-e066-4c2f-9069-dbd2e66795b5') {} {{(pid=103262) wrapper /usr/local/lib/python3.8/dist-packages/oslo_log/helpers.py:65}}
Jan 11 11:07:28.102301 dv-neutron-823791-2-hyperv neutron-server[103262]: DEBUG neutron_lib.callbacks.manager [None req-e9065ed9-7b65-4a63-87cf-1bd62b4bb82d tempest-BulkNetworkOpsTest-1837845456 tempest-BulkNetworkOpsTest-1837845456-project] Publish callbacks ['neutron.plugins.ml2.db._prevent_segment_delete_with_port_bound-8787243132856', 'neutron.services.segments.plugin.Plugin._prevent_segment_delete_with_subnet_associated-13877345'] for segment (828c42d7-e066-4c2f-9069-dbd2e66795b5), before_delete {{(pid=103262) _notify_loop /usr/local/lib/python3.8/dist-packages/neutron_lib/callbacks/manager.py:176}}
Jan 11 11:07:28.139100 dv-neutron-823791-2-hyperv neutron-server[103262]: DEBUG neutron_lib.callbacks.manager [None req-e2cbabbe-3931-4b64-a14e-26b6453a58e9 admin admin] Publish callbacks ['neutron.plugins.ml2.ovo_rpc._ObjectChangeHandler.handle_event-458235', 'neutron.api.rpc.agentnotifiers.dhcp_rpc_agent_api.DhcpAgentNotifyAPI._native_event_send_dhcp_notification-16490476', 'neutron.services.segments.plugin.NovaSegmentNotifier._notify_subnet_created-13325278', 'neutron.services.segments.plugin.SegmentHostRoutes.host_routes_after_create-13285556'] for subnet (e5be6d99-59d0-4a91-b100-b67db8991c74), after_create {{(pid=103262) _notify_loop /usr/local/lib/python3.8/dist-packages/neutron_lib/callbacks/manager.py:176}}
Jan 11 11:07:28.157263 dv-neutron-823791-2-hyperv neutron-server[103263]: DEBUG neutron_lib.callbacks.manager [None req-9747ade6-0e94-4a60-b441-a7b8e18bce09 tempest-MeteringTestJSON-1552643870 tempest-MeteringTestJSON-1552643870-project-admin] Publish callbacks [] for metering_label_rule (None), before_response {{(pid=103263) _notify_loop /usr/local/lib/python3.8/dist-packages/neutron_lib/callbacks/manager.py:176}}
Jan 11 11:07:28.157263 dv-neutron-823791-2-hyperv neutron-server[103263]: INFO neutron.wsgi [None req-9747ade6-0e94-4a60-b441-a7b8e18bce09 tempest-MeteringTestJSON-1552643870 tempest-MeteringTestJSON-1552643870-project-admin] 10.222.0.53 "POST /v2.0/metering/metering-label-rules HTTP/1.1" status: 201 len: 466 time: 0.2671812
Jan 11 11:07:28.162946 dv-neutron-823791-2-hyperv neutron-server[103263]: DEBUG neutron.wsgi [-] (103263) accepted ('10.222.0.53', 39372) {{(pid=103263) server /usr/local/lib/python3.8/dist-packages/eventlet/wsgi.py:1004}}
Jan 11 11:07:28.176403 dv-neutron-823791-2-hyperv neutron-server[103263]: DEBUG neutron.db.db_base_plugin_common [None req-e7eb6b80-4518-46ed-910d-adddff7c3de1 tempest-ExternalNetworksAdminNegativeTestJSON-370473865 tempest-ExternalNetworksAdminNegativeTestJSON-370473865-project-admin] Allocated IP 172.26.0.252 (abc1867a-34e1-4ded-a5bf-6f8ca2dfa680/8634a72c-cb93-4853-96bd-7c45c906d425/c43b3c0d-60c6-49ab-84fe-28a711c87100) {{(pid=103263) _store_ip_allocation /opt/stack/neutron/neutron/db/db_base_plugin_common.py:131}}
Jan 11 11:07:28.179854 dv-neutron-823791-2-hyperv neutron-server[103262]: DEBUG neutron_lib.callbacks.manager [None req-e9065ed9-7b65-4a63-87cf-1bd62b4bb82d tempest-BulkNetworkOpsTest-1837845456 tempest-BulkNetworkOpsTest-1837845456-project] Publish callbacks ['neutron.plugins.ml2.plugin.Ml2Plugin._handle_segment_change-707830'] for segment (828c42d7-e066-4c2f-9069-dbd2e66795b5), precommit_delete {{(pid=103262) _notify_loop /usr/local/lib/python3.8/dist-packages/neutron_lib/callbacks/manager.py:176}}
Jan 11 11:07:28.211559 dv-neutron-823791-2-hyperv neutron-server[103263]: INFO neutron.wsgi [None req-394d6d3e-fcaa-40d4-ba59-7f883aa6ab9e tempest-MeteringTestJSON-1552643870 tempest-MeteringTestJSON-1552643870-project-admin] 10.222.0.53 "GET /v2.0/metering/metering-label-rules?id=eed5aaa4-388b-4dbe-a720-a6549a9bebcf HTTP/1.1" status: 200 len: 464 time: 0.0475123
Jan 11 11:07:28.218711 dv-neutron-823791-2-hyperv neutron-server[103263]: DEBUG neutron.wsgi [-] (103263) accepted ('10.222.0.53', 39376) {{(pid=103263) server /usr/local/lib/python3.8/dist-packages/eventlet/wsgi.py:1004}}
Jan 11 11:07:28.240449 dv-neutron-823791-2-hyperv neutron-server[103262]: DEBUG neutron.plugins.ml2.drivers.type_vlan [None req-e9065ed9-7b65-4a63-87cf-1bd62b4bb82d tempest-BulkNetworkOpsTest-1837845456 tempest-BulkNetworkOpsTest-1837845456-project] Releasing vlan 552 on physical network physnet1 to pool {{(pid=103262) release_segment /opt/stack/neutron/neutron/plugins/ml2/drivers/type_vlan.py:304}}
Jan 11 11:07:28.241183 dv-neutron-823791-2-hyperv neutron-server[103262]: DEBUG neutron_lib.callbacks.manager [None req-e9065ed9-7b65-4a63-87cf-1bd62b4bb82d tempest-BulkNetworkOpsTest-1837845456 tempest-BulkNetworkOpsTest-1837845456-project] Publish callbacks ['neutron.plugins.ml2.plugin.Ml2Plugin._handle_segment_change-707830', 'neutron.services.segments.plugin.NovaSegmentNotifier._notify_segment_deleted-13325173'] for segment (828c42d7-e066-4c2f-9069-dbd2e66795b5), after_delete {{(pid=103262) _notify_loop /usr/local/lib/python3.8/dist-packages/neutron_lib/callbacks/manager.py:176}}
Jan 11 11:07:28.253715 dv-neutron-823791-2-hyperv neutron-server[103262]: /usr/lib/python3/dist-packages/secretstorage/dhcrypto.py:15: CryptographyDeprecationWarning: int_from_bytes is deprecated, use int.from_bytes instead
Jan 11 11:07:28.253715 dv-neutron-823791-2-hyperv neutron-server[103262]: from cryptography.utils import int_from_bytes
Jan 11 11:07:28.253715 dv-neutron-823791-2-hyperv neutron-server[103262]: /usr/lib/python3/dist-packages/secretstorage/util.py:19: CryptographyDeprecationWarning: int_from_bytes is deprecated, use int.from_bytes instead
Jan 11 11:07:28.253715 dv-neutron-823791-2-hyperv neutron-server[103262]: from cryptography.utils import int_from_bytes
Jan 11 11:07:28.253715 dv-neutron-823791-2-hyperv neutron-server[103262]: Traceback (most recent call last):
Jan 11 11:07:28.253715 dv-neutron-823791-2-hyperv neutron-server[103262]: File "/usr/local/lib/python3.8/dist-packages/eventlet/hubs/hub.py", line 476, in fire_timers
Jan 11 11:07:28.253715 dv-neutron-823791-2-hyperv neutron-server[103262]: timer()
Jan 11 11:07:28.253715 dv-neutron-823791-2-hyperv neutron-server[103262]: File "/usr/local/lib/python3.8/dist-packages/eventlet/hubs/timer.py", line 59, in __call__
Jan 11 11:07:28.253715 dv-neutron-823791-2-hyperv neutron-server[103262]: cb(*args, **kw)
Jan 11 11:07:28.253715 dv-neutron-823791-2-hyperv neutron-server[103262]: File "/opt/stack/neutron/neutron/common/utils.py", line 921, in wrapper
Jan 11 11:07:28.253715 dv-neutron-823791-2-hyperv neutron-server[103262]: return func(*args, **kwargs)
Jan 11 11:07:28.253715 dv-neutron-823791-2-hyperv neutron-server[103262]: File "/opt/stack/neutron/neutron/notifiers/batch_notifier.py", line 58, in synced_send
Jan 11 11:07:28.253715 dv-neutron-823791-2-hyperv neutron-server[103262]: self._notify()
Jan 11 11:07:28.253715 dv-neutron-823791-2-hyperv neutron-server[103262]: File "/opt/stack/neutron/neutron/notifiers/batch_notifier.py", line 69, in _notify
Jan 11 11:07:28.253715 dv-neutron-823791-2-hyperv neutron-server[103262]: self.callback(batched_events)
Jan 11 11:07:28.253715 dv-neutron-823791-2-hyperv neutron-server[103262]: File "/opt/stack/neutron/neutron/services/segments/plugin.py", line 211, in _send_notifications
Jan 11 11:07:28.253715 dv-neutron-823791-2-hyperv neutron-server[103262]: event.method(event)
Jan 11 11:07:28.253715 dv-neutron-823791-2-hyperv neutron-server[103262]: File "/opt/stack/neutron/neutron/services/segments/plugin.py", line 383, in _delete_nova_inventory
Jan 11 11:07:28.253715 dv-neutron-823791-2-hyperv neutron-server[103262]: aggregate_id = self._get_aggregate_id(event.segment_id)
Jan 11 11:07:28.253715 dv-neutron-823791-2-hyperv neutron-server[103262]: File "/opt/stack/neutron/neutron/services/segments/plugin.py", line 370, in _get_aggregate_id
Jan 11 11:07:28.253715 dv-neutron-823791-2-hyperv neutron-server[103262]: aggregate_uuid = self.p_client.list_aggregates(
Jan 11 11:07:28.253715 dv-neutron-823791-2-hyperv neutron-server[103262]: File "/usr/local/lib/python3.8/dist-packages/neutron_lib/placement/client.py", line 58, in wrapper
Jan 11 11:07:28.253715 dv-neutron-823791-2-hyperv neutron-server[103262]: return f(self, *a, **k)
Jan 11 11:07:28.253715 dv-neutron-823791-2-hyperv neutron-server[103262]: File "/usr/local/lib/python3.8/dist-packages/neutron_lib/placement/client.py", line 554, in list_aggregates
Jan 11 11:07:28.253715 dv-neutron-823791-2-hyperv neutron-server[103262]: return self._get(url).json()
Jan 11 11:07:28.253715 dv-neutron-823791-2-hyperv neutron-server[103262]: File "/usr/local/lib/python3.8/dist-packages/neutron_lib/placement/client.py", line 190, in _get
Jan 11 11:07:28.253715 dv-neutron-823791-2-hyperv neutron-server[103262]: return self._client.get(url, endpoint_filter=self._ks_filter,
Jan 11 11:07:28.253715 dv-neutron-823791-2-hyperv neutron-server[103262]: File "/usr/local/lib/python3.8/dist-packages/keystoneauth1/session.py", line 1141, in get
Jan 11 11:07:28.253715 dv-neutron-823791-2-hyperv neutron-server[103262]: return self.request(url, 'GET', **kwargs)
Jan 11 11:07:28.253715 dv-neutron-823791-2-hyperv neutron-server[103262]: File "/usr/local/lib/python3.8/dist-packages/keystoneauth1/session.py", line 811, in request
Jan 11 11:07:28.253715 dv-neutron-823791-2-hyperv neutron-server[103262]: base_url = self.get_endpoint(auth, allow=allow,
Jan 11 11:07:28.253715 dv-neutron-823791-2-hyperv neutron-server[103262]: File "/usr/local/lib/python3.8/dist-packages/keystoneauth1/session.py", line 1241, in get_endpoint
Jan 11 11:07:28.253715 dv-neutron-823791-2-hyperv neutron-server[103262]: auth = self._auth_required(auth, 'determine endpoint URL')
Jan 11 11:07:28.253715 dv-neutron-823791-2-hyperv neutron-server[103262]: File "/usr/local/lib/python3.8/dist-packages/keystoneauth1/session.py", line 1181, in _auth_required
Jan 11 11:07:28.253715 dv-neutron-823791-2-hyperv neutron-server[103262]: raise exceptions.MissingAuthPlugin(msg_fmt % msg)
Jan 11 11:07:28.253715 dv-neutron-823791-2-hyperv neutron-server[103262]: keystoneauth1.exceptions.auth_plugins.MissingAuthPlugin: An auth plugin is required to determine endpoint URL
Jan 11 11:07:28.313514 dv-neutron-823791-2-hyperv neutron-server[103262]: DEBUG neutron.api.rpc.handlers.resources_rpc [None req-e2cbabbe-3931-4b64-a14e-26b6453a58e9 admin admin] Pushing event updated for resources: {'Subnet': ['ID=e5be6d99-59d0-4a91-b100-b67db8991c74,revision_number=0']} {{(pid=103262) push /opt/stack/neutron/neutron/api/rpc/handlers/resources_rpc.py:237}}
Jan 11 11:07:28.316458 dv-neutron-823791-2-hyperv neutron-server[103262]: DEBUG neutron.pecan_wsgi.hooks.quota_enforcement [None req-a883783c-3376-4a21-bb7c-83959d2130a9 tempest-RoutersAdminNegativeTest-447552815 tempest-RoutersAdminNegativeTest-447552815-project-admin] Made reservation on behalf of 8c0071cc1a7f4b07bc96fd2c6301d84b for: {'port': 1} {{(pid=103262) before /opt/stack/neutron/neutron/pecan_wsgi/hooks/quota_enforcement.py:53}}
Jan 11 11:07:28.319138 dv-neutron-823791-2-hyperv neutron-server[103262]: DEBUG neutron_lib.callbacks.manager [None req-a883783c-3376-4a21-bb7c-83959d2130a9 tempest-RoutersAdminNegativeTest-447552815 tempest-RoutersAdminNegativeTest-447552815-project-admin] Publish callbacks ['neutron.plugins.ml2.plugin.SecurityGroupDbMixin._ensure_default_security_group_handler-555838'] for port (None), before_create {{(pid=103262) _notify_loop /usr/local/lib/python3.8/dist-packages/neutron_lib/callbacks/manager.py:176}}
Jan 11 11:07:28.342473 dv-neutron-823791-2-hyperv neutron-server[103262]: DEBUG neutron.wsgi [-] (103262) accepted ('10.222.0.53', 39378) {{(pid=103262) server /usr/local/lib/python3.8/dist-packages/eventlet/wsgi.py:1004}}
Jan 11 11:07:28.343524 dv-neutron-823791-2-hyperv neutron-server[103262]: DEBUG neutron_lib.callbacks.manager [None req-a883783c-3376-4a21-bb7c-83959d2130a9 tempest-RoutersAdminNegativeTest-447552815 tempest-RoutersAdminNegativeTest-447552815-project-admin] Publish callbacks [] for security_group (None), before_create {{(pid=103262) _notify_loop /usr/local/lib/python3.8/dist-packages/neutron_lib/callbacks/manager.py:176}}
Jan 11 11:07:28.457628 dv-neutron-823791-2-hyperv neutron-server[103262]: DEBUG neutron_lib.callbacks.manager [None req-e9065ed9-7b65-4a63-87cf-1bd62b4bb82d tempest-BulkNetworkOpsTest-1837845456 tempest-BulkNetworkOpsTest-1837845456-project] Publish callbacks ['neutron.plugins.ml2.plugin.Ml2Plugin._network_delete_after_delete_handler-708955', 'neutron.plugins.ml2.ovo_rpc._ObjectChangeHandler.handle_event-458070', 'neutron.api.rpc.agentnotifiers.dhcp_rpc_agent_api.DhcpAgentNotifyAPI._native_event_send_dhcp_notification-16490476', 'neutron.services.l3_router.l3_router_plugin.DVRResourceOperationHandler.delete_fip_namespaces_for_ext_net-16378172'] for network (9f3dcbf6-cf74-41d1-bbc7-0d891495c799), after_delete {{(pid=103262) _notify_loop /usr/local/lib/python3.8/dist-packages/neutron_lib/callbacks/manager.py:176}}
Jan 11 11:07:28.459151 dv-neutron-823791-2-hyperv neutron-server[103263]: DEBUG neutron_lib.callbacks.manager [None req-83490ff6-ed0a-4177-826b-996a9fa79d5c tempest-ExternalNetworksTestJSON-1098310174 tempest-ExternalNetworksTestJSON-1098310174-project] Publish callbacks [] for security_group (d29aea51-7b98-451d-8c72-5f04ea48a1af), precommit_create {{(pid=103263) _notify_loop /usr/local/lib/python3.8/dist-packages/neutron_lib/callbacks/manager.py:176}}
Jan 11 11:07:28.461718 dv-neutron-823791-2-hyperv neutron-server[103262]: DEBUG neutron.plugins.ml2.drivers.mech_agent [None req-e2cbabbe-3931-4b64-a14e-26b6453a58e9 admin admin] Checking segment: {'id': '0daa72b3-d412-471a-ad98-49a4d4a6046e', 'network_type': 'vlan', 'physical_network': 'physnet1', 'segmentation_id': 577, 'network_id': 'a4b4ab66-d945-4d4b-947c-20eea7ef9256'} for mappings: {'physnet1': 'br-data'} with network types: ['local', 'flat', 'vlan'] {{(pid=103262) check_segment_for_agent /opt/stack/neutron/neutron/plugins/ml2/drivers/mech_agent.py:371}}
Jan 11 11:07:28.462078 dv-neutron-823791-2-hyperv neutron-server[103262]: DEBUG neutron.scheduler.dhcp_agent_scheduler [None req-e2cbabbe-3931-4b64-a14e-26b6453a58e9 admin admin] Network hostable DHCP agents. Network: a4b4ab66-d945-4d4b-947c-20eea7ef9256, hostable agents: ['9a23d9eb-dd74-4ab2-b427-e03908695bae'], hosted agents: [] {{(pid=103262) _get_network_hostable_dhcp_agents /opt/stack/neutron/neutron/scheduler/dhcp_agent_scheduler.py:329}}
Jan 11 11:07:28.510987 dv-neutron-823791-2-hyperv neutron-server[103263]: DEBUG neutron_lib.callbacks.manager [None req-618df708-aaa0-45ea-acb9-d97e280ed477 tempest-MeteringTestJSON-1552643870 tempest-MeteringTestJSON-1552643870-project-admin] Publish callbacks [] for metering_label_rule (None), before_response {{(pid=103263) _notify_loop /usr/local/lib/python3.8/dist-packages/neutron_lib/callbacks/manager.py:176}}
Jan 11 11:07:28.517176 dv-neutron-823791-2-hyperv neutron-server[103263]: INFO neutron.wsgi [None req-618df708-aaa0-45ea-acb9-d97e280ed477 tempest-MeteringTestJSON-1552643870 tempest-MeteringTestJSON-1552643870-project-admin] 10.222.0.53 "DELETE /v2.0/metering/metering-label-rules/eed5aaa4-388b-4dbe-a720-a6549a9bebcf HTTP/1.1" status: 204 len: 168 time: 0.2973311
Jan 11 11:07:28.518324 dv-neutron-823791-2-hyperv neutron-server[103263]: DEBUG neutron_lib.callbacks.manager [None req-83490ff6-ed0a-4177-826b-996a9fa79d5c tempest-ExternalNetworksTestJSON-1098310174 tempest-ExternalNetworksTestJSON-1098310174-project] Publish callbacks ['neutron.plugins.ml2.ovo_rpc._ObjectChangeHandler.handle_event-458020'] for security_group (d29aea51-7b98-451d-8c72-5f04ea48a1af), after_create {{(pid=103263) _notify_loop /usr/local/lib/python3.8/dist-packages/neutron_lib/callbacks/manager.py:176}}
Jan 11 11:07:28.527811 dv-neutron-823791-2-hyperv neutron-server[103263]: DEBUG neutron.wsgi [-] (103263) accepted ('10.222.0.53', 39382) {{(pid=103263) server /usr/local/lib/python3.8/dist-packages/eventlet/wsgi.py:1004}}
Jan 11 11:07:28.572600 dv-neutron-823791-2-hyperv neutron-server[103264]: DEBUG neutron.plugins.ml2.rpc [None req-0d7b9b10-b876-4ce0-9fef-c5249e4e4bfc None None] Device 0e52bf64-e238-485a-9298-6227e7228d43 up at agent ovs-agent-dv-neutron-823791-2-hyperv {{(pid=103264) update_device_up /opt/stack/neutron/neutron/plugins/ml2/rpc.py:296}}
Jan 11 11:07:28.584173 dv-neutron-823791-2-hyperv neutron-server[103263]: INFO neutron.wsgi [None req-c9e64f3d-c893-4b9e-8c9c-673fec913695 tempest-MeteringTestJSON-1552643870 tempest-MeteringTestJSON-1552643870-project-admin] 10.222.0.53 "GET /v2.0/metering/metering-label-rules?id=eed5aaa4-388b-4dbe-a720-a6549a9bebcf HTTP/1.1" status: 200 len: 221 time: 0.0423062
Jan 11 11:07:28.584173 dv-neutron-823791-2-hyperv neutron-server[103263]: DEBUG neutron.plugins.ml2.drivers.helpers [None req-83490ff6-ed0a-4177-826b-996a9fa79d5c tempest-ExternalNetworksTestJSON-1098310174 tempest-ExternalNetworksTestJSON-1098310174-project] vlan segment allocate from pool success with {'physical_network': 'physnet1', 'vlan_id': 596} {{(pid=103263) allocate_partially_specified_segment /opt/stack/neutron/neutron/plugins/ml2/drivers/helpers.py:153}}
Jan 11 11:07:28.588490 dv-neutron-823791-2-hyperv neutron-server[103263]: DEBUG neutron.wsgi [-] (103263) accepted ('10.222.0.53', 39386) {{(pid=103263) server /usr/local/lib/python3.8/dist-packages/eventlet/wsgi.py:1004}}
Jan 11 11:07:28.593513 dv-neutron-823791-2-hyperv neutron-server[103263]: DEBUG neutron_lib.callbacks.manager [None req-e7eb6b80-4518-46ed-910d-adddff7c3de1 tempest-ExternalNetworksAdminNegativeTestJSON-370473865 tempest-ExternalNetworksAdminNegativeTestJSON-370473865-project-admin] Publish callbacks [] for port (c43b3c0d-60c6-49ab-84fe-28a711c87100), precommit_create {{(pid=103263) _notify_loop /usr/local/lib/python3.8/dist-packages/neutron_lib/callbacks/manager.py:176}}
Jan 11 11:07:28.600212 dv-neutron-823791-2-hyperv neutron-server[103263]: DEBUG neutron.api.v2.base [None req-fb87a385-763c-454e-b629-33c4ec474df3 tempest-MeteringTestJSON-1552643870 tempest-MeteringTestJSON-1552643870-project-admin] Request body: {'metering_label': {'name': 'tempest-metering-label--776157701', 'description': 'label created by tempest'}} {{(pid=103263) prepare_request_body /opt/stack/neutron/neutron/api/v2/base.py:729}}
Jan 11 11:07:28.600668 dv-neutron-823791-2-hyperv neutron-server[103263]: DEBUG neutron.api.v2.base [None req-fb87a385-763c-454e-b629-33c4ec474df3 tempest-MeteringTestJSON-1552643870 tempest-MeteringTestJSON-1552643870-project-admin] Unknown quota resources ['metering_label']. {{(pid=103263) _create /opt/stack/neutron/neutron/api/v2/base.py:496}}
Jan 11 11:07:28.624996 dv-neutron-823791-2-hyperv neutron-server[103263]: DEBUG neutron_lib.callbacks.manager [None req-83490ff6-ed0a-4177-826b-996a9fa79d5c tempest-ExternalNetworksTestJSON-1098310174 tempest-ExternalNetworksTestJSON-1098310174-project] Publish callbacks ['neutron.plugins.ml2.plugin.Ml2Plugin._handle_segment_change-707830'] for segment (b221b245-d936-42d8-a662-938136f5c698), precommit_create {{(pid=103263) _notify_loop /usr/local/lib/python3.8/dist-packages/neutron_lib/callbacks/manager.py:176}}
Jan 11 11:07:28.625350 dv-neutron-823791-2-hyperv neutron-server[103263]: INFO neutron.db.segments_db [None req-83490ff6-ed0a-4177-826b-996a9fa79d5c tempest-ExternalNetworksTestJSON-1098310174 tempest-ExternalNetworksTestJSON-1098310174-project] Added segment b221b245-d936-42d8-a662-938136f5c698 of type vlan for network 42b2b637-4111-44dc-8a3f-5feb8ac58988
Jan 11 11:07:28.640896 dv-neutron-823791-2-hyperv neutron-server[103263]: DEBUG neutron.api.rpc.handlers.resources_rpc [None req-83490ff6-ed0a-4177-826b-996a9fa79d5c tempest-ExternalNetworksTestJSON-1098310174 tempest-ExternalNetworksTestJSON-1098310174-project] Pushing event updated for resources: {'SecurityGroup': ['ID=d29aea51-7b98-451d-8c72-5f04ea48a1af,revision_number=1']} {{(pid=103263) push /opt/stack/neutron/neutron/api/rpc/handlers/resources_rpc.py:237}}
Jan 11 11:07:28.644491 dv-neutron-823791-2-hyperv neutron-server[103262]: DEBUG neutron_lib.callbacks.manager [None req-e9065ed9-7b65-4a63-87cf-1bd62b4bb82d tempest-BulkNetworkOpsTest-1837845456 tempest-BulkNetworkOpsTest-1837845456-project] Publish callbacks ['neutron.api.rpc.agentnotifiers.dhcp_rpc_agent_api.DhcpAgentNotifyAPI._send_dhcp_notification-16490494'] for network (None), before_response {{(pid=103262) _notify_loop /usr/local/lib/python3.8/dist-packages/neutron_lib/callbacks/manager.py:176}}
Jan 11 11:07:28.648934 dv-neutron-823791-2-hyperv neutron-server[103264]: DEBUG neutron.db.provisioning_blocks [None req-0d7b9b10-b876-4ce0-9fef-c5249e4e4bfc None None] Provisioning complete for port 0e52bf64-e238-485a-9298-6227e7228d43 triggered by entity L2. {{(pid=103264) provisioning_complete /opt/stack/neutron/neutron/db/provisioning_blocks.py:139}}
Jan 11 11:07:28.649563 dv-neutron-823791-2-hyperv neutron-server[103264]: DEBUG neutron_lib.callbacks.manager [None req-0d7b9b10-b876-4ce0-9fef-c5249e4e4bfc None None] Publish callbacks ['neutron.plugins.ml2.plugin.Ml2Plugin._port_provisioned-711659'] for port (0e52bf64-e238-485a-9298-6227e7228d43), provisioning_complete {{(pid=103264) _notify_loop /usr/local/lib/python3.8/dist-packages/neutron_lib/callbacks/manager.py:176}}
Jan 11 11:07:28.651079 dv-neutron-823791-2-hyperv neutron-server[103262]: INFO neutron.wsgi [None req-e9065ed9-7b65-4a63-87cf-1bd62b4bb82d tempest-BulkNetworkOpsTest-1837845456 tempest-BulkNetworkOpsTest-1837845456-project] 10.222.0.53 "DELETE /v2.0/networks/9f3dcbf6-cf74-41d1-bbc7-0d891495c799 HTTP/1.1" status: 204 len: 168 time: 1.3697400
Jan 11 11:07:28.651999 dv-neutron-823791-2-hyperv neutron-server[103262]: DEBUG neutron.api.rpc.handlers.resources_rpc [None req-e9065ed9-7b65-4a63-87cf-1bd62b4bb82d tempest-BulkNetworkOpsTest-1837845456 tempest-BulkNetworkOpsTest-1837845456-project] Pushing event deleted for resources: {'Network': ['ID=9f3dcbf6-cf74-41d1-bbc7-0d891495c799,revision_number=None']} {{(pid=103262) push /opt/stack/neutron/neutron/api/rpc/handlers/resources_rpc.py:237}}
Jan 11 11:07:28.681479 dv-neutron-823791-2-hyperv neutron-server[103263]: DEBUG neutron.wsgi [-] (103263) accepted ('10.222.0.53', 39388) {{(pid=103263) server /usr/local/lib/python3.8/dist-packages/eventlet/wsgi.py:1004}}
Jan 11 11:07:28.699978 dv-neutron-823791-2-hyperv neutron-server[103262]: DEBUG neutron.api.v2.base [None req-b41a6fe3-259f-4e67-86b1-c259d7d0340a tempest-FloatingIPAdminTestJSON-421174690 tempest-FloatingIPAdminTestJSON-421174690-project] Request body: {'floatingip': {'floating_network_id': 'abc1867a-34e1-4ded-a5bf-6f8ca2dfa680'}} {{(pid=103262) prepare_request_body /opt/stack/neutron/neutron/api/v2/base.py:729}}
Jan 11 11:07:28.706987 dv-neutron-823791-2-hyperv neutron-server[103262]: DEBUG neutron_lib.callbacks.manager [None req-41229d77-dcd7-481c-a9f7-9120f0c8a21e admin admin] Publish callbacks [] for router_gateway (f0a4636c-5df6-46e6-99a7-c90e93bc5f9d), before_create {{(pid=103262) _notify_loop /usr/local/lib/python3.8/dist-packages/neutron_lib/callbacks/manager.py:176}}
Jan 11 11:07:28.734286 dv-neutron-823791-2-hyperv neutron-server[103264]: DEBUG neutron.plugins.ml2.plugin [None req-0d7b9b10-b876-4ce0-9fef-c5249e4e4bfc None None] Current status of the port 0e52bf64-e238-485a-9298-6227e7228d43 is: DOWN; New status is: ACTIVE {{(pid=103264) _update_individual_port_db_status /opt/stack/neutron/neutron/plugins/ml2/plugin.py:2213}}
Jan 11 11:07:28.734825 dv-neutron-823791-2-hyperv neutron-server[103264]: DEBUG neutron_lib.callbacks.manager [None req-0d7b9b10-b876-4ce0-9fef-c5249e4e4bfc None None] Publish callbacks ['neutron.plugins.ml2.plugin.SecurityGroupDbMixin._ensure_default_security_group_handler-555838'] for port (0e52bf64-e238-485a-9298-6227e7228d43), before_update {{(pid=103264) _notify_loop /usr/local/lib/python3.8/dist-packages/neutron_lib/callbacks/manager.py:176}}
Jan 11 11:07:28.751265 dv-neutron-823791-2-hyperv neutron-server[103262]: DEBUG neutron_lib.callbacks.manager [None req-41229d77-dcd7-481c-a9f7-9120f0c8a21e admin admin] Publish callbacks ['neutron.plugins.ml2.plugin.SecurityGroupDbMixin._ensure_default_security_group_handler-555838'] for port (None), before_create {{(pid=103262) _notify_loop /usr/local/lib/python3.8/dist-packages/neutron_lib/callbacks/manager.py:176}}
Jan 11 11:07:28.753077 dv-neutron-823791-2-hyperv neutron-server[103262]: DEBUG neutron_lib.callbacks.manager [None req-b41a6fe3-259f-4e67-86b1-c259d7d0340a tempest-FloatingIPAdminTestJSON-421174690 tempest-FloatingIPAdminTestJSON-421174690-project] Publish callbacks [] for floatingip (None), before_create {{(pid=103262) _notify_loop /usr/local/lib/python3.8/dist-packages/neutron_lib/callbacks/manager.py:176}}
Jan 11 11:07:28.773925 dv-neutron-823791-2-hyperv neutron-server[103264]: DEBUG neutron.plugins.ml2.db [None req-0d7b9b10-b876-4ce0-9fef-c5249e4e4bfc None None] For port 0e52bf64-e238-485a-9298-6227e7228d43, host dv-neutron-823791-2-hyperv, got binding levels [PortBindingLevel(driver='openvswitch',host='dv-neutron-823791-2-hyperv',level=0,port_id=0e52bf64-e238-485a-9298-6227e7228d43,segment=NetworkSegment(efb03e3c-6c1a-4620-af12-85876cbe69db),segment_id=efb03e3c-6c1a-4620-af12-85876cbe69db)] {{(pid=103264) get_binding_level_objs /opt/stack/neutron/neutron/plugins/ml2/db.py:74}}
Jan 11 11:07:28.779563 dv-neutron-823791-2-hyperv neutron-server[103264]: DEBUG neutron_lib.callbacks.manager [None req-0d7b9b10-b876-4ce0-9fef-c5249e4e4bfc None None] Publish callbacks ['neutron.plugins.ml2.plugin.SecurityGroupServerNotifierRpcMixin._notify_sg_on_port_change-555903', 'neutron.plugins.ml2.ovo_rpc._ObjectChangeHandler.handle_event-113038', 'neutron.api.rpc.agentnotifiers.dhcp_rpc_agent_api.DhcpAgentNotifyAPI._native_event_send_dhcp_notification-16490476', 'neutron.db.l3_db.L3RpcNotifierMixin._notify_gateway_port_ip_changed-8787243065474', 'neutron.db.l3_dvrscheduler_db._notify_l3_agent_port_update-8787242594106', 'neutron.db.l3_hascheduler_db._notify_l3_agent_ha_port_update-8787242594124'] for port (0e52bf64-e238-485a-9298-6227e7228d43), after_update {{(pid=103264) _notify_loop /usr/local/lib/python3.8/dist-packages/neutron_lib/callbacks/manager.py:176}}
Jan 11 11:07:28.780673 dv-neutron-823791-2-hyperv neutron-server[103262]: DEBUG neutron.scheduler.dhcp_agent_scheduler [None req-e2cbabbe-3931-4b64-a14e-26b6453a58e9 admin admin] Network a4b4ab66-d945-4d4b-947c-20eea7ef9256 is scheduled to be hosted by DHCP agent 9a23d9eb-dd74-4ab2-b427-e03908695bae with binding_index 1 {{(pid=103262) bind /opt/stack/neutron/neutron/scheduler/dhcp_agent_scheduler.py:227}}
Jan 11 11:07:28.816146 dv-neutron-823791-2-hyperv neutron-server[103263]: DEBUG neutron_lib.callbacks.manager [None req-83490ff6-ed0a-4177-826b-996a9fa79d5c tempest-ExternalNetworksTestJSON-1098310174 tempest-ExternalNetworksTestJSON-1098310174-project] Publish callbacks ['neutron.services.auto_allocate.db._ensure_external_network_default_value_callback-8787242580345'] for network (42b2b637-4111-44dc-8a3f-5feb8ac58988), precommit_create {{(pid=103263) _notify_loop /usr/local/lib/python3.8/dist-packages/neutron_lib/callbacks/manager.py:176}}
Jan 11 11:07:28.843709 dv-neutron-823791-2-hyperv neutron-server[103264]: DEBUG neutron.api.rpc.handlers.resources_rpc [None req-0d7b9b10-b876-4ce0-9fef-c5249e4e4bfc None None] Pushing event updated for resources: {'Port': ['ID=0e52bf64-e238-485a-9298-6227e7228d43,revision_number=3']} {{(pid=103264) push /opt/stack/neutron/neutron/api/rpc/handlers/resources_rpc.py:237}}
Jan 11 11:07:28.868783 dv-neutron-823791-2-hyperv neutron-server[103262]: DEBUG neutron.scheduler.base_scheduler [None req-e2cbabbe-3931-4b64-a14e-26b6453a58e9 admin admin] Resources bound (agent type, host, resource id): (DHCP agent, dv-neutron-823791-2-hyperv, a4b4ab66-d945-4d4b-947c-20eea7ef9256) {{(pid=103262) schedule /opt/stack/neutron/neutron/scheduler/base_scheduler.py:57}}
Jan 11 11:07:28.881286 dv-neutron-823791-2-hyperv neutron-server[103264]: DEBUG neutron.api.rpc.handlers.dhcp_rpc [None req-3ce6ea62-6d77-401a-b04e-9d71ffaf5d5f None None] Network a4b4ab66-d945-4d4b-947c-20eea7ef9256 requested from dv-neutron-823791-2-hyperv {{(pid=103264) get_network_info /opt/stack/neutron/neutron/api/rpc/handlers/dhcp_rpc.py:219}}
Jan 11 11:07:28.898887 dv-neutron-823791-2-hyperv neutron-server[103262]: DEBUG neutron.pecan_wsgi.hooks.policy_enforcement [None req-e2cbabbe-3931-4b64-a14e-26b6453a58e9 admin admin] Attributes excluded by policy engine: ['standard_attr_id', 'shared', 'network'] {{(pid=103262) _exclude_attributes_by_policy /opt/stack/neutron/neutron/pecan_wsgi/hooks/policy_enforcement.py:255}}
Jan 11 11:07:28.899491 dv-neutron-823791-2-hyperv neutron-server[103262]: DEBUG neutron_lib.callbacks.manager [None req-e2cbabbe-3931-4b64-a14e-26b6453a58e9 admin admin] Publish callbacks ['neutron.api.rpc.agentnotifiers.dhcp_rpc_agent_api.DhcpAgentNotifyAPI._send_dhcp_notification-16490494'] for subnet (None), before_response {{(pid=103262) _notify_loop /usr/local/lib/python3.8/dist-packages/neutron_lib/callbacks/manager.py:176}}
Jan 11 11:07:28.983729 dv-neutron-823791-2-hyperv neutron-server[103262]: INFO neutron.wsgi [None req-e2cbabbe-3931-4b64-a14e-26b6453a58e9 admin admin] 10.222.0.53 "POST /v2.0/subnets HTTP/1.1" status: 201 len: 848 time: 2.3420956
Jan 11 11:07:28.984792 dv-neutron-823791-2-hyperv neutron-server[103262]: DEBUG neutron.wsgi [-] (103262) accepted ('10.222.0.53', 39390) {{(pid=103262) server /usr/local/lib/python3.8/dist-packages/eventlet/wsgi.py:1004}}
Jan 11 11:07:29.005703 dv-neutron-823791-2-hyperv neutron-server[103262]: DEBUG neutron.api.v2.base [None req-a28a6558-2c99-47e6-8795-f8fc41a37697 admin admin] Request body: {'router': {'name': 'tempest-ServersTestManualDisk-1257484364-router', 'tenant_id': '71957a75b65a4e91b6858029d011886e', 'external_gateway_info': {'network_id': 'abc1867a-34e1-4ded-a5bf-6f8ca2dfa680'}}} {{(pid=103262) prepare_request_body /opt/stack/neutron/neutron/api/v2/base.py:729}}
Jan 11 11:07:29.008312 dv-neutron-823791-2-hyperv neutron-server[103263]: DEBUG neutron.pecan_wsgi.hooks.policy_enforcement [None req-b86967e4-55ed-4229-b916-cd2949e2e034 tempest-BulkNetworkOpsTest-1837845456 tempest-BulkNetworkOpsTest-1837845456-project] Attributes excluded by policy engine: ['standard_attr_id', 'vlan_transparent', 'provider:network_type', 'provider:physical_network', 'provider:segmentation_id'] {{(pid=103263) _exclude_attributes_by_policy /opt/stack/neutron/neutron/pecan_wsgi/hooks/policy_enforcement.py:255}}
Jan 11 11:07:29.017523 dv-neutron-823791-2-hyperv neutron-server[103263]: DEBUG neutron.pecan_wsgi.hooks.policy_enforcement [None req-b86967e4-55ed-4229-b916-cd2949e2e034 tempest-BulkNetworkOpsTest-1837845456 tempest-BulkNetworkOpsTest-1837845456-project] Attributes excluded by policy engine: ['standard_attr_id', 'vlan_transparent', 'provider:network_type', 'provider:physical_network', 'provider:segmentation_id'] {{(pid=103263) _exclude_attributes_by_policy /opt/stack/neutron/neutron/pecan_wsgi/hooks/policy_enforcement.py:255}}
Jan 11 11:07:29.022989 dv-neutron-823791-2-hyperv neutron-server[103264]: DEBUG neutron.api.rpc.handlers.dhcp_rpc [None req-5b757e8d-0ece-4fa8-9a83-96793b769b92 None None] Create dhcp port {'port': {'name': '', 'admin_state_up': True, 'device_id': 'dhcp1690a14a-556b-51f3-a903-e73ea0782fdf-a4b4ab66-d945-4d4b-947c-20eea7ef9256', 'network_id': 'a4b4ab66-d945-4d4b-947c-20eea7ef9256', 'project_id': '71957a75b65a4e91b6858029d011886e', 'fixed_ips': [{'subnet_id': 'e5be6d99-59d0-4a91-b100-b67db8991c74'}]}} from dv-neutron-823791-2-hyperv. {{(pid=103264) create_dhcp_port /opt/stack/neutron/neutron/api/rpc/handlers/dhcp_rpc.py:296}}
Jan 11 11:07:29.023192 dv-neutron-823791-2-hyperv neutron-server[103263]: INFO neutron.wsgi [None req-b86967e4-55ed-4229-b916-cd2949e2e034 tempest-BulkNetworkOpsTest-1837845456 tempest-BulkNetworkOpsTest-1837845456-project] 10.222.0.53 "GET /v2.0/networks HTTP/1.1" status: 200 len: 1339 time: 0.3366613
