Jan 11 11:07:45.526768 dv-neutron-823791-2-hyperv neutron-server[103263]: DEBUG neutron.plugins.ml2.managers [None req-3777e833-8699-4335-8f9e-ea19bc8b1c8d tempest-PortsAdminExtendedAttrsIpV6TestJSON-2103339826 tempest-PortsAdminExtendedAttrsIpV6TestJSON-2103339826-project-admin] Attempting to bind port 5faceb65-fcd1-4112-9ebd-4c2cd6be2636 by drivers openvswitch,hyperv on host hv-neutron-8237 at level 0 using segments [{'id': '2db12a98-93d2-4bdc-8918-21bc26137e2c', 'network_type': 'vlan', 'physical_network': 'physnet1', 'segmentation_id': 576, 'network_id': 'f089dbe3-1cad-4ce2-8e0d-db1ae65ae572'}] {{(pid=103263) _bind_port_level /opt/stack/neutron/neutron/plugins/ml2/managers.py:820}}
Jan 11 11:07:45.526768 dv-neutron-823791-2-hyperv neutron-server[103263]: DEBUG neutron.plugins.ml2.drivers.mech_agent [None req-3777e833-8699-4335-8f9e-ea19bc8b1c8d tempest-PortsAdminExtendedAttrsIpV6TestJSON-2103339826 tempest-PortsAdminExtendedAttrsIpV6TestJSON-2103339826-project-admin] Attempting to bind port 5faceb65-fcd1-4112-9ebd-4c2cd6be2636 on network f089dbe3-1cad-4ce2-8e0d-db1ae65ae572 {{(pid=103263) bind_port /opt/stack/neutron/neutron/plugins/ml2/drivers/mech_agent.py:91}}
Jan 11 11:07:45.528280 dv-neutron-823791-2-hyperv neutron-server[103264]: DEBUG neutron_lib.callbacks.manager [None req-036743cd-b3fd-415e-9c2c-d459380131c0 None None] Publish callbacks [] for ovs_bridge_name (None), before_read {{(pid=103264) _notify_loop /usr/local/lib/python3.8/dist-packages/neutron_lib/callbacks/manager.py:176}}
Jan 11 11:07:45.528741 dv-neutron-823791-2-hyperv neutron-server[103264]: DEBUG neutron.plugins.ml2.drivers.mech_agent [None req-036743cd-b3fd-415e-9c2c-d459380131c0 None None] Bound using segment: {'id': '67de20a3-3477-42ee-b3e8-3f4f21c65334', 'network_type': 'vlan', 'physical_network': 'physnet1', 'segmentation_id': 565, 'network_id': '1a00bd7e-5806-4929-8814-5b90f759bb59'} {{(pid=103264) bind_port /opt/stack/neutron/neutron/plugins/ml2/drivers/mech_agent.py:120}}
Jan 11 11:07:45.529261 dv-neutron-823791-2-hyperv neutron-server[103264]: DEBUG neutron.plugins.ml2.managers [None req-036743cd-b3fd-415e-9c2c-d459380131c0 None None] Bound port: 2db16cf7-75fa-4d7e-88d6-4b5d43ade357, host: dv-neutron-823791-2-hyperv, vif_type: ovs, vif_details: {"connectivity": "l2", "port_filter": true, "ovs_hybrid_plug": false, "datapath_type": "system", "bridge_name": "br-int"}, binding_levels: [{'bound_driver': 'openvswitch', 'bound_segment': {'id': '67de20a3-3477-42ee-b3e8-3f4f21c65334', 'network_type': 'vlan', 'physical_network': 'physnet1', 'segmentation_id': 565, 'network_id': '1a00bd7e-5806-4929-8814-5b90f759bb59'}}] {{(pid=103264) _bind_port_level /opt/stack/neutron/neutron/plugins/ml2/managers.py:932}}
Jan 11 11:07:45.529838 dv-neutron-823791-2-hyperv neutron-server[103264]: DEBUG neutron_lib.callbacks.manager [None req-036743cd-b3fd-415e-9c2c-d459380131c0 None None] Publish callbacks ['neutron.plugins.ml2.plugin.SecurityGroupDbMixin._ensure_default_security_group_handler-555838'] for port (2db16cf7-75fa-4d7e-88d6-4b5d43ade357), before_update {{(pid=103264) _notify_loop /usr/local/lib/python3.8/dist-packages/neutron_lib/callbacks/manager.py:176}}
Jan 11 11:07:45.536824 dv-neutron-823791-2-hyperv neutron-server[103265]: DEBUG neutron.plugins.ml2.managers [None req-3dc13470-3d46-431c-9acb-9231f1d21524 None None] Attempting to bind port 6dc87598-c219-4124-a06a-9268376f7506 on host dv-neutron-823791-2-hyperv for vnic_type normal with profile {{(pid=103265) bind_port /opt/stack/neutron/neutron/plugins/ml2/managers.py:795}}
Jan 11 11:07:45.537202 dv-neutron-823791-2-hyperv neutron-server[103265]: DEBUG neutron.plugins.ml2.managers [None req-3dc13470-3d46-431c-9acb-9231f1d21524 None None] Attempting to bind port 6dc87598-c219-4124-a06a-9268376f7506 by drivers openvswitch,hyperv on host dv-neutron-823791-2-hyperv at level 0 using segments [{'id': '0daa72b3-d412-471a-ad98-49a4d4a6046e', 'network_type': 'vlan', 'physical_network': 'physnet1', 'segmentation_id': 577, 'network_id': 'a4b4ab66-d945-4d4b-947c-20eea7ef9256'}] {{(pid=103265) _bind_port_level /opt/stack/neutron/neutron/plugins/ml2/managers.py:820}}
Jan 11 11:07:45.537746 dv-neutron-823791-2-hyperv neutron-server[103265]: DEBUG neutron.plugins.ml2.drivers.mech_agent [None req-3dc13470-3d46-431c-9acb-9231f1d21524 None None] Attempting to bind port 6dc87598-c219-4124-a06a-9268376f7506 on network a4b4ab66-d945-4d4b-947c-20eea7ef9256 {{(pid=103265) bind_port /opt/stack/neutron/neutron/plugins/ml2/drivers/mech_agent.py:91}}
Jan 11 11:07:45.554127 dv-neutron-823791-2-hyperv neutron-server[103265]: DEBUG neutron.plugins.ml2.drivers.mech_agent [None req-3dc13470-3d46-431c-9acb-9231f1d21524 None None] Checking agent: {'id': 'c6ad2951-e446-4971-bc76-b7b566dbfd2d', 'agent_type': 'Open vSwitch agent', 'binary': 'neutron-openvswitch-agent', 'topic': 'N/A', 'host': 'dv-neutron-823791-2-hyperv', 'admin_state_up': True, 'created_at': datetime.datetime(2022, 1, 11, 11, 0, 8), 'started_at': datetime.datetime(2022, 1, 11, 11, 0, 38), 'heartbeat_timestamp': datetime.datetime(2022, 1, 11, 11, 7, 38), 'description': None, 'resources_synced': None, 'availability_zone': None, 'alive': True, 'configurations': {'arp_responder_enabled': False, 'baremetal_smartnic': False, 'bridge_mappings': {'physnet1': 'br-data'}, 'datapath_type': 'system', 'devices': 0, 'enable_distributed_routing': False, 'extensions': [], 'in_distributed_mode': False, 'integration_bridge': 'br-int', 'l2_population': False, 'log_agent_heartbeats': False, 'ovs_capabilities': {'datapath_types': ['netdev', 'system'], 'iface_types': ['erspan', 'geneve', 'gre', 'internal', 'ip6erspan', 'ip6gre', 'lisp', 'patch', 'stt', 'system', 'tap', 'vxlan']}, 'ovs_hybrid_plug': False, 'resource_provider_bandwidths': {}, 'resource_provider_hypervisors': {'br-data': 'dv-neutron-823791-2-hyperv'}, 'resource_provider_inventory_defaults': {'allocation_ratio': 1.0, 'min_unit': 1, 'step_size': 1, 'reserved': 0}, 'resource_provider_packet_processing_inventory_defaults': {'allocation_ratio': 1.0, 'min_unit': 1, 'step_size': 1, 'reserved': 0}, 'resource_provider_packet_processing_with_direction': {}, 'resource_provider_packet_processing_without_direction': {}, 'tunnel_types': [], 'tunneling_ip': None, 'vhostuser_socket_dir': '/var/run/openvswitch'}, 'resource_versions': {'AddressGroup': '1.2', 'ConntrackHelper': '1.0', 'LocalIPAssociation': '1.0', 'Log': '1.0', 'Network': '1.1', 'Port': '1.7', 'PortForwarding': '1.2', 'QosPolicy': '1.10', 'SecurityGroup': '1.5', 'SecurityGroupRule': '1.2', 'SubPort': '1.0', 'Subnet': '1.1', 'Trunk': '1.1'}} {{(pid=103265) bind_port /opt/stack/neutron/neutron/plugins/ml2/drivers/mech_agent.py:110}}
Jan 11 11:07:45.554701 dv-neutron-823791-2-hyperv neutron-server[103265]: DEBUG neutron.plugins.ml2.drivers.mech_agent [None req-3dc13470-3d46-431c-9acb-9231f1d21524 None None] Checking segment: {'id': '0daa72b3-d412-471a-ad98-49a4d4a6046e', 'network_type': 'vlan', 'physical_network': 'physnet1', 'segmentation_id': 577, 'network_id': 'a4b4ab66-d945-4d4b-947c-20eea7ef9256'} for mappings: {'physnet1': 'br-data'} with network types: ['local', 'flat', 'vlan'] {{(pid=103265) check_segment_for_agent /opt/stack/neutron/neutron/plugins/ml2/drivers/mech_agent.py:371}}
Jan 11 11:07:45.555099 dv-neutron-823791-2-hyperv neutron-server[103265]: DEBUG neutron_lib.callbacks.manager [None req-3dc13470-3d46-431c-9acb-9231f1d21524 None None] Publish callbacks [] for ovs_bridge_name (None), before_read {{(pid=103265) _notify_loop /usr/local/lib/python3.8/dist-packages/neutron_lib/callbacks/manager.py:176}}
Jan 11 11:07:45.555499 dv-neutron-823791-2-hyperv neutron-server[103265]: DEBUG neutron.plugins.ml2.drivers.mech_agent [None req-3dc13470-3d46-431c-9acb-9231f1d21524 None None] Bound using segment: {'id': '0daa72b3-d412-471a-ad98-49a4d4a6046e', 'network_type': 'vlan', 'physical_network': 'physnet1', 'segmentation_id': 577, 'network_id': 'a4b4ab66-d945-4d4b-947c-20eea7ef9256'} {{(pid=103265) bind_port /opt/stack/neutron/neutron/plugins/ml2/drivers/mech_agent.py:120}}
Jan 11 11:07:45.555981 dv-neutron-823791-2-hyperv neutron-server[103265]: DEBUG neutron.plugins.ml2.managers [None req-3dc13470-3d46-431c-9acb-9231f1d21524 None None] Bound port: 6dc87598-c219-4124-a06a-9268376f7506, host: dv-neutron-823791-2-hyperv, vif_type: ovs, vif_details: {"connectivity": "l2", "port_filter": true, "ovs_hybrid_plug": false, "datapath_type": "system", "bridge_name": "br-int"}, binding_levels: [{'bound_driver': 'openvswitch', 'bound_segment': {'id': '0daa72b3-d412-471a-ad98-49a4d4a6046e', 'network_type': 'vlan', 'physical_network': 'physnet1', 'segmentation_id': 577, 'network_id': 'a4b4ab66-d945-4d4b-947c-20eea7ef9256'}}] {{(pid=103265) _bind_port_level /opt/stack/neutron/neutron/plugins/ml2/managers.py:932}}
Jan 11 11:07:45.556386 dv-neutron-823791-2-hyperv neutron-server[103265]: DEBUG neutron_lib.callbacks.manager [None req-3dc13470-3d46-431c-9acb-9231f1d21524 None None] Publish callbacks ['neutron.plugins.ml2.plugin.SecurityGroupDbMixin._ensure_default_security_group_handler-555838'] for port (6dc87598-c219-4124-a06a-9268376f7506), before_update {{(pid=103265) _notify_loop /usr/local/lib/python3.8/dist-packages/neutron_lib/callbacks/manager.py:176}}
Jan 11 11:07:45.566417 dv-neutron-823791-2-hyperv neutron-server[103262]: DEBUG neutron_lib.callbacks.manager [None req-45a0b77d-8fe5-4fad-91d8-557b607f0019 tempest-ExternalNetworksTestJSON-532856384 tempest-ExternalNetworksTestJSON-532856384-project-admin] Publish callbacks ['neutron.plugins.ml2.plugin.Ml2Plugin._subnet_delete_after_delete_handler-710092', 'neutron.plugins.ml2.ovo_rpc._ObjectChangeHandler.handle_event-458235', 'neutron.api.rpc.agentnotifiers.dhcp_rpc_agent_api.DhcpAgentNotifyAPI._native_event_send_dhcp_notification-16490476', 'neutron.services.segments.plugin.NovaSegmentNotifier._notify_subnet_deleted-13325215', 'neutron.services.segments.plugin.SegmentHostRoutes.host_routes_after_delete-13272903'] for subnet (f1176238-76af-4169-ba71-90320053d1be), after_delete {{(pid=103262) _notify_loop /usr/local/lib/python3.8/dist-packages/neutron_lib/callbacks/manager.py:176}}
Jan 11 11:07:45.681682 dv-neutron-823791-2-hyperv neutron-server[103262]: DEBUG neutron.api.rpc.handlers.resources_rpc [None req-45a0b77d-8fe5-4fad-91d8-557b607f0019 tempest-ExternalNetworksTestJSON-532856384 tempest-ExternalNetworksTestJSON-532856384-project-admin] Pushing event deleted for resources: {'Subnet': ['ID=f1176238-76af-4169-ba71-90320053d1be,revision_number=None']} {{(pid=103262) push /opt/stack/neutron/neutron/api/rpc/handlers/resources_rpc.py:237}}
Jan 11 11:07:45.711730 dv-neutron-823791-2-hyperv neutron-server[103265]: DEBUG neutron.plugins.ml2.db [None req-3dc13470-3d46-431c-9acb-9231f1d21524 None None] For port 6dc87598-c219-4124-a06a-9268376f7506, host dv-neutron-823791-2-hyperv, cleared binding levels {{(pid=103265) clear_binding_levels /opt/stack/neutron/neutron/plugins/ml2/db.py:87}}
Jan 11 11:07:45.716131 dv-neutron-823791-2-hyperv neutron-server[103265]: DEBUG neutron.plugins.ml2.db [None req-3dc13470-3d46-431c-9acb-9231f1d21524 None None] For port 6dc87598-c219-4124-a06a-9268376f7506, host dv-neutron-823791-2-hyperv, set binding levels [PortBindingLevel(driver='openvswitch',host='dv-neutron-823791-2-hyperv',level=0,port_id=6dc87598-c219-4124-a06a-9268376f7506,segment=NetworkSegment(0daa72b3-d412-471a-ad98-49a4d4a6046e),segment_id=0daa72b3-d412-471a-ad98-49a4d4a6046e)] {{(pid=103265) set_binding_levels /opt/stack/neutron/neutron/plugins/ml2/db.py:59}}
Jan 11 11:07:45.722754 dv-neutron-823791-2-hyperv neutron-server[103262]: DEBUG neutron_lib.callbacks.manager [None req-d8dcfb9c-c53f-48bd-a090-e592a9955184 admin admin] Publish callbacks [] for security_group (01d736a8-1d15-4b9f-9734-da0620a8c68b), before_delete {{(pid=103262) _notify_loop /usr/local/lib/python3.8/dist-packages/neutron_lib/callbacks/manager.py:176}}
Jan 11 11:07:45.723787 dv-neutron-823791-2-hyperv neutron-server[103263]: DEBUG neutron_lib.callbacks.manager [None req-18442cd4-a667-4aba-86d6-29d130865057 tempest-ServersTestJSON-1604430658 tempest-ServersTestJSON-1604430658-project] Publish callbacks [] for security_group_rule (e28b5768-2ed9-470e-8dbc-2739fa26a60a), precommit_create {{(pid=103263) _notify_loop /usr/local/lib/python3.8/dist-packages/neutron_lib/callbacks/manager.py:176}}
Jan 11 11:07:45.725282 dv-neutron-823791-2-hyperv neutron-server[103264]: DEBUG neutron.plugins.ml2.rpc [None req-0d7b9b10-b876-4ce0-9fef-c5249e4e4bfc None None] Device 9077165d-72fc-49d5-85a5-d351e6ac576c up at agent ovs-agent-dv-neutron-823791-2-hyperv {{(pid=103264) update_device_up /opt/stack/neutron/neutron/plugins/ml2/rpc.py:296}}
Jan 11 11:07:45.731380 dv-neutron-823791-2-hyperv neutron-server[103265]: DEBUG neutron_lib.callbacks.manager [None req-3dc13470-3d46-431c-9acb-9231f1d21524 None None] Publish callbacks ['neutron.plugins.ml2.plugin.SecurityGroupServerNotifierRpcMixin._notify_sg_on_port_change-555903', 'neutron.plugins.ml2.ovo_rpc._ObjectChangeHandler.handle_event-113038', 'neutron.api.rpc.agentnotifiers.dhcp_rpc_agent_api.DhcpAgentNotifyAPI._native_event_send_dhcp_notification-16490476', 'neutron.db.l3_db.L3RpcNotifierMixin._notify_gateway_port_ip_changed-8787243065474', 'neutron.db.l3_dvrscheduler_db._notify_l3_agent_port_update-8787242594106', 'neutron.db.l3_hascheduler_db._notify_l3_agent_ha_port_update-8787242594124'] for port (6dc87598-c219-4124-a06a-9268376f7506), after_update {{(pid=103265) _notify_loop /usr/local/lib/python3.8/dist-packages/neutron_lib/callbacks/manager.py:176}}
Jan 11 11:07:45.736668 dv-neutron-823791-2-hyperv neutron-server[103263]: DEBUG neutron.plugins.ml2.drivers.mech_agent [None req-3777e833-8699-4335-8f9e-ea19bc8b1c8d tempest-PortsAdminExtendedAttrsIpV6TestJSON-2103339826 tempest-PortsAdminExtendedAttrsIpV6TestJSON-2103339826-project-admin] Port 5faceb65-fcd1-4112-9ebd-4c2cd6be2636 on network f089dbe3-1cad-4ce2-8e0d-db1ae65ae572 not bound, no agent of type Open vSwitch agent registered on host hv-neutron-8237 {{(pid=103263) bind_port /opt/stack/neutron/neutron/plugins/ml2/drivers/mech_agent.py:103}}
Jan 11 11:07:45.737719 dv-neutron-823791-2-hyperv neutron-server[103263]: ERROR neutron.plugins.ml2.managers [None req-3777e833-8699-4335-8f9e-ea19bc8b1c8d tempest-PortsAdminExtendedAttrsIpV6TestJSON-2103339826 tempest-PortsAdminExtendedAttrsIpV6TestJSON-2103339826-project-admin] Failed to bind port 5faceb65-fcd1-4112-9ebd-4c2cd6be2636 on host hv-neutron-8237 for vnic_type normal using segments [{'id': '2db12a98-93d2-4bdc-8918-21bc26137e2c', 'network_type': 'vlan', 'physical_network': 'physnet1', 'segmentation_id': 576, 'network_id': 'f089dbe3-1cad-4ce2-8e0d-db1ae65ae572'}]
Jan 11 11:07:45.740835 dv-neutron-823791-2-hyperv neutron-server[103263]: INFO neutron.plugins.ml2.plugin [None req-3777e833-8699-4335-8f9e-ea19bc8b1c8d tempest-PortsAdminExtendedAttrsIpV6TestJSON-2103339826 tempest-PortsAdminExtendedAttrsIpV6TestJSON-2103339826-project-admin] Attempt 9 to bind port 5faceb65-fcd1-4112-9ebd-4c2cd6be2636
Jan 11 11:07:45.754786 dv-neutron-823791-2-hyperv neutron-server[103262]: DEBUG neutron_lib.callbacks.manager [None req-d8dcfb9c-c53f-48bd-a090-e592a9955184 admin admin] Publish callbacks [] for security_group (01d736a8-1d15-4b9f-9734-da0620a8c68b), precommit_delete {{(pid=103262) _notify_loop /usr/local/lib/python3.8/dist-packages/neutron_lib/callbacks/manager.py:176}}
Jan 11 11:07:45.760559 dv-neutron-823791-2-hyperv neutron-server[103263]: DEBUG neutron_lib.callbacks.manager [None req-18442cd4-a667-4aba-86d6-29d130865057 tempest-ServersTestJSON-1604430658 tempest-ServersTestJSON-1604430658-project] Publish callbacks ['neutron.plugins.ml2.ovo_rpc._ObjectChangeHandler.handle_event-437237'] for security_group_rule (e28b5768-2ed9-470e-8dbc-2739fa26a60a), after_create {{(pid=103263) _notify_loop /usr/local/lib/python3.8/dist-packages/neutron_lib/callbacks/manager.py:176}}
Jan 11 11:07:45.768976 dv-neutron-823791-2-hyperv neutron-server[103263]: DEBUG neutron.plugins.ml2.managers [None req-3777e833-8699-4335-8f9e-ea19bc8b1c8d tempest-PortsAdminExtendedAttrsIpV6TestJSON-2103339826 tempest-PortsAdminExtendedAttrsIpV6TestJSON-2103339826-project-admin] Attempting to bind port 5faceb65-fcd1-4112-9ebd-4c2cd6be2636 on host hv-neutron-8237 for vnic_type normal with profile {{(pid=103263) bind_port /opt/stack/neutron/neutron/plugins/ml2/managers.py:795}}
Jan 11 11:07:45.769272 dv-neutron-823791-2-hyperv neutron-server[103263]: DEBUG neutron.plugins.ml2.managers [None req-3777e833-8699-4335-8f9e-ea19bc8b1c8d tempest-PortsAdminExtendedAttrsIpV6TestJSON-2103339826 tempest-PortsAdminExtendedAttrsIpV6TestJSON-2103339826-project-admin] Attempting to bind port 5faceb65-fcd1-4112-9ebd-4c2cd6be2636 by drivers openvswitch,hyperv on host hv-neutron-8237 at level 0 using segments [{'id': '2db12a98-93d2-4bdc-8918-21bc26137e2c', 'network_type': 'vlan', 'physical_network': 'physnet1', 'segmentation_id': 576, 'network_id': 'f089dbe3-1cad-4ce2-8e0d-db1ae65ae572'}] {{(pid=103263) _bind_port_level /opt/stack/neutron/neutron/plugins/ml2/managers.py:820}}
Jan 11 11:07:45.769618 dv-neutron-823791-2-hyperv neutron-server[103263]: DEBUG neutron.plugins.ml2.drivers.mech_agent [None req-3777e833-8699-4335-8f9e-ea19bc8b1c8d tempest-PortsAdminExtendedAttrsIpV6TestJSON-2103339826 tempest-PortsAdminExtendedAttrsIpV6TestJSON-2103339826-project-admin] Attempting to bind port 5faceb65-fcd1-4112-9ebd-4c2cd6be2636 on network f089dbe3-1cad-4ce2-8e0d-db1ae65ae572 {{(pid=103263) bind_port /opt/stack/neutron/neutron/plugins/ml2/drivers/mech_agent.py:91}}
Jan 11 11:07:45.775543 dv-neutron-823791-2-hyperv neutron-server[103263]: DEBUG neutron_lib.callbacks.manager [None req-67c30aca-ac72-4d81-bcc7-dbf103ff24dd tempest-ServersTestManualDisk-1518798279 tempest-ServersTestManualDisk-1518798279-project] Publish callbacks [] for security_group (None), before_create {{(pid=103263) _notify_loop /usr/local/lib/python3.8/dist-packages/neutron_lib/callbacks/manager.py:176}}
Jan 11 11:07:45.790618 dv-neutron-823791-2-hyperv neutron-server[103264]: DEBUG neutron.plugins.ml2.db [None req-9eb0d4d7-1c7e-43a4-87e0-3932e9ecec15 None None] For port 6163aadc-28fa-41fc-bc7e-261623509954, host dv-neutron-823791-2-hyperv, cleared binding levels {{(pid=103264) clear_binding_levels /opt/stack/neutron/neutron/plugins/ml2/db.py:87}}
Jan 11 11:07:45.821643 dv-neutron-823791-2-hyperv neutron-server[103264]: DEBUG neutron.plugins.ml2.db [None req-9eb0d4d7-1c7e-43a4-87e0-3932e9ecec15 None None] For port 6163aadc-28fa-41fc-bc7e-261623509954, host dv-neutron-823791-2-hyperv, set binding levels [PortBindingLevel(driver='openvswitch',host='dv-neutron-823791-2-hyperv',level=0,port_id=6163aadc-28fa-41fc-bc7e-261623509954,segment=NetworkSegment(dcbe6a5c-ec6f-4e20-93d0-2d968deb0113),segment_id=dcbe6a5c-ec6f-4e20-93d0-2d968deb0113)] {{(pid=103264) set_binding_levels /opt/stack/neutron/neutron/plugins/ml2/db.py:59}}
Jan 11 11:07:45.829136 dv-neutron-823791-2-hyperv neutron-server[103265]: DEBUG neutron.api.rpc.handlers.resources_rpc [None req-ea4ac231-7055-447e-88ea-8d5001885ca0 None None] Pushing event updated for resources: {'Port': ['ID=6dc87598-c219-4124-a06a-9268376f7506,revision_number=4']} {{(pid=103265) push /opt/stack/neutron/neutron/api/rpc/handlers/resources_rpc.py:237}}
Jan 11 11:07:45.842479 dv-neutron-823791-2-hyperv neutron-server[103264]: DEBUG neutron.plugins.ml2.db [None req-036743cd-b3fd-415e-9c2c-d459380131c0 None None] For port 2db16cf7-75fa-4d7e-88d6-4b5d43ade357, host dv-neutron-823791-2-hyperv, cleared binding levels {{(pid=103264) clear_binding_levels /opt/stack/neutron/neutron/plugins/ml2/db.py:87}}
Jan 11 11:07:45.846784 dv-neutron-823791-2-hyperv neutron-server[103264]: DEBUG neutron.plugins.ml2.plugin [None req-19f8a29e-b5c9-4c33-8e0e-fd57abdc7153 None None] Current status of the port 9077165d-72fc-49d5-85a5-d351e6ac576c is: ACTIVE; New status is: ACTIVE {{(pid=103264) _update_individual_port_db_status /opt/stack/neutron/neutron/plugins/ml2/plugin.py:2213}}
Jan 11 11:07:45.858735 dv-neutron-823791-2-hyperv neutron-server[103264]: DEBUG neutron_lib.callbacks.manager [None req-9eb0d4d7-1c7e-43a4-87e0-3932e9ecec15 None None] Publish callbacks ['neutron.plugins.ml2.plugin.SecurityGroupServerNotifierRpcMixin._notify_sg_on_port_change-555903', 'neutron.plugins.ml2.ovo_rpc._ObjectChangeHandler.handle_event-113038', 'neutron.api.rpc.agentnotifiers.dhcp_rpc_agent_api.DhcpAgentNotifyAPI._native_event_send_dhcp_notification-16490476', 'neutron.db.l3_db.L3RpcNotifierMixin._notify_gateway_port_ip_changed-8787243065474', 'neutron.db.l3_dvrscheduler_db._notify_l3_agent_port_update-8787242594106', 'neutron.db.l3_hascheduler_db._notify_l3_agent_ha_port_update-8787242594124'] for port (6163aadc-28fa-41fc-bc7e-261623509954), after_update {{(pid=103264) _notify_loop /usr/local/lib/python3.8/dist-packages/neutron_lib/callbacks/manager.py:176}}
Jan 11 11:07:45.896533 dv-neutron-823791-2-hyperv neutron-server[103264]: DEBUG neutron.plugins.ml2.db [None req-036743cd-b3fd-415e-9c2c-d459380131c0 None None] For port 2db16cf7-75fa-4d7e-88d6-4b5d43ade357, host dv-neutron-823791-2-hyperv, set binding levels [PortBindingLevel(driver='openvswitch',host='dv-neutron-823791-2-hyperv',level=0,port_id=2db16cf7-75fa-4d7e-88d6-4b5d43ade357,segment=NetworkSegment(67de20a3-3477-42ee-b3e8-3f4f21c65334),segment_id=67de20a3-3477-42ee-b3e8-3f4f21c65334)] {{(pid=103264) set_binding_levels /opt/stack/neutron/neutron/plugins/ml2/db.py:59}}
Jan 11 11:07:45.905480 dv-neutron-823791-2-hyperv neutron-server[103263]: DEBUG neutron_lib.callbacks.manager [None req-67c30aca-ac72-4d81-bcc7-dbf103ff24dd tempest-ServersTestManualDisk-1518798279 tempest-ServersTestManualDisk-1518798279-project] Publish callbacks [] for security_group (6ba0b05e-656c-42ea-be65-04143f1bb193), precommit_create {{(pid=103263) _notify_loop /usr/local/lib/python3.8/dist-packages/neutron_lib/callbacks/manager.py:176}}
Jan 11 11:07:45.913114 dv-neutron-823791-2-hyperv neutron-server[103265]: DEBUG neutron.db.l3_dvrscheduler_db [None req-3dc13470-3d46-431c-9acb-9231f1d21524 None None] Routers {'c57b9a08-e9af-4036-ad30-6b7d1006d98b'} bound to L3 agent in host dv-neutron-823791-2-hyperv {{(pid=103265) _get_router_ids_for_agent /opt/stack/neutron/neutron/db/l3_dvrscheduler_db.py:420}}
Jan 11 11:07:45.913623 dv-neutron-823791-2-hyperv neutron-server[103262]: DEBUG neutron_lib.callbacks.manager [None req-45a0b77d-8fe5-4fad-91d8-557b607f0019 tempest-ExternalNetworksTestJSON-532856384 tempest-ExternalNetworksTestJSON-532856384-project-admin] Publish callbacks ['neutron.plugins.ml2.plugin.Ml2Plugin._network_delete_precommit_handler-708944', 'neutron.services.segments.db._delete_segments_for_network-8787243129007'] for network (899a6e5a-6eb5-42cf-87a3-722445c89c5f), precommit_delete {{(pid=103262) _notify_loop /usr/local/lib/python3.8/dist-packages/neutron_lib/callbacks/manager.py:176}}
Jan 11 11:07:45.913873 dv-neutron-823791-2-hyperv neutron-server[103265]: DEBUG neutron.db.l3_hamode_db [None req-3dc13470-3d46-431c-9acb-9231f1d21524 None None] neutron.services.l3_router.l3_router_plugin.L3RouterPlugin method get_ha_sync_data_for_host called with arguments (, 'dv-neutron-823791-2-hyperv', Agent(admin_state_up=True,agent_type='L3 agent',availability_zone='nova',binary='neutron-l3-agent',configurations={"agent_mode": "legacy", "ex_gw_ports": 1, "extensions": [], "floating_ips": 0, "handle_internal_only_routers": true, "interface_driver": "openvswitch", "interfaces": 1, "log_agent_heartbeats": false, "routers": 1},created_at=2022-01-11T11:00:04Z,description=,heartbeat_timestamp=2022-01-11T11:07:34Z,host='dv-neutron-823791-2-hyperv',id=964a7241-f51d-47f4-bbee-374383fc832e,load=0,resource_versions=,resources_synced=,started_at=2022-01-11T11:00:04Z,topic='l3_agent')) {'router_ids': ['c57b9a08-e9af-4036-ad30-6b7d1006d98b'], 'active': True} {{(pid=103265) wrapper /usr/local/lib/python3.8/dist-packages/oslo_log/helpers.py:65}}
Jan 11 11:07:45.920554 dv-neutron-823791-2-hyperv neutron-server[103263]: DEBUG neutron_lib.callbacks.manager [None req-18442cd4-a667-4aba-86d6-29d130865057 tempest-ServersTestJSON-1604430658 tempest-ServersTestJSON-1604430658-project] Publish callbacks [] for security_group_rule (None), before_response {{(pid=103263) _notify_loop /usr/local/lib/python3.8/dist-packages/neutron_lib/callbacks/manager.py:176}}
Jan 11 11:07:45.920731 dv-neutron-823791-2-hyperv neutron-server[103263]: INFO neutron.wsgi [None req-18442cd4-a667-4aba-86d6-29d130865057 tempest-ServersTestJSON-1604430658 tempest-ServersTestJSON-1604430658-project] 10.222.0.53 "POST /v2.0/security-group-rules HTTP/1.1" status: 201 len: 769 time: 0.9260824
Jan 11 11:07:45.926782 dv-neutron-823791-2-hyperv neutron-server[103263]: DEBUG neutron_lib.callbacks.manager [None req-67c30aca-ac72-4d81-bcc7-dbf103ff24dd tempest-ServersTestManualDisk-1518798279 tempest-ServersTestManualDisk-1518798279-project] Publish callbacks ['neutron.plugins.ml2.ovo_rpc._ObjectChangeHandler.handle_event-458020'] for security_group (6ba0b05e-656c-42ea-be65-04143f1bb193), after_create {{(pid=103263) _notify_loop /usr/local/lib/python3.8/dist-packages/neutron_lib/callbacks/manager.py:176}}
Jan 11 11:07:45.933343 dv-neutron-823791-2-hyperv neutron-server[103263]: DEBUG neutron.wsgi [-] (103263) accepted ('10.222.0.53', 39834) {{(pid=103263) server /usr/local/lib/python3.8/dist-packages/eventlet/wsgi.py:1004}}
Jan 11 11:07:45.948114 dv-neutron-823791-2-hyperv neutron-server[103262]: DEBUG neutron.services.segments.db [None req-45a0b77d-8fe5-4fad-91d8-557b607f0019 tempest-ExternalNetworksTestJSON-532856384 tempest-ExternalNetworksTestJSON-532856384-project-admin] neutron.services.segments.plugin.Plugin method get_segments called with arguments (,) {'filters': {'network_id': ['899a6e5a-6eb5-42cf-87a3-722445c89c5f']}} {{(pid=103262) wrapper /usr/local/lib/python3.8/dist-packages/oslo_log/helpers.py:65}}
Jan 11 11:07:45.968933 dv-neutron-823791-2-hyperv neutron-server[103263]: DEBUG neutron.api.v2.base [None req-2287ce61-a554-424f-a147-cd46e983a56c tempest-ServersTestJSON-1604430658 tempest-ServersTestJSON-1604430658-project] Request body: {'floatingip': {'floating_network_id': 'abc1867a-34e1-4ded-a5bf-6f8ca2dfa680'}} {{(pid=103263) prepare_request_body /opt/stack/neutron/neutron/api/v2/base.py:729}}
Jan 11 11:07:45.972352 dv-neutron-823791-2-hyperv neutron-server[103262]: DEBUG neutron.services.segments.db [None req-45a0b77d-8fe5-4fad-91d8-557b607f0019 tempest-ExternalNetworksTestJSON-532856384 tempest-ExternalNetworksTestJSON-532856384-project-admin] neutron.services.segments.plugin.Plugin method delete_segment called with arguments (, '79622075-0473-4912-a3c5-1e28b67a1ced') {'for_net_delete': True} {{(pid=103262) wrapper /usr/local/lib/python3.8/dist-packages/oslo_log/helpers.py:65}}
Jan 11 11:07:45.972609 dv-neutron-823791-2-hyperv neutron-server[103262]: DEBUG neutron.services.segments.db [None req-45a0b77d-8fe5-4fad-91d8-557b607f0019 tempest-ExternalNetworksTestJSON-532856384 tempest-ExternalNetworksTestJSON-532856384-project-admin] neutron.services.segments.plugin.Plugin method get_segment called with arguments (, '79622075-0473-4912-a3c5-1e28b67a1ced') {} {{(pid=103262) wrapper /usr/local/lib/python3.8/dist-packages/oslo_log/helpers.py:65}}
Jan 11 11:07:45.976099 dv-neutron-823791-2-hyperv neutron-server[103263]: DEBUG neutron.plugins.ml2.drivers.mech_agent [None req-3777e833-8699-4335-8f9e-ea19bc8b1c8d tempest-PortsAdminExtendedAttrsIpV6TestJSON-2103339826 tempest-PortsAdminExtendedAttrsIpV6TestJSON-2103339826-project-admin] Port 5faceb65-fcd1-4112-9ebd-4c2cd6be2636 on network f089dbe3-1cad-4ce2-8e0d-db1ae65ae572 not bound, no agent of type Open vSwitch agent registered on host hv-neutron-8237 {{(pid=103263) bind_port /opt/stack/neutron/neutron/plugins/ml2/drivers/mech_agent.py:103}}
Jan 11 11:07:45.976442 dv-neutron-823791-2-hyperv neutron-server[103263]: ERROR neutron.plugins.ml2.managers [None req-3777e833-8699-4335-8f9e-ea19bc8b1c8d tempest-PortsAdminExtendedAttrsIpV6TestJSON-2103339826 tempest-PortsAdminExtendedAttrsIpV6TestJSON-2103339826-project-admin] Failed to bind port 5faceb65-fcd1-4112-9ebd-4c2cd6be2636 on host hv-neutron-8237 for vnic_type normal using segments [{'id': '2db12a98-93d2-4bdc-8918-21bc26137e2c', 'network_type': 'vlan', 'physical_network': 'physnet1', 'segmentation_id': 576, 'network_id': 'f089dbe3-1cad-4ce2-8e0d-db1ae65ae572'}]
Jan 11 11:07:45.985797 dv-neutron-823791-2-hyperv neutron-server[103263]: DEBUG neutron.api.rpc.handlers.resources_rpc [None req-67c30aca-ac72-4d81-bcc7-dbf103ff24dd tempest-ServersTestManualDisk-1518798279 tempest-ServersTestManualDisk-1518798279-project] Pushing event updated for resources: {'SecurityGroup': ['ID=6ba0b05e-656c-42ea-be65-04143f1bb193,revision_number=1']} {{(pid=103263) push /opt/stack/neutron/neutron/api/rpc/handlers/resources_rpc.py:237}}
Jan 11 11:07:45.986801 dv-neutron-823791-2-hyperv neutron-server[103264]: DEBUG neutron_lib.callbacks.manager [None req-036743cd-b3fd-415e-9c2c-d459380131c0 None None] Publish callbacks ['neutron.plugins.ml2.plugin.SecurityGroupServerNotifierRpcMixin._notify_sg_on_port_change-555903', 'neutron.plugins.ml2.ovo_rpc._ObjectChangeHandler.handle_event-113038', 'neutron.api.rpc.agentnotifiers.dhcp_rpc_agent_api.DhcpAgentNotifyAPI._native_event_send_dhcp_notification-16490476', 'neutron.db.l3_db.L3RpcNotifierMixin._notify_gateway_port_ip_changed-8787243065474', 'neutron.db.l3_dvrscheduler_db._notify_l3_agent_port_update-8787242594106', 'neutron.db.l3_hascheduler_db._notify_l3_agent_ha_port_update-8787242594124'] for port (2db16cf7-75fa-4d7e-88d6-4b5d43ade357), after_update {{(pid=103264) _notify_loop /usr/local/lib/python3.8/dist-packages/neutron_lib/callbacks/manager.py:176}}
Jan 11 11:07:45.990843 dv-neutron-823791-2-hyperv neutron-server[103262]: DEBUG neutron_lib.callbacks.manager [None req-45a0b77d-8fe5-4fad-91d8-557b607f0019 tempest-ExternalNetworksTestJSON-532856384 tempest-ExternalNetworksTestJSON-532856384-project-admin] Publish callbacks ['neutron.plugins.ml2.db._prevent_segment_delete_with_port_bound-8787243132856', 'neutron.services.segments.plugin.Plugin._prevent_segment_delete_with_subnet_associated-13877345'] for segment (79622075-0473-4912-a3c5-1e28b67a1ced), before_delete {{(pid=103262) _notify_loop /usr/local/lib/python3.8/dist-packages/neutron_lib/callbacks/manager.py:176}}
Jan 11 11:07:46.001737 dv-neutron-823791-2-hyperv neutron-server[103263]: INFO neutron.plugins.ml2.plugin [None req-3777e833-8699-4335-8f9e-ea19bc8b1c8d tempest-PortsAdminExtendedAttrsIpV6TestJSON-2103339826 tempest-PortsAdminExtendedAttrsIpV6TestJSON-2103339826-project-admin] Attempt 10 to bind port 5faceb65-fcd1-4112-9ebd-4c2cd6be2636
Jan 11 11:07:46.014699 dv-neutron-823791-2-hyperv neutron-server[103262]: DEBUG neutron_lib.callbacks.manager [None req-45a0b77d-8fe5-4fad-91d8-557b607f0019 tempest-ExternalNetworksTestJSON-532856384 tempest-ExternalNetworksTestJSON-532856384-project-admin] Publish callbacks ['neutron.plugins.ml2.plugin.Ml2Plugin._handle_segment_change-707830'] for segment (79622075-0473-4912-a3c5-1e28b67a1ced), precommit_delete {{(pid=103262) _notify_loop /usr/local/lib/python3.8/dist-packages/neutron_lib/callbacks/manager.py:176}}
Jan 11 11:07:46.021462 dv-neutron-823791-2-hyperv neutron-server[103263]: DEBUG neutron.api.rpc.handlers.resources_rpc [None req-18442cd4-a667-4aba-86d6-29d130865057 tempest-ServersTestJSON-1604430658 tempest-ServersTestJSON-1604430658-project] Pushing event updated for resources: {'SecurityGroupRule': ['ID=e28b5768-2ed9-470e-8dbc-2739fa26a60a,revision_number=0']} {{(pid=103263) push /opt/stack/neutron/neutron/api/rpc/handlers/resources_rpc.py:237}}
Jan 11 11:07:46.026440 dv-neutron-823791-2-hyperv neutron-server[103262]: DEBUG neutron.plugins.ml2.drivers.type_vlan [None req-45a0b77d-8fe5-4fad-91d8-557b607f0019 tempest-ExternalNetworksTestJSON-532856384 tempest-ExternalNetworksTestJSON-532856384-project-admin] Releasing vlan 573 on physical network physnet1 to pool {{(pid=103262) release_segment /opt/stack/neutron/neutron/plugins/ml2/drivers/type_vlan.py:304}}
Jan 11 11:07:46.027015 dv-neutron-823791-2-hyperv neutron-server[103262]: DEBUG neutron_lib.callbacks.manager [None req-45a0b77d-8fe5-4fad-91d8-557b607f0019 tempest-ExternalNetworksTestJSON-532856384 tempest-ExternalNetworksTestJSON-532856384-project-admin] Publish callbacks ['neutron.plugins.ml2.plugin.Ml2Plugin._handle_segment_change-707830', 'neutron.services.segments.plugin.NovaSegmentNotifier._notify_segment_deleted-13325173'] for segment (79622075-0473-4912-a3c5-1e28b67a1ced), after_delete {{(pid=103262) _notify_loop /usr/local/lib/python3.8/dist-packages/neutron_lib/callbacks/manager.py:176}}
Jan 11 11:07:46.046447 dv-neutron-823791-2-hyperv neutron-server[103263]: DEBUG neutron.plugins.ml2.managers [None req-3777e833-8699-4335-8f9e-ea19bc8b1c8d tempest-PortsAdminExtendedAttrsIpV6TestJSON-2103339826 tempest-PortsAdminExtendedAttrsIpV6TestJSON-2103339826-project-admin] Attempting to bind port 5faceb65-fcd1-4112-9ebd-4c2cd6be2636 on host hv-neutron-8237 for vnic_type normal with profile {{(pid=103263) bind_port /opt/stack/neutron/neutron/plugins/ml2/managers.py:795}}
Jan 11 11:07:46.047238 dv-neutron-823791-2-hyperv neutron-server[103263]: DEBUG neutron.plugins.ml2.managers [None req-3777e833-8699-4335-8f9e-ea19bc8b1c8d tempest-PortsAdminExtendedAttrsIpV6TestJSON-2103339826 tempest-PortsAdminExtendedAttrsIpV6TestJSON-2103339826-project-admin] Attempting to bind port 5faceb65-fcd1-4112-9ebd-4c2cd6be2636 by drivers openvswitch,hyperv on host hv-neutron-8237 at level 0 using segments [{'id': '2db12a98-93d2-4bdc-8918-21bc26137e2c', 'network_type': 'vlan', 'physical_network': 'physnet1', 'segmentation_id': 576, 'network_id': 'f089dbe3-1cad-4ce2-8e0d-db1ae65ae572'}] {{(pid=103263) _bind_port_level /opt/stack/neutron/neutron/plugins/ml2/managers.py:820}}
Jan 11 11:07:46.048410 dv-neutron-823791-2-hyperv neutron-server[103263]: DEBUG neutron.plugins.ml2.drivers.mech_agent [None req-3777e833-8699-4335-8f9e-ea19bc8b1c8d tempest-PortsAdminExtendedAttrsIpV6TestJSON-2103339826 tempest-PortsAdminExtendedAttrsIpV6TestJSON-2103339826-project-admin] Attempting to bind port 5faceb65-fcd1-4112-9ebd-4c2cd6be2636 on network f089dbe3-1cad-4ce2-8e0d-db1ae65ae572 {{(pid=103263) bind_port /opt/stack/neutron/neutron/plugins/ml2/drivers/mech_agent.py:91}}
Jan 11 11:07:46.063972 dv-neutron-823791-2-hyperv neutron-server[103263]: DEBUG neutron.plugins.ml2.drivers.mech_agent [None req-3777e833-8699-4335-8f9e-ea19bc8b1c8d tempest-PortsAdminExtendedAttrsIpV6TestJSON-2103339826 tempest-PortsAdminExtendedAttrsIpV6TestJSON-2103339826-project-admin] Port 5faceb65-fcd1-4112-9ebd-4c2cd6be2636 on network f089dbe3-1cad-4ce2-8e0d-db1ae65ae572 not bound, no agent of type Open vSwitch agent registered on host hv-neutron-8237 {{(pid=103263) bind_port /opt/stack/neutron/neutron/plugins/ml2/drivers/mech_agent.py:103}}
Jan 11 11:07:46.065171 dv-neutron-823791-2-hyperv neutron-server[103263]: ERROR neutron.plugins.ml2.managers [None req-3777e833-8699-4335-8f9e-ea19bc8b1c8d tempest-PortsAdminExtendedAttrsIpV6TestJSON-2103339826 tempest-PortsAdminExtendedAttrsIpV6TestJSON-2103339826-project-admin] Failed to bind port 5faceb65-fcd1-4112-9ebd-4c2cd6be2636 on host hv-neutron-8237 for vnic_type normal using segments [{'id': '2db12a98-93d2-4bdc-8918-21bc26137e2c', 'network_type': 'vlan', 'physical_network': 'physnet1', 'segmentation_id': 576, 'network_id': 'f089dbe3-1cad-4ce2-8e0d-db1ae65ae572'}]
Jan 11 11:07:46.066908 dv-neutron-823791-2-hyperv neutron-server[103263]: DEBUG neutron_lib.callbacks.manager [None req-3777e833-8699-4335-8f9e-ea19bc8b1c8d tempest-PortsAdminExtendedAttrsIpV6TestJSON-2103339826 tempest-PortsAdminExtendedAttrsIpV6TestJSON-2103339826-project-admin] Publish callbacks ['neutron.plugins.ml2.plugin.SecurityGroupDbMixin._ensure_default_security_group_handler-555838'] for port (5faceb65-fcd1-4112-9ebd-4c2cd6be2636), before_update {{(pid=103263) _notify_loop /usr/local/lib/python3.8/dist-packages/neutron_lib/callbacks/manager.py:176}}
Jan 11 11:07:46.078946 dv-neutron-823791-2-hyperv neutron-server[103263]: DEBUG neutron_lib.callbacks.manager [None req-67c30aca-ac72-4d81-bcc7-dbf103ff24dd tempest-ServersTestManualDisk-1518798279 tempest-ServersTestManualDisk-1518798279-project] Publish callbacks [] for security_group (None), before_response {{(pid=103263) _notify_loop /usr/local/lib/python3.8/dist-packages/neutron_lib/callbacks/manager.py:176}}
Jan 11 11:07:46.083766 dv-neutron-823791-2-hyperv neutron-server[103264]: DEBUG neutron.db.provisioning_blocks [None req-0d7b9b10-b876-4ce0-9fef-c5249e4e4bfc None None] Provisioning complete for port 9077165d-72fc-49d5-85a5-d351e6ac576c triggered by entity L2. {{(pid=103264) provisioning_complete /opt/stack/neutron/neutron/db/provisioning_blocks.py:139}}
Jan 11 11:07:46.083766 dv-neutron-823791-2-hyperv neutron-server[103264]: DEBUG neutron_lib.callbacks.manager [None req-0d7b9b10-b876-4ce0-9fef-c5249e4e4bfc None None] Publish callbacks ['neutron.plugins.ml2.plugin.Ml2Plugin._port_provisioned-711659'] for port (9077165d-72fc-49d5-85a5-d351e6ac576c), provisioning_complete {{(pid=103264) _notify_loop /usr/local/lib/python3.8/dist-packages/neutron_lib/callbacks/manager.py:176}}
Jan 11 11:07:46.085042 dv-neutron-823791-2-hyperv neutron-server[103263]: INFO neutron.wsgi [None req-67c30aca-ac72-4d81-bcc7-dbf103ff24dd tempest-ServersTestManualDisk-1518798279 tempest-ServersTestManualDisk-1518798279-project] 10.222.0.53 "POST /v2.0/security-groups HTTP/1.1" status: 201 len: 1796 time: 0.7982349
Jan 11 11:07:46.094792 dv-neutron-823791-2-hyperv neutron-server[103263]: DEBUG neutron.wsgi [-] (103263) accepted ('10.222.0.53', 39836) {{(pid=103263) server /usr/local/lib/python3.8/dist-packages/eventlet/wsgi.py:1004}}
Jan 11 11:07:46.124474 dv-neutron-823791-2-hyperv neutron-server[103263]: DEBUG neutron.api.v2.base [None req-e5d3e1bc-197c-4c7e-a3bc-ac3049045f5f tempest-ServersTestManualDisk-1518798279 tempest-ServersTestManualDisk-1518798279-project] Request body: {'security_group_rule': {'security_group_id': '6ba0b05e-656c-42ea-be65-04143f1bb193', 'protocol': 'tcp', 'ethertype': 'IPv4', 'port_range_min': 22, 'port_range_max': 22, 'direction': 'ingress'}} {{(pid=103263) prepare_request_body /opt/stack/neutron/neutron/api/v2/base.py:729}}
Jan 11 11:07:46.133106 dv-neutron-823791-2-hyperv neutron-server[103265]: DEBUG neutron.db.l3_dvr_db [None req-3dc13470-3d46-431c-9acb-9231f1d21524 None None] Set router c57b9a08-e9af-4036-ad30-6b7d1006d98b gateway port host: dv-neutron-823791-2-hyperv {{(pid=103265) _build_routers_list /opt/stack/neutron/neutron/db/l3_dvr_db.py:906}}
Jan 11 11:07:46.163188 dv-neutron-823791-2-hyperv neutron-server[103262]: DEBUG neutron_lib.callbacks.manager [None req-d8dcfb9c-c53f-48bd-a090-e592a9955184 admin admin] Publish callbacks ['neutron.plugins.ml2.ovo_rpc._ObjectChangeHandler.handle_event-458020'] for security_group (01d736a8-1d15-4b9f-9734-da0620a8c68b), after_delete {{(pid=103262) _notify_loop /usr/local/lib/python3.8/dist-packages/neutron_lib/callbacks/manager.py:176}}
Jan 11 11:07:46.168258 dv-neutron-823791-2-hyperv neutron-server[103264]: DEBUG neutron.db.provisioning_blocks [None req-163d0758-c559-46bf-80ba-c211a544c4a8 None None] Provisioning complete for port 6dc87598-c219-4124-a06a-9268376f7506 triggered by entity DHCP. {{(pid=103264) provisioning_complete /opt/stack/neutron/neutron/db/provisioning_blocks.py:139}}
Jan 11 11:07:46.168777 dv-neutron-823791-2-hyperv neutron-server[103264]: DEBUG neutron_lib.callbacks.manager [None req-163d0758-c559-46bf-80ba-c211a544c4a8 None None] Publish callbacks ['neutron.plugins.ml2.plugin.Ml2Plugin._port_provisioned-711659'] for port (6dc87598-c219-4124-a06a-9268376f7506), provisioning_complete {{(pid=103264) _notify_loop /usr/local/lib/python3.8/dist-packages/neutron_lib/callbacks/manager.py:176}}
Jan 11 11:07:46.168984 dv-neutron-823791-2-hyperv neutron-server[103262]: DEBUG neutron_lib.callbacks.manager [None req-d8dcfb9c-c53f-48bd-a090-e592a9955184 admin admin] Publish callbacks [] for security_group (None), before_response {{(pid=103262) _notify_loop /usr/local/lib/python3.8/dist-packages/neutron_lib/callbacks/manager.py:176}}
Jan 11 11:07:46.170393 dv-neutron-823791-2-hyperv neutron-server[103262]: INFO neutron.wsgi [None req-d8dcfb9c-c53f-48bd-a090-e592a9955184 admin admin] 10.222.0.53 "DELETE /v2.0/security-groups/01d736a8-1d15-4b9f-9734-da0620a8c68b HTTP/1.1" status: 204 len: 168 time: 1.2835469
Jan 11 11:07:46.181805 dv-neutron-823791-2-hyperv neutron-server[103262]: /usr/local/lib/python3.8/dist-packages/oslo_policy/policy.py:1119: UserWarning: Policy rule:get_agent failed scope check. The token used to make the request was project scoped but the policy requires ['system'] scope. This behavior may change in the future where using the intended scope is required
Jan 11 11:07:46.181805 dv-neutron-823791-2-hyperv neutron-server[103262]: warnings.warn(msg)
Jan 11 11:07:46.181805 dv-neutron-823791-2-hyperv neutron-server[103262]: Traceback (most recent call last):
Jan 11 11:07:46.181805 dv-neutron-823791-2-hyperv neutron-server[103262]: File "/usr/local/lib/python3.8/dist-packages/eventlet/hubs/hub.py", line 476, in fire_timers
Jan 11 11:07:46.181805 dv-neutron-823791-2-hyperv neutron-server[103262]: timer()
Jan 11 11:07:46.181805 dv-neutron-823791-2-hyperv neutron-server[103262]: File "/usr/local/lib/python3.8/dist-packages/eventlet/hubs/timer.py", line 59, in __call__
Jan 11 11:07:46.181805 dv-neutron-823791-2-hyperv neutron-server[103262]: cb(*args, **kw)
Jan 11 11:07:46.181805 dv-neutron-823791-2-hyperv neutron-server[103262]: File "/opt/stack/neutron/neutron/common/utils.py", line 921, in wrapper
Jan 11 11:07:46.181805 dv-neutron-823791-2-hyperv neutron-server[103262]: return func(*args, **kwargs)
Jan 11 11:07:46.181805 dv-neutron-823791-2-hyperv neutron-server[103262]: File "/opt/stack/neutron/neutron/notifiers/batch_notifier.py", line 58, in synced_send
Jan 11 11:07:46.181805 dv-neutron-823791-2-hyperv neutron-server[103262]: self._notify()
Jan 11 11:07:46.181805 dv-neutron-823791-2-hyperv neutron-server[103262]: File "/opt/stack/neutron/neutron/notifiers/batch_notifier.py", line 69, in _notify
Jan 11 11:07:46.181805 dv-neutron-823791-2-hyperv neutron-server[103262]: self.callback(batched_events)
Jan 11 11:07:46.181805 dv-neutron-823791-2-hyperv neutron-server[103262]: File "/opt/stack/neutron/neutron/services/segments/plugin.py", line 211, in _send_notifications
Jan 11 11:07:46.181805 dv-neutron-823791-2-hyperv neutron-server[103262]: event.method(event)
Jan 11 11:07:46.181805 dv-neutron-823791-2-hyperv neutron-server[103262]: File "/opt/stack/neutron/neutron/services/segments/plugin.py", line 383, in _delete_nova_inventory
Jan 11 11:07:46.181805 dv-neutron-823791-2-hyperv neutron-server[103262]: aggregate_id = self._get_aggregate_id(event.segment_id)
Jan 11 11:07:46.181805 dv-neutron-823791-2-hyperv neutron-server[103262]: File "/opt/stack/neutron/neutron/services/segments/plugin.py", line 370, in _get_aggregate_id
Jan 11 11:07:46.181805 dv-neutron-823791-2-hyperv neutron-server[103262]: aggregate_uuid = self.p_client.list_aggregates(
Jan 11 11:07:46.181805 dv-neutron-823791-2-hyperv neutron-server[103262]: File "/usr/local/lib/python3.8/dist-packages/neutron_lib/placement/client.py", line 58, in wrapper
Jan 11 11:07:46.181805 dv-neutron-823791-2-hyperv neutron-server[103262]: return f(self, *a, **k)
Jan 11 11:07:46.181805 dv-neutron-823791-2-hyperv neutron-server[103262]: File "/usr/local/lib/python3.8/dist-packages/neutron_lib/placement/client.py", line 554, in list_aggregates
Jan 11 11:07:46.181805 dv-neutron-823791-2-hyperv neutron-server[103262]: return self._get(url).json()
Jan 11 11:07:46.181805 dv-neutron-823791-2-hyperv neutron-server[103262]: File "/usr/local/lib/python3.8/dist-packages/neutron_lib/placement/client.py", line 190, in _get
Jan 11 11:07:46.181805 dv-neutron-823791-2-hyperv neutron-server[103262]: return self._client.get(url, endpoint_filter=self._ks_filter,
Jan 11 11:07:46.181805 dv-neutron-823791-2-hyperv neutron-server[103262]: File "/usr/local/lib/python3.8/dist-packages/keystoneauth1/session.py", line 1141, in get
Jan 11 11:07:46.181805 dv-neutron-823791-2-hyperv neutron-server[103262]: return self.request(url, 'GET', **kwargs)
Jan 11 11:07:46.181805 dv-neutron-823791-2-hyperv neutron-server[103262]: File "/usr/local/lib/python3.8/dist-packages/keystoneauth1/session.py", line 811, in request
Jan 11 11:07:46.181805 dv-neutron-823791-2-hyperv neutron-server[103262]: base_url = self.get_endpoint(auth, allow=allow,
Jan 11 11:07:46.181805 dv-neutron-823791-2-hyperv neutron-server[103262]: File "/usr/local/lib/python3.8/dist-packages/keystoneauth1/session.py", line 1241, in get_endpoint
Jan 11 11:07:46.181805 dv-neutron-823791-2-hyperv neutron-server[103262]: auth = self._auth_required(auth, 'determine endpoint URL')
Jan 11 11:07:46.181805 dv-neutron-823791-2-hyperv neutron-server[103262]: File "/usr/local/lib/python3.8/dist-packages/keystoneauth1/session.py", line 1181, in _auth_required
Jan 11 11:07:46.181805 dv-neutron-823791-2-hyperv neutron-server[103262]: raise exceptions.MissingAuthPlugin(msg_fmt % msg)
Jan 11 11:07:46.181805 dv-neutron-823791-2-hyperv neutron-server[103262]: keystoneauth1.exceptions.auth_plugins.MissingAuthPlugin: An auth plugin is required to determine endpoint URL
Jan 11 11:07:46.199203 dv-neutron-823791-2-hyperv neutron-server[103262]: DEBUG neutron_lib.callbacks.manager [None req-d930eff3-b033-4bd6-b4b8-0f153b39ea71 tempest-BulkNetworkOpsTest-1837845456 tempest-BulkNetworkOpsTest-1837845456-project] Publish callbacks ['neutron.plugins.ml2.plugin.Ml2Plugin._subnet_delete_precommit_handler-710085'] for subnet (5e6fc9c4-aa8e-4399-96f4-06b88f4462b9), precommit_delete {{(pid=103262) _notify_loop /usr/local/lib/python3.8/dist-packages/neutron_lib/callbacks/manager.py:176}}
Jan 11 11:07:46.205849 dv-neutron-823791-2-hyperv neutron-server[103262]: DEBUG neutron_lib.callbacks.manager [None req-45a0b77d-8fe5-4fad-91d8-557b607f0019 tempest-ExternalNetworksTestJSON-532856384 tempest-ExternalNetworksTestJSON-532856384-project-admin] Publish callbacks ['neutron.plugins.ml2.plugin.Ml2Plugin._network_delete_after_delete_handler-708955', 'neutron.plugins.ml2.ovo_rpc._ObjectChangeHandler.handle_event-458070', 'neutron.api.rpc.agentnotifiers.dhcp_rpc_agent_api.DhcpAgentNotifyAPI._native_event_send_dhcp_notification-16490476', 'neutron.services.l3_router.l3_router_plugin.DVRResourceOperationHandler.delete_fip_namespaces_for_ext_net-16378172'] for network (899a6e5a-6eb5-42cf-87a3-722445c89c5f), after_delete {{(pid=103262) _notify_loop /usr/local/lib/python3.8/dist-packages/neutron_lib/callbacks/manager.py:176}}
Jan 11 11:07:46.246382 dv-neutron-823791-2-hyperv neutron-server[103262]: DEBUG neutron_lib.callbacks.manager [None req-ca60fc37-08a9-4394-9ad8-36312607b402 admin admin] Publish callbacks [] for security_group (12ebbc77-7c78-448e-83d5-3ea631228907), before_delete {{(pid=103262) _notify_loop /usr/local/lib/python3.8/dist-packages/neutron_lib/callbacks/manager.py:176}}
Jan 11 11:07:46.261710 dv-neutron-823791-2-hyperv neutron-server[103262]: DEBUG neutron.api.rpc.agentnotifiers.l3_rpc_agent_api [None req-45a0b77d-8fe5-4fad-91d8-557b607f0019 tempest-ExternalNetworksTestJSON-532856384 tempest-ExternalNetworksTestJSON-532856384-project-admin] Fanout notify agent at l3_agent the message fipnamespace_delete_on_ext_net for external_network 899a6e5a-6eb5-42cf-87a3-722445c89c5f {{(pid=103262) _notification_fanout /opt/stack/neutron/neutron/api/rpc/agentnotifiers/l3_rpc_agent_api.py:120}}
Jan 11 11:07:46.277471 dv-neutron-823791-2-hyperv neutron-server[103262]: DEBUG neutron.api.rpc.handlers.resources_rpc [None req-45a0b77d-8fe5-4fad-91d8-557b607f0019 tempest-ExternalNetworksTestJSON-532856384 tempest-ExternalNetworksTestJSON-532856384-project-admin] Pushing event deleted for resources: {'Network': ['ID=899a6e5a-6eb5-42cf-87a3-722445c89c5f,revision_number=None']} {{(pid=103262) push /opt/stack/neutron/neutron/api/rpc/handlers/resources_rpc.py:237}}
Jan 11 11:07:46.286597 dv-neutron-823791-2-hyperv neutron-server[103262]: DEBUG neutron.api.rpc.handlers.resources_rpc [None req-d8dcfb9c-c53f-48bd-a090-e592a9955184 admin admin] Pushing event deleted for resources: {'SecurityGroup': ['ID=01d736a8-1d15-4b9f-9734-da0620a8c68b,revision_number=None']} {{(pid=103262) push /opt/stack/neutron/neutron/api/rpc/handlers/resources_rpc.py:237}}
Jan 11 11:07:46.294596 dv-neutron-823791-2-hyperv neutron-server[103262]: DEBUG neutron_lib.callbacks.manager [None req-45a0b77d-8fe5-4fad-91d8-557b607f0019 tempest-ExternalNetworksTestJSON-532856384 tempest-ExternalNetworksTestJSON-532856384-project-admin] Publish callbacks ['neutron.api.rpc.agentnotifiers.dhcp_rpc_agent_api.DhcpAgentNotifyAPI._send_dhcp_notification-16490494'] for network (None), before_response {{(pid=103262) _notify_loop /usr/local/lib/python3.8/dist-packages/neutron_lib/callbacks/manager.py:176}}
Jan 11 11:07:46.306072 dv-neutron-823791-2-hyperv neutron-server[103262]: INFO neutron.wsgi [None req-45a0b77d-8fe5-4fad-91d8-557b607f0019 tempest-ExternalNetworksTestJSON-532856384 tempest-ExternalNetworksTestJSON-532856384-project-admin] 10.222.0.53 "DELETE /v2.0/networks/899a6e5a-6eb5-42cf-87a3-722445c89c5f HTTP/1.1" status: 204 len: 168 time: 3.3369942
Jan 11 11:07:46.321209 dv-neutron-823791-2-hyperv neutron-server[103263]: DEBUG neutron.wsgi [-] (103263) accepted ('10.222.0.53', 39842) {{(pid=103263) server /usr/local/lib/python3.8/dist-packages/eventlet/wsgi.py:1004}}
