Oct 10 13:31:03.589405 dv-neutron-823637-3-hyperv neutron-server[107349]: DEBUG neutron_lib.callbacks.manager [None req-9e0d5004-ea7d-4961-ab00-ba82c6b0e25d tempest-NetworksIpV6Test-419617798 tempest-NetworksIpV6Test-419617798-project] Publish callbacks ['neutron.api.rpc.agentnotifiers.dhcp_rpc_agent_api.DhcpAgentNotifyAPI._send_dhcp_notification-544104'] for network (None), before_response {{(pid=107349) _notify_loop /usr/local/lib/python3.8/dist-packages/neutron_lib/callbacks/manager.py:176}}
Oct 10 13:31:03.598539 dv-neutron-823637-3-hyperv neutron-server[107348]: DEBUG neutron_lib.callbacks.manager [None req-a45cef99-66ed-4cb9-94f2-3a3c89465c5e tempest-FloatingIPAdminTestJSON-2101816019 tempest-FloatingIPAdminTestJSON-2101816019-project-admin] Publish callbacks [] for floatingip (None), before_create {{(pid=107348) _notify_loop /usr/local/lib/python3.8/dist-packages/neutron_lib/callbacks/manager.py:176}}
Oct 10 13:31:03.645524 dv-neutron-823637-3-hyperv neutron-server[107349]: DEBUG neutron.pecan_wsgi.hooks.quota_enforcement [None req-e0df2992-3ef6-42e0-8cc3-fe1d8edf5086 tempest-PortsTestJSON-305647087 tempest-PortsTestJSON-305647087-project] Made reservation on behalf of e55d1853c4074d47bdc537bf6e9977b6 for: {'network': 1} {{(pid=107349) before /opt/stack/neutron/neutron/pecan_wsgi/hooks/quota_enforcement.py:53}}
Oct 10 13:31:03.649256 dv-neutron-823637-3-hyperv neutron-server[107349]: DEBUG neutron_lib.callbacks.manager [None req-e0df2992-3ef6-42e0-8cc3-fe1d8edf5086 tempest-PortsTestJSON-305647087 tempest-PortsTestJSON-305647087-project] Publish callbacks ['neutron.plugins.ml2.plugin.SecurityGroupDbMixin._ensure_default_security_group_handler-1999219'] for network (None), before_create {{(pid=107349) _notify_loop /usr/local/lib/python3.8/dist-packages/neutron_lib/callbacks/manager.py:176}}
Oct 10 13:31:03.651235 dv-neutron-823637-3-hyperv neutron-server[107349]: DEBUG neutron.pecan_wsgi.hooks.quota_enforcement [None req-ed564a6e-f989-42e4-94e5-3a8496dadb39 tempest-RoutersAdminNegativeIpV6Test-63366279 tempest-RoutersAdminNegativeIpV6Test-63366279-project-admin] Made reservation on behalf of 33f4753c25554cf58f5138c37139a594 for: {'port': 1} {{(pid=107349) before /opt/stack/neutron/neutron/pecan_wsgi/hooks/quota_enforcement.py:53}}
Oct 10 13:31:03.653658 dv-neutron-823637-3-hyperv neutron-server[107350]: DEBUG neutron.db.l3_dvrscheduler_db [None req-2942947f-d761-4888-ba4f-4aa53cf324ca None None] Routers {'b8d36547-a631-4942-95ed-5b1085479719'} bound to L3 agent in host dv-neutron-823637-3-hyperv {{(pid=107350) _get_router_ids_for_agent /opt/stack/neutron/neutron/db/l3_dvrscheduler_db.py:425}}
Oct 10 13:31:03.654210 dv-neutron-823637-3-hyperv neutron-server[107349]: DEBUG neutron_lib.callbacks.manager [None req-ed564a6e-f989-42e4-94e5-3a8496dadb39 tempest-RoutersAdminNegativeIpV6Test-63366279 tempest-RoutersAdminNegativeIpV6Test-63366279-project-admin] Publish callbacks ['neutron.plugins.ml2.plugin.SecurityGroupDbMixin._ensure_default_security_group_handler-1999219'] for port (None), before_create {{(pid=107349) _notify_loop /usr/local/lib/python3.8/dist-packages/neutron_lib/callbacks/manager.py:176}}
Oct 10 13:31:03.656593 dv-neutron-823637-3-hyperv neutron-server[107350]: DEBUG neutron.db.l3_hamode_db [None req-2942947f-d761-4888-ba4f-4aa53cf324ca None None] neutron.services.l3_router.l3_router_plugin.L3RouterPlugin method get_ha_sync_data_for_host called with arguments (, 'dv-neutron-823637-3-hyperv', Agent(admin_state_up=True,agent_type='L3 agent',availability_zone='nova',binary='neutron-l3-agent',configurations={"agent_mode": "legacy", "ex_gw_ports": 4, "extensions": [], "floating_ips": 0, "handle_internal_only_routers": true, "interface_driver": "openvswitch", "interfaces": 1, "log_agent_heartbeats": false, "routers": 4},created_at=2022-10-10T13:22:36Z,description=,heartbeat_timestamp=2022-10-10T13:30:37Z,host='dv-neutron-823637-3-hyperv',id=e9d8b48f-2ff4-4283-9a43-8e334c57010c,load=0,resource_versions=,resources_synced=,started_at=2022-10-10T13:22:37Z,topic='l3_agent')) {'router_ids': ['b8d36547-a631-4942-95ed-5b1085479719'], 'active': True} {{(pid=107350) wrapper /usr/local/lib/python3.8/dist-packages/oslo_log/helpers.py:65}}
Oct 10 13:31:03.673931 dv-neutron-823637-3-hyperv neutron-server[107348]: DEBUG neutron_lib.callbacks.manager [None req-a45cef99-66ed-4cb9-94f2-3a3c89465c5e tempest-FloatingIPAdminTestJSON-2101816019 tempest-FloatingIPAdminTestJSON-2101816019-project-admin] Publish callbacks ['neutron.plugins.ml2.plugin.SecurityGroupDbMixin._ensure_default_security_group_handler-1999219'] for port (None), before_create {{(pid=107348) _notify_loop /usr/local/lib/python3.8/dist-packages/neutron_lib/callbacks/manager.py:176}}
Oct 10 13:31:03.688615 dv-neutron-823637-3-hyperv neutron-server[107349]: DEBUG neutron_lib.callbacks.manager [None req-519d87cb-1289-41ae-8298-1448fdb1fcc8 admin admin] Publish callbacks [] for security_group (12eb421b-ec9f-4296-ae07-eb98b9b0dadc), before_delete {{(pid=107349) _notify_loop /usr/local/lib/python3.8/dist-packages/neutron_lib/callbacks/manager.py:176}}
Oct 10 13:31:03.690773 dv-neutron-823637-3-hyperv neutron-server[107349]: DEBUG neutron.plugins.ml2.managers [req-103b098f-0858-4f62-8d1a-31bc35b929e5 req-177bf5fe-6910-453d-9f43-57c56f632861 service neutron] Attempting to bind port 4aee27b5-67f3-4dad-b433-4430b94852c2 on host hv-neutron-8236 for vnic_type normal with profile {{(pid=107349) bind_port /opt/stack/neutron/neutron/plugins/ml2/managers.py:810}}
Oct 10 13:31:03.691107 dv-neutron-823637-3-hyperv neutron-server[107349]: DEBUG neutron.plugins.ml2.managers [req-103b098f-0858-4f62-8d1a-31bc35b929e5 req-177bf5fe-6910-453d-9f43-57c56f632861 service neutron] Attempting to bind port 4aee27b5-67f3-4dad-b433-4430b94852c2 by drivers openvswitch,hyperv on host hv-neutron-8236 at level 0 using segments [{'id': 'eb4f2dfd-8c40-4a9a-8935-393df0c776a7', 'network_type': 'vlan', 'physical_network': 'physnet1', 'segmentation_id': 683, 'network_id': 'bb94cbcf-54ad-40a3-969f-1a4d2bbbc72f'}] {{(pid=107349) _bind_port_level /opt/stack/neutron/neutron/plugins/ml2/managers.py:835}}
Oct 10 13:31:03.691433 dv-neutron-823637-3-hyperv neutron-server[107349]: DEBUG neutron.plugins.ml2.drivers.mech_agent [req-103b098f-0858-4f62-8d1a-31bc35b929e5 req-177bf5fe-6910-453d-9f43-57c56f632861 service neutron] Attempting to bind port 4aee27b5-67f3-4dad-b433-4430b94852c2 on network bb94cbcf-54ad-40a3-969f-1a4d2bbbc72f {{(pid=107349) bind_port /opt/stack/neutron/neutron/plugins/ml2/drivers/mech_agent.py:91}}
Oct 10 13:31:03.711722 dv-neutron-823637-3-hyperv neutron-server[107349]: DEBUG dbcounter [-] [107349] Writing DB stats neutron:SELECT=95,neutron:INSERT=4,neutron:DELETE=1 {{(pid=107349) stat_writer /usr/local/lib/python3.8/dist-packages/dbcounter.py:114}}
Oct 10 13:31:03.726000 dv-neutron-823637-3-hyperv neutron-server[107350]: DEBUG neutron.db.l3_hamode_db [None req-2942947f-d761-4888-ba4f-4aa53cf324ca None None] neutron.services.l3_router.l3_router_plugin.L3RouterPlugin method _process_sync_ha_data called with arguments (, [], 'dv-neutron-823637-3-hyperv', False) {} {{(pid=107350) wrapper /usr/local/lib/python3.8/dist-packages/oslo_log/helpers.py:65}}
Oct 10 13:31:03.728671 dv-neutron-823637-3-hyperv neutron-server[107350]: DEBUG neutron.api.rpc.handlers.l3_rpc [None req-2942947f-d761-4888-ba4f-4aa53cf324ca None None] The sync data for ids ['b8d36547-a631-4942-95ed-5b1085479719'] in dv-neutron-823637-3-hyperv is: [] {{(pid=107350) sync_routers /opt/stack/neutron/neutron/api/rpc/handlers/l3_rpc.py:137}}
Oct 10 13:31:03.770656 dv-neutron-823637-3-hyperv neutron-server[107349]: DEBUG neutron_lib.callbacks.manager [req-b0a8a69c-5e8b-4a14-814e-0a80b5be27d8 req-e63184d8-aaf9-412a-898d-1c50654fe7d4 service neutron] Publish callbacks ['neutron.plugins.ml2.plugin.SecurityGroupDbMixin._ensure_default_security_group_handler-1999219'] for port (dd310825-d15f-4c08-964a-38373ef77d62), before_update {{(pid=107349) _notify_loop /usr/local/lib/python3.8/dist-packages/neutron_lib/callbacks/manager.py:176}}
Oct 10 13:31:03.795261 dv-neutron-823637-3-hyperv neutron-server[107349]: DEBUG neutron_lib.callbacks.manager [None req-ed564a6e-f989-42e4-94e5-3a8496dadb39 tempest-RoutersAdminNegativeIpV6Test-63366279 tempest-RoutersAdminNegativeIpV6Test-63366279-project-admin] Publish callbacks [] for security_group (None), before_create {{(pid=107349) _notify_loop /usr/local/lib/python3.8/dist-packages/neutron_lib/callbacks/manager.py:176}}
Oct 10 13:31:03.797454 dv-neutron-823637-3-hyperv neutron-server[107349]: DEBUG neutron_lib.callbacks.manager [None req-e0df2992-3ef6-42e0-8cc3-fe1d8edf5086 tempest-PortsTestJSON-305647087 tempest-PortsTestJSON-305647087-project] Publish callbacks [] for security_group (None), before_create {{(pid=107349) _notify_loop /usr/local/lib/python3.8/dist-packages/neutron_lib/callbacks/manager.py:176}}
Oct 10 13:31:03.835741 dv-neutron-823637-3-hyperv neutron-server[107348]: DEBUG neutron.db.db_base_plugin_common [None req-a45cef99-66ed-4cb9-94f2-3a3c89465c5e tempest-FloatingIPAdminTestJSON-2101816019 tempest-FloatingIPAdminTestJSON-2101816019-project-admin] Allocated IP 172.26.1.99 (6104fb95-101d-473a-87ab-e12249eecf4f/3a00f11a-bb8b-4656-b49a-6c59a913dc91/39754603-4ab4-4bcf-a39d-0a9aa91f31f1) {{(pid=107348) _store_ip_allocation /opt/stack/neutron/neutron/db/db_base_plugin_common.py:131}}
Oct 10 13:31:03.892565 dv-neutron-823637-3-hyperv neutron-server[107349]: INFO neutron.wsgi [None req-9e0d5004-ea7d-4961-ab00-ba82c6b0e25d tempest-NetworksIpV6Test-419617798 tempest-NetworksIpV6Test-419617798-project] 10.222.0.16 "POST /networking/v2.0/networks HTTP/1.1" status: 201 len: 784 time: 2.6206639
Oct 10 13:31:03.968429 dv-neutron-823637-3-hyperv neutron-server[107349]: DEBUG neutron.api.rpc.handlers.resources_rpc [None req-9e0d5004-ea7d-4961-ab00-ba82c6b0e25d tempest-NetworksIpV6Test-419617798 tempest-NetworksIpV6Test-419617798-project] Pushing event updated for resources: {'Network': ['ID=600e41ce-b3b4-442b-8c8f-73b3af153dd0,revision_number=1']} {{(pid=107349) push /opt/stack/neutron/neutron/api/rpc/handlers/resources_rpc.py:237}}
Oct 10 13:31:03.979003 dv-neutron-823637-3-hyperv neutron-server[107349]: DEBUG neutron_lib.callbacks.manager [None req-519d87cb-1289-41ae-8298-1448fdb1fcc8 admin admin] Publish callbacks [] for security_group (12eb421b-ec9f-4296-ae07-eb98b9b0dadc), precommit_delete {{(pid=107349) _notify_loop /usr/local/lib/python3.8/dist-packages/neutron_lib/callbacks/manager.py:176}}
Oct 10 13:31:04.015182 dv-neutron-823637-3-hyperv neutron-server[107348]: DEBUG dbcounter [-] [107348] Writing DB stats neutron:SELECT=94,neutron:INSERT=3,neutron:UPDATE=3 {{(pid=107348) stat_writer /usr/local/lib/python3.8/dist-packages/dbcounter.py:114}}
Oct 10 13:31:04.017758 dv-neutron-823637-3-hyperv neutron-server[107350]: DEBUG neutron.plugins.ml2.rpc [None req-0546edec-56d9-4700-97b8-7865e2e7efe2 None None] Network 600e41ce-b3b4-442b-8c8f-73b3af153dd0 details requested by agent ovs-agent-dv-neutron-823637-3-hyperv with host dv-neutron-823637-3-hyperv {{(pid=107350) get_network_details /opt/stack/neutron/neutron/plugins/ml2/rpc.py:248}}
Oct 10 13:31:04.081600 dv-neutron-823637-3-hyperv neutron-server[107349]: DEBUG neutron_lib.callbacks.manager [None req-ed564a6e-f989-42e4-94e5-3a8496dadb39 tempest-RoutersAdminNegativeIpV6Test-63366279 tempest-RoutersAdminNegativeIpV6Test-63366279-project-admin] Publish callbacks [] for security_group (2f5d6b5b-926e-4eef-afcb-258ccb5b8d5c), precommit_create {{(pid=107349) _notify_loop /usr/local/lib/python3.8/dist-packages/neutron_lib/callbacks/manager.py:176}}
Oct 10 13:31:04.115339 dv-neutron-823637-3-hyperv neutron-server[107349]: DEBUG neutron.plugins.ml2.drivers.mech_agent [req-103b098f-0858-4f62-8d1a-31bc35b929e5 req-177bf5fe-6910-453d-9f43-57c56f632861 service neutron] Port 4aee27b5-67f3-4dad-b433-4430b94852c2 on network bb94cbcf-54ad-40a3-969f-1a4d2bbbc72f not bound, no agent of type Open vSwitch agent registered on host hv-neutron-8236 {{(pid=107349) bind_port /opt/stack/neutron/neutron/plugins/ml2/drivers/mech_agent.py:120}}
Oct 10 13:31:04.115756 dv-neutron-823637-3-hyperv neutron-server[107349]: DEBUG neutron.plugins.ml2.drivers.mech_agent [req-103b098f-0858-4f62-8d1a-31bc35b929e5 req-177bf5fe-6910-453d-9f43-57c56f632861 service neutron] Attempting to bind port 4aee27b5-67f3-4dad-b433-4430b94852c2 on network bb94cbcf-54ad-40a3-969f-1a4d2bbbc72f {{(pid=107349) bind_port /opt/stack/neutron/neutron/plugins/ml2/drivers/mech_agent.py:91}}
Oct 10 13:31:04.177298 dv-neutron-823637-3-hyperv neutron-server[107349]: DEBUG dbcounter [-] [107349] Writing DB stats neutron:SELECT=83,neutron:DELETE=1,neutron:INSERT=15,neutron:UPDATE=1 {{(pid=107349) stat_writer /usr/local/lib/python3.8/dist-packages/dbcounter.py:114}}
Oct 10 13:31:04.193906 dv-neutron-823637-3-hyperv neutron-server[107349]: DEBUG neutron.plugins.ml2.drivers.mech_agent [req-103b098f-0858-4f62-8d1a-31bc35b929e5 req-177bf5fe-6910-453d-9f43-57c56f632861 service neutron] Checking agent: {'id': '96b1f646-557a-4275-b62f-c57c9b893c40', 'agent_type': 'HyperV agent', 'binary': 'neutron-hyperv-agent', 'topic': 'N/A', 'host': 'hv-neutron-8236', 'admin_state_up': True, 'created_at': datetime.datetime(2022, 10, 10, 13, 28, 47), 'started_at': datetime.datetime(2022, 10, 10, 13, 28, 47), 'heartbeat_timestamp': datetime.datetime(2022, 10, 10, 13, 30, 47), 'description': None, 'resources_synced': None, 'availability_zone': None, 'alive': True, 'configurations': {'vswitch_mappings': {'physnet1$': 'br-data'}}, 'resource_versions': {}} {{(pid=107349) bind_port /opt/stack/neutron/neutron/plugins/ml2/drivers/mech_agent.py:127}}
Oct 10 13:31:04.194589 dv-neutron-823637-3-hyperv neutron-server[107349]: DEBUG neutron.plugins.ml2.drivers.mech_agent [req-103b098f-0858-4f62-8d1a-31bc35b929e5 req-177bf5fe-6910-453d-9f43-57c56f632861 service neutron] Checking segment: {'id': 'eb4f2dfd-8c40-4a9a-8935-393df0c776a7', 'network_type': 'vlan', 'physical_network': 'physnet1', 'segmentation_id': 683, 'network_id': 'bb94cbcf-54ad-40a3-969f-1a4d2bbbc72f'} for mappings: {'physnet1$': 'br-data'} with network types: ['local', 'flat', 'vlan'] {{(pid=107349) check_segment_for_agent /opt/stack/neutron/neutron/plugins/ml2/drivers/mech_agent.py:399}}
Oct 10 13:31:04.195291 dv-neutron-823637-3-hyperv neutron-server[107349]: DEBUG neutron.plugins.ml2.drivers.mech_agent [req-103b098f-0858-4f62-8d1a-31bc35b929e5 req-177bf5fe-6910-453d-9f43-57c56f632861 service neutron] Bound using segment: {'id': 'eb4f2dfd-8c40-4a9a-8935-393df0c776a7', 'network_type': 'vlan', 'physical_network': 'physnet1', 'segmentation_id': 683, 'network_id': 'bb94cbcf-54ad-40a3-969f-1a4d2bbbc72f'} {{(pid=107349) bind_port /opt/stack/neutron/neutron/plugins/ml2/drivers/mech_agent.py:137}}
Oct 10 13:31:04.195944 dv-neutron-823637-3-hyperv neutron-server[107349]: DEBUG neutron.plugins.ml2.managers [req-103b098f-0858-4f62-8d1a-31bc35b929e5 req-177bf5fe-6910-453d-9f43-57c56f632861 service neutron] Bound port: 4aee27b5-67f3-4dad-b433-4430b94852c2, host: hv-neutron-8236, vif_type: hyperv, vif_details: {"connectivity": "legacy", "port_filter": false}, binding_levels: [{'bound_driver': 'hyperv', 'bound_segment': {'id': 'eb4f2dfd-8c40-4a9a-8935-393df0c776a7', 'network_type': 'vlan', 'physical_network': 'physnet1', 'segmentation_id': 683, 'network_id': 'bb94cbcf-54ad-40a3-969f-1a4d2bbbc72f'}}] {{(pid=107349) _bind_port_level /opt/stack/neutron/neutron/plugins/ml2/managers.py:947}}
Oct 10 13:31:04.196459 dv-neutron-823637-3-hyperv neutron-server[107349]: DEBUG neutron_lib.callbacks.manager [req-103b098f-0858-4f62-8d1a-31bc35b929e5 req-177bf5fe-6910-453d-9f43-57c56f632861 service neutron] Publish callbacks ['neutron.plugins.ml2.plugin.SecurityGroupDbMixin._ensure_default_security_group_handler-1999219'] for port (4aee27b5-67f3-4dad-b433-4430b94852c2), before_update {{(pid=107349) _notify_loop /usr/local/lib/python3.8/dist-packages/neutron_lib/callbacks/manager.py:176}}
Oct 10 13:31:04.206113 dv-neutron-823637-3-hyperv neutron-server[107350]: DEBUG neutron_lib.callbacks.manager [None req-395ab316-71f5-4910-9343-078edd891696 None None] Publish callbacks ['neutron.services.segments.db._update_segment_host_mapping_for_agent-8754798675914', 'neutron.plugins.ml2.plugin.Ml2Plugin._retry_binding_revived_agents-1898277'] for agent (1763a90a-f377-4e52-83b9-a7f6ac052869), after_update {{(pid=107350) _notify_loop /usr/local/lib/python3.8/dist-packages/neutron_lib/callbacks/manager.py:176}}
Oct 10 13:31:04.208852 dv-neutron-823637-3-hyperv neutron-server[107348]: DEBUG neutron_lib.callbacks.manager [None req-a45cef99-66ed-4cb9-94f2-3a3c89465c5e tempest-FloatingIPAdminTestJSON-2101816019 tempest-FloatingIPAdminTestJSON-2101816019-project-admin] Publish callbacks [] for port (39754603-4ab4-4bcf-a39d-0a9aa91f31f1), precommit_create {{(pid=107348) _notify_loop /usr/local/lib/python3.8/dist-packages/neutron_lib/callbacks/manager.py:176}}
Oct 10 13:31:04.214067 dv-neutron-823637-3-hyperv neutron-server[107349]: DEBUG neutron_lib.callbacks.manager [None req-ed564a6e-f989-42e4-94e5-3a8496dadb39 tempest-RoutersAdminNegativeIpV6Test-63366279 tempest-RoutersAdminNegativeIpV6Test-63366279-project-admin] Publish callbacks ['neutron.plugins.ml2.ovo_rpc._ObjectChangeHandler.handle_event-588321'] for security_group (2f5d6b5b-926e-4eef-afcb-258ccb5b8d5c), after_create {{(pid=107349) _notify_loop /usr/local/lib/python3.8/dist-packages/neutron_lib/callbacks/manager.py:176}}
Oct 10 13:31:04.216809 dv-neutron-823637-3-hyperv neutron-server[107349]: DEBUG neutron.notifiers.nova [None req-ed564a6e-f989-42e4-94e5-3a8496dadb39 tempest-RoutersAdminNegativeIpV6Test-63366279 tempest-RoutersAdminNegativeIpV6Test-63366279-project-admin] device_id is not set on port 192d0e22-8f32-4529-adfb-656471780946 yet. {{(pid=107349) _can_notify /opt/stack/neutron/neutron/notifiers/nova.py:201}}
Oct 10 13:31:04.302598 dv-neutron-823637-3-hyperv neutron-server[107349]: INFO neutron.wsgi [req-8f560f2e-febd-44e1-bbda-8a3f3310ebd4 req-14c481e1-650d-49df-9ddd-31a039ba041c tempest-ServersTestManualDisk-1696521154 tempest-ServersTestManualDisk-1696521154-project] 10.222.0.16 "GET /networking/v2.0/security-groups?id=4bdf4aba-37c0-4b8f-adb5-fd0958894424&fields=id&fields=name HTTP/1.1" status: 200 len: 313 time: 0.9962182
Oct 10 13:31:04.371595 dv-neutron-823637-3-hyperv neutron-server[107348]: DEBUG neutron_lib.callbacks.manager [None req-a45cef99-66ed-4cb9-94f2-3a3c89465c5e tempest-FloatingIPAdminTestJSON-2101816019 tempest-FloatingIPAdminTestJSON-2101816019-project-admin] Publish callbacks ['neutron.plugins.ml2.plugin.SecurityGroupServerNotifierRpcMixin._notify_sg_on_port_change-2005932', 'neutron.plugins.ml2.ovo_rpc._ObjectChangeHandler.handle_event-827204', 'neutron.api.rpc.agentnotifiers.dhcp_rpc_agent_api.DhcpAgentNotifyAPI._native_event_send_dhcp_notification-544126', 'neutron.db.l3_dvrscheduler_db._notify_l3_agent_new_port-8754798163164', 'neutron.services.segments.plugin.NovaSegmentNotifier._notify_port_created_or_deleted-2694560'] for port (39754603-4ab4-4bcf-a39d-0a9aa91f31f1), after_create {{(pid=107348) _notify_loop /usr/local/lib/python3.8/dist-packages/neutron_lib/callbacks/manager.py:176}}
Oct 10 13:31:04.408747 dv-neutron-823637-3-hyperv neutron-server[107348]: DEBUG dbcounter [-] [107348] Writing DB stats neutron:SELECT=94,neutron:INSERT=5,neutron:UPDATE=1 {{(pid=107348) stat_writer /usr/local/lib/python3.8/dist-packages/dbcounter.py:114}}
Oct 10 13:31:04.466542 dv-neutron-823637-3-hyperv neutron-server[107348]: DEBUG neutron.pecan_wsgi.hooks.policy_enforcement [req-4c0de1a6-0b9f-4809-823f-59b9820ba4cc req-61adb837-9a9d-407f-a5a5-61b55829b44c tempest-ServersTestJSON-43310305 tempest-ServersTestJSON-43310305-project] Attributes excluded by policy engine: ['standard_attr_id', 'binding:profile', 'binding:host_id', 'binding:vif_type', 'binding:vif_details'] {{(pid=107348) _exclude_attributes_by_policy /opt/stack/neutron/neutron/pecan_wsgi/hooks/policy_enforcement.py:259}}
Oct 10 13:31:04.468065 dv-neutron-823637-3-hyperv neutron-server[107348]: INFO neutron.wsgi [req-4c0de1a6-0b9f-4809-823f-59b9820ba4cc req-61adb837-9a9d-407f-a5a5-61b55829b44c tempest-ServersTestJSON-43310305 tempest-ServersTestJSON-43310305-project] 10.222.0.16 "GET /networking/v2.0/ports?device_id=562b3ba1-ee9a-4a13-a110-2b18010b90b2 HTTP/1.1" status: 200 len: 944 time: 0.1165745
Oct 10 13:31:04.472431 dv-neutron-823637-3-hyperv neutron-server[107348]: DEBUG neutron.scheduler.dhcp_agent_scheduler [None req-a45cef99-66ed-4cb9-94f2-3a3c89465c5e tempest-FloatingIPAdminTestJSON-2101816019 tempest-FloatingIPAdminTestJSON-2101816019-project-admin] Network 6104fb95-101d-473a-87ab-e12249eecf4f is already hosted by enough agents. {{(pid=107348) _get_dhcp_agents_hosting_network /opt/stack/neutron/neutron/scheduler/dhcp_agent_scheduler.py:275}}
Oct 10 13:31:04.480086 dv-neutron-823637-3-hyperv neutron-server[107348]: DEBUG neutron.scheduler.base_scheduler [None req-a45cef99-66ed-4cb9-94f2-3a3c89465c5e tempest-FloatingIPAdminTestJSON-2101816019 tempest-FloatingIPAdminTestJSON-2101816019-project-admin] Resources bound (agent type, host, resource id): {{(pid=107348) schedule /opt/stack/neutron/neutron/scheduler/base_scheduler.py:57}}
Oct 10 13:31:04.483098 dv-neutron-823637-3-hyperv neutron-server[107348]: DEBUG neutron.db.l3_dvrscheduler_db [None req-a45cef99-66ed-4cb9-94f2-3a3c89465c5e tempest-FloatingIPAdminTestJSON-2101816019 tempest-FloatingIPAdminTestJSON-2101816019-project-admin] Received port after_create {{(pid=107348) _notify_l3_agent_new_port /opt/stack/neutron/neutron/db/l3_dvrscheduler_db.py:541}}
Oct 10 13:31:04.521907 dv-neutron-823637-3-hyperv neutron-server[107349]: DEBUG neutron.db.db_base_plugin_common [None req-ed564a6e-f989-42e4-94e5-3a8496dadb39 tempest-RoutersAdminNegativeIpV6Test-63366279 tempest-RoutersAdminNegativeIpV6Test-63366279-project-admin] Allocated IP 172.26.1.114 (6104fb95-101d-473a-87ab-e12249eecf4f/3a00f11a-bb8b-4656-b49a-6c59a913dc91/192d0e22-8f32-4529-adfb-656471780946) {{(pid=107349) _store_ip_allocation /opt/stack/neutron/neutron/db/db_base_plugin_common.py:131}}
Oct 10 13:31:04.561378 dv-neutron-823637-3-hyperv neutron-server[107348]: DEBUG neutron.api.rpc.handlers.resources_rpc [None req-a45cef99-66ed-4cb9-94f2-3a3c89465c5e tempest-FloatingIPAdminTestJSON-2101816019 tempest-FloatingIPAdminTestJSON-2101816019-project-admin] Pushing event updated for resources: {'Port': ['ID=39754603-4ab4-4bcf-a39d-0a9aa91f31f1,revision_number=1']} {{(pid=107348) push /opt/stack/neutron/neutron/api/rpc/handlers/resources_rpc.py:237}}
Oct 10 13:31:04.698876 dv-neutron-823637-3-hyperv neutron-server[107348]: INFO neutron.wsgi [req-4c0de1a6-0b9f-4809-823f-59b9820ba4cc req-45e86e19-75b5-4e4b-bca1-54f76abf0e4b tempest-ServersTestJSON-43310305 tempest-ServersTestJSON-43310305-project] 10.222.0.16 "GET /networking/v2.0/security-groups?id=a45266ee-54b8-4f02-850d-3494d07126a9&fields=id&fields=name HTTP/1.1" status: 200 len: 312 time: 0.1979146
Oct 10 13:31:04.729966 dv-neutron-823637-3-hyperv neutron-server[107349]: DEBUG dbcounter [-] [107349] Writing DB stats neutron:SELECT=84,neutron:UPDATE=7,neutron:INSERT=8,neutron:DELETE=1 {{(pid=107349) stat_writer /usr/local/lib/python3.8/dist-packages/dbcounter.py:114}}
Oct 10 13:31:04.754288 dv-neutron-823637-3-hyperv neutron-server[107348]: DEBUG neutron_lib.callbacks.manager [None req-a45cef99-66ed-4cb9-94f2-3a3c89465c5e tempest-FloatingIPAdminTestJSON-2101816019 tempest-FloatingIPAdminTestJSON-2101816019-project-admin] Publish callbacks [] for floatingip (547b825c-04c8-4d39-9759-0577e0af0228), precommit_create {{(pid=107348) _notify_loop /usr/local/lib/python3.8/dist-packages/neutron_lib/callbacks/manager.py:176}}
Oct 10 13:31:04.768505 dv-neutron-823637-3-hyperv neutron-server[107349]: DEBUG neutron.pecan_wsgi.hooks.policy_enforcement [req-d4bd9bd5-0a02-4c20-a9fb-314665d594a8 req-233d9c95-411b-43b7-b023-43db8d97aa59 service neutron] Attributes excluded by policy engine: ['standard_attr_id', 'vlan_transparent'] {{(pid=107349) _exclude_attributes_by_policy /opt/stack/neutron/neutron/pecan_wsgi/hooks/policy_enforcement.py:259}}
Oct 10 13:31:04.769936 dv-neutron-823637-3-hyperv neutron-server[107349]: INFO neutron.wsgi [req-d4bd9bd5-0a02-4c20-a9fb-314665d594a8 req-233d9c95-411b-43b7-b023-43db8d97aa59 service neutron] 10.222.0.40 "GET /networking/v2.0/networks?id=d2c6d6f4-a81f-484d-9c9e-0e7d806e2376 HTTP/1.1" status: 200 len: 912 time: 1.5808306
Oct 10 13:31:04.845764 dv-neutron-823637-3-hyperv neutron-server[107349]: DEBUG neutron.api.rpc.handlers.resources_rpc [None req-ed564a6e-f989-42e4-94e5-3a8496dadb39 tempest-RoutersAdminNegativeIpV6Test-63366279 tempest-RoutersAdminNegativeIpV6Test-63366279-project-admin] Pushing event updated for resources: {'SecurityGroup': ['ID=2f5d6b5b-926e-4eef-afcb-258ccb5b8d5c,revision_number=1']} {{(pid=107349) push /opt/stack/neutron/neutron/api/rpc/handlers/resources_rpc.py:237}}
Oct 10 13:31:04.914144 dv-neutron-823637-3-hyperv neutron-server[107349]: DEBUG neutron_lib.callbacks.manager [None req-ed564a6e-f989-42e4-94e5-3a8496dadb39 tempest-RoutersAdminNegativeIpV6Test-63366279 tempest-RoutersAdminNegativeIpV6Test-63366279-project-admin] Publish callbacks [] for port (192d0e22-8f32-4529-adfb-656471780946), precommit_create {{(pid=107349) _notify_loop /usr/local/lib/python3.8/dist-packages/neutron_lib/callbacks/manager.py:176}}
Oct 10 13:31:04.917210 dv-neutron-823637-3-hyperv neutron-server[107348]: DEBUG neutron_lib.callbacks.manager [None req-a45cef99-66ed-4cb9-94f2-3a3c89465c5e tempest-FloatingIPAdminTestJSON-2101816019 tempest-FloatingIPAdminTestJSON-2101816019-project-admin] Publish callbacks ['neutron.plugins.ml2.plugin.SecurityGroupDbMixin._ensure_default_security_group_handler-1999219'] for port (39754603-4ab4-4bcf-a39d-0a9aa91f31f1), before_update {{(pid=107348) _notify_loop /usr/local/lib/python3.8/dist-packages/neutron_lib/callbacks/manager.py:176}}
Oct 10 13:31:04.920524 dv-neutron-823637-3-hyperv neutron-server[107349]: DEBUG neutron_lib.callbacks.manager [None req-519d87cb-1289-41ae-8298-1448fdb1fcc8 admin admin] Publish callbacks ['neutron.plugins.ml2.ovo_rpc._ObjectChangeHandler.handle_event-588321'] for security_group (12eb421b-ec9f-4296-ae07-eb98b9b0dadc), after_delete {{(pid=107349) _notify_loop /usr/local/lib/python3.8/dist-packages/neutron_lib/callbacks/manager.py:176}}
Oct 10 13:31:04.923069 dv-neutron-823637-3-hyperv neutron-server[107349]: DEBUG neutron_lib.callbacks.manager [None req-519d87cb-1289-41ae-8298-1448fdb1fcc8 admin admin] Publish callbacks [] for security_group (None), before_response {{(pid=107349) _notify_loop /usr/local/lib/python3.8/dist-packages/neutron_lib/callbacks/manager.py:176}}
Oct 10 13:31:04.926996 dv-neutron-823637-3-hyperv neutron-server[107349]: INFO neutron.wsgi [None req-519d87cb-1289-41ae-8298-1448fdb1fcc8 admin admin] 10.222.0.16 "DELETE /networking/v2.0/security-groups/12eb421b-ec9f-4296-ae07-eb98b9b0dadc HTTP/1.1" status: 204 len: 168 time: 1.9793561
Oct 10 13:31:04.928501 dv-neutron-823637-3-hyperv neutron-server[107349]: INFO neutron.wsgi [req-d4bd9bd5-0a02-4c20-a9fb-314665d594a8 req-078d9e1b-9871-4333-a954-e863797573c5 service neutron] 10.222.0.40 "GET /networking/v2.0/floatingips?fixed_ip_address=172.20.0.14&port_id=3a4ffa38-5bf0-4e04-a3a8-92bb744297e5 HTTP/1.1" status: 200 len: 217 time: 0.1188488
Oct 10 13:31:05.001388 dv-neutron-823637-3-hyperv neutron-server[107349]: DEBUG neutron.pecan_wsgi.hooks.policy_enforcement [req-1a253586-2834-4422-beff-dbbee26b5734 req-3bdbc7f7-abfa-45a3-906c-8c57995e7ab0 tempest-ServerActionsTestJSON-1812240561 tempest-ServerActionsTestJSON-1812240561-project] Attributes excluded by policy engine: ['standard_attr_id', 'binding:profile', 'binding:host_id', 'binding:vif_type', 'binding:vif_details'] {{(pid=107349) _exclude_attributes_by_policy /opt/stack/neutron/neutron/pecan_wsgi/hooks/policy_enforcement.py:259}}
Oct 10 13:31:05.013379 dv-neutron-823637-3-hyperv neutron-server[107349]: INFO neutron.wsgi [req-1a253586-2834-4422-beff-dbbee26b5734 req-3bdbc7f7-abfa-45a3-906c-8c57995e7ab0 tempest-ServerActionsTestJSON-1812240561 tempest-ServerActionsTestJSON-1812240561-project] 10.222.0.16 "GET /networking/v2.0/ports?device_id=9c69cf2c-568a-44fe-a0d1-4400af217fe5 HTTP/1.1" status: 200 len: 931 time: 0.2496686
Oct 10 13:31:05.031525 dv-neutron-823637-3-hyperv neutron-server[107349]: DEBUG neutron.plugins.ml2.db [req-103b098f-0858-4f62-8d1a-31bc35b929e5 req-177bf5fe-6910-453d-9f43-57c56f632861 service neutron] For port 4aee27b5-67f3-4dad-b433-4430b94852c2, host hv-neutron-8236, cleared binding levels {{(pid=107349) clear_binding_levels /opt/stack/neutron/neutron/plugins/ml2/db.py:87}}
Oct 10 13:31:05.069035 dv-neutron-823637-3-hyperv neutron-server[107349]: DEBUG neutron.plugins.ml2.db [req-103b098f-0858-4f62-8d1a-31bc35b929e5 req-177bf5fe-6910-453d-9f43-57c56f632861 service neutron] For port 4aee27b5-67f3-4dad-b433-4430b94852c2, host hv-neutron-8236, set binding levels [PortBindingLevel(driver='hyperv',host='hv-neutron-8236',level=0,port_id=4aee27b5-67f3-4dad-b433-4430b94852c2,segment=NetworkSegment(eb4f2dfd-8c40-4a9a-8935-393df0c776a7),segment_id=eb4f2dfd-8c40-4a9a-8935-393df0c776a7)] {{(pid=107349) set_binding_levels /opt/stack/neutron/neutron/plugins/ml2/db.py:59}}
Oct 10 13:31:05.135651 dv-neutron-823637-3-hyperv neutron-server[107349]: DEBUG neutron_lib.callbacks.manager [None req-e0df2992-3ef6-42e0-8cc3-fe1d8edf5086 tempest-PortsTestJSON-305647087 tempest-PortsTestJSON-305647087-project] Publish callbacks [] for security_group (e9cbc6ea-0eab-427f-a38a-806cb9eab37c), precommit_create {{(pid=107349) _notify_loop /usr/local/lib/python3.8/dist-packages/neutron_lib/callbacks/manager.py:176}}
Oct 10 13:31:05.138446 dv-neutron-823637-3-hyperv neutron-server[107349]: DEBUG neutron.api.rpc.handlers.resources_rpc [None req-519d87cb-1289-41ae-8298-1448fdb1fcc8 admin admin] Pushing event deleted for resources: {'SecurityGroup': ['ID=12eb421b-ec9f-4296-ae07-eb98b9b0dadc,revision_number=None']} {{(pid=107349) push /opt/stack/neutron/neutron/api/rpc/handlers/resources_rpc.py:237}}
Oct 10 13:31:05.192039 dv-neutron-823637-3-hyperv neutron-server[107349]: DEBUG neutron_lib.callbacks.manager [req-103b098f-0858-4f62-8d1a-31bc35b929e5 req-177bf5fe-6910-453d-9f43-57c56f632861 service neutron] Publish callbacks ['neutron.plugins.ml2.plugin.SecurityGroupServerNotifierRpcMixin._notify_sg_on_port_change-2005932', 'neutron.plugins.ml2.ovo_rpc._ObjectChangeHandler.handle_event-827204', 'neutron.api.rpc.agentnotifiers.dhcp_rpc_agent_api.DhcpAgentNotifyAPI._native_event_send_dhcp_notification-544126', 'neutron.db.l3_db.L3RpcNotifierMixin._notify_gateway_port_ip_changed-8754798535617', 'neutron.db.l3_dvrscheduler_db._notify_l3_agent_port_update-8754798163182', 'neutron.db.l3_hascheduler_db._notify_l3_agent_ha_port_update-8754798160132'] for port (4aee27b5-67f3-4dad-b433-4430b94852c2), after_update {{(pid=107349) _notify_loop /usr/local/lib/python3.8/dist-packages/neutron_lib/callbacks/manager.py:176}}
Oct 10 13:31:05.192039 dv-neutron-823637-3-hyperv neutron-server[107349]: DEBUG neutron.pecan_wsgi.hooks.policy_enforcement [req-103b098f-0858-4f62-8d1a-31bc35b929e5 req-177bf5fe-6910-453d-9f43-57c56f632861 service neutron] Attributes excluded by policy engine: ['standard_attr_id'] {{(pid=107349) _exclude_attributes_by_policy /opt/stack/neutron/neutron/pecan_wsgi/hooks/policy_enforcement.py:259}}
Oct 10 13:31:05.192039 dv-neutron-823637-3-hyperv neutron-server[107349]: DEBUG neutron_lib.callbacks.manager [req-103b098f-0858-4f62-8d1a-31bc35b929e5 req-177bf5fe-6910-453d-9f43-57c56f632861 service neutron] Publish callbacks ['neutron.notifiers.nova.Notifier._send_nova_notification-36674'] for port (None), before_response {{(pid=107349) _notify_loop /usr/local/lib/python3.8/dist-packages/neutron_lib/callbacks/manager.py:176}}
Oct 10 13:31:05.192039 dv-neutron-823637-3-hyperv neutron-server[107349]: INFO neutron.wsgi [req-103b098f-0858-4f62-8d1a-31bc35b929e5 req-177bf5fe-6910-453d-9f43-57c56f632861 service neutron] 10.222.0.40 "PUT /networking/v2.0/ports/4aee27b5-67f3-4dad-b433-4430b94852c2 HTTP/1.1" status: 200 len: 1094 time: 5.3934631
Oct 10 13:31:05.322408 dv-neutron-823637-3-hyperv neutron-server[107349]: DEBUG neutron.notifiers.nova [-] Sending events: [{'name': 'network-changed', 'server_uuid': '562b3ba1-ee9a-4a13-a110-2b18010b90b2', 'tag': '4aee27b5-67f3-4dad-b433-4430b94852c2'}] {{(pid=107349) send_events /opt/stack/neutron/neutron/notifiers/nova.py:279}}
Oct 10 13:31:05.332227 dv-neutron-823637-3-hyperv neutron-server[107349]: DEBUG novaclient.v2.client [-] REQ: curl -g -i --cacert "/opt/stack/data/ca-bundle.pem" -X POST http://10.222.0.16/compute/v2.1/os-server-external-events -H "Accept: application/json" -H "Content-Type: application/json" -H "User-Agent: python-novaclient" -H "X-Auth-Token: {SHA256}5e72539d18ba9946b534226e0773343c8a8ba626d6d03ab92a7af62a9b818dcf" -H "X-OpenStack-Nova-API-Version: 2.1" -H "X-OpenStack-Request-ID: req-133ba2ce-f611-49de-8ac0-55af4429cc80" -d '{"events": [{"name": "network-changed", "server_uuid": "562b3ba1-ee9a-4a13-a110-2b18010b90b2", "tag": "4aee27b5-67f3-4dad-b433-4430b94852c2"}]}' {{(pid=107349) _http_log_request /usr/local/lib/python3.8/dist-packages/keystoneauth1/session.py:519}}
Oct 10 13:31:05.355959 dv-neutron-823637-3-hyperv neutron-server[107348]: DEBUG dbcounter [-] [107348] Writing DB stats neutron:SELECT=96,neutron:INSERT=2,neutron:UPDATE=2 {{(pid=107348) stat_writer /usr/local/lib/python3.8/dist-packages/dbcounter.py:114}}
Oct 10 13:31:05.368553 dv-neutron-823637-3-hyperv neutron-server[107348]: DEBUG neutron_lib.callbacks.manager [None req-a45cef99-66ed-4cb9-94f2-3a3c89465c5e tempest-FloatingIPAdminTestJSON-2101816019 tempest-FloatingIPAdminTestJSON-2101816019-project-admin] Publish callbacks [] for port (39754603-4ab4-4bcf-a39d-0a9aa91f31f1), precommit_update {{(pid=107348) _notify_loop /usr/local/lib/python3.8/dist-packages/neutron_lib/callbacks/manager.py:176}}
Oct 10 13:31:05.387605 dv-neutron-823637-3-hyperv neutron-server[107349]: DEBUG neutron_lib.callbacks.manager [None req-e0df2992-3ef6-42e0-8cc3-fe1d8edf5086 tempest-PortsTestJSON-305647087 tempest-PortsTestJSON-305647087-project] Publish callbacks ['neutron.plugins.ml2.ovo_rpc._ObjectChangeHandler.handle_event-588321'] for security_group (e9cbc6ea-0eab-427f-a38a-806cb9eab37c), after_create {{(pid=107349) _notify_loop /usr/local/lib/python3.8/dist-packages/neutron_lib/callbacks/manager.py:176}}
Oct 10 13:31:05.395383 dv-neutron-823637-3-hyperv neutron-server[107349]: DEBUG neutron_lib.callbacks.manager [None req-ed564a6e-f989-42e4-94e5-3a8496dadb39 tempest-RoutersAdminNegativeIpV6Test-63366279 tempest-RoutersAdminNegativeIpV6Test-63366279-project-admin] Publish callbacks ['neutron.plugins.ml2.plugin.SecurityGroupServerNotifierRpcMixin._notify_sg_on_port_change-2005932', 'neutron.plugins.ml2.ovo_rpc._ObjectChangeHandler.handle_event-827204', 'neutron.api.rpc.agentnotifiers.dhcp_rpc_agent_api.DhcpAgentNotifyAPI._native_event_send_dhcp_notification-544126', 'neutron.db.l3_dvrscheduler_db._notify_l3_agent_new_port-8754798163164'] for port (192d0e22-8f32-4529-adfb-656471780946), after_create {{(pid=107349) _notify_loop /usr/local/lib/python3.8/dist-packages/neutron_lib/callbacks/manager.py:176}}
Oct 10 13:31:05.432313 dv-neutron-823637-3-hyperv neutron-server[107348]: DEBUG neutron_lib.callbacks.manager [None req-a45cef99-66ed-4cb9-94f2-3a3c89465c5e tempest-FloatingIPAdminTestJSON-2101816019 tempest-FloatingIPAdminTestJSON-2101816019-project-admin] Publish callbacks ['neutron.plugins.ml2.plugin.SecurityGroupServerNotifierRpcMixin._notify_sg_on_port_change-2005932', 'neutron.plugins.ml2.ovo_rpc._ObjectChangeHandler.handle_event-827204', 'neutron.api.rpc.agentnotifiers.dhcp_rpc_agent_api.DhcpAgentNotifyAPI._native_event_send_dhcp_notification-544126', 'neutron.db.l3_db.L3RpcNotifierMixin._notify_gateway_port_ip_changed-8754798535617', 'neutron.db.l3_dvrscheduler_db._notify_l3_agent_port_update-8754798163182', 'neutron.db.l3_hascheduler_db._notify_l3_agent_ha_port_update-8754798160132', 'neutron.services.segments.plugin.NovaSegmentNotifier._notify_port_updated-2694491'] for port (39754603-4ab4-4bcf-a39d-0a9aa91f31f1), after_update {{(pid=107348) _notify_loop /usr/local/lib/python3.8/dist-packages/neutron_lib/callbacks/manager.py:176}}
Oct 10 13:31:05.595537 dv-neutron-823637-3-hyperv neutron-server[107349]: DEBUG novaclient.v2.client [-] RESP: [200] Connection: close Content-Length: 179 Content-Type: application/json Date: Mon, 10 Oct 2022 13:31:05 GMT OpenStack-API-Version: compute 2.1 Server: Apache/2.4.41 (Ubuntu) Vary: OpenStack-API-Version,X-OpenStack-Nova-API-Version X-OpenStack-Nova-API-Version: 2.1 x-compute-request-id: req-da048700-36bf-41be-b7a8-48c7d1a50e3d x-openstack-request-id: req-da048700-36bf-41be-b7a8-48c7d1a50e3d {{(pid=107349) _http_log_response /usr/local/lib/python3.8/dist-packages/keystoneauth1/session.py:550}}
Oct 10 13:31:05.595859 dv-neutron-823637-3-hyperv neutron-server[107349]: DEBUG novaclient.v2.client [-] RESP BODY: {"events": [{"name": "network-changed", "server_uuid": "562b3ba1-ee9a-4a13-a110-2b18010b90b2", "tag": "4aee27b5-67f3-4dad-b433-4430b94852c2", "status": "completed", "code": 200}]} {{(pid=107349) _http_log_response /usr/local/lib/python3.8/dist-packages/keystoneauth1/session.py:582}}
Oct 10 13:31:05.596144 dv-neutron-823637-3-hyperv neutron-server[107349]: DEBUG novaclient.v2.client [-] POST call to compute for http://10.222.0.16/compute/v2.1/os-server-external-events used request id req-da048700-36bf-41be-b7a8-48c7d1a50e3d {{(pid=107349) request /usr/local/lib/python3.8/dist-packages/keystoneauth1/session.py:954}}
Oct 10 13:31:05.596692 dv-neutron-823637-3-hyperv neutron-server[107349]: INFO neutron.notifiers.nova [-] Nova event matching ['req-da048700-36bf-41be-b7a8-48c7d1a50e3d'] response: {'name': 'network-changed', 'server_uuid': '562b3ba1-ee9a-4a13-a110-2b18010b90b2', 'tag': '4aee27b5-67f3-4dad-b433-4430b94852c2', 'status': 'completed', 'code': 200}
Oct 10 13:31:05.668143 dv-neutron-823637-3-hyperv neutron-server[107348]: DEBUG neutron_lib.callbacks.manager [None req-a45cef99-66ed-4cb9-94f2-3a3c89465c5e tempest-FloatingIPAdminTestJSON-2101816019 tempest-FloatingIPAdminTestJSON-2101816019-project-admin] Publish callbacks ['neutron.services.l3_router.l3_router_plugin.DVRResourceOperationHandler._create_dvr_floating_gw_port-583752'] for floatingip (547b825c-04c8-4d39-9759-0577e0af0228), after_create {{(pid=107348) _notify_loop /usr/local/lib/python3.8/dist-packages/neutron_lib/callbacks/manager.py:176}}
Oct 10 13:31:05.668982 dv-neutron-823637-3-hyperv neutron-server[107349]: INFO neutron.wsgi [req-1a253586-2834-4422-beff-dbbee26b5734 req-54434154-3f74-441c-83b0-dc096ba71844 tempest-ServerActionsTestJSON-1812240561 tempest-ServerActionsTestJSON-1812240561-project] 10.222.0.16 "GET /networking/v2.0/security-groups?id=0b3b91d7-3ac4-425c-8af0-04f01b534b07&fields=id&fields=name HTTP/1.1" status: 200 len: 312 time: 0.6539922
Oct 10 13:31:05.725389 dv-neutron-823637-3-hyperv neutron-server[107349]: DEBUG neutron.plugins.ml2.drivers.helpers [None req-e0df2992-3ef6-42e0-8cc3-fe1d8edf5086 tempest-PortsTestJSON-305647087 tempest-PortsTestJSON-305647087-project] vlan segment allocate from pool success with {'vlan_id': 657, 'physical_network': 'physnet1'} {{(pid=107349) allocate_partially_specified_segment /opt/stack/neutron/neutron/plugins/ml2/drivers/helpers.py:153}}
Oct 10 13:31:05.786124 dv-neutron-823637-3-hyperv neutron-server[107349]: DEBUG neutron.pecan_wsgi.hooks.policy_enforcement [req-d4bd9bd5-0a02-4c20-a9fb-314665d594a8 req-6c1690fc-b838-48f9-87aa-eaf954f99f53 service neutron] Attributes excluded by policy engine: ['standard_attr_id', 'shared'] {{(pid=107349) _exclude_attributes_by_policy /opt/stack/neutron/neutron/pecan_wsgi/hooks/policy_enforcement.py:259}}
Oct 10 13:31:05.787596 dv-neutron-823637-3-hyperv neutron-server[107349]: INFO neutron.wsgi [req-d4bd9bd5-0a02-4c20-a9fb-314665d594a8 req-6c1690fc-b838-48f9-87aa-eaf954f99f53 service neutron] 10.222.0.40 "GET /networking/v2.0/subnets?id=0db6a73a-66c0-4cbb-aa8f-dc8bd8d5936c HTTP/1.1" status: 200 len: 850 time: 0.8329647
Oct 10 13:31:05.842334 dv-neutron-823637-3-hyperv neutron-server[107348]: DEBUG neutron_lib.callbacks.manager [None req-a45cef99-66ed-4cb9-94f2-3a3c89465c5e tempest-FloatingIPAdminTestJSON-2101816019 tempest-FloatingIPAdminTestJSON-2101816019-project-admin] Publish callbacks ['neutron.notifiers.nova.Notifier._send_nova_notification-36674'] for floatingip (None), before_response {{(pid=107348) _notify_loop /usr/local/lib/python3.8/dist-packages/neutron_lib/callbacks/manager.py:176}}
Oct 10 13:31:05.845006 dv-neutron-823637-3-hyperv neutron-server[107348]: INFO neutron.wsgi [None req-a45cef99-66ed-4cb9-94f2-3a3c89465c5e tempest-FloatingIPAdminTestJSON-2101816019 tempest-FloatingIPAdminTestJSON-2101816019-project-admin] 10.222.0.16 "POST /networking/v2.0/floatingips HTTP/1.1" status: 201 len: 692 time: 2.3372526
Oct 10 13:31:05.848972 dv-neutron-823637-3-hyperv neutron-server[107349]: DEBUG neutron.api.rpc.handlers.resources_rpc [None req-177bf5fe-6910-453d-9f43-57c56f632861 service neutron] Pushing event updated for resources: {'Port': ['ID=4aee27b5-67f3-4dad-b433-4430b94852c2,revision_number=3']} {{(pid=107349) push /opt/stack/neutron/neutron/api/rpc/handlers/resources_rpc.py:237}}
Oct 10 13:31:05.860711 dv-neutron-823637-3-hyperv neutron-server[107348]: DEBUG neutron.wsgi [-] (107348) accepted ('10.222.0.16', 33250) {{(pid=107348) server /usr/local/lib/python3.8/dist-packages/eventlet/wsgi.py:1004}}
Oct 10 13:31:05.873866 dv-neutron-823637-3-hyperv neutron-server[107349]: DEBUG neutron_lib.callbacks.manager [None req-e0df2992-3ef6-42e0-8cc3-fe1d8edf5086 tempest-PortsTestJSON-305647087 tempest-PortsTestJSON-305647087-project] Publish callbacks ['neutron.plugins.ml2.plugin.Ml2Plugin._handle_segment_change-1895511'] for segment (ebbc22a3-4b77-4006-bb32-8f4705611089), precommit_create {{(pid=107349) _notify_loop /usr/local/lib/python3.8/dist-packages/neutron_lib/callbacks/manager.py:176}}
Oct 10 13:31:05.873866 dv-neutron-823637-3-hyperv neutron-server[107349]: INFO neutron.db.segments_db [None req-e0df2992-3ef6-42e0-8cc3-fe1d8edf5086 tempest-PortsTestJSON-305647087 tempest-PortsTestJSON-305647087-project] Added segment ebbc22a3-4b77-4006-bb32-8f4705611089 of type vlan for network 714100f7-3b81-4895-b5c8-1214940150c7
Oct 10 13:31:05.878794 dv-neutron-823637-3-hyperv neutron-server[107348]: DEBUG neutron.api.rpc.handlers.resources_rpc [None req-a45cef99-66ed-4cb9-94f2-3a3c89465c5e tempest-FloatingIPAdminTestJSON-2101816019 tempest-FloatingIPAdminTestJSON-2101816019-project-admin] Pushing event updated for resources: {'Port': ['ID=39754603-4ab4-4bcf-a39d-0a9aa91f31f1,revision_number=2']} {{(pid=107348) push /opt/stack/neutron/neutron/api/rpc/handlers/resources_rpc.py:237}}
Oct 10 13:31:05.885760 dv-neutron-823637-3-hyperv neutron-server[107349]: DEBUG neutron.scheduler.dhcp_agent_scheduler [None req-ed564a6e-f989-42e4-94e5-3a8496dadb39 tempest-RoutersAdminNegativeIpV6Test-63366279 tempest-RoutersAdminNegativeIpV6Test-63366279-project-admin] Network 6104fb95-101d-473a-87ab-e12249eecf4f is already hosted by enough agents. {{(pid=107349) _get_dhcp_agents_hosting_network /opt/stack/neutron/neutron/scheduler/dhcp_agent_scheduler.py:275}}
Oct 10 13:31:05.890357 dv-neutron-823637-3-hyperv neutron-server[107349]: DEBUG neutron.api.rpc.handlers.resources_rpc [None req-e0df2992-3ef6-42e0-8cc3-fe1d8edf5086 tempest-PortsTestJSON-305647087 tempest-PortsTestJSON-305647087-project] Pushing event updated for resources: {'SecurityGroup': ['ID=e9cbc6ea-0eab-427f-a38a-806cb9eab37c,revision_number=1']} {{(pid=107349) push /opt/stack/neutron/neutron/api/rpc/handlers/resources_rpc.py:237}}
Oct 10 13:31:05.941538 dv-neutron-823637-3-hyperv neutron-server[107348]: DEBUG neutron.pecan_wsgi.hooks.policy_enforcement [req-48c31c85-ab4d-45a0-bb3f-802dbd6e9994 req-abb21a90-7353-4bef-a295-937d703d40b3 tempest-ServersTestManualDisk-1696521154 tempest-ServersTestManualDisk-1696521154-project] Attributes excluded by policy engine: ['standard_attr_id', 'binding:profile', 'binding:host_id', 'binding:vif_type', 'binding:vif_details'] {{(pid=107348) _exclude_attributes_by_policy /opt/stack/neutron/neutron/pecan_wsgi/hooks/policy_enforcement.py:259}}
Oct 10 13:31:05.954144 dv-neutron-823637-3-hyperv neutron-server[107348]: INFO neutron.wsgi [req-48c31c85-ab4d-45a0-bb3f-802dbd6e9994 req-abb21a90-7353-4bef-a295-937d703d40b3 tempest-ServersTestManualDisk-1696521154 tempest-ServersTestManualDisk-1696521154-project] 10.222.0.16 "GET /networking/v2.0/ports?device_id=4e4f583b-2044-450c-a0f7-21df3aeb8426 HTTP/1.1" status: 200 len: 944 time: 0.2477145
Oct 10 13:31:05.967528 dv-neutron-823637-3-hyperv neutron-server[107349]: DEBUG neutron.pecan_wsgi.hooks.policy_enforcement [req-103b098f-0858-4f62-8d1a-31bc35b929e5 req-32c4f703-a8ca-4c09-b01d-fb157ab46942 service neutron] Attributes excluded by policy engine: ['standard_attr_id'] {{(pid=107349) _exclude_attributes_by_policy /opt/stack/neutron/neutron/pecan_wsgi/hooks/policy_enforcement.py:259}}
Oct 10 13:31:05.976220 dv-neutron-823637-3-hyperv neutron-server[107349]: INFO neutron.wsgi [req-103b098f-0858-4f62-8d1a-31bc35b929e5 req-32c4f703-a8ca-4c09-b01d-fb157ab46942 service neutron] 10.222.0.40 "GET /networking/v2.0/ports?tenant_id=f879c278ae314641bd623d1e10905bce&device_id=562b3ba1-ee9a-4a13-a110-2b18010b90b2 HTTP/1.1" status: 200 len: 1128 time: 0.5580873
Oct 10 13:31:06.072144 dv-neutron-823637-3-hyperv neutron-server[107349]: DEBUG neutron.scheduler.base_scheduler [None req-ed564a6e-f989-42e4-94e5-3a8496dadb39 tempest-RoutersAdminNegativeIpV6Test-63366279 tempest-RoutersAdminNegativeIpV6Test-63366279-project-admin] Resources bound (agent type, host, resource id): {{(pid=107349) schedule /opt/stack/neutron/neutron/scheduler/base_scheduler.py:57}}
Oct 10 13:31:06.077423 dv-neutron-823637-3-hyperv neutron-server[107349]: DEBUG neutron.db.l3_dvrscheduler_db [None req-ed564a6e-f989-42e4-94e5-3a8496dadb39 tempest-RoutersAdminNegativeIpV6Test-63366279 tempest-RoutersAdminNegativeIpV6Test-63366279-project-admin] Received port after_create {{(pid=107349) _notify_l3_agent_new_port /opt/stack/neutron/neutron/db/l3_dvrscheduler_db.py:541}}
Oct 10 13:31:06.078356 dv-neutron-823637-3-hyperv neutron-server[107349]: DEBUG neutron.pecan_wsgi.hooks.policy_enforcement [None req-ed564a6e-f989-42e4-94e5-3a8496dadb39 tempest-RoutersAdminNegativeIpV6Test-63366279 tempest-RoutersAdminNegativeIpV6Test-63366279-project-admin] Attributes excluded by policy engine: ['standard_attr_id', 'network'] {{(pid=107349) _exclude_attributes_by_policy /opt/stack/neutron/neutron/pecan_wsgi/hooks/policy_enforcement.py:259}}
Oct 10 13:31:06.079200 dv-neutron-823637-3-hyperv neutron-server[107349]: DEBUG neutron_lib.callbacks.manager [None req-ed564a6e-f989-42e4-94e5-3a8496dadb39 tempest-RoutersAdminNegativeIpV6Test-63366279 tempest-RoutersAdminNegativeIpV6Test-63366279-project-admin] Publish callbacks ['neutron.notifiers.nova.Notifier._send_nova_notification-36674'] for port (None), before_response {{(pid=107349) _notify_loop /usr/local/lib/python3.8/dist-packages/neutron_lib/callbacks/manager.py:176}}
Oct 10 13:31:06.107112 dv-neutron-823637-3-hyperv neutron-server[107348]: INFO neutron.wsgi [req-48c31c85-ab4d-45a0-bb3f-802dbd6e9994 req-5a816cef-9e81-41ca-aa7b-03ea5b6c37bc tempest-ServersTestManualDisk-1696521154 tempest-ServersTestManualDisk-1696521154-project] 10.222.0.16 "GET /networking/v2.0/security-groups?id=4bdf4aba-37c0-4b8f-adb5-fd0958894424&fields=id&fields=name HTTP/1.1" status: 200 len: 313 time: 0.1516309
Oct 10 13:31:06.292892 dv-neutron-823637-3-hyperv neutron-server[107348]: DEBUG neutron.api.v2.base [None req-d1ab0174-38d1-4bf7-a603-998df4d405fc tempest-FloatingIPAdminTestJSON-225073408 tempest-FloatingIPAdminTestJSON-225073408-project] Request body: {'floatingip': {'floating_network_id': '6104fb95-101d-473a-87ab-e12249eecf4f'}} {{(pid=107348) prepare_request_body /opt/stack/neutron/neutron/api/v2/base.py:730}}
Oct 10 13:31:06.302010 dv-neutron-823637-3-hyperv neutron-server[107349]: DEBUG neutron.api.rpc.handlers.resources_rpc [None req-ed564a6e-f989-42e4-94e5-3a8496dadb39 tempest-RoutersAdminNegativeIpV6Test-63366279 tempest-RoutersAdminNegativeIpV6Test-63366279-project-admin] Pushing event updated for resources: {'Port': ['ID=192d0e22-8f32-4529-adfb-656471780946,revision_number=1']} {{(pid=107349) push /opt/stack/neutron/neutron/api/rpc/handlers/resources_rpc.py:237}}
Oct 10 13:31:06.337288 dv-neutron-823637-3-hyperv neutron-server[107349]: DEBUG neutron_lib.callbacks.manager [None req-e0df2992-3ef6-42e0-8cc3-fe1d8edf5086 tempest-PortsTestJSON-305647087 tempest-PortsTestJSON-305647087-project] Publish callbacks ['neutron.services.auto_allocate.db._ensure_external_network_default_value_callback-8754798098634'] for network (714100f7-3b81-4895-b5c8-1214940150c7), precommit_create {{(pid=107349) _notify_loop /usr/local/lib/python3.8/dist-packages/neutron_lib/callbacks/manager.py:176}}
Oct 10 13:31:06.427266 dv-neutron-823637-3-hyperv neutron-server[107348]: DEBUG neutron_lib.callbacks.manager [None req-d1ab0174-38d1-4bf7-a603-998df4d405fc tempest-FloatingIPAdminTestJSON-225073408 tempest-FloatingIPAdminTestJSON-225073408-project] Publish callbacks [] for floatingip (None), before_create {{(pid=107348) _notify_loop /usr/local/lib/python3.8/dist-packages/neutron_lib/callbacks/manager.py:176}}
