Jan 11 09:29:26.474765 dv-neutron-823402-4-hyperv neutron-server[87655]: INFO neutron.pecan_wsgi.hooks.translation [None req-0aaa93a9-b448-47c1-bb5d-791f93915c8a tempest-ExternalNetworksTestJSON-941719269 tempest-ExternalNetworksTestJSON-941719269-project-admin] DELETE failed (client error): The resource could not be found.
Jan 11 09:29:26.475288 dv-neutron-823402-4-hyperv neutron-server[87655]: DEBUG neutron.pecan_wsgi.hooks.notifier [None req-0aaa93a9-b448-47c1-bb5d-791f93915c8a tempest-ExternalNetworksTestJSON-941719269 tempest-ExternalNetworksTestJSON-941719269-project-admin] No notification will be sent due to unsuccessful status code: 404 {{(pid=87655) after /opt/stack/neutron/neutron/pecan_wsgi/hooks/notifier.py:78}}
Jan 11 09:29:26.482122 dv-neutron-823402-4-hyperv neutron-server[87655]: INFO neutron.wsgi [None req-0aaa93a9-b448-47c1-bb5d-791f93915c8a tempest-ExternalNetworksTestJSON-941719269 tempest-ExternalNetworksTestJSON-941719269-project-admin] 10.222.0.15 "DELETE /v2.0/networks/92fcdb18-feb1-42d4-9446-9df90e45d732 HTTP/1.1" status: 404 len: 339 time: 0.1288104
Jan 11 09:29:26.502287 dv-neutron-823402-4-hyperv neutron-server[87655]: DEBUG neutron.wsgi [-] (87655) accepted ('10.222.0.15', 51824) {{(pid=87655) server /usr/local/lib/python3.8/dist-packages/eventlet/wsgi.py:992}}
Jan 11 09:29:26.553977 dv-neutron-823402-4-hyperv neutron-server[87655]: DEBUG neutron.api.v2.base [None req-efbce01e-ee40-4405-b6aa-337c58e3abf8 tempest-ExternalNetworksTestJSON-941719269 tempest-ExternalNetworksTestJSON-941719269-project-admin] Request body: {'network': {'name': 'tempest-network--1153466034', 'router:external': True}} {{(pid=87655) prepare_request_body /opt/stack/neutron/neutron/api/v2/base.py:729}}
Jan 11 09:29:26.578996 dv-neutron-823402-4-hyperv neutron-server[87655]: DEBUG neutron.notifiers.nova [None req-a5ea5b5c-ec5e-4fa8-8d96-6554dcd28073 tempest-PortsAdminExtendedAttrsIpV6TestJSON-1649356891 tempest-PortsAdminExtendedAttrsIpV6TestJSON-1649356891-project-admin] device_id is not set on port d0a4296f-069b-4919-bc9d-058e2e916f30 yet. {{(pid=87655) _can_notify /opt/stack/neutron/neutron/notifiers/nova.py:190}}
Jan 11 09:29:26.600687 dv-neutron-823402-4-hyperv neutron-server[87655]: DEBUG neutron_lib.callbacks.manager [None req-a5ea5b5c-ec5e-4fa8-8d96-6554dcd28073 tempest-PortsAdminExtendedAttrsIpV6TestJSON-1649356891 tempest-PortsAdminExtendedAttrsIpV6TestJSON-1649356891-project-admin] Notify callbacks [] for port, precommit_update {{(pid=87655) _notify_loop /usr/local/lib/python3.8/dist-packages/neutron_lib/callbacks/manager.py:192}}
Jan 11 09:29:26.633752 dv-neutron-823402-4-hyperv neutron-server[87656]: DEBUG neutron.plugins.ml2.rpc [None req-703cc352-9cae-4c51-bf9f-2a9ae6c673e3 None None] Device 0ed27ed7-79f7-4e72-88b6-e7ea0cd79a80 up at agent ovs-agent-dv-neutron-823402-4-hyperv {{(pid=87656) update_device_up /opt/stack/neutron/neutron/plugins/ml2/rpc.py:278}}
Jan 11 09:29:26.639316 dv-neutron-823402-4-hyperv neutron-server[87655]: DEBUG neutron.wsgi [-] (87655) accepted ('10.222.0.15', 51832) {{(pid=87655) server /usr/local/lib/python3.8/dist-packages/eventlet/wsgi.py:992}}
Jan 11 09:29:26.684733 dv-neutron-823402-4-hyperv neutron-server[87655]: DEBUG neutron.db.quota.driver [None req-efbce01e-ee40-4405-b6aa-337c58e3abf8 tempest-ExternalNetworksTestJSON-941719269 tempest-ExternalNetworksTestJSON-941719269-project-admin] Resources subnetpool have unlimited quota limit. It is not required to calculate headroom {{(pid=87655) make_reservation /opt/stack/neutron/neutron/db/quota/driver.py:219}}
Jan 11 09:29:26.740152 dv-neutron-823402-4-hyperv neutron-server[87655]: INFO neutron.wsgi [None req-b98eec2d-49c7-4d50-866d-f5a08b959f76 admin admin] 10.222.0.15 "GET /v2.0/security-groups?tenant_id=1372b3d24c994130a9eeb5acf822a92a&name=default HTTP/1.1" status: 200 len: 2979 time: 0.0960279
Jan 11 09:29:26.740152 dv-neutron-823402-4-hyperv neutron-server[87655]: DEBUG neutron_lib.db.resource_extend [None req-33625238-e477-4920-a697-1e37acd9416f tempest-ServerActionsTestJSON-1028044310 tempest-ServerActionsTestJSON-1028044310-project] It took 0.22 seconds to run function 'neutron_lib.db.resource_extend.apply_funcs' {{(pid=87655) wrapper /usr/local/lib/python3.8/dist-packages/oslo_utils/timeutils.py:386}}
Jan 11 09:29:26.749163 dv-neutron-823402-4-hyperv neutron-server[87655]: DEBUG neutron.quota.resource [None req-efbce01e-ee40-4405-b6aa-337c58e3abf8 tempest-ExternalNetworksTestJSON-941719269 tempest-ExternalNetworksTestJSON-941719269-project-admin] Usage tracker for resource:network and tenant:a57073cb69114d9aab96a86f3b1a36cb is out of sync, need to count used quota {{(pid=87655) count_used /opt/stack/neutron/neutron/quota/resource.py:270}}
Jan 11 09:29:26.777437 dv-neutron-823402-4-hyperv neutron-server[87655]: DEBUG neutron.db.provisioning_blocks [None req-a5ea5b5c-ec5e-4fa8-8d96-6554dcd28073 tempest-PortsAdminExtendedAttrsIpV6TestJSON-1649356891 tempest-PortsAdminExtendedAttrsIpV6TestJSON-1649356891-project-admin] Transition to ACTIVE for port object d0a4296f-069b-4919-bc9d-058e2e916f30 will not be triggered until provisioned by entity L2. {{(pid=87655) add_provisioning_component /opt/stack/neutron/neutron/db/provisioning_blocks.py:73}}
Jan 11 09:29:26.778840 dv-neutron-823402-4-hyperv neutron-server[87655]: DEBUG neutron.wsgi [-] (87655) accepted ('10.222.0.15', 51842) {{(pid=87655) server /usr/local/lib/python3.8/dist-packages/eventlet/wsgi.py:992}}
Jan 11 09:29:26.792028 dv-neutron-823402-4-hyperv neutron-server[87655]: DEBUG neutron.quota.resource [None req-efbce01e-ee40-4405-b6aa-337c58e3abf8 tempest-ExternalNetworksTestJSON-941719269 tempest-ExternalNetworksTestJSON-941719269-project-admin] Quota usage for network was recalculated. Used quota:0. {{(pid=87655) count_used /opt/stack/neutron/neutron/quota/resource.py:290}}
Jan 11 09:29:26.947516 dv-neutron-823402-4-hyperv neutron-server[87655]: DEBUG neutron_lib.callbacks.manager [None req-33625238-e477-4920-a697-1e37acd9416f tempest-ServerActionsTestJSON-1028044310 tempest-ServerActionsTestJSON-1028044310-project] Notify callbacks [] for port, precommit_update {{(pid=87655) _notify_loop /usr/local/lib/python3.8/dist-packages/neutron_lib/callbacks/manager.py:192}}
Jan 11 09:29:26.957260 dv-neutron-823402-4-hyperv neutron-server[87656]: DEBUG neutron.db.provisioning_blocks [None req-703cc352-9cae-4c51-bf9f-2a9ae6c673e3 None None] Provisioning complete for port 0ed27ed7-79f7-4e72-88b6-e7ea0cd79a80 triggered by entity L2. {{(pid=87656) provisioning_complete /opt/stack/neutron/neutron/db/provisioning_blocks.py:139}}
Jan 11 09:29:26.957765 dv-neutron-823402-4-hyperv neutron-server[87656]: DEBUG neutron_lib.callbacks.manager [None req-703cc352-9cae-4c51-bf9f-2a9ae6c673e3 None None] Notify callbacks ['neutron.plugins.ml2.plugin.Ml2Plugin._port_provisioned-719710'] for port, provisioning_complete {{(pid=87656) _notify_loop /usr/local/lib/python3.8/dist-packages/neutron_lib/callbacks/manager.py:192}}
Jan 11 09:29:26.960943 dv-neutron-823402-4-hyperv neutron-server[87655]: DEBUG neutron.db.quota.driver [None req-efbce01e-ee40-4405-b6aa-337c58e3abf8 tempest-ExternalNetworksTestJSON-941719269 tempest-ExternalNetworksTestJSON-941719269-project-admin] Attempting to reserve 1 items for resource network. Total usage: 0; quota limit: 100; headroom:100 {{(pid=87655) make_reservation /opt/stack/neutron/neutron/db/quota/driver.py:246}}
Jan 11 09:29:26.976002 dv-neutron-823402-4-hyperv neutron-server[87655]: DEBUG neutron_lib.callbacks.manager [None req-a5ea5b5c-ec5e-4fa8-8d96-6554dcd28073 tempest-PortsAdminExtendedAttrsIpV6TestJSON-1649356891 tempest-PortsAdminExtendedAttrsIpV6TestJSON-1649356891-project-admin] Notify callbacks ['neutron.plugins.ml2.plugin.SecurityGroupServerNotifierRpcMixin.notify_sg_on_port_change-532260', 'neutron.plugins.ml2.ovo_rpc._ObjectChangeHandler.handle_event-60634', 'neutron.api.rpc.agentnotifiers.dhcp_rpc_agent_api.DhcpAgentNotifyAPI._native_event_send_dhcp_notification-1575006', 'neutron.db.l3_db.L3RpcNotifierMixin._notify_gateway_port_ip_changed-8763173342419', 'neutron.db.l3_dvrscheduler_db._notify_l3_agent_port_update-8763172870876', 'neutron.db.l3_hascheduler_db._notify_l3_agent_ha_port_update-8763172866573', 'neutron.services.segments.plugin.NovaSegmentNotifier._notify_port_updated-6461853'] for port, after_update {{(pid=87655) _notify_loop /usr/local/lib/python3.8/dist-packages/neutron_lib/callbacks/manager.py:192}}
Jan 11 09:29:27.031193 dv-neutron-823402-4-hyperv neutron-server[87655]: DEBUG neutron.wsgi [-] (87655) accepted ('10.222.0.15', 51850) {{(pid=87655) server /usr/local/lib/python3.8/dist-packages/eventlet/wsgi.py:992}}
Jan 11 09:29:27.060914 dv-neutron-823402-4-hyperv neutron-server[87654]: DEBUG neutron.plugins.ml2.db [None req-8b67f42a-a970-4dfa-9734-16142262061e tempest-RoutersIpV6AdminTest-1689160687 tempest-RoutersIpV6AdminTest-1689160687-project-admin] For port 0ed27ed7-79f7-4e72-88b6-e7ea0cd79a80, host dv-neutron-823402-4-hyperv, got binding levels [PortBindingLevel(driver='openvswitch',host='dv-neutron-823402-4-hyperv',level=0,port_id=0ed27ed7-79f7-4e72-88b6-e7ea0cd79a80,segment=NetworkSegment(55067c10-af58-4aa7-aa04-4572126fe718),segment_id=55067c10-af58-4aa7-aa04-4572126fe718)] {{(pid=87654) get_binding_level_objs /opt/stack/neutron/neutron/plugins/ml2/db.py:75}}
Jan 11 09:29:27.061431 dv-neutron-823402-4-hyperv neutron-server[87654]: DEBUG neutron_lib.callbacks.manager [None req-8b67f42a-a970-4dfa-9734-16142262061e tempest-RoutersIpV6AdminTest-1689160687 tempest-RoutersIpV6AdminTest-1689160687-project-admin] Notify callbacks ['neutron.services.l3_router.l3_router_plugin.L3_NAT_dbonly_mixin._precommit_delete_port_callback-1784394'] for port, precommit_delete {{(pid=87654) _notify_loop /usr/local/lib/python3.8/dist-packages/neutron_lib/callbacks/manager.py:192}}
Jan 11 09:29:27.221187 dv-neutron-823402-4-hyperv neutron-server[87655]: DEBUG neutron_lib.callbacks.manager [None req-33625238-e477-4920-a697-1e37acd9416f tempest-ServerActionsTestJSON-1028044310 tempest-ServerActionsTestJSON-1028044310-project] Notify callbacks ['neutron.plugins.ml2.plugin.SecurityGroupServerNotifierRpcMixin.notify_sg_on_port_change-532260', 'neutron.plugins.ml2.ovo_rpc._ObjectChangeHandler.handle_event-60634', 'neutron.api.rpc.agentnotifiers.dhcp_rpc_agent_api.DhcpAgentNotifyAPI._native_event_send_dhcp_notification-1575006', 'neutron.db.l3_db.L3RpcNotifierMixin._notify_gateway_port_ip_changed-8763173342419', 'neutron.db.l3_dvrscheduler_db._notify_l3_agent_port_update-8763172870876', 'neutron.db.l3_hascheduler_db._notify_l3_agent_ha_port_update-8763172866573', 'neutron.services.segments.plugin.NovaSegmentNotifier._notify_port_updated-6461853'] for port, after_update {{(pid=87655) _notify_loop /usr/local/lib/python3.8/dist-packages/neutron_lib/callbacks/manager.py:192}}
Jan 11 09:29:27.247249 dv-neutron-823402-4-hyperv neutron-server[87654]: DEBUG neutron.plugins.ml2.plugin [None req-8b67f42a-a970-4dfa-9734-16142262061e tempest-RoutersIpV6AdminTest-1689160687 tempest-RoutersIpV6AdminTest-1689160687-project-admin] Calling delete_port for 0ed27ed7-79f7-4e72-88b6-e7ea0cd79a80 owned by network:router_gateway {{(pid=87654) delete_port /opt/stack/neutron/neutron/plugins/ml2/plugin.py:1987}}
Jan 11 09:29:27.351550 dv-neutron-823402-4-hyperv neutron-server[87655]: INFO neutron.wsgi [req-a2b5f2d6-51e1-4ea9-b98e-dd0b2f522cb7 req-937163fa-2410-4fd4-b047-cc807bcec7e5 tempest-ServersTestJSON-410053126 tempest-ServersTestJSON-410053126-project] 10.222.0.15 "GET /v2.0/ports?device_id=d7044d0c-bd67-4f47-a75e-d84988e7ee6b HTTP/1.1" status: 200 len: 210 time: 0.3639598
Jan 11 09:29:27.456860 dv-neutron-823402-4-hyperv neutron-server[87655]: DEBUG neutron.pecan_wsgi.hooks.quota_enforcement [None req-efbce01e-ee40-4405-b6aa-337c58e3abf8 tempest-ExternalNetworksTestJSON-941719269 tempest-ExternalNetworksTestJSON-941719269-project-admin] Made reservation on behalf of a57073cb69114d9aab96a86f3b1a36cb for: {'network': 1} {{(pid=87655) before /opt/stack/neutron/neutron/pecan_wsgi/hooks/quota_enforcement.py:53}}
Jan 11 09:29:27.459921 dv-neutron-823402-4-hyperv neutron-server[87655]: DEBUG neutron_lib.callbacks.manager [None req-efbce01e-ee40-4405-b6aa-337c58e3abf8 tempest-ExternalNetworksTestJSON-941719269 tempest-ExternalNetworksTestJSON-941719269-project-admin] Notify callbacks ['neutron.plugins.ml2.plugin.SecurityGroupDbMixin._ensure_default_security_group_handler-532325'] for network, before_create {{(pid=87655) _notify_loop /usr/local/lib/python3.8/dist-packages/neutron_lib/callbacks/manager.py:192}}
Jan 11 09:29:27.570126 dv-neutron-823402-4-hyperv neutron-server[87655]: DEBUG neutron.api.rpc.handlers.resources_rpc [None req-a5ea5b5c-ec5e-4fa8-8d96-6554dcd28073 tempest-PortsAdminExtendedAttrsIpV6TestJSON-1649356891 tempest-PortsAdminExtendedAttrsIpV6TestJSON-1649356891-project-admin] Pushing event updated for resources: {'Port': ['ID=d0a4296f-069b-4919-bc9d-058e2e916f30,revision_number=2']} {{(pid=87655) push /opt/stack/neutron/neutron/api/rpc/handlers/resources_rpc.py:237}}
Jan 11 09:29:27.592135 dv-neutron-823402-4-hyperv neutron-server[87654]: DEBUG neutron_lib.callbacks.manager [req-34fa471c-028f-403d-9a7a-df4f205e89fb req-1ceeb52c-e7a2-4cba-b96f-65038a33005b tempest-ServersTestJSON-410053126 tempest-ServersTestJSON-410053126-project] Notify callbacks [] for port, precommit_create {{(pid=87654) _notify_loop /usr/local/lib/python3.8/dist-packages/neutron_lib/callbacks/manager.py:192}}
Jan 11 09:29:27.607623 dv-neutron-823402-4-hyperv neutron-server[87655]: DEBUG neutron.plugins.ml2.managers [None req-a5ea5b5c-ec5e-4fa8-8d96-6554dcd28073 tempest-PortsAdminExtendedAttrsIpV6TestJSON-1649356891 tempest-PortsAdminExtendedAttrsIpV6TestJSON-1649356891-project-admin] Attempting to bind port d0a4296f-069b-4919-bc9d-058e2e916f30 on host hv-neutron-8234 for vnic_type normal with profile {{(pid=87655) bind_port /opt/stack/neutron/neutron/plugins/ml2/managers.py:790}}
Jan 11 09:29:27.607999 dv-neutron-823402-4-hyperv neutron-server[87655]: DEBUG neutron.plugins.ml2.managers [None req-a5ea5b5c-ec5e-4fa8-8d96-6554dcd28073 tempest-PortsAdminExtendedAttrsIpV6TestJSON-1649356891 tempest-PortsAdminExtendedAttrsIpV6TestJSON-1649356891-project-admin] Attempting to bind port d0a4296f-069b-4919-bc9d-058e2e916f30 by drivers openvswitch,hyperv on host hv-neutron-8234 at level 0 using segments [{'id': '38204e2a-7937-48fb-bfd3-6f933a25a273', 'network_type': 'vlan', 'physical_network': 'physnet1', 'segmentation_id': 397, 'network_id': 'cdbabffa-ce77-44da-945d-e7fef1f4bb83'}] {{(pid=87655) _bind_port_level /opt/stack/neutron/neutron/plugins/ml2/managers.py:815}}
Jan 11 09:29:27.608334 dv-neutron-823402-4-hyperv neutron-server[87655]: DEBUG neutron.plugins.ml2.drivers.mech_agent [None req-a5ea5b5c-ec5e-4fa8-8d96-6554dcd28073 tempest-PortsAdminExtendedAttrsIpV6TestJSON-1649356891 tempest-PortsAdminExtendedAttrsIpV6TestJSON-1649356891-project-admin] Attempting to bind port d0a4296f-069b-4919-bc9d-058e2e916f30 on network cdbabffa-ce77-44da-945d-e7fef1f4bb83 {{(pid=87655) bind_port /opt/stack/neutron/neutron/plugins/ml2/drivers/mech_agent.py:86}}
Jan 11 09:29:27.616098 dv-neutron-823402-4-hyperv neutron-server[87655]: DEBUG neutron.plugins.ml2.drivers.helpers [None req-efbce01e-ee40-4405-b6aa-337c58e3abf8 tempest-ExternalNetworksTestJSON-941719269 tempest-ExternalNetworksTestJSON-941719269-project-admin] vlan segment allocate from pool success with {'vlan_id': 366, 'physical_network': 'physnet1'} {{(pid=87655) allocate_partially_specified_segment /opt/stack/neutron/neutron/plugins/ml2/drivers/helpers.py:153}}
Jan 11 09:29:27.631068 dv-neutron-823402-4-hyperv neutron-server[87654]: DEBUG neutron.db.provisioning_blocks [req-34fa471c-028f-403d-9a7a-df4f205e89fb req-1ceeb52c-e7a2-4cba-b96f-65038a33005b tempest-ServersTestJSON-410053126 tempest-ServersTestJSON-410053126-project] Transition to ACTIVE for port object eb5c29f7-867c-46f6-b73e-f2b682db3b03 will not be triggered until provisioned by entity DHCP. {{(pid=87654) add_provisioning_component /opt/stack/neutron/neutron/db/provisioning_blocks.py:73}}
Jan 11 09:29:27.710055 dv-neutron-823402-4-hyperv neutron-server[87655]: DEBUG neutron.plugins.ml2.drivers.mech_agent [None req-a5ea5b5c-ec5e-4fa8-8d96-6554dcd28073 tempest-PortsAdminExtendedAttrsIpV6TestJSON-1649356891 tempest-PortsAdminExtendedAttrsIpV6TestJSON-1649356891-project-admin] Port d0a4296f-069b-4919-bc9d-058e2e916f30 on network cdbabffa-ce77-44da-945d-e7fef1f4bb83 not bound, no agent of type Open vSwitch agent registered on host hv-neutron-8234 {{(pid=87655) bind_port /opt/stack/neutron/neutron/plugins/ml2/drivers/mech_agent.py:98}}
Jan 11 09:29:27.710432 dv-neutron-823402-4-hyperv neutron-server[87655]: ERROR neutron.plugins.ml2.managers [None req-a5ea5b5c-ec5e-4fa8-8d96-6554dcd28073 tempest-PortsAdminExtendedAttrsIpV6TestJSON-1649356891 tempest-PortsAdminExtendedAttrsIpV6TestJSON-1649356891-project-admin] Failed to bind port d0a4296f-069b-4919-bc9d-058e2e916f30 on host hv-neutron-8234 for vnic_type normal using segments [{'id': '38204e2a-7937-48fb-bfd3-6f933a25a273', 'network_type': 'vlan', 'physical_network': 'physnet1', 'segmentation_id': 397, 'network_id': 'cdbabffa-ce77-44da-945d-e7fef1f4bb83'}]
Jan 11 09:29:27.727066 dv-neutron-823402-4-hyperv neutron-server[87654]: DEBUG neutron_lib.callbacks.manager [req-34fa471c-028f-403d-9a7a-df4f205e89fb req-1ceeb52c-e7a2-4cba-b96f-65038a33005b tempest-ServersTestJSON-410053126 tempest-ServersTestJSON-410053126-project] Notify callbacks ['neutron.plugins.ml2.plugin.SecurityGroupServerNotifierRpcMixin.notify_sg_on_port_change-532260', 'neutron.plugins.ml2.ovo_rpc._ObjectChangeHandler.handle_event-60634', 'neutron.api.rpc.agentnotifiers.dhcp_rpc_agent_api.DhcpAgentNotifyAPI._native_event_send_dhcp_notification-1575006', 'neutron.db.l3_dvrscheduler_db._notify_l3_agent_new_port-8763172870858', 'neutron.services.segments.plugin.NovaSegmentNotifier._notify_port_created_or_deleted-7538099'] for port, after_create {{(pid=87654) _notify_loop /usr/local/lib/python3.8/dist-packages/neutron_lib/callbacks/manager.py:192}}
Jan 11 09:29:27.815091 dv-neutron-823402-4-hyperv neutron-server[87655]: INFO neutron.plugins.ml2.plugin [None req-a5ea5b5c-ec5e-4fa8-8d96-6554dcd28073 tempest-PortsAdminExtendedAttrsIpV6TestJSON-1649356891 tempest-PortsAdminExtendedAttrsIpV6TestJSON-1649356891-project-admin] Attempt 2 to bind port d0a4296f-069b-4919-bc9d-058e2e916f30
Jan 11 09:29:27.838488 dv-neutron-823402-4-hyperv neutron-server[87654]: DEBUG neutron.api.rpc.handlers.resources_rpc [None req-1ceeb52c-e7a2-4cba-b96f-65038a33005b tempest-ServersTestJSON-410053126 tempest-ServersTestJSON-410053126-project] Pushing event updated for resources: {'Port': ['ID=eb5c29f7-867c-46f6-b73e-f2b682db3b03,revision_number=1']} {{(pid=87654) push /opt/stack/neutron/neutron/api/rpc/handlers/resources_rpc.py:237}}
Jan 11 09:29:27.860753 dv-neutron-823402-4-hyperv neutron-server[87655]: DEBUG neutron.plugins.ml2.managers [None req-a5ea5b5c-ec5e-4fa8-8d96-6554dcd28073 tempest-PortsAdminExtendedAttrsIpV6TestJSON-1649356891 tempest-PortsAdminExtendedAttrsIpV6TestJSON-1649356891-project-admin] Attempting to bind port d0a4296f-069b-4919-bc9d-058e2e916f30 on host hv-neutron-8234 for vnic_type normal with profile {{(pid=87655) bind_port /opt/stack/neutron/neutron/plugins/ml2/managers.py:790}}
Jan 11 09:29:27.861085 dv-neutron-823402-4-hyperv neutron-server[87655]: DEBUG neutron.plugins.ml2.managers [None req-a5ea5b5c-ec5e-4fa8-8d96-6554dcd28073 tempest-PortsAdminExtendedAttrsIpV6TestJSON-1649356891 tempest-PortsAdminExtendedAttrsIpV6TestJSON-1649356891-project-admin] Attempting to bind port d0a4296f-069b-4919-bc9d-058e2e916f30 by drivers openvswitch,hyperv on host hv-neutron-8234 at level 0 using segments [{'id': '38204e2a-7937-48fb-bfd3-6f933a25a273', 'network_type': 'vlan', 'physical_network': 'physnet1', 'segmentation_id': 397, 'network_id': 'cdbabffa-ce77-44da-945d-e7fef1f4bb83'}] {{(pid=87655) _bind_port_level /opt/stack/neutron/neutron/plugins/ml2/managers.py:815}}
Jan 11 09:29:27.861409 dv-neutron-823402-4-hyperv neutron-server[87655]: DEBUG neutron.plugins.ml2.drivers.mech_agent [None req-a5ea5b5c-ec5e-4fa8-8d96-6554dcd28073 tempest-PortsAdminExtendedAttrsIpV6TestJSON-1649356891 tempest-PortsAdminExtendedAttrsIpV6TestJSON-1649356891-project-admin] Attempting to bind port d0a4296f-069b-4919-bc9d-058e2e916f30 on network cdbabffa-ce77-44da-945d-e7fef1f4bb83 {{(pid=87655) bind_port /opt/stack/neutron/neutron/plugins/ml2/drivers/mech_agent.py:86}}
Jan 11 09:29:27.864648 dv-neutron-823402-4-hyperv neutron-server[87654]: DEBUG neutron_lib.callbacks.manager [None req-8b67f42a-a970-4dfa-9734-16142262061e tempest-RoutersIpV6AdminTest-1689160687 tempest-RoutersIpV6AdminTest-1689160687-project-admin] Notify callbacks ['neutron.plugins.ml2.plugin.SecurityGroupServerNotifierRpcMixin.notify_sg_on_port_change-532260', 'neutron.plugins.ml2.ovo_rpc._ObjectChangeHandler.handle_event-60634', 'neutron.api.rpc.agentnotifiers.dhcp_rpc_agent_api.DhcpAgentNotifyAPI._native_event_send_dhcp_notification-1575006', 'neutron.db.l3_db.L3RpcNotifierMixin._notify_routers_callback-8763173342446', 'neutron.db.l3_dvrscheduler_db._notify_port_delete-8763172870867', 'neutron.services.segments.plugin.NovaSegmentNotifier._notify_port_created_or_deleted-7538099'] for port, after_delete {{(pid=87654) _notify_loop /usr/local/lib/python3.8/dist-packages/neutron_lib/callbacks/manager.py:192}}
Jan 11 09:29:27.883064 dv-neutron-823402-4-hyperv neutron-server[87654]: DEBUG neutron.scheduler.dhcp_agent_scheduler [req-34fa471c-028f-403d-9a7a-df4f205e89fb req-1ceeb52c-e7a2-4cba-b96f-65038a33005b tempest-ServersTestJSON-410053126 tempest-ServersTestJSON-410053126-project] Network 0f65b1ba-3913-4451-8e15-729dbed38017 is already hosted by enough agents. {{(pid=87654) _get_dhcp_agents_hosting_network /opt/stack/neutron/neutron/scheduler/dhcp_agent_scheduler.py:275}}
Jan 11 09:29:27.886332 dv-neutron-823402-4-hyperv neutron-server[87655]: DEBUG neutron.plugins.ml2.drivers.mech_agent [None req-a5ea5b5c-ec5e-4fa8-8d96-6554dcd28073 tempest-PortsAdminExtendedAttrsIpV6TestJSON-1649356891 tempest-PortsAdminExtendedAttrsIpV6TestJSON-1649356891-project-admin] Port d0a4296f-069b-4919-bc9d-058e2e916f30 on network cdbabffa-ce77-44da-945d-e7fef1f4bb83 not bound, no agent of type Open vSwitch agent registered on host hv-neutron-8234 {{(pid=87655) bind_port /opt/stack/neutron/neutron/plugins/ml2/drivers/mech_agent.py:98}}
Jan 11 09:29:27.886652 dv-neutron-823402-4-hyperv neutron-server[87655]: ERROR neutron.plugins.ml2.managers [None req-a5ea5b5c-ec5e-4fa8-8d96-6554dcd28073 tempest-PortsAdminExtendedAttrsIpV6TestJSON-1649356891 tempest-PortsAdminExtendedAttrsIpV6TestJSON-1649356891-project-admin] Failed to bind port d0a4296f-069b-4919-bc9d-058e2e916f30 on host hv-neutron-8234 for vnic_type normal using segments [{'id': '38204e2a-7937-48fb-bfd3-6f933a25a273', 'network_type': 'vlan', 'physical_network': 'physnet1', 'segmentation_id': 397, 'network_id': 'cdbabffa-ce77-44da-945d-e7fef1f4bb83'}]
Jan 11 09:29:27.905121 dv-neutron-823402-4-hyperv neutron-server[87655]: INFO neutron.plugins.ml2.plugin [None req-a5ea5b5c-ec5e-4fa8-8d96-6554dcd28073 tempest-PortsAdminExtendedAttrsIpV6TestJSON-1649356891 tempest-PortsAdminExtendedAttrsIpV6TestJSON-1649356891-project-admin] Attempt 3 to bind port d0a4296f-069b-4919-bc9d-058e2e916f30
Jan 11 09:29:27.921943 dv-neutron-823402-4-hyperv neutron-server[87655]: DEBUG neutron_lib.callbacks.manager [None req-33625238-e477-4920-a697-1e37acd9416f tempest-ServerActionsTestJSON-1028044310 tempest-ServerActionsTestJSON-1028044310-project] Notify callbacks ['neutron.services.l3_router.l3_router_plugin.DVRResourceOperationHandler._create_dvr_floating_gw_port-1771286'] for floatingip, after_update {{(pid=87655) _notify_loop /usr/local/lib/python3.8/dist-packages/neutron_lib/callbacks/manager.py:192}}
Jan 11 09:29:27.935039 dv-neutron-823402-4-hyperv neutron-server[87655]: INFO neutron.wsgi [req-7435d566-6f5f-4b9b-a7ba-62f59f7aca70 req-92e0d900-529e-4c76-b58b-f284885bae04 tempest-ServersTestManualDisk-1906922656 tempest-ServersTestManualDisk-1906922656-project] 10.222.0.15 "GET /v2.0/ports?device_id=198f3d11-bcbc-4da0-a2a1-ab180f487ee1 HTTP/1.1" status: 200 len: 210 time: 0.3287599
Jan 11 09:29:27.941978 dv-neutron-823402-4-hyperv neutron-server[87655]: DEBUG neutron_lib.callbacks.manager [None req-efbce01e-ee40-4405-b6aa-337c58e3abf8 tempest-ExternalNetworksTestJSON-941719269 tempest-ExternalNetworksTestJSON-941719269-project-admin] Notify callbacks ['neutron.plugins.ml2.plugin.Ml2Plugin._handle_segment_change-874722'] for segment, precommit_create {{(pid=87655) _notify_loop /usr/local/lib/python3.8/dist-packages/neutron_lib/callbacks/manager.py:192}}
Jan 11 09:29:27.942342 dv-neutron-823402-4-hyperv neutron-server[87655]: INFO neutron.db.segments_db [None req-efbce01e-ee40-4405-b6aa-337c58e3abf8 tempest-ExternalNetworksTestJSON-941719269 tempest-ExternalNetworksTestJSON-941719269-project-admin] Added segment 8a2f4019-2050-482d-901c-75fecdfdc371 of type vlan for network ed7ff6c4-50c4-4b70-a785-382189d42960
Jan 11 09:29:27.951883 dv-neutron-823402-4-hyperv neutron-server[87655]: DEBUG neutron.plugins.ml2.managers [None req-a5ea5b5c-ec5e-4fa8-8d96-6554dcd28073 tempest-PortsAdminExtendedAttrsIpV6TestJSON-1649356891 tempest-PortsAdminExtendedAttrsIpV6TestJSON-1649356891-project-admin] Attempting to bind port d0a4296f-069b-4919-bc9d-058e2e916f30 on host hv-neutron-8234 for vnic_type normal with profile {{(pid=87655) bind_port /opt/stack/neutron/neutron/plugins/ml2/managers.py:790}}
Jan 11 09:29:27.952216 dv-neutron-823402-4-hyperv neutron-server[87655]: DEBUG neutron.plugins.ml2.managers [None req-a5ea5b5c-ec5e-4fa8-8d96-6554dcd28073 tempest-PortsAdminExtendedAttrsIpV6TestJSON-1649356891 tempest-PortsAdminExtendedAttrsIpV6TestJSON-1649356891-project-admin] Attempting to bind port d0a4296f-069b-4919-bc9d-058e2e916f30 by drivers openvswitch,hyperv on host hv-neutron-8234 at level 0 using segments [{'id': '38204e2a-7937-48fb-bfd3-6f933a25a273', 'network_type': 'vlan', 'physical_network': 'physnet1', 'segmentation_id': 397, 'network_id': 'cdbabffa-ce77-44da-945d-e7fef1f4bb83'}] {{(pid=87655) _bind_port_level /opt/stack/neutron/neutron/plugins/ml2/managers.py:815}}
Jan 11 09:29:27.952553 dv-neutron-823402-4-hyperv neutron-server[87655]: DEBUG neutron.plugins.ml2.drivers.mech_agent [None req-a5ea5b5c-ec5e-4fa8-8d96-6554dcd28073 tempest-PortsAdminExtendedAttrsIpV6TestJSON-1649356891 tempest-PortsAdminExtendedAttrsIpV6TestJSON-1649356891-project-admin] Attempting to bind port d0a4296f-069b-4919-bc9d-058e2e916f30 on network cdbabffa-ce77-44da-945d-e7fef1f4bb83 {{(pid=87655) bind_port /opt/stack/neutron/neutron/plugins/ml2/drivers/mech_agent.py:86}}
Jan 11 09:29:27.965356 dv-neutron-823402-4-hyperv neutron-server[87654]: DEBUG neutron.api.rpc.handlers.resources_rpc [None req-8b67f42a-a970-4dfa-9734-16142262061e tempest-RoutersIpV6AdminTest-1689160687 tempest-RoutersIpV6AdminTest-1689160687-project-admin] Pushing event deleted for resources: {'Port': ['ID=0ed27ed7-79f7-4e72-88b6-e7ea0cd79a80,revision_number=None']} {{(pid=87654) push /opt/stack/neutron/neutron/api/rpc/handlers/resources_rpc.py:237}}
Jan 11 09:29:27.968113 dv-neutron-823402-4-hyperv neutron-server[87654]: DEBUG neutron.scheduler.base_scheduler [req-34fa471c-028f-403d-9a7a-df4f205e89fb req-1ceeb52c-e7a2-4cba-b96f-65038a33005b tempest-ServersTestJSON-410053126 tempest-ServersTestJSON-410053126-project] Resources bound (agent type, host, resource id): {{(pid=87654) schedule /opt/stack/neutron/neutron/scheduler/base_scheduler.py:57}}
Jan 11 09:29:27.977327 dv-neutron-823402-4-hyperv neutron-server[87654]: DEBUG neutron.db.l3_dvrscheduler_db [req-34fa471c-028f-403d-9a7a-df4f205e89fb req-1ceeb52c-e7a2-4cba-b96f-65038a33005b tempest-ServersTestJSON-410053126 tempest-ServersTestJSON-410053126-project] Received port after_create {{(pid=87654) _notify_l3_agent_new_port /opt/stack/neutron/neutron/db/l3_dvrscheduler_db.py:537}}
Jan 11 09:29:27.992410 dv-neutron-823402-4-hyperv neutron-server[87655]: DEBUG neutron_lib.callbacks.manager [None req-7b6234ff-0aa2-4e6b-93ad-f0818339f1aa admin admin] Notify callbacks [] for security_group, before_delete {{(pid=87655) _notify_loop /usr/local/lib/python3.8/dist-packages/neutron_lib/callbacks/manager.py:192}}
Jan 11 09:29:28.009233 dv-neutron-823402-4-hyperv neutron-server[87655]: DEBUG neutron.plugins.ml2.drivers.mech_agent [None req-a5ea5b5c-ec5e-4fa8-8d96-6554dcd28073 tempest-PortsAdminExtendedAttrsIpV6TestJSON-1649356891 tempest-PortsAdminExtendedAttrsIpV6TestJSON-1649356891-project-admin] Port d0a4296f-069b-4919-bc9d-058e2e916f30 on network cdbabffa-ce77-44da-945d-e7fef1f4bb83 not bound, no agent of type Open vSwitch agent registered on host hv-neutron-8234 {{(pid=87655) bind_port /opt/stack/neutron/neutron/plugins/ml2/drivers/mech_agent.py:98}}
Jan 11 09:29:28.009583 dv-neutron-823402-4-hyperv neutron-server[87655]: ERROR neutron.plugins.ml2.managers [None req-a5ea5b5c-ec5e-4fa8-8d96-6554dcd28073 tempest-PortsAdminExtendedAttrsIpV6TestJSON-1649356891 tempest-PortsAdminExtendedAttrsIpV6TestJSON-1649356891-project-admin] Failed to bind port d0a4296f-069b-4919-bc9d-058e2e916f30 on host hv-neutron-8234 for vnic_type normal using segments [{'id': '38204e2a-7937-48fb-bfd3-6f933a25a273', 'network_type': 'vlan', 'physical_network': 'physnet1', 'segmentation_id': 397, 'network_id': 'cdbabffa-ce77-44da-945d-e7fef1f4bb83'}]
Jan 11 09:29:28.026904 dv-neutron-823402-4-hyperv neutron-server[87655]: INFO neutron.plugins.ml2.plugin [None req-a5ea5b5c-ec5e-4fa8-8d96-6554dcd28073 tempest-PortsAdminExtendedAttrsIpV6TestJSON-1649356891 tempest-PortsAdminExtendedAttrsIpV6TestJSON-1649356891-project-admin] Attempt 4 to bind port d0a4296f-069b-4919-bc9d-058e2e916f30
Jan 11 09:29:28.044440 dv-neutron-823402-4-hyperv neutron-server[87655]: DEBUG neutron.api.rpc.handlers.resources_rpc [None req-33625238-e477-4920-a697-1e37acd9416f tempest-ServerActionsTestJSON-1028044310 tempest-ServerActionsTestJSON-1028044310-project] Pushing event updated for resources: {'Port': ['ID=bfe50fc3-6424-4fcb-ae51-0ec218f765bc,revision_number=2']} {{(pid=87655) push /opt/stack/neutron/neutron/api/rpc/handlers/resources_rpc.py:237}}
Jan 11 09:29:28.063420 dv-neutron-823402-4-hyperv neutron-server[87655]: INFO neutron.wsgi [None req-d85d3126-c7e9-4e31-ade4-7f415ae50ae3 admin admin] 10.222.0.15 "GET /v2.0/security-groups?tenant_id=a69717b852074be0ba8c42d7c8909339&name=default HTTP/1.1" status: 200 len: 2975 time: 0.9819865
Jan 11 09:29:28.083075 dv-neutron-823402-4-hyperv neutron-server[87654]: DEBUG neutron.wsgi [-] (87654) accepted ('10.222.0.15', 51868) {{(pid=87654) server /usr/local/lib/python3.8/dist-packages/eventlet/wsgi.py:992}}
Jan 11 09:29:28.096427 dv-neutron-823402-4-hyperv neutron-server[87655]: DEBUG neutron_lib.callbacks.manager [None req-33625238-e477-4920-a697-1e37acd9416f tempest-ServerActionsTestJSON-1028044310 tempest-ServerActionsTestJSON-1028044310-project] Notify callbacks ['neutron.notifiers.nova.Notifier._send_nova_notification-49066'] for floatingip, before_response {{(pid=87655) _notify_loop /usr/local/lib/python3.8/dist-packages/neutron_lib/callbacks/manager.py:192}}
Jan 11 09:29:28.111169 dv-neutron-823402-4-hyperv neutron-server[87655]: INFO neutron.wsgi [None req-33625238-e477-4920-a697-1e37acd9416f tempest-ServerActionsTestJSON-1028044310 tempest-ServerActionsTestJSON-1028044310-project] 10.222.0.15 "POST /v2.0/floatingips HTTP/1.1" status: 201 len: 693 time: 8.1915939
Jan 11 09:29:28.120475 dv-neutron-823402-4-hyperv neutron-server[87655]: DEBUG neutron_lib.callbacks.manager [None req-efbce01e-ee40-4405-b6aa-337c58e3abf8 tempest-ExternalNetworksTestJSON-941719269 tempest-ExternalNetworksTestJSON-941719269-project-admin] Notify callbacks ['neutron.services.auto_allocate.db._ensure_external_network_default_value_callback-8763172858179'] for network, precommit_create {{(pid=87655) _notify_loop /usr/local/lib/python3.8/dist-packages/neutron_lib/callbacks/manager.py:192}}
Jan 11 09:29:28.192218 dv-neutron-823402-4-hyperv neutron-server[87655]: DEBUG neutron.plugins.ml2.managers [None req-a5ea5b5c-ec5e-4fa8-8d96-6554dcd28073 tempest-PortsAdminExtendedAttrsIpV6TestJSON-1649356891 tempest-PortsAdminExtendedAttrsIpV6TestJSON-1649356891-project-admin] Attempting to bind port d0a4296f-069b-4919-bc9d-058e2e916f30 on host hv-neutron-8234 for vnic_type normal with profile {{(pid=87655) bind_port /opt/stack/neutron/neutron/plugins/ml2/managers.py:790}}
Jan 11 09:29:28.194802 dv-neutron-823402-4-hyperv neutron-server[87655]: DEBUG neutron.plugins.ml2.managers [None req-a5ea5b5c-ec5e-4fa8-8d96-6554dcd28073 tempest-PortsAdminExtendedAttrsIpV6TestJSON-1649356891 tempest-PortsAdminExtendedAttrsIpV6TestJSON-1649356891-project-admin] Attempting to bind port d0a4296f-069b-4919-bc9d-058e2e916f30 by drivers openvswitch,hyperv on host hv-neutron-8234 at level 0 using segments [{'id': '38204e2a-7937-48fb-bfd3-6f933a25a273', 'network_type': 'vlan', 'physical_network': 'physnet1', 'segmentation_id': 397, 'network_id': 'cdbabffa-ce77-44da-945d-e7fef1f4bb83'}] {{(pid=87655) _bind_port_level /opt/stack/neutron/neutron/plugins/ml2/managers.py:815}}
Jan 11 09:29:28.195972 dv-neutron-823402-4-hyperv neutron-server[87655]: DEBUG neutron.plugins.ml2.drivers.mech_agent [None req-a5ea5b5c-ec5e-4fa8-8d96-6554dcd28073 tempest-PortsAdminExtendedAttrsIpV6TestJSON-1649356891 tempest-PortsAdminExtendedAttrsIpV6TestJSON-1649356891-project-admin] Attempting to bind port d0a4296f-069b-4919-bc9d-058e2e916f30 on network cdbabffa-ce77-44da-945d-e7fef1f4bb83 {{(pid=87655) bind_port /opt/stack/neutron/neutron/plugins/ml2/drivers/mech_agent.py:86}}
Jan 11 09:29:28.205046 dv-neutron-823402-4-hyperv neutron-server[87655]: DEBUG neutron_lib.callbacks.manager [None req-7b6234ff-0aa2-4e6b-93ad-f0818339f1aa admin admin] Notify callbacks [] for security_group, precommit_delete {{(pid=87655) _notify_loop /usr/local/lib/python3.8/dist-packages/neutron_lib/callbacks/manager.py:192}}
Jan 11 09:29:28.238688 dv-neutron-823402-4-hyperv neutron-server[87655]: DEBUG neutron_lib.callbacks.manager [None req-efbce01e-ee40-4405-b6aa-337c58e3abf8 tempest-ExternalNetworksTestJSON-941719269 tempest-ExternalNetworksTestJSON-941719269-project-admin] Notify callbacks ['neutron.plugins.ml2.ovo_rpc._ObjectChangeHandler.handle_event-1798571', 'neutron.api.rpc.agentnotifiers.dhcp_rpc_agent_api.DhcpAgentNotifyAPI._native_event_send_dhcp_notification-1575006'] for network, after_create {{(pid=87655) _notify_loop /usr/local/lib/python3.8/dist-packages/neutron_lib/callbacks/manager.py:192}}
Jan 11 09:29:28.240118 dv-neutron-823402-4-hyperv neutron-server[87655]: DEBUG neutron.pecan_wsgi.hooks.policy_enforcement [None req-efbce01e-ee40-4405-b6aa-337c58e3abf8 tempest-ExternalNetworksTestJSON-941719269 tempest-ExternalNetworksTestJSON-941719269-project-admin] Attributes excluded by policy engine: ['standard_attr_id', 'vlan_transparent'] {{(pid=87655) _exclude_attributes_by_policy /opt/stack/neutron/neutron/pecan_wsgi/hooks/policy_enforcement.py:255}}
Jan 11 09:29:28.240699 dv-neutron-823402-4-hyperv neutron-server[87655]: DEBUG neutron_lib.callbacks.manager [None req-efbce01e-ee40-4405-b6aa-337c58e3abf8 tempest-ExternalNetworksTestJSON-941719269 tempest-ExternalNetworksTestJSON-941719269-project-admin] Notify callbacks ['neutron.api.rpc.agentnotifiers.dhcp_rpc_agent_api.DhcpAgentNotifyAPI._send_dhcp_notification-1574988'] for network, before_response {{(pid=87655) _notify_loop /usr/local/lib/python3.8/dist-packages/neutron_lib/callbacks/manager.py:192}}
Jan 11 09:29:28.304641 dv-neutron-823402-4-hyperv neutron-server[87655]: DEBUG neutron.plugins.ml2.drivers.mech_agent [None req-a5ea5b5c-ec5e-4fa8-8d96-6554dcd28073 tempest-PortsAdminExtendedAttrsIpV6TestJSON-1649356891 tempest-PortsAdminExtendedAttrsIpV6TestJSON-1649356891-project-admin] Port d0a4296f-069b-4919-bc9d-058e2e916f30 on network cdbabffa-ce77-44da-945d-e7fef1f4bb83 not bound, no agent of type Open vSwitch agent registered on host hv-neutron-8234 {{(pid=87655) bind_port /opt/stack/neutron/neutron/plugins/ml2/drivers/mech_agent.py:98}}
Jan 11 09:29:28.304932 dv-neutron-823402-4-hyperv neutron-server[87655]: ERROR neutron.plugins.ml2.managers [None req-a5ea5b5c-ec5e-4fa8-8d96-6554dcd28073 tempest-PortsAdminExtendedAttrsIpV6TestJSON-1649356891 tempest-PortsAdminExtendedAttrsIpV6TestJSON-1649356891-project-admin] Failed to bind port d0a4296f-069b-4919-bc9d-058e2e916f30 on host hv-neutron-8234 for vnic_type normal using segments [{'id': '38204e2a-7937-48fb-bfd3-6f933a25a273', 'network_type': 'vlan', 'physical_network': 'physnet1', 'segmentation_id': 397, 'network_id': 'cdbabffa-ce77-44da-945d-e7fef1f4bb83'}]
Jan 11 09:29:28.314298 dv-neutron-823402-4-hyperv neutron-server[87655]: INFO neutron.plugins.ml2.plugin [None req-a5ea5b5c-ec5e-4fa8-8d96-6554dcd28073 tempest-PortsAdminExtendedAttrsIpV6TestJSON-1649356891 tempest-PortsAdminExtendedAttrsIpV6TestJSON-1649356891-project-admin] Attempt 5 to bind port d0a4296f-069b-4919-bc9d-058e2e916f30
Jan 11 09:29:28.325294 dv-neutron-823402-4-hyperv neutron-server[87654]: DEBUG neutron_lib.callbacks.manager [None req-8b67f42a-a970-4dfa-9734-16142262061e tempest-RoutersIpV6AdminTest-1689160687 tempest-RoutersIpV6AdminTest-1689160687-project-admin] Notify callbacks ['neutron.services.l3_router.l3_router_plugin.DVRResourceOperationHandler._delete_dvr_internal_ports-1771515'] for router_gateway, after_delete {{(pid=87654) _notify_loop /usr/local/lib/python3.8/dist-packages/neutron_lib/callbacks/manager.py:192}}
Jan 11 09:29:28.365522 dv-neutron-823402-4-hyperv neutron-server[87655]: DEBUG neutron.plugins.ml2.managers [None req-a5ea5b5c-ec5e-4fa8-8d96-6554dcd28073 tempest-PortsAdminExtendedAttrsIpV6TestJSON-1649356891 tempest-PortsAdminExtendedAttrsIpV6TestJSON-1649356891-project-admin] Attempting to bind port d0a4296f-069b-4919-bc9d-058e2e916f30 on host hv-neutron-8234 for vnic_type normal with profile {{(pid=87655) bind_port /opt/stack/neutron/neutron/plugins/ml2/managers.py:790}}
Jan 11 09:29:28.365914 dv-neutron-823402-4-hyperv neutron-server[87655]: DEBUG neutron.plugins.ml2.managers [None req-a5ea5b5c-ec5e-4fa8-8d96-6554dcd28073 tempest-PortsAdminExtendedAttrsIpV6TestJSON-1649356891 tempest-PortsAdminExtendedAttrsIpV6TestJSON-1649356891-project-admin] Attempting to bind port d0a4296f-069b-4919-bc9d-058e2e916f30 by drivers openvswitch,hyperv on host hv-neutron-8234 at level 0 using segments [{'id': '38204e2a-7937-48fb-bfd3-6f933a25a273', 'network_type': 'vlan', 'physical_network': 'physnet1', 'segmentation_id': 397, 'network_id': 'cdbabffa-ce77-44da-945d-e7fef1f4bb83'}] {{(pid=87655) _bind_port_level /opt/stack/neutron/neutron/plugins/ml2/managers.py:815}}
Jan 11 09:29:28.366346 dv-neutron-823402-4-hyperv neutron-server[87655]: DEBUG neutron.plugins.ml2.drivers.mech_agent [None req-a5ea5b5c-ec5e-4fa8-8d96-6554dcd28073 tempest-PortsAdminExtendedAttrsIpV6TestJSON-1649356891 tempest-PortsAdminExtendedAttrsIpV6TestJSON-1649356891-project-admin] Attempting to bind port d0a4296f-069b-4919-bc9d-058e2e916f30 on network cdbabffa-ce77-44da-945d-e7fef1f4bb83 {{(pid=87655) bind_port /opt/stack/neutron/neutron/plugins/ml2/drivers/mech_agent.py:86}}
Jan 11 09:29:28.429195 dv-neutron-823402-4-hyperv neutron-server[87655]: DEBUG neutron.plugins.ml2.drivers.mech_agent [None req-a5ea5b5c-ec5e-4fa8-8d96-6554dcd28073 tempest-PortsAdminExtendedAttrsIpV6TestJSON-1649356891 tempest-PortsAdminExtendedAttrsIpV6TestJSON-1649356891-project-admin] Port d0a4296f-069b-4919-bc9d-058e2e916f30 on network cdbabffa-ce77-44da-945d-e7fef1f4bb83 not bound, no agent of type Open vSwitch agent registered on host hv-neutron-8234 {{(pid=87655) bind_port /opt/stack/neutron/neutron/plugins/ml2/drivers/mech_agent.py:98}}
Jan 11 09:29:28.429585 dv-neutron-823402-4-hyperv neutron-server[87655]: ERROR neutron.plugins.ml2.managers [None req-a5ea5b5c-ec5e-4fa8-8d96-6554dcd28073 tempest-PortsAdminExtendedAttrsIpV6TestJSON-1649356891 tempest-PortsAdminExtendedAttrsIpV6TestJSON-1649356891-project-admin] Failed to bind port d0a4296f-069b-4919-bc9d-058e2e916f30 on host hv-neutron-8234 for vnic_type normal using segments [{'id': '38204e2a-7937-48fb-bfd3-6f933a25a273', 'network_type': 'vlan', 'physical_network': 'physnet1', 'segmentation_id': 397, 'network_id': 'cdbabffa-ce77-44da-945d-e7fef1f4bb83'}]
Jan 11 09:29:28.441559 dv-neutron-823402-4-hyperv neutron-server[87655]: INFO neutron.plugins.ml2.plugin [None req-a5ea5b5c-ec5e-4fa8-8d96-6554dcd28073 tempest-PortsAdminExtendedAttrsIpV6TestJSON-1649356891 tempest-PortsAdminExtendedAttrsIpV6TestJSON-1649356891-project-admin] Attempt 6 to bind port d0a4296f-069b-4919-bc9d-058e2e916f30
Jan 11 09:29:28.450619 dv-neutron-823402-4-hyperv neutron-server[87656]: DEBUG neutron.db.provisioning_blocks [None req-6ee7ba52-a871-4412-8292-bcfe719fb2db None None] Provisioning for port eb5c29f7-867c-46f6-b73e-f2b682db3b03 completed by entity DHCP. {{(pid=87656) provisioning_complete /opt/stack/neutron/neutron/db/provisioning_blocks.py:133}}
Jan 11 09:29:28.462106 dv-neutron-823402-4-hyperv neutron-server[87656]: DEBUG neutron.db.provisioning_blocks [None req-6ee7ba52-a871-4412-8292-bcfe719fb2db None None] Provisioning complete for port eb5c29f7-867c-46f6-b73e-f2b682db3b03 triggered by entity DHCP. {{(pid=87656) provisioning_complete /opt/stack/neutron/neutron/db/provisioning_blocks.py:139}}
Jan 11 09:29:28.462474 dv-neutron-823402-4-hyperv neutron-server[87656]: DEBUG neutron_lib.callbacks.manager [None req-6ee7ba52-a871-4412-8292-bcfe719fb2db None None] Notify callbacks ['neutron.plugins.ml2.plugin.Ml2Plugin._port_provisioned-719710'] for port, provisioning_complete {{(pid=87656) _notify_loop /usr/local/lib/python3.8/dist-packages/neutron_lib/callbacks/manager.py:192}}
Jan 11 09:29:28.478491 dv-neutron-823402-4-hyperv neutron-server[87655]: DEBUG neutron.plugins.ml2.managers [None req-a5ea5b5c-ec5e-4fa8-8d96-6554dcd28073 tempest-PortsAdminExtendedAttrsIpV6TestJSON-1649356891 tempest-PortsAdminExtendedAttrsIpV6TestJSON-1649356891-project-admin] Attempting to bind port d0a4296f-069b-4919-bc9d-058e2e916f30 on host hv-neutron-8234 for vnic_type normal with profile {{(pid=87655) bind_port /opt/stack/neutron/neutron/plugins/ml2/managers.py:790}}
Jan 11 09:29:28.480875 dv-neutron-823402-4-hyperv neutron-server[87655]: DEBUG neutron.plugins.ml2.managers [None req-a5ea5b5c-ec5e-4fa8-8d96-6554dcd28073 tempest-PortsAdminExtendedAttrsIpV6TestJSON-1649356891 tempest-PortsAdminExtendedAttrsIpV6TestJSON-1649356891-project-admin] Attempting to bind port d0a4296f-069b-4919-bc9d-058e2e916f30 by drivers openvswitch,hyperv on host hv-neutron-8234 at level 0 using segments [{'id': '38204e2a-7937-48fb-bfd3-6f933a25a273', 'network_type': 'vlan', 'physical_network': 'physnet1', 'segmentation_id': 397, 'network_id': 'cdbabffa-ce77-44da-945d-e7fef1f4bb83'}] {{(pid=87655) _bind_port_level /opt/stack/neutron/neutron/plugins/ml2/managers.py:815}}
Jan 11 09:29:28.482807 dv-neutron-823402-4-hyperv neutron-server[87655]: DEBUG neutron.plugins.ml2.drivers.mech_agent [None req-a5ea5b5c-ec5e-4fa8-8d96-6554dcd28073 tempest-PortsAdminExtendedAttrsIpV6TestJSON-1649356891 tempest-PortsAdminExtendedAttrsIpV6TestJSON-1649356891-project-admin] Attempting to bind port d0a4296f-069b-4919-bc9d-058e2e916f30 on network cdbabffa-ce77-44da-945d-e7fef1f4bb83 {{(pid=87655) bind_port /opt/stack/neutron/neutron/plugins/ml2/drivers/mech_agent.py:86}}
Jan 11 09:29:28.488979 dv-neutron-823402-4-hyperv neutron-server[87654]: DEBUG neutron.pecan_wsgi.hooks.policy_enforcement [req-34fa471c-028f-403d-9a7a-df4f205e89fb req-1ceeb52c-e7a2-4cba-b96f-65038a33005b tempest-ServersTestJSON-410053126 tempest-ServersTestJSON-410053126-project] Attributes excluded by policy engine: ['standard_attr_id', 'binding:profile', 'binding:host_id', 'binding:vif_type', 'binding:vif_details', 'network'] {{(pid=87654) _exclude_attributes_by_policy /opt/stack/neutron/neutron/pecan_wsgi/hooks/policy_enforcement.py:255}}
Jan 11 09:29:28.489664 dv-neutron-823402-4-hyperv neutron-server[87654]: DEBUG neutron_lib.callbacks.manager [req-34fa471c-028f-403d-9a7a-df4f205e89fb req-1ceeb52c-e7a2-4cba-b96f-65038a33005b tempest-ServersTestJSON-410053126 tempest-ServersTestJSON-410053126-project] Notify callbacks ['neutron.notifiers.nova.Notifier._send_nova_notification-49066'] for port, before_response {{(pid=87654) _notify_loop /usr/local/lib/python3.8/dist-packages/neutron_lib/callbacks/manager.py:192}}
Jan 11 09:29:28.496806 dv-neutron-823402-4-hyperv neutron-server[87655]: INFO neutron.wsgi [None req-efbce01e-ee40-4405-b6aa-337c58e3abf8 tempest-ExternalNetworksTestJSON-941719269 tempest-ExternalNetworksTestJSON-941719269-project-admin] 10.222.0.15 "POST /v2.0/networks HTTP/1.1" status: 201 len: 863 time: 1.9851105
Jan 11 09:29:28.520975 dv-neutron-823402-4-hyperv neutron-server[87654]: DEBUG neutron.wsgi [-] (87654) accepted ('10.222.0.15', 51882) {{(pid=87654) server /usr/local/lib/python3.8/dist-packages/eventlet/wsgi.py:992}}
Jan 11 09:29:28.631013 dv-neutron-823402-4-hyperv neutron-server[87656]: DEBUG neutron.plugins.ml2.plugin [None req-6ee7ba52-a871-4412-8292-bcfe719fb2db None None] Port eb5c29f7-867c-46f6-b73e-f2b682db3b03 cannot update to ACTIVE because it is not bound. {{(pid=87656) _port_provisioned /opt/stack/neutron/neutron/plugins/ml2/plugin.py:337}}
Jan 11 09:29:28.897810 dv-neutron-823402-4-hyperv neutron-server[87655]: DEBUG neutron.api.rpc.handlers.resources_rpc [None req-efbce01e-ee40-4405-b6aa-337c58e3abf8 tempest-ExternalNetworksTestJSON-941719269 tempest-ExternalNetworksTestJSON-941719269-project-admin] Pushing event updated for resources: {'Network': ['ID=ed7ff6c4-50c4-4b70-a785-382189d42960,revision_number=1']} {{(pid=87655) push /opt/stack/neutron/neutron/api/rpc/handlers/resources_rpc.py:237}}
Jan 11 09:29:28.900365 dv-neutron-823402-4-hyperv neutron-server[87655]: DEBUG neutron.plugins.ml2.drivers.mech_agent [None req-a5ea5b5c-ec5e-4fa8-8d96-6554dcd28073 tempest-PortsAdminExtendedAttrsIpV6TestJSON-1649356891 tempest-PortsAdminExtendedAttrsIpV6TestJSON-1649356891-project-admin] Port d0a4296f-069b-4919-bc9d-058e2e916f30 on network cdbabffa-ce77-44da-945d-e7fef1f4bb83 not bound, no agent of type Open vSwitch agent registered on host hv-neutron-8234 {{(pid=87655) bind_port /opt/stack/neutron/neutron/plugins/ml2/drivers/mech_agent.py:98}}
Jan 11 09:29:28.900732 dv-neutron-823402-4-hyperv neutron-server[87655]: ERROR neutron.plugins.ml2.managers [None req-a5ea5b5c-ec5e-4fa8-8d96-6554dcd28073 tempest-PortsAdminExtendedAttrsIpV6TestJSON-1649356891 tempest-PortsAdminExtendedAttrsIpV6TestJSON-1649356891-project-admin] Failed to bind port d0a4296f-069b-4919-bc9d-058e2e916f30 on host hv-neutron-8234 for vnic_type normal using segments [{'id': '38204e2a-7937-48fb-bfd3-6f933a25a273', 'network_type': 'vlan', 'physical_network': 'physnet1', 'segmentation_id': 397, 'network_id': 'cdbabffa-ce77-44da-945d-e7fef1f4bb83'}]
Jan 11 09:29:28.908749 dv-neutron-823402-4-hyperv neutron-server[87655]: INFO neutron.plugins.ml2.plugin [None req-a5ea5b5c-ec5e-4fa8-8d96-6554dcd28073 tempest-PortsAdminExtendedAttrsIpV6TestJSON-1649356891 tempest-PortsAdminExtendedAttrsIpV6TestJSON-1649356891-project-admin] Attempt 7 to bind port d0a4296f-069b-4919-bc9d-058e2e916f30
Jan 11 09:29:28.913462 dv-neutron-823402-4-hyperv neutron-server[87656]: DEBUG neutron.plugins.ml2.rpc [None req-703cc352-9cae-4c51-bf9f-2a9ae6c673e3 None None] Network ed7ff6c4-50c4-4b70-a785-382189d42960 details requested by agent ovs-agent-dv-neutron-823402-4-hyperv with host dv-neutron-823402-4-hyperv {{(pid=87656) get_network_details /opt/stack/neutron/neutron/plugins/ml2/rpc.py:232}}
Jan 11 09:29:28.949641 dv-neutron-823402-4-hyperv neutron-server[87655]: DEBUG neutron.plugins.ml2.managers [None req-a5ea5b5c-ec5e-4fa8-8d96-6554dcd28073 tempest-PortsAdminExtendedAttrsIpV6TestJSON-1649356891 tempest-PortsAdminExtendedAttrsIpV6TestJSON-1649356891-project-admin] Attempting to bind port d0a4296f-069b-4919-bc9d-058e2e916f30 on host hv-neutron-8234 for vnic_type normal with profile {{(pid=87655) bind_port /opt/stack/neutron/neutron/plugins/ml2/managers.py:790}}
Jan 11 09:29:28.949975 dv-neutron-823402-4-hyperv neutron-server[87655]: DEBUG neutron.plugins.ml2.managers [None req-a5ea5b5c-ec5e-4fa8-8d96-6554dcd28073 tempest-PortsAdminExtendedAttrsIpV6TestJSON-1649356891 tempest-PortsAdminExtendedAttrsIpV6TestJSON-1649356891-project-admin] Attempting to bind port d0a4296f-069b-4919-bc9d-058e2e916f30 by drivers openvswitch,hyperv on host hv-neutron-8234 at level 0 using segments [{'id': '38204e2a-7937-48fb-bfd3-6f933a25a273', 'network_type': 'vlan', 'physical_network': 'physnet1', 'segmentation_id': 397, 'network_id': 'cdbabffa-ce77-44da-945d-e7fef1f4bb83'}] {{(pid=87655) _bind_port_level /opt/stack/neutron/neutron/plugins/ml2/managers.py:815}}
Jan 11 09:29:28.950385 dv-neutron-823402-4-hyperv neutron-server[87655]: DEBUG neutron.plugins.ml2.drivers.mech_agent [None req-a5ea5b5c-ec5e-4fa8-8d96-6554dcd28073 tempest-PortsAdminExtendedAttrsIpV6TestJSON-1649356891 tempest-PortsAdminExtendedAttrsIpV6TestJSON-1649356891-project-admin] Attempting to bind port d0a4296f-069b-4919-bc9d-058e2e916f30 on network cdbabffa-ce77-44da-945d-e7fef1f4bb83 {{(pid=87655) bind_port /opt/stack/neutron/neutron/plugins/ml2/drivers/mech_agent.py:86}}
