Jan 10 17:58:18.704221 dv-neutron-823377-1-hyperv neutron-server[114318]: DEBUG neutron.wsgi [-] (114318) accepted ('10.222.0.39', 37708) {{(pid=114318) server /usr/local/lib/python3.8/dist-packages/eventlet/wsgi.py:982}}
Jan 10 17:58:18.719974 dv-neutron-823377-1-hyperv neutron-server[114318]: DEBUG neutron.plugins.ml2.db [req-a24e097e-25c9-445c-9d49-0da19f5c838a req-30a2e513-f948-4465-993c-0d2cde640de0 service neutron] For port 8a8a9db3-3884-4e4c-a6e7-6a2f1d9d682e, host hv-neutron-8233, cleared binding levels {{(pid=114318) clear_binding_levels /opt/stack/neutron/neutron/plugins/ml2/db.py:87}}
Jan 10 17:58:18.773534 dv-neutron-823377-1-hyperv neutron-server[114318]: DEBUG neutron.plugins.ml2.db [req-a24e097e-25c9-445c-9d49-0da19f5c838a req-30a2e513-f948-4465-993c-0d2cde640de0 service neutron] For port 8a8a9db3-3884-4e4c-a6e7-6a2f1d9d682e, host hv-neutron-8233, set binding levels [PortBindingLevel(driver='hyperv',host='hv-neutron-8233',level=0,port_id=8a8a9db3-3884-4e4c-a6e7-6a2f1d9d682e,segment=NetworkSegment(a7a0d972-5e9a-429e-a655-bd9016b64441),segment_id=a7a0d972-5e9a-429e-a655-bd9016b64441)] {{(pid=114318) set_binding_levels /opt/stack/neutron/neutron/plugins/ml2/db.py:59}}
Jan 10 17:58:18.902012 dv-neutron-823377-1-hyperv neutron-server[114319]: DEBUG neutron.pecan_wsgi.hooks.policy_enforcement [req-69b7c921-0b2a-416c-adf4-4dd1a4096e7f req-7b125260-5a49-49b1-a056-971349f805c3 service neutron] Attributes excluded by policy engine: ['standard_attr_id'] {{(pid=114319) _exclude_attributes_by_policy /opt/stack/neutron/neutron/pecan_wsgi/hooks/policy_enforcement.py:255}}
Jan 10 17:58:18.902012 dv-neutron-823377-1-hyperv neutron-server[114319]: INFO neutron.wsgi [req-69b7c921-0b2a-416c-adf4-4dd1a4096e7f req-7b125260-5a49-49b1-a056-971349f805c3 service neutron] 10.222.0.45 "GET /v2.0/ports?tenant_id=8dd6a1b7efaf4d528111c2b550b283e4&device_id=69e81ce8-441b-474e-abbb-27840910fa0a HTTP/1.1" status: 200 len: 1096 time: 0.1845613
Jan 10 17:58:18.937665 dv-neutron-823377-1-hyperv neutron-server[114319]: INFO neutron.wsgi [req-69b7c921-0b2a-416c-adf4-4dd1a4096e7f req-84ba3ee2-f598-4cb9-ae2c-25b03086a6dc service neutron] 10.222.0.45 "GET /v2.0/floatingips?fixed_ip_address=172.20.0.7&port_id=e91b13ac-f476-45b7-9b09-10bbf420dce5 HTTP/1.1" status: 200 len: 217 time: 0.0596890
Jan 10 17:58:18.938856 dv-neutron-823377-1-hyperv neutron-server[114319]: DEBUG neutron.db.db_base_plugin_common [None req-bb47397e-2107-4469-85fe-5ae4fc874aa7 tempest-RoutersAdminTest-1377760977 tempest-RoutersAdminTest-1377760977-project-admin] Allocated IP 172.20.0.9 (be7f82d7-1a0e-4c72-9ab0-df07a9aa020e/1cfcd243-e6ba-4187-96ab-9297b028b529/c5599bd3-b822-49b5-8e41-e170b4a05191) {{(pid=114319) _store_ip_allocation /opt/stack/neutron/neutron/db/db_base_plugin_common.py:131}}
Jan 10 17:58:19.022468 dv-neutron-823377-1-hyperv neutron-server[114319]: INFO neutron.wsgi [req-886ace39-0e6a-4308-937c-eb9b62b87780 req-d1eef8d8-7732-4d11-80e0-82e57e10f734 service neutron] 10.222.0.45 "GET /v2.0/networks/2ec9f35d-e9ee-48e6-bd68-7cc0f2ba3538?fields=segments HTTP/1.1" status: 200 len: 212 time: 0.3381870
Jan 10 17:58:19.043888 dv-neutron-823377-1-hyperv neutron-server[114319]: DEBUG neutron.pecan_wsgi.hooks.policy_enforcement [req-69b7c921-0b2a-416c-adf4-4dd1a4096e7f req-de9ee542-8c2a-4f00-a597-4440b6add07b service neutron] Attributes excluded by policy engine: ['standard_attr_id', 'shared', 'segment_id'] {{(pid=114319) _exclude_attributes_by_policy /opt/stack/neutron/neutron/pecan_wsgi/hooks/policy_enforcement.py:255}}
Jan 10 17:58:19.045711 dv-neutron-823377-1-hyperv neutron-server[114319]: INFO neutron.wsgi [req-69b7c921-0b2a-416c-adf4-4dd1a4096e7f req-de9ee542-8c2a-4f00-a597-4440b6add07b service neutron] 10.222.0.45 "GET /v2.0/subnets?id=7a0a07ee-b719-4b99-a11b-c23661d4e88f HTTP/1.1" status: 200 len: 851 time: 0.0995312
Jan 10 17:58:19.067608 dv-neutron-823377-1-hyperv neutron-server[114318]: DEBUG neutron.api.v2.base [None req-5669b9b1-c4cb-4a9a-8d24-5b3ed09bbc10 tempest-RoutersIpV6AdminTest-1158333205 tempest-RoutersIpV6AdminTest-1158333205-project] Request body: {'router': {'name': 'tempest-RoutersIpV6AdminTest-router-1866530711', 'external_gateway_info': {'network_id': '69385814-7a44-4c39-b1c4-3e0904fb3198'}, 'admin_state_up': False}} {{(pid=114318) prepare_request_body /opt/stack/neutron/neutron/api/v2/base.py:729}}
Jan 10 17:58:19.094236 dv-neutron-823377-1-hyperv neutron-server[114318]: DEBUG neutron.api.rpc.agentnotifiers.l3_rpc_agent_api [None req-7aab9469-36c4-4b47-9c74-8ce568ccf6b9 tempest-FloatingIPTestJSON-1538327188 tempest-FloatingIPTestJSON-1538327188-project] Notify agent at l3_agent.dv-neutron-823377-1-hyperv the message routers_updated {{(pid=114318) _agent_notification /opt/stack/neutron/neutron/api/rpc/agentnotifiers/l3_rpc_agent_api.py:65}}
Jan 10 17:58:19.105668 dv-neutron-823377-1-hyperv neutron-server[114321]: DEBUG neutron.api.rpc.handlers.l3_rpc [None req-e52b5d55-f3b9-4042-9774-b7765654b447 None None] Sync routers for ids ['3935e48a-e1dc-4f29-938d-9eda57af519a'] in dv-neutron-823377-1-hyperv {{(pid=114321) sync_routers /opt/stack/neutron/neutron/api/rpc/handlers/l3_rpc.py:125}}
Jan 10 17:58:19.117692 dv-neutron-823377-1-hyperv neutron-server[114318]: DEBUG neutron_lib.callbacks.manager [None req-7aab9469-36c4-4b47-9c74-8ce568ccf6b9 tempest-FloatingIPTestJSON-1538327188 tempest-FloatingIPTestJSON-1538327188-project] Notify callbacks ['neutron.notifiers.nova.Notifier._send_nova_notification-113946'] for floatingip, before_response {{(pid=114318) _notify_loop /usr/local/lib/python3.8/dist-packages/neutron_lib/callbacks/manager.py:192}}
Jan 10 17:58:19.122190 dv-neutron-823377-1-hyperv neutron-server[114321]: DEBUG neutron.db.l3_dvrscheduler_db [None req-e52b5d55-f3b9-4042-9774-b7765654b447 None None] Routers {'3935e48a-e1dc-4f29-938d-9eda57af519a'} bound to L3 agent in host dv-neutron-823377-1-hyperv {{(pid=114321) _get_router_ids_for_agent /opt/stack/neutron/neutron/db/l3_dvrscheduler_db.py:420}}
Jan 10 17:58:19.136258 dv-neutron-823377-1-hyperv neutron-server[114321]: DEBUG neutron.db.l3_hamode_db [None req-e52b5d55-f3b9-4042-9774-b7765654b447 None None] neutron.services.l3_router.l3_router_plugin.L3RouterPlugin method get_ha_sync_data_for_host called with arguments (, 'dv-neutron-823377-1-hyperv', Agent(admin_state_up=True,agent_type='L3 agent',availability_zone='nova',binary='neutron-l3-agent',configurations={"agent_mode": "legacy", "ex_gw_ports": 4, "extensions": [], "floating_ips": 0, "handle_internal_only_routers": true, "interface_driver": "openvswitch", "interfaces": 4, "log_agent_heartbeats": false, "routers": 4},created_at=2022-01-10T17:49:44Z,description=,heartbeat_timestamp=2022-01-10T17:58:15Z,host='dv-neutron-823377-1-hyperv',id=e61f2cee-b86f-463b-8515-0decd4c70610,load=0,resource_versions=,resources_synced=,started_at=2022-01-10T17:49:45Z,topic='l3_agent')) {'router_ids': ['3935e48a-e1dc-4f29-938d-9eda57af519a'], 'active': True} {{(pid=114321) wrapper /usr/local/lib/python3.8/dist-packages/oslo_log/helpers.py:65}}
Jan 10 17:58:19.163682 dv-neutron-823377-1-hyperv neutron-server[114321]: DEBUG neutron.db.l3_hamode_db [None req-e52b5d55-f3b9-4042-9774-b7765654b447 None None] neutron.services.l3_router.l3_router_plugin.L3RouterPlugin method _process_sync_ha_data called with arguments (, [], 'dv-neutron-823377-1-hyperv', False) {} {{(pid=114321) wrapper /usr/local/lib/python3.8/dist-packages/oslo_log/helpers.py:65}}
Jan 10 17:58:19.177523 dv-neutron-823377-1-hyperv neutron-server[114321]: DEBUG neutron.db.l3_dvrscheduler_db [None req-e52b5d55-f3b9-4042-9774-b7765654b447 None None] Routers {'3935e48a-e1dc-4f29-938d-9eda57af519a'} bound to L3 agent in host dv-neutron-823377-1-hyperv {{(pid=114321) _get_router_ids_for_agent /opt/stack/neutron/neutron/db/l3_dvrscheduler_db.py:420}}
Jan 10 17:58:19.178468 dv-neutron-823377-1-hyperv neutron-server[114321]: DEBUG neutron.db.l3_hamode_db [None req-e52b5d55-f3b9-4042-9774-b7765654b447 None None] neutron.services.l3_router.l3_router_plugin.L3RouterPlugin method get_ha_sync_data_for_host called with arguments (, 'dv-neutron-823377-1-hyperv', Agent(admin_state_up=True,agent_type='L3 agent',availability_zone='nova',binary='neutron-l3-agent',configurations={"agent_mode": "legacy", "ex_gw_ports": 4, "extensions": [], "floating_ips": 0, "handle_internal_only_routers": true, "interface_driver": "openvswitch", "interfaces": 4, "log_agent_heartbeats": false, "routers": 4},created_at=2022-01-10T17:49:44Z,description=,heartbeat_timestamp=2022-01-10T17:58:15Z,host='dv-neutron-823377-1-hyperv',id=e61f2cee-b86f-463b-8515-0decd4c70610,load=0,resource_versions=,resources_synced=,started_at=2022-01-10T17:49:45Z,topic='l3_agent')) {'router_ids': ['3935e48a-e1dc-4f29-938d-9eda57af519a'], 'active': True} {{(pid=114321) wrapper /usr/local/lib/python3.8/dist-packages/oslo_log/helpers.py:65}}
Jan 10 17:58:19.216427 dv-neutron-823377-1-hyperv neutron-server[114321]: DEBUG neutron.db.l3_hamode_db [None req-e52b5d55-f3b9-4042-9774-b7765654b447 None None] neutron.services.l3_router.l3_router_plugin.L3RouterPlugin method _process_sync_ha_data called with arguments (, [], 'dv-neutron-823377-1-hyperv', False) {} {{(pid=114321) wrapper /usr/local/lib/python3.8/dist-packages/oslo_log/helpers.py:65}}
Jan 10 17:58:19.217412 dv-neutron-823377-1-hyperv neutron-server[114321]: DEBUG neutron.api.rpc.handlers.l3_rpc [None req-e52b5d55-f3b9-4042-9774-b7765654b447 None None] The sync data for ids ['3935e48a-e1dc-4f29-938d-9eda57af519a'] in dv-neutron-823377-1-hyperv is: [] {{(pid=114321) sync_routers /opt/stack/neutron/neutron/api/rpc/handlers/l3_rpc.py:137}}
Jan 10 17:58:19.230087 dv-neutron-823377-1-hyperv neutron-server[114318]: INFO neutron.wsgi [None req-7aab9469-36c4-4b47-9c74-8ce568ccf6b9 tempest-FloatingIPTestJSON-1538327188 tempest-FloatingIPTestJSON-1538327188-project] 10.222.0.39 "PUT /v2.0/floatingips/b85ded32-a471-4c4c-a7a9-512d94a2dc71 HTTP/1.1" status: 200 len: 688 time: 3.8673158
Jan 10 17:58:19.233298 dv-neutron-823377-1-hyperv neutron-server[114318]: DEBUG neutron.wsgi [-] (114318) accepted ('10.222.0.39', 37714) {{(pid=114318) server /usr/local/lib/python3.8/dist-packages/eventlet/wsgi.py:982}}
Jan 10 17:58:19.260172 dv-neutron-823377-1-hyperv neutron-server[114318]: DEBUG neutron.pecan_wsgi.hooks.policy_enforcement [req-7551bead-87be-4123-9dd3-e1ee3dcc0a29 req-985ea605-6e44-4aac-9486-fabccc27221c tempest-ServersTestJSON-1951333546 tempest-ServersTestJSON-1951333546-project] Attributes excluded by policy engine: ['standard_attr_id', 'binding:profile', 'binding:host_id', 'binding:vif_type', 'binding:vif_details'] {{(pid=114318) _exclude_attributes_by_policy /opt/stack/neutron/neutron/pecan_wsgi/hooks/policy_enforcement.py:255}}
Jan 10 17:58:19.260172 dv-neutron-823377-1-hyperv neutron-server[114318]: INFO neutron.wsgi [req-7551bead-87be-4123-9dd3-e1ee3dcc0a29 req-985ea605-6e44-4aac-9486-fabccc27221c tempest-ServersTestJSON-1951333546 tempest-ServersTestJSON-1951333546-project] 10.222.0.39 "GET /v2.0/ports?device_id=09317eda-5d90-4807-a463-377f647e5288 HTTP/1.1" status: 200 len: 943 time: 0.1904964
Jan 10 17:58:19.364895 dv-neutron-823377-1-hyperv neutron-server[114319]: DEBUG neutron_lib.callbacks.manager [None req-bb47397e-2107-4469-85fe-5ae4fc874aa7 tempest-RoutersAdminTest-1377760977 tempest-RoutersAdminTest-1377760977-project-admin] Notify callbacks [] for port, precommit_create {{(pid=114319) _notify_loop /usr/local/lib/python3.8/dist-packages/neutron_lib/callbacks/manager.py:192}}
Jan 10 17:58:19.421066 dv-neutron-823377-1-hyperv neutron-server[114318]: INFO neutron.wsgi [req-7551bead-87be-4123-9dd3-e1ee3dcc0a29 req-a102ef5b-cd38-4f5e-8dbc-f391a915e00c tempest-ServersTestJSON-1951333546 tempest-ServersTestJSON-1951333546-project] 10.222.0.39 "GET /v2.0/security-groups?id=a2056a53-0eba-4e35-9a72-49e7a0e30700&fields=id&fields=name HTTP/1.1" status: 200 len: 312 time: 0.1340523
Jan 10 17:58:19.438520 dv-neutron-823377-1-hyperv neutron-server[114318]: DEBUG neutron.pecan_wsgi.hooks.policy_enforcement [req-bbebd57c-ecb9-48af-a85c-60474716cb30 req-6f95665b-db23-43d9-ab67-83ccef6b35dd tempest-ServersTestManualDisk-135043915 tempest-ServersTestManualDisk-135043915-project] Attributes excluded by policy engine: ['standard_attr_id', 'binding:profile', 'binding:host_id', 'binding:vif_type', 'binding:vif_details'] {{(pid=114318) _exclude_attributes_by_policy /opt/stack/neutron/neutron/pecan_wsgi/hooks/policy_enforcement.py:255}}
Jan 10 17:58:19.440239 dv-neutron-823377-1-hyperv neutron-server[114318]: INFO neutron.wsgi [req-bbebd57c-ecb9-48af-a85c-60474716cb30 req-6f95665b-db23-43d9-ab67-83ccef6b35dd tempest-ServersTestManualDisk-135043915 tempest-ServersTestManualDisk-135043915-project] 10.222.0.39 "GET /v2.0/ports?device_id=2ff34079-d73d-4439-8320-2e603fb4bf91 HTTP/1.1" status: 200 len: 944 time: 0.1067815
Jan 10 17:58:19.458749 dv-neutron-823377-1-hyperv neutron-server[114318]: DEBUG neutron.plugins.ml2.plugin [None req-e0417b8b-caba-4698-bfa4-b96a1837f864 tempest-FloatingIPTestJSON-1538327188 tempest-FloatingIPTestJSON-1538327188-project] Deleting port c39b4002-9a61-45ae-a710-f44a92480592 {{(pid=114318) _pre_delete_port /opt/stack/neutron/neutron/plugins/ml2/plugin.py:1954}}
Jan 10 17:58:19.459094 dv-neutron-823377-1-hyperv neutron-server[114318]: DEBUG neutron_lib.callbacks.manager [None req-e0417b8b-caba-4698-bfa4-b96a1837f864 tempest-FloatingIPTestJSON-1538327188 tempest-FloatingIPTestJSON-1538327188-project] Notify callbacks ['neutron.db.l3_db.L3_NAT_dbonly_mixin._prevent_l3_port_delete_callback-8755885573578'] for port, before_delete {{(pid=114318) _notify_loop /usr/local/lib/python3.8/dist-packages/neutron_lib/callbacks/manager.py:192}}
Jan 10 17:58:19.482481 dv-neutron-823377-1-hyperv neutron-server[114319]: DEBUG neutron.pecan_wsgi.hooks.policy_enforcement [req-69b7c921-0b2a-416c-adf4-4dd1a4096e7f req-8eb71195-5f63-4b06-8987-93847498dfe3 service neutron] Attributes excluded by policy engine: ['standard_attr_id'] {{(pid=114319) _exclude_attributes_by_policy /opt/stack/neutron/neutron/pecan_wsgi/hooks/policy_enforcement.py:255}}
Jan 10 17:58:19.483968 dv-neutron-823377-1-hyperv neutron-server[114319]: INFO neutron.wsgi [req-69b7c921-0b2a-416c-adf4-4dd1a4096e7f req-8eb71195-5f63-4b06-8987-93847498dfe3 service neutron] 10.222.0.45 "GET /v2.0/ports?network_id=2ee6408d-b502-4686-9f6a-b2b3719b9078&device_owner=network%3Adhcp HTTP/1.1" status: 200 len: 1177 time: 0.1534846
Jan 10 17:58:19.504272 dv-neutron-823377-1-hyperv neutron-server[114319]: INFO neutron.wsgi [req-886ace39-0e6a-4308-937c-eb9b62b87780 req-2e111d83-1eb1-4ef6-a3be-3f06905b83bc service neutron] 10.222.0.45 "GET /v2.0/networks/2ec9f35d-e9ee-48e6-bd68-7cc0f2ba3538?fields=provider%3Aphysical_network&fields=provider%3Anetwork_type HTTP/1.1" status: 200 len: 281 time: 0.1741357
Jan 10 17:58:19.538936 dv-neutron-823377-1-hyperv neutron-server[114318]: INFO neutron.wsgi [req-bbebd57c-ecb9-48af-a85c-60474716cb30 req-da356c3e-937a-44f9-9f59-f7baf6019dd4 tempest-ServersTestManualDisk-135043915 tempest-ServersTestManualDisk-135043915-project] 10.222.0.39 "GET /v2.0/security-groups?id=49389d4d-9fc8-4106-aab6-6c85f754f931&fields=id&fields=name HTTP/1.1" status: 200 len: 313 time: 0.0818825
Jan 10 17:58:19.568687 dv-neutron-823377-1-hyperv neutron-server[114318]: DEBUG neutron_lib.callbacks.manager [None req-e0417b8b-caba-4698-bfa4-b96a1837f864 tempest-FloatingIPTestJSON-1538327188 tempest-FloatingIPTestJSON-1538327188-project] Notify callbacks ['neutron.services.l3_router.l3_router_plugin.L3_NAT_dbonly_mixin._precommit_delete_port_callback-1663511'] for port, precommit_delete {{(pid=114318) _notify_loop /usr/local/lib/python3.8/dist-packages/neutron_lib/callbacks/manager.py:192}}
Jan 10 17:58:19.569039 dv-neutron-823377-1-hyperv neutron-server[114318]: DEBUG neutron_lib.callbacks.manager [None req-e0417b8b-caba-4698-bfa4-b96a1837f864 tempest-FloatingIPTestJSON-1538327188 tempest-FloatingIPTestJSON-1538327188-project] Notify callbacks [] for floatingip, precommit_delete {{(pid=114318) _notify_loop /usr/local/lib/python3.8/dist-packages/neutron_lib/callbacks/manager.py:192}}
Jan 10 17:58:19.582074 dv-neutron-823377-1-hyperv neutron-server[114318]: DEBUG neutron_lib.callbacks.manager [req-a24e097e-25c9-445c-9d49-0da19f5c838a req-30a2e513-f948-4465-993c-0d2cde640de0 service neutron] Notify callbacks ['neutron.plugins.ml2.plugin.SecurityGroupServerNotifierRpcMixin._notify_sg_on_port_change-552876', 'neutron.plugins.ml2.ovo_rpc._ObjectChangeHandler.handle_event-30459', 'neutron.api.rpc.agentnotifiers.dhcp_rpc_agent_api.DhcpAgentNotifyAPI._native_event_send_dhcp_notification-1652893', 'neutron.db.l3_db.L3RpcNotifierMixin._notify_gateway_port_ip_changed-8755885579394', 'neutron.db.l3_dvrscheduler_db._notify_l3_agent_port_update-8755885029358', 'neutron.db.l3_hascheduler_db._notify_l3_agent_ha_port_update-8755885026820', 'neutron.services.segments.plugin.NovaSegmentNotifier._notify_port_updated-26094428'] for port, after_update {{(pid=114318) _notify_loop /usr/local/lib/python3.8/dist-packages/neutron_lib/callbacks/manager.py:192}}
Jan 10 17:58:19.587967 dv-neutron-823377-1-hyperv neutron-server[114318]: DEBUG neutron.plugins.ml2.plugin [None req-e0417b8b-caba-4698-bfa4-b96a1837f864 tempest-FloatingIPTestJSON-1538327188 tempest-FloatingIPTestJSON-1538327188-project] Calling delete_port for c39b4002-9a61-45ae-a710-f44a92480592 owned by network:floatingip {{(pid=114318) delete_port /opt/stack/neutron/neutron/plugins/ml2/plugin.py:2032}}
Jan 10 17:58:19.617141 dv-neutron-823377-1-hyperv neutron-server[114319]: INFO neutron.wsgi [req-69b7c921-0b2a-416c-adf4-4dd1a4096e7f req-69c2ec2f-4faf-48ea-af48-0b30ab01ffd4 service neutron] 10.222.0.45 "GET /v2.0/networks/2ee6408d-b502-4686-9f6a-b2b3719b9078?fields=segments HTTP/1.1" status: 200 len: 212 time: 0.1250598
Jan 10 17:58:19.686782 dv-neutron-823377-1-hyperv neutron-server[114318]: DEBUG neutron.pecan_wsgi.hooks.policy_enforcement [req-a24e097e-25c9-445c-9d49-0da19f5c838a req-30a2e513-f948-4465-993c-0d2cde640de0 service neutron] Attributes excluded by policy engine: ['standard_attr_id'] {{(pid=114318) _exclude_attributes_by_policy /opt/stack/neutron/neutron/pecan_wsgi/hooks/policy_enforcement.py:255}}
Jan 10 17:58:19.687423 dv-neutron-823377-1-hyperv neutron-server[114318]: DEBUG neutron_lib.callbacks.manager [req-a24e097e-25c9-445c-9d49-0da19f5c838a req-30a2e513-f948-4465-993c-0d2cde640de0 service neutron] Notify callbacks ['neutron.notifiers.nova.Notifier._send_nova_notification-113946'] for port, before_response {{(pid=114318) _notify_loop /usr/local/lib/python3.8/dist-packages/neutron_lib/callbacks/manager.py:192}}
Jan 10 17:58:19.688878 dv-neutron-823377-1-hyperv neutron-server[114318]: INFO neutron.wsgi [req-a24e097e-25c9-445c-9d49-0da19f5c838a req-30a2e513-f948-4465-993c-0d2cde640de0 service neutron] 10.222.0.45 "PUT /v2.0/ports/8a8a9db3-3884-4e4c-a6e7-6a2f1d9d682e HTTP/1.1" status: 200 len: 1094 time: 5.4185197
Jan 10 17:58:19.691505 dv-neutron-823377-1-hyperv neutron-server[114318]: DEBUG neutron.notifiers.nova [-] Sending events: [{'name': 'network-changed', 'server_uuid': '2ff34079-d73d-4439-8320-2e603fb4bf91', 'tag': '8a8a9db3-3884-4e4c-a6e7-6a2f1d9d682e'}] {{(pid=114318) send_events /opt/stack/neutron/neutron/notifiers/nova.py:262}}
Jan 10 17:58:19.850643 dv-neutron-823377-1-hyperv neutron-server[114318]: DEBUG neutron.api.rpc.handlers.resources_rpc [None req-30a2e513-f948-4465-993c-0d2cde640de0 service neutron] Pushing event updated for resources: {'Port': ['ID=8a8a9db3-3884-4e4c-a6e7-6a2f1d9d682e,revision_number=3']} {{(pid=114318) push /opt/stack/neutron/neutron/api/rpc/handlers/resources_rpc.py:237}}
Jan 10 17:58:19.901476 dv-neutron-823377-1-hyperv neutron-server[114318]: DEBUG novaclient.v2.client [-] REQ: curl -g -i --cacert "/opt/stack/data/ca-bundle.pem" -X POST http://10.222.0.39/compute/v2.1/os-server-external-events -H "Accept: application/json" -H "Content-Type: application/json" -H "User-Agent: python-novaclient" -H "X-Auth-Token: {SHA256}02f983efa4278b679cc0b28103e04451f7801e783ddb828274f1d7f9b4c4c8bd" -H "X-OpenStack-Nova-API-Version: 2.1" -H "X-OpenStack-Request-ID: req-b0a340b1-cc1a-4e2b-a08c-7bccec120a16" -d '{"events": [{"name": "network-changed", "server_uuid": "2ff34079-d73d-4439-8320-2e603fb4bf91", "tag": "8a8a9db3-3884-4e4c-a6e7-6a2f1d9d682e"}]}' {{(pid=114318) _http_log_request /usr/local/lib/python3.8/dist-packages/keystoneauth1/session.py:519}}
Jan 10 17:58:19.927972 dv-neutron-823377-1-hyperv neutron-server[114318]: DEBUG neutron.pecan_wsgi.hooks.policy_enforcement [req-d68208f8-b69a-4cc1-a0f5-ffe9713377c9 req-f72510cb-2f1d-4350-869f-ba1d66606dcb tempest-ServerActionsTestJSON-576383147 tempest-ServerActionsTestJSON-576383147-project] Attributes excluded by policy engine: ['standard_attr_id', 'binding:profile', 'binding:host_id', 'binding:vif_type', 'binding:vif_details'] {{(pid=114318) _exclude_attributes_by_policy /opt/stack/neutron/neutron/pecan_wsgi/hooks/policy_enforcement.py:255}}
Jan 10 17:58:19.948570 dv-neutron-823377-1-hyperv neutron-server[114318]: INFO neutron.wsgi [req-d68208f8-b69a-4cc1-a0f5-ffe9713377c9 req-f72510cb-2f1d-4350-869f-ba1d66606dcb tempest-ServerActionsTestJSON-576383147 tempest-ServerActionsTestJSON-576383147-project] 10.222.0.39 "GET /v2.0/ports?device_id=69e81ce8-441b-474e-abbb-27840910fa0a HTTP/1.1" status: 200 len: 943 time: 0.2088699
Jan 10 17:58:19.948570 dv-neutron-823377-1-hyperv neutron-server[114318]: DEBUG neutron_lib.callbacks.manager [None req-96528b24-90ab-4d79-8cc5-b712ddcbc31e tempest-AllowedAddressPairIpV6TestJSON-23942234 tempest-AllowedAddressPairIpV6TestJSON-23942234-project] Notify callbacks ['neutron.plugins.ml2.ovo_rpc._ObjectChangeHandler.handle_event-296757', 'neutron.api.rpc.agentnotifiers.dhcp_rpc_agent_api.DhcpAgentNotifyAPI._native_event_send_dhcp_notification-1652893', 'neutron.services.segments.plugin.NovaSegmentNotifier._notify_subnet_created-26095059', 'neutron.services.segments.plugin.SegmentHostRoutes.host_routes_after_create-25871308'] for subnet, after_create {{(pid=114318) _notify_loop /usr/local/lib/python3.8/dist-packages/neutron_lib/callbacks/manager.py:192}}
Jan 10 17:58:19.948570 dv-neutron-823377-1-hyperv neutron-server[114318]: DEBUG neutron_lib.callbacks.manager [None req-5669b9b1-c4cb-4a9a-8d24-5b3ed09bbc10 tempest-RoutersIpV6AdminTest-1158333205 tempest-RoutersIpV6AdminTest-1158333205-project] Notify callbacks ['neutron.services.l3_router.l3_router_plugin.L3_HA_NAT_db_mixin._before_router_create_handler-1667661', 'neutron.services.l3_router.service_providers.driver_controller.DriverController._check_router_request-12669'] for router, before_create {{(pid=114318) _notify_loop /usr/local/lib/python3.8/dist-packages/neutron_lib/callbacks/manager.py:192}}
Jan 10 17:58:19.948570 dv-neutron-823377-1-hyperv neutron-server[114318]: DEBUG neutron_lib.callbacks.manager [None req-5669b9b1-c4cb-4a9a-8d24-5b3ed09bbc10 tempest-RoutersIpV6AdminTest-1158333205 tempest-RoutersIpV6AdminTest-1158333205-project] Notify callbacks ['neutron.services.l3_router.l3_router_plugin.L3_HA_NAT_db_mixin._precommit_router_create-1664207', 'neutron.services.l3_router.l3_router_plugin.DVRResourceOperationHandler._set_distributed_flag-1662324', 'neutron.services.l3_router.l3_router_plugin.RouterAvailabilityZoneMixin._process_az_request-1752804', 'neutron.services.l3_router.service_providers.driver_controller.DriverController._set_router_provider-12662'] for router, precommit_create {{(pid=114318) _notify_loop /usr/local/lib/python3.8/dist-packages/neutron_lib/callbacks/manager.py:192}}
Jan 10 17:58:20.065520 dv-neutron-823377-1-hyperv neutron-server[114319]: DEBUG neutron.notifiers.nova [-] Sending events: [{'name': 'network-changed', 'server_uuid': '69e81ce8-441b-474e-abbb-27840910fa0a', 'tag': 'e91b13ac-f476-45b7-9b09-10bbf420dce5'}] {{(pid=114319) send_events /opt/stack/neutron/neutron/notifiers/nova.py:262}}
Jan 10 17:58:20.068596 dv-neutron-823377-1-hyperv neutron-server[114319]: DEBUG novaclient.v2.client [-] REQ: curl -g -i --cacert "/opt/stack/data/ca-bundle.pem" -X POST http://10.222.0.39/compute/v2.1/os-server-external-events -H "Accept: application/json" -H "Content-Type: application/json" -H "User-Agent: python-novaclient" -H "X-Auth-Token: {SHA256}3e8aa29a47955879245c79c97e3e5c546aa97e89847c4027e37af55f3cfbc2d2" -H "X-OpenStack-Nova-API-Version: 2.1" -H "X-OpenStack-Request-ID: req-4986b00f-b8ab-47b6-a115-fb78455cc613" -d '{"events": [{"name": "network-changed", "server_uuid": "69e81ce8-441b-474e-abbb-27840910fa0a", "tag": "e91b13ac-f476-45b7-9b09-10bbf420dce5"}]}' {{(pid=114319) _http_log_request /usr/local/lib/python3.8/dist-packages/keystoneauth1/session.py:519}}
Jan 10 17:58:20.071873 dv-neutron-823377-1-hyperv neutron-server[114318]: DEBUG neutron.api.rpc.handlers.resources_rpc [None req-96528b24-90ab-4d79-8cc5-b712ddcbc31e tempest-AllowedAddressPairIpV6TestJSON-23942234 tempest-AllowedAddressPairIpV6TestJSON-23942234-project] Pushing event updated for resources: {'Subnet': ['ID=270b0b8d-b5dc-4331-80a0-dff3f1a3f3d3,revision_number=0']} {{(pid=114318) push /opt/stack/neutron/neutron/api/rpc/handlers/resources_rpc.py:237}}
Jan 10 17:58:20.089956 dv-neutron-823377-1-hyperv neutron-server[114318]: INFO neutron.wsgi [req-d68208f8-b69a-4cc1-a0f5-ffe9713377c9 req-111f2028-a624-4821-8b6b-60d952c9a071 tempest-ServerActionsTestJSON-576383147 tempest-ServerActionsTestJSON-576383147-project] 10.222.0.39 "GET /v2.0/security-groups?id=e9cf9a14-388e-4697-a25a-4e0316174e2d&fields=id&fields=name HTTP/1.1" status: 200 len: 313 time: 0.1469803
Jan 10 17:58:20.115611 dv-neutron-823377-1-hyperv neutron-server[114318]: DEBUG neutron.plugins.ml2.drivers.mech_agent [None req-96528b24-90ab-4d79-8cc5-b712ddcbc31e tempest-AllowedAddressPairIpV6TestJSON-23942234 tempest-AllowedAddressPairIpV6TestJSON-23942234-project] Checking segment: {'id': '38332db0-9863-44fa-9320-f2c57d642bc6', 'network_type': 'vlan', 'physical_network': 'physnet1', 'segmentation_id': 236, 'network_id': 'e8dd0b8b-86e4-4042-bebd-fd7afa44ee32'} for mappings: {'physnet1': 'br-data'} with network types: ['local', 'flat', 'vlan'] {{(pid=114318) check_segment_for_agent /opt/stack/neutron/neutron/plugins/ml2/drivers/mech_agent.py:358}}
Jan 10 17:58:20.116051 dv-neutron-823377-1-hyperv neutron-server[114318]: DEBUG neutron.scheduler.dhcp_agent_scheduler [None req-96528b24-90ab-4d79-8cc5-b712ddcbc31e tempest-AllowedAddressPairIpV6TestJSON-23942234 tempest-AllowedAddressPairIpV6TestJSON-23942234-project] Network hostable DHCP agents. Network: e8dd0b8b-86e4-4042-bebd-fd7afa44ee32, hostable agents: ['51a7e4d9-22aa-46d6-bdfc-03aa0a7f93e9'], hosted agents: [] {{(pid=114318) _get_network_hostable_dhcp_agents /opt/stack/neutron/neutron/scheduler/dhcp_agent_scheduler.py:329}}
Jan 10 17:58:20.269642 dv-neutron-823377-1-hyperv neutron-server[114318]: DEBUG novaclient.v2.client [-] RESP: [200] Connection: close Content-Length: 179 Content-Type: application/json Date: Mon, 10 Jan 2022 17:58:19 GMT OpenStack-API-Version: compute 2.1 Server: Apache/2.4.41 (Ubuntu) Vary: OpenStack-API-Version,X-OpenStack-Nova-API-Version X-OpenStack-Nova-API-Version: 2.1 x-compute-request-id: req-f9679e73-c836-4067-a462-f414226f4935 x-openstack-request-id: req-f9679e73-c836-4067-a462-f414226f4935 {{(pid=114318) _http_log_response /usr/local/lib/python3.8/dist-packages/keystoneauth1/session.py:550}}
Jan 10 17:58:20.269935 dv-neutron-823377-1-hyperv neutron-server[114318]: DEBUG novaclient.v2.client [-] RESP BODY: {"events": [{"name": "network-changed", "server_uuid": "2ff34079-d73d-4439-8320-2e603fb4bf91", "tag": "8a8a9db3-3884-4e4c-a6e7-6a2f1d9d682e", "status": "completed", "code": 200}]} {{(pid=114318) _http_log_response /usr/local/lib/python3.8/dist-packages/keystoneauth1/session.py:582}}
Jan 10 17:58:20.270191 dv-neutron-823377-1-hyperv neutron-server[114318]: DEBUG novaclient.v2.client [-] POST call to compute for http://10.222.0.39/compute/v2.1/os-server-external-events used request id req-f9679e73-c836-4067-a462-f414226f4935 {{(pid=114318) request /usr/local/lib/python3.8/dist-packages/keystoneauth1/session.py:954}}
Jan 10 17:58:20.270676 dv-neutron-823377-1-hyperv neutron-server[114318]: INFO neutron.notifiers.nova [-] Nova event response: {'name': 'network-changed', 'server_uuid': '2ff34079-d73d-4439-8320-2e603fb4bf91', 'tag': '8a8a9db3-3884-4e4c-a6e7-6a2f1d9d682e', 'status': 'completed', 'code': 200}
Jan 10 17:58:20.279746 dv-neutron-823377-1-hyperv neutron-server[114319]: DEBUG novaclient.v2.client [-] RESP: [200] Connection: close Content-Length: 179 Content-Type: application/json Date: Mon, 10 Jan 2022 17:58:20 GMT OpenStack-API-Version: compute 2.1 Server: Apache/2.4.41 (Ubuntu) Vary: OpenStack-API-Version,X-OpenStack-Nova-API-Version X-OpenStack-Nova-API-Version: 2.1 x-compute-request-id: req-342675c6-bf63-44a2-862a-db07b27ea383 x-openstack-request-id: req-342675c6-bf63-44a2-862a-db07b27ea383 {{(pid=114319) _http_log_response /usr/local/lib/python3.8/dist-packages/keystoneauth1/session.py:550}}
Jan 10 17:58:20.283702 dv-neutron-823377-1-hyperv neutron-server[114319]: DEBUG novaclient.v2.client [-] RESP BODY: {"events": [{"name": "network-changed", "server_uuid": "69e81ce8-441b-474e-abbb-27840910fa0a", "tag": "e91b13ac-f476-45b7-9b09-10bbf420dce5", "status": "completed", "code": 200}]} {{(pid=114319) _http_log_response /usr/local/lib/python3.8/dist-packages/keystoneauth1/session.py:582}}
Jan 10 17:58:20.284072 dv-neutron-823377-1-hyperv neutron-server[114319]: DEBUG novaclient.v2.client [-] POST call to compute for http://10.222.0.39/compute/v2.1/os-server-external-events used request id req-342675c6-bf63-44a2-862a-db07b27ea383 {{(pid=114319) request /usr/local/lib/python3.8/dist-packages/keystoneauth1/session.py:954}}
Jan 10 17:58:20.284576 dv-neutron-823377-1-hyperv neutron-server[114319]: INFO neutron.notifiers.nova [-] Nova event response: {'name': 'network-changed', 'server_uuid': '69e81ce8-441b-474e-abbb-27840910fa0a', 'tag': 'e91b13ac-f476-45b7-9b09-10bbf420dce5', 'status': 'completed', 'code': 200}
Jan 10 17:58:20.432202 dv-neutron-823377-1-hyperv neutron-server[114319]: DEBUG neutron_lib.callbacks.manager [None req-bb47397e-2107-4469-85fe-5ae4fc874aa7 tempest-RoutersAdminTest-1377760977 tempest-RoutersAdminTest-1377760977-project-admin] Notify callbacks ['neutron.plugins.ml2.plugin.SecurityGroupServerNotifierRpcMixin._notify_sg_on_port_change-552876', 'neutron.plugins.ml2.ovo_rpc._ObjectChangeHandler.handle_event-30459', 'neutron.api.rpc.agentnotifiers.dhcp_rpc_agent_api.DhcpAgentNotifyAPI._native_event_send_dhcp_notification-1652893', 'neutron.db.l3_dvrscheduler_db._notify_l3_agent_new_port-8755885029340', 'neutron.services.segments.plugin.NovaSegmentNotifier._notify_port_created_or_deleted-25290509'] for port, after_create {{(pid=114319) _notify_loop /usr/local/lib/python3.8/dist-packages/neutron_lib/callbacks/manager.py:192}}
Jan 10 17:58:20.471887 dv-neutron-823377-1-hyperv neutron-server[114318]: DEBUG neutron.scheduler.dhcp_agent_scheduler [None req-96528b24-90ab-4d79-8cc5-b712ddcbc31e tempest-AllowedAddressPairIpV6TestJSON-23942234 tempest-AllowedAddressPairIpV6TestJSON-23942234-project] Network e8dd0b8b-86e4-4042-bebd-fd7afa44ee32 is scheduled to be hosted by DHCP agent 51a7e4d9-22aa-46d6-bdfc-03aa0a7f93e9 with binding_index 1 {{(pid=114318) bind /opt/stack/neutron/neutron/scheduler/dhcp_agent_scheduler.py:227}}
Jan 10 17:58:20.474614 dv-neutron-823377-1-hyperv neutron-server[114318]: DEBUG neutron_lib.callbacks.manager [None req-e0417b8b-caba-4698-bfa4-b96a1837f864 tempest-FloatingIPTestJSON-1538327188 tempest-FloatingIPTestJSON-1538327188-project] Notify callbacks ['neutron.plugins.ml2.plugin.SecurityGroupServerNotifierRpcMixin._notify_sg_on_port_change-552876', 'neutron.plugins.ml2.ovo_rpc._ObjectChangeHandler.handle_event-30459', 'neutron.api.rpc.agentnotifiers.dhcp_rpc_agent_api.DhcpAgentNotifyAPI._native_event_send_dhcp_notification-1652893', 'neutron.db.l3_db.L3RpcNotifierMixin._notify_routers_callback-8755885579421', 'neutron.db.l3_dvrscheduler_db._notify_port_delete-8755885029349', 'neutron.services.segments.plugin.NovaSegmentNotifier._notify_port_created_or_deleted-26095023'] for port, after_delete {{(pid=114318) _notify_loop /usr/local/lib/python3.8/dist-packages/neutron_lib/callbacks/manager.py:192}}
Jan 10 17:58:20.502481 dv-neutron-823377-1-hyperv neutron-server[114319]: DEBUG neutron.scheduler.dhcp_agent_scheduler [None req-bb47397e-2107-4469-85fe-5ae4fc874aa7 tempest-RoutersAdminTest-1377760977 tempest-RoutersAdminTest-1377760977-project-admin] Network be7f82d7-1a0e-4c72-9ab0-df07a9aa020e is already hosted by enough agents. {{(pid=114319) _get_dhcp_agents_hosting_network /opt/stack/neutron/neutron/scheduler/dhcp_agent_scheduler.py:275}}
Jan 10 17:58:20.505606 dv-neutron-823377-1-hyperv neutron-server[114319]: DEBUG neutron.scheduler.base_scheduler [None req-bb47397e-2107-4469-85fe-5ae4fc874aa7 tempest-RoutersAdminTest-1377760977 tempest-RoutersAdminTest-1377760977-project-admin] Resources bound (agent type, host, resource id): {{(pid=114319) schedule /opt/stack/neutron/neutron/scheduler/base_scheduler.py:57}}
Jan 10 17:58:20.509293 dv-neutron-823377-1-hyperv neutron-server[114319]: DEBUG neutron.db.l3_dvrscheduler_db [None req-bb47397e-2107-4469-85fe-5ae4fc874aa7 tempest-RoutersAdminTest-1377760977 tempest-RoutersAdminTest-1377760977-project-admin] Received port after_create {{(pid=114319) _notify_l3_agent_new_port /opt/stack/neutron/neutron/db/l3_dvrscheduler_db.py:535}}
Jan 10 17:58:20.517925 dv-neutron-823377-1-hyperv neutron-server[114319]: DEBUG neutron.api.rpc.handlers.resources_rpc [None req-bb47397e-2107-4469-85fe-5ae4fc874aa7 tempest-RoutersAdminTest-1377760977 tempest-RoutersAdminTest-1377760977-project-admin] Pushing event updated for resources: {'Port': ['ID=c5599bd3-b822-49b5-8e41-e170b4a05191,revision_number=1']} {{(pid=114319) push /opt/stack/neutron/neutron/api/rpc/handlers/resources_rpc.py:237}}
Jan 10 17:58:20.586167 dv-neutron-823377-1-hyperv neutron-server[114319]: DEBUG neutron.pecan_wsgi.hooks.policy_enforcement [None req-bb47397e-2107-4469-85fe-5ae4fc874aa7 tempest-RoutersAdminTest-1377760977 tempest-RoutersAdminTest-1377760977-project-admin] Attributes excluded by policy engine: ['standard_attr_id', 'network'] {{(pid=114319) _exclude_attributes_by_policy /opt/stack/neutron/neutron/pecan_wsgi/hooks/policy_enforcement.py:255}}
Jan 10 17:58:20.586826 dv-neutron-823377-1-hyperv neutron-server[114319]: DEBUG neutron_lib.callbacks.manager [None req-bb47397e-2107-4469-85fe-5ae4fc874aa7 tempest-RoutersAdminTest-1377760977 tempest-RoutersAdminTest-1377760977-project-admin] Notify callbacks ['neutron.notifiers.nova.Notifier._send_nova_notification-113946'] for port, before_response {{(pid=114319) _notify_loop /usr/local/lib/python3.8/dist-packages/neutron_lib/callbacks/manager.py:192}}
Jan 10 17:58:20.610008 dv-neutron-823377-1-hyperv neutron-server[114318]: DEBUG neutron.api.rpc.handlers.resources_rpc [None req-e0417b8b-caba-4698-bfa4-b96a1837f864 tempest-FloatingIPTestJSON-1538327188 tempest-FloatingIPTestJSON-1538327188-project] Pushing event deleted for resources: {'Port': ['ID=c39b4002-9a61-45ae-a710-f44a92480592,revision_number=None']} {{(pid=114318) push /opt/stack/neutron/neutron/api/rpc/handlers/resources_rpc.py:237}}
Jan 10 17:58:20.626818 dv-neutron-823377-1-hyperv neutron-server[114318]: DEBUG neutron_lib.callbacks.manager [None req-5669b9b1-c4cb-4a9a-8d24-5b3ed09bbc10 tempest-RoutersIpV6AdminTest-1158333205 tempest-RoutersIpV6AdminTest-1158333205-project] Notify callbacks [] for router_controller, precommit_add_association {{(pid=114318) _notify_loop /usr/local/lib/python3.8/dist-packages/neutron_lib/callbacks/manager.py:192}}
Jan 10 17:58:20.656937 dv-neutron-823377-1-hyperv neutron-server[114318]: DEBUG neutron.scheduler.base_scheduler [None req-96528b24-90ab-4d79-8cc5-b712ddcbc31e tempest-AllowedAddressPairIpV6TestJSON-23942234 tempest-AllowedAddressPairIpV6TestJSON-23942234-project] Resources bound (agent type, host, resource id): (DHCP agent, dv-neutron-823377-1-hyperv, e8dd0b8b-86e4-4042-bebd-fd7afa44ee32) {{(pid=114318) schedule /opt/stack/neutron/neutron/scheduler/base_scheduler.py:57}}
Jan 10 17:58:20.667372 dv-neutron-823377-1-hyperv neutron-server[114320]: DEBUG neutron.api.rpc.handlers.dhcp_rpc [None req-bad98cb5-cf9c-427e-b6f8-b950fb3076c5 None None] Network e8dd0b8b-86e4-4042-bebd-fd7afa44ee32 requested from dv-neutron-823377-1-hyperv {{(pid=114320) get_network_info /opt/stack/neutron/neutron/api/rpc/handlers/dhcp_rpc.py:218}}
Jan 10 17:58:20.680596 dv-neutron-823377-1-hyperv neutron-server[114319]: INFO neutron.wsgi [None req-bb47397e-2107-4469-85fe-5ae4fc874aa7 tempest-RoutersAdminTest-1377760977 tempest-RoutersAdminTest-1377760977-project-admin] 10.222.0.39 "POST /v2.0/ports HTTP/1.1" status: 201 len: 1023 time: 2.4427593
Jan 10 17:58:20.682139 dv-neutron-823377-1-hyperv neutron-server[114319]: DEBUG neutron.wsgi [-] (114319) accepted ('10.222.0.39', 37738) {{(pid=114319) server /usr/local/lib/python3.8/dist-packages/eventlet/wsgi.py:982}}
Jan 10 17:58:20.688037 dv-neutron-823377-1-hyperv neutron-server[114318]: DEBUG neutron.pecan_wsgi.hooks.policy_enforcement [None req-96528b24-90ab-4d79-8cc5-b712ddcbc31e tempest-AllowedAddressPairIpV6TestJSON-23942234 tempest-AllowedAddressPairIpV6TestJSON-23942234-project] Attributes excluded by policy engine: ['standard_attr_id', 'shared', 'segment_id', 'network'] {{(pid=114318) _exclude_attributes_by_policy /opt/stack/neutron/neutron/pecan_wsgi/hooks/policy_enforcement.py:255}}
Jan 10 17:58:20.688675 dv-neutron-823377-1-hyperv neutron-server[114318]: DEBUG neutron_lib.callbacks.manager [None req-96528b24-90ab-4d79-8cc5-b712ddcbc31e tempest-AllowedAddressPairIpV6TestJSON-23942234 tempest-AllowedAddressPairIpV6TestJSON-23942234-project] Notify callbacks [] for subnet, before_response {{(pid=114318) _notify_loop /usr/local/lib/python3.8/dist-packages/neutron_lib/callbacks/manager.py:192}}
Jan 10 17:58:20.841107 dv-neutron-823377-1-hyperv neutron-server[114319]: DEBUG neutron.plugins.ml2.plugin [None req-ad0edd64-2581-4e70-a15e-a8bcac622fee tempest-RoutersAdminTest-1377760977 tempest-RoutersAdminTest-1377760977-project-admin] Deleting port c5599bd3-b822-49b5-8e41-e170b4a05191 {{(pid=114319) _pre_delete_port /opt/stack/neutron/neutron/plugins/ml2/plugin.py:1954}}
Jan 10 17:58:20.841775 dv-neutron-823377-1-hyperv neutron-server[114319]: DEBUG neutron_lib.callbacks.manager [None req-ad0edd64-2581-4e70-a15e-a8bcac622fee tempest-RoutersAdminTest-1377760977 tempest-RoutersAdminTest-1377760977-project-admin] Notify callbacks ['neutron.db.l3_db.L3_NAT_dbonly_mixin._prevent_l3_port_delete_callback-8755885573578'] for port, before_delete {{(pid=114319) _notify_loop /usr/local/lib/python3.8/dist-packages/neutron_lib/callbacks/manager.py:192}}
Jan 10 17:58:20.846450 dv-neutron-823377-1-hyperv neutron-server[114320]: DEBUG neutron.api.rpc.handlers.dhcp_rpc [None req-a70b6265-534c-4f49-9e97-d9fc6d8fa3f5 None None] Create dhcp port {'port': {'name': '', 'admin_state_up': True, 'device_id': 'dhcp5be1385f-16f7-54d6-ae3f-1eac121ff85a-e8dd0b8b-86e4-4042-bebd-fd7afa44ee32', 'network_id': 'e8dd0b8b-86e4-4042-bebd-fd7afa44ee32', 'tenant_id': 'f0c33be8b58d459bb6c5239706fbd841', 'fixed_ips': [{'subnet_id': '270b0b8d-b5dc-4331-80a0-dff3f1a3f3d3'}]}} from dv-neutron-823377-1-hyperv. {{(pid=114320) create_dhcp_port /opt/stack/neutron/neutron/api/rpc/handlers/dhcp_rpc.py:285}}
Jan 10 17:58:20.847976 dv-neutron-823377-1-hyperv neutron-server[114320]: DEBUG neutron_lib.callbacks.manager [None req-a70b6265-534c-4f49-9e97-d9fc6d8fa3f5 None None] Notify callbacks ['neutron.plugins.ml2.plugin.SecurityGroupDbMixin._ensure_default_security_group_handler-549491'] for port, before_create {{(pid=114320) _notify_loop /usr/local/lib/python3.8/dist-packages/neutron_lib/callbacks/manager.py:192}}
Jan 10 17:58:20.909059 dv-neutron-823377-1-hyperv neutron-server[114318]: INFO neutron.wsgi [None req-96528b24-90ab-4d79-8cc5-b712ddcbc31e tempest-AllowedAddressPairIpV6TestJSON-23942234 tempest-AllowedAddressPairIpV6TestJSON-23942234-project] 10.222.0.39 "POST /v2.0/subnets HTTP/1.1" status: 201 len: 821 time: 3.6419513
Jan 10 17:58:20.964808 dv-neutron-823377-1-hyperv neutron-server[114318]: DEBUG neutron.wsgi [-] (114318) accepted ('10.222.0.39', 37740) {{(pid=114318) server /usr/local/lib/python3.8/dist-packages/eventlet/wsgi.py:982}}
Jan 10 17:58:20.973290 dv-neutron-823377-1-hyperv neutron-server[114318]: DEBUG neutron.pecan_wsgi.hooks.policy_enforcement [req-f525943f-a7c5-4e93-866c-53cca9cadbec req-78f43364-be5e-4f5d-aad9-be736d01d765 tempest-ServersTestJSON-1951333546 tempest-ServersTestJSON-1951333546-project] Attributes excluded by policy engine: ['standard_attr_id', 'binding:profile', 'binding:host_id', 'binding:vif_type', 'binding:vif_details'] {{(pid=114318) _exclude_attributes_by_policy /opt/stack/neutron/neutron/pecan_wsgi/hooks/policy_enforcement.py:255}}
Jan 10 17:58:20.980915 dv-neutron-823377-1-hyperv neutron-server[114318]: INFO neutron.wsgi [req-f525943f-a7c5-4e93-866c-53cca9cadbec req-78f43364-be5e-4f5d-aad9-be736d01d765 tempest-ServersTestJSON-1951333546 tempest-ServersTestJSON-1951333546-project] 10.222.0.39 "GET /v2.0/ports?device_id=09317eda-5d90-4807-a463-377f647e5288 HTTP/1.1" status: 200 len: 943 time: 0.4104142
Jan 10 17:58:20.987256 dv-neutron-823377-1-hyperv neutron-server[114318]: DEBUG neutron.api.v2.base [None req-0fa8c8ec-4946-41f6-8174-5584461fc6ef tempest-AllowedAddressPairIpV6TestJSON-23942234 tempest-AllowedAddressPairIpV6TestJSON-23942234-project] Request body: {'port': {'network_id': 'e8dd0b8b-86e4-4042-bebd-fd7afa44ee32', 'name': 'tempest-AllowedAddressPairIpV6TestJSON-1318137804'}} {{(pid=114318) prepare_request_body /opt/stack/neutron/neutron/api/v2/base.py:729}}
Jan 10 17:58:21.079418 dv-neutron-823377-1-hyperv neutron-server[114318]: DEBUG neutron_lib.callbacks.manager [None req-e0417b8b-caba-4698-bfa4-b96a1837f864 tempest-FloatingIPTestJSON-1538327188 tempest-FloatingIPTestJSON-1538327188-project] Notify callbacks [] for floatingip, after_delete {{(pid=114318) _notify_loop /usr/local/lib/python3.8/dist-packages/neutron_lib/callbacks/manager.py:192}}
Jan 10 17:58:21.082475 dv-neutron-823377-1-hyperv neutron-server[114318]: DEBUG neutron_lib.callbacks.manager [None req-e0417b8b-caba-4698-bfa4-b96a1837f864 tempest-FloatingIPTestJSON-1538327188 tempest-FloatingIPTestJSON-1538327188-project] Notify callbacks ['neutron.notifiers.nova.Notifier._send_nova_notification-113946'] for floatingip, before_response {{(pid=114318) _notify_loop /usr/local/lib/python3.8/dist-packages/neutron_lib/callbacks/manager.py:192}}
Jan 10 17:58:21.086646 dv-neutron-823377-1-hyperv neutron-server[114318]: INFO neutron.wsgi [None req-e0417b8b-caba-4698-bfa4-b96a1837f864 tempest-FloatingIPTestJSON-1538327188 tempest-FloatingIPTestJSON-1538327188-project] 10.222.0.39 "DELETE /v2.0/floatingips/b85ded32-a471-4c4c-a7a9-512d94a2dc71 HTTP/1.1" status: 204 len: 168 time: 1.8513446
Jan 10 17:58:21.088785 dv-neutron-823377-1-hyperv neutron-server[114318]: DEBUG neutron_lib.callbacks.manager [None req-5669b9b1-c4cb-4a9a-8d24-5b3ed09bbc10 tempest-RoutersIpV6AdminTest-1158333205 tempest-RoutersIpV6AdminTest-1158333205-project] Notify callbacks [] for router_gateway, precommit_update {{(pid=114318) _notify_loop /usr/local/lib/python3.8/dist-packages/neutron_lib/callbacks/manager.py:192}}
Jan 10 17:58:21.101089 dv-neutron-823377-1-hyperv neutron-server[114318]: DEBUG neutron.wsgi [-] (114318) accepted ('10.222.0.39', 37742) {{(pid=114318) server /usr/local/lib/python3.8/dist-packages/eventlet/wsgi.py:982}}
Jan 10 17:58:21.121321 dv-neutron-823377-1-hyperv neutron-server[114318]: DEBUG neutron.pecan_wsgi.hooks.policy_enforcement [req-28d2a2a5-4543-434c-9aaf-b34791880b97 req-eacd1e2f-74fc-422f-a574-bfe68327fac7 tempest-ServersTestManualDisk-135043915 tempest-ServersTestManualDisk-135043915-project] Attributes excluded by policy engine: ['standard_attr_id', 'binding:profile', 'binding:host_id', 'binding:vif_type', 'binding:vif_details'] {{(pid=114318) _exclude_attributes_by_policy /opt/stack/neutron/neutron/pecan_wsgi/hooks/policy_enforcement.py:255}}
Jan 10 17:58:21.126187 dv-neutron-823377-1-hyperv neutron-server[114320]: DEBUG neutron.db.db_base_plugin_common [None req-a70b6265-534c-4f49-9e97-d9fc6d8fa3f5 None None] Allocated IP 2001:db8::2 (e8dd0b8b-86e4-4042-bebd-fd7afa44ee32/270b0b8d-b5dc-4331-80a0-dff3f1a3f3d3/33bf23cb-801e-48aa-bc46-ea926902ea26) {{(pid=114320) _store_ip_allocation /opt/stack/neutron/neutron/db/db_base_plugin_common.py:131}}
Jan 10 17:58:21.129633 dv-neutron-823377-1-hyperv neutron-server[114318]: INFO neutron.wsgi [req-28d2a2a5-4543-434c-9aaf-b34791880b97 req-eacd1e2f-74fc-422f-a574-bfe68327fac7 tempest-ServersTestManualDisk-135043915 tempest-ServersTestManualDisk-135043915-project] 10.222.0.39 "GET /v2.0/ports?device_id=2ff34079-d73d-4439-8320-2e603fb4bf91 HTTP/1.1" status: 200 len: 944 time: 0.4444635
Jan 10 17:58:21.137989 dv-neutron-823377-1-hyperv neutron-server[114318]: DEBUG neutron.wsgi [-] (114318) accepted ('10.222.0.39', 37744) {{(pid=114318) server /usr/local/lib/python3.8/dist-packages/eventlet/wsgi.py:982}}
Jan 10 17:58:21.211662 dv-neutron-823377-1-hyperv neutron-server[114318]: INFO neutron.api.v2.resource [None req-17d7c728-e351-4a5f-8213-84cd76c307b6 tempest-FloatingIPTestJSON-1538327188 tempest-FloatingIPTestJSON-1538327188-project] delete failed (client error): The resource could not be found.
Jan 10 17:58:21.217555 dv-neutron-823377-1-hyperv neutron-server[114318]: INFO neutron.wsgi [None req-17d7c728-e351-4a5f-8213-84cd76c307b6 tempest-FloatingIPTestJSON-1538327188 tempest-FloatingIPTestJSON-1538327188-project] 10.222.0.39 "DELETE /v2.0/floatingips/b85ded32-a471-4c4c-a7a9-512d94a2dc71 HTTP/1.1" status: 404 len: 345 time: 0.1152904
Jan 10 17:58:21.225567 dv-neutron-823377-1-hyperv neutron-server[114319]: DEBUG neutron_lib.callbacks.manager [None req-ad0edd64-2581-4e70-a15e-a8bcac622fee tempest-RoutersAdminTest-1377760977 tempest-RoutersAdminTest-1377760977-project-admin] Notify callbacks ['neutron.services.l3_router.l3_router_plugin.L3_NAT_dbonly_mixin._precommit_delete_port_callback-1663511'] for port, precommit_delete {{(pid=114319) _notify_loop /usr/local/lib/python3.8/dist-packages/neutron_lib/callbacks/manager.py:192}}
Jan 10 17:58:21.227422 dv-neutron-823377-1-hyperv neutron-server[114318]: DEBUG neutron.wsgi [-] (114318) accepted ('10.222.0.39', 37748) {{(pid=114318) server /usr/local/lib/python3.8/dist-packages/eventlet/wsgi.py:982}}
Jan 10 17:58:21.246383 dv-neutron-823377-1-hyperv neutron-server[114318]: DEBUG neutron_lib.callbacks.manager [None req-427cb994-9c47-4d5a-9953-d310d7220f9a admin admin] Notify callbacks [] for security_group, before_create {{(pid=114318) _notify_loop /usr/local/lib/python3.8/dist-packages/neutron_lib/callbacks/manager.py:192}}
Jan 10 17:58:21.271321 dv-neutron-823377-1-hyperv neutron-server[114319]: DEBUG neutron.plugins.ml2.plugin [None req-ad0edd64-2581-4e70-a15e-a8bcac622fee tempest-RoutersAdminTest-1377760977 tempest-RoutersAdminTest-1377760977-project-admin] Calling delete_port for c5599bd3-b822-49b5-8e41-e170b4a05191 owned by {{(pid=114319) delete_port /opt/stack/neutron/neutron/plugins/ml2/plugin.py:2032}}
Jan 10 17:58:21.317372 dv-neutron-823377-1-hyperv neutron-server[114320]: DEBUG neutron_lib.callbacks.manager [None req-5f4a3a33-b764-42bd-ba8c-350693a91019 None None] Notify callbacks ['neutron.services.segments.db._update_segment_host_mapping_for_agent-8755885453671', 'neutron.plugins.ml2.plugin.Ml2Plugin._retry_binding_revived_agents-723884'] for agent, after_update {{(pid=114320) _notify_loop /usr/local/lib/python3.8/dist-packages/neutron_lib/callbacks/manager.py:192}}
Jan 10 17:58:21.318466 dv-neutron-823377-1-hyperv neutron-server[114320]: DEBUG neutron_lib.callbacks.manager [None req-a70b6265-534c-4f49-9e97-d9fc6d8fa3f5 None None] Notify callbacks [] for port, precommit_create {{(pid=114320) _notify_loop /usr/local/lib/python3.8/dist-packages/neutron_lib/callbacks/manager.py:192}}
Jan 10 17:58:21.358036 dv-neutron-823377-1-hyperv neutron-server[114318]: INFO neutron.wsgi [req-f525943f-a7c5-4e93-866c-53cca9cadbec req-1d7d1d69-f470-46fd-a301-935cb7adbdda tempest-ServersTestJSON-1951333546 tempest-ServersTestJSON-1951333546-project] 10.222.0.39 "GET /v2.0/security-groups?id=a2056a53-0eba-4e35-9a72-49e7a0e30700&fields=id&fields=name HTTP/1.1" status: 200 len: 312 time: 0.3762302
Jan 10 17:58:21.382570 dv-neutron-823377-1-hyperv neutron-server[114320]: DEBUG neutron_lib.callbacks.manager [None req-a70b6265-534c-4f49-9e97-d9fc6d8fa3f5 None None] Notify callbacks ['neutron.plugins.ml2.plugin.SecurityGroupServerNotifierRpcMixin._notify_sg_on_port_change-552876', 'neutron.plugins.ml2.ovo_rpc._ObjectChangeHandler.handle_event-30459', 'neutron.api.rpc.agentnotifiers.dhcp_rpc_agent_api.DhcpAgentNotifyAPI._native_event_send_dhcp_notification-1652893', 'neutron.db.l3_dvrscheduler_db._notify_l3_agent_new_port-8755885029340'] for port, after_create {{(pid=114320) _notify_loop /usr/local/lib/python3.8/dist-packages/neutron_lib/callbacks/manager.py:192}}
Jan 10 17:58:21.423970 dv-neutron-823377-1-hyperv neutron-server[114320]: DEBUG neutron.scheduler.dhcp_agent_scheduler [None req-a70b6265-534c-4f49-9e97-d9fc6d8fa3f5 None None] Network e8dd0b8b-86e4-4042-bebd-fd7afa44ee32 is already hosted by enough agents. {{(pid=114320) _get_dhcp_agents_hosting_network /opt/stack/neutron/neutron/scheduler/dhcp_agent_scheduler.py:275}}
Jan 10 17:58:21.427889 dv-neutron-823377-1-hyperv neutron-server[114320]: DEBUG neutron.scheduler.base_scheduler [None req-a70b6265-534c-4f49-9e97-d9fc6d8fa3f5 None None] Resources bound (agent type, host, resource id): {{(pid=114320) schedule /opt/stack/neutron/neutron/scheduler/base_scheduler.py:57}}
