Feb 16 08:05:13.683237 dv-neutron-823267-5-hyperv neutron-server[102963]: DEBUG neutron_lib.callbacks.manager [None req-29999c7e-ccf1-46e8-a61a-c80d71f38e79 None None] Notify callbacks ['neutron.plugins.ml2.plugin.SecurityGroupServerNotifierRpcMixin._notify_sg_on_port_change-1628237', 'neutron.plugins.ml2.ovo_rpc._ObjectChangeHandler.handle_event-209395', 'neutron.api.rpc.agentnotifiers.dhcp_rpc_agent_api.DhcpAgentNotifyAPI._native_event_send_dhcp_notification-610300', 'neutron.db.l3_db.L3RpcNotifierMixin._notify_gateway_port_ip_changed-8753894765680', 'neutron.db.l3_dvrscheduler_db._notify_l3_agent_port_update-8753894301323', 'neutron.db.l3_hascheduler_db._notify_l3_agent_ha_port_update-8753894301341'] for port, after_update {{(pid=102963) _notify_loop /usr/local/lib/python3.8/dist-packages/neutron_lib/callbacks/manager.py:192}}
Feb 16 08:05:13.725445 dv-neutron-823267-5-hyperv neutron-server[102962]: DEBUG neutron_lib.callbacks.manager [None req-ca7b87bc-5448-4729-8b9f-4f23f337eff6 admin admin] Notify callbacks [] for port, precommit_update {{(pid=102962) _notify_loop /usr/local/lib/python3.8/dist-packages/neutron_lib/callbacks/manager.py:192}}
Feb 16 08:05:13.736035 dv-neutron-823267-5-hyperv neutron-server[102963]: DEBUG neutron_lib.callbacks.manager [None req-5feabaf1-8848-4d85-b0de-c439ff9eb91e None None] Notify callbacks ['neutron.plugins.ml2.plugin.SecurityGroupServerNotifierRpcMixin._notify_sg_on_port_change-1628237', 'neutron.plugins.ml2.ovo_rpc._ObjectChangeHandler.handle_event-209395', 'neutron.api.rpc.agentnotifiers.dhcp_rpc_agent_api.DhcpAgentNotifyAPI._native_event_send_dhcp_notification-610300', 'neutron.db.l3_db.L3RpcNotifierMixin._notify_gateway_port_ip_changed-8753894765680', 'neutron.db.l3_dvrscheduler_db._notify_l3_agent_port_update-8753894301323', 'neutron.db.l3_hascheduler_db._notify_l3_agent_ha_port_update-8753894301341'] for port, after_update {{(pid=102963) _notify_loop /usr/local/lib/python3.8/dist-packages/neutron_lib/callbacks/manager.py:192}}
Feb 16 08:05:13.811809 dv-neutron-823267-5-hyperv neutron-server[102962]: DEBUG neutron_lib.callbacks.manager [None req-bb5fb6d8-79b7-4ac7-b9ec-3a7b69f0e56f tempest-ServersTestJSON-1672519483 tempest-ServersTestJSON-1672519483-project] Notify callbacks [] for security_group, before_create {{(pid=102962) _notify_loop /usr/local/lib/python3.8/dist-packages/neutron_lib/callbacks/manager.py:192}}
Feb 16 08:05:13.843742 dv-neutron-823267-5-hyperv neutron-server[102962]: DEBUG neutron_lib.callbacks.manager [None req-ca7b87bc-5448-4729-8b9f-4f23f337eff6 admin admin] Notify callbacks ['neutron.plugins.ml2.plugin.SecurityGroupServerNotifierRpcMixin._notify_sg_on_port_change-1628237', 'neutron.plugins.ml2.ovo_rpc._ObjectChangeHandler.handle_event-209395', 'neutron.api.rpc.agentnotifiers.dhcp_rpc_agent_api.DhcpAgentNotifyAPI._native_event_send_dhcp_notification-610300', 'neutron.db.l3_db.L3RpcNotifierMixin._notify_gateway_port_ip_changed-8753894765680', 'neutron.db.l3_dvrscheduler_db._notify_l3_agent_port_update-8753894301323', 'neutron.db.l3_hascheduler_db._notify_l3_agent_ha_port_update-8753894301341'] for port, after_update {{(pid=102962) _notify_loop /usr/local/lib/python3.8/dist-packages/neutron_lib/callbacks/manager.py:192}}
Feb 16 08:05:13.845206 dv-neutron-823267-5-hyperv neutron-server[102962]: DEBUG neutron_lib.callbacks.manager [None req-ca7b87bc-5448-4729-8b9f-4f23f337eff6 admin admin] Notify callbacks ['neutron.api.rpc.agentnotifiers.dhcp_rpc_agent_api.DhcpAgentNotifyAPI._after_router_interface_created-610250', 'neutron.services.l3_router.l3_router_plugin.DVRResourceOperationHandler._update_snat_v6_addrs_after_intf_update-732745'] for router_interface, after_create {{(pid=102962) _notify_loop /usr/local/lib/python3.8/dist-packages/neutron_lib/callbacks/manager.py:192}}
Feb 16 08:05:13.889611 dv-neutron-823267-5-hyperv neutron-server[102961]: DEBUG neutron_lib.callbacks.manager [None req-d3ebfef5-996f-4938-abb4-d2c18c4fd327 tempest-NetworksTestDHCPv6-880395557 tempest-NetworksTestDHCPv6-880395557-project] Notify callbacks ['neutron.plugins.ml2.plugin.SecurityGroupServerNotifierRpcMixin._notify_sg_on_port_change-1628237', 'neutron.plugins.ml2.ovo_rpc._ObjectChangeHandler.handle_event-209395', 'neutron.api.rpc.agentnotifiers.dhcp_rpc_agent_api.DhcpAgentNotifyAPI._native_event_send_dhcp_notification-610300', 'neutron.db.l3_dvrscheduler_db._notify_l3_agent_new_port-8753894301305', 'neutron.services.segments.plugin.NovaSegmentNotifier._notify_port_created_or_deleted-5836718'] for port, after_create {{(pid=102961) _notify_loop /usr/local/lib/python3.8/dist-packages/neutron_lib/callbacks/manager.py:192}}
Feb 16 08:05:13.915578 dv-neutron-823267-5-hyperv neutron-server[102963]: DEBUG neutron_lib.callbacks.manager [None req-3ce46b62-0f49-47db-943f-f31ab753f9a8 None None] Notify callbacks ['neutron.plugins.ml2.plugin.SecurityGroupDbMixin._ensure_default_security_group_handler-1628306'] for port, before_update {{(pid=102963) _notify_loop /usr/local/lib/python3.8/dist-packages/neutron_lib/callbacks/manager.py:192}}
Feb 16 08:05:13.934769 dv-neutron-823267-5-hyperv neutron-server[102961]: DEBUG neutron_lib.callbacks.manager [None req-8a87bf8b-3e48-4df6-8575-b0a25ca382fa tempest-DHCPAgentSchedulersTestJSON-1007801013 tempest-DHCPAgentSchedulersTestJSON-1007801013-project] Notify callbacks ['neutron.services.l3_router.l3_router_plugin.L3_NAT_dbonly_mixin._precommit_delete_port_callback-730298'] for port, precommit_delete {{(pid=102961) _notify_loop /usr/local/lib/python3.8/dist-packages/neutron_lib/callbacks/manager.py:192}}
Feb 16 08:05:13.960161 dv-neutron-823267-5-hyperv neutron-server[102961]: DEBUG neutron.plugins.ml2.plugin [None req-8a87bf8b-3e48-4df6-8575-b0a25ca382fa tempest-DHCPAgentSchedulersTestJSON-1007801013 tempest-DHCPAgentSchedulersTestJSON-1007801013-project] Calling delete_port for 5f6ce179-684d-49c2-b913-14d8803117e4 owned by {{(pid=102961) delete_port /opt/stack/neutron/neutron/plugins/ml2/plugin.py:2032}}
Feb 16 08:05:13.989419 dv-neutron-823267-5-hyperv neutron-server[102963]: DEBUG neutron.db.provisioning_blocks [None req-beaaf960-896f-4688-be0c-e7c4342cef44 None None] Provisioning complete for port b1563915-9f44-42a3-8c28-5fb0b5c4700f triggered by entity DHCP. {{(pid=102963) provisioning_complete /opt/stack/neutron/neutron/db/provisioning_blocks.py:139}}
Feb 16 08:05:13.989831 dv-neutron-823267-5-hyperv neutron-server[102963]: DEBUG neutron_lib.callbacks.manager [None req-beaaf960-896f-4688-be0c-e7c4342cef44 None None] Notify callbacks ['neutron.plugins.ml2.plugin.Ml2Plugin._port_provisioned-1785243'] for port, provisioning_complete {{(pid=102963) _notify_loop /usr/local/lib/python3.8/dist-packages/neutron_lib/callbacks/manager.py:192}}
Feb 16 08:05:13.998578 dv-neutron-823267-5-hyperv neutron-server[102962]: DEBUG neutron.plugins.ml2.plugin [None req-534e17ea-4957-4aca-94d3-8219f7e7d4bf tempest-PortsAdminExtendedAttrsIpV6TestJSON-2034211785 tempest-PortsAdminExtendedAttrsIpV6TestJSON-2034211785-project-admin] Deleting port a7636457-006e-44b5-8604-2315f12b99ab {{(pid=102962) _pre_delete_port /opt/stack/neutron/neutron/plugins/ml2/plugin.py:1954}}
Feb 16 08:05:13.998926 dv-neutron-823267-5-hyperv neutron-server[102962]: DEBUG neutron_lib.callbacks.manager [None req-534e17ea-4957-4aca-94d3-8219f7e7d4bf tempest-PortsAdminExtendedAttrsIpV6TestJSON-2034211785 tempest-PortsAdminExtendedAttrsIpV6TestJSON-2034211785-project-admin] Notify callbacks ['neutron.db.l3_db.L3_NAT_dbonly_mixin._prevent_l3_port_delete_callback-8753894764382'] for port, before_delete {{(pid=102962) _notify_loop /usr/local/lib/python3.8/dist-packages/neutron_lib/callbacks/manager.py:192}}
Feb 16 08:05:14.009205 dv-neutron-823267-5-hyperv neutron-server[102962]: DEBUG neutron_lib.callbacks.manager [None req-b5ebc593-68b1-425e-b864-d2ec9b7709e0 admin admin] Notify callbacks ['neutron.plugins.ml2.plugin.SecurityGroupDbMixin._ensure_default_security_group_handler-1628306'] for port, before_update {{(pid=102962) _notify_loop /usr/local/lib/python3.8/dist-packages/neutron_lib/callbacks/manager.py:192}}
Feb 16 08:05:14.042427 dv-neutron-823267-5-hyperv neutron-server[102963]: DEBUG neutron.api.rpc.handlers.resources_rpc [None req-29999c7e-ccf1-46e8-a61a-c80d71f38e79 None None] Pushing event updated for resources: {'Port': ['ID=9da623c3-3b6b-49b0-a258-fe61e84ff8dc,revision_number=2']} {{(pid=102963) push /opt/stack/neutron/neutron/api/rpc/handlers/resources_rpc.py:237}}
Feb 16 08:05:14.077114 dv-neutron-823267-5-hyperv neutron-server[102963]: DEBUG neutron.plugins.ml2.db [None req-3ce46b62-0f49-47db-943f-f31ab753f9a8 None None] For port 851e5de7-6248-46ec-8a7b-16bc8e7077f5, host dv-neutron-823267-5-hyperv, got binding levels [PortBindingLevel(driver='openvswitch',host='dv-neutron-823267-5-hyperv',level=0,port_id=851e5de7-6248-46ec-8a7b-16bc8e7077f5,segment=NetworkSegment(f357ea01-5546-4047-aa25-2b7d312dd30a),segment_id=f357ea01-5546-4047-aa25-2b7d312dd30a)] {{(pid=102963) get_binding_level_objs /opt/stack/neutron/neutron/plugins/ml2/db.py:74}}
Feb 16 08:05:14.102849 dv-neutron-823267-5-hyperv neutron-server[102963]: DEBUG neutron.db.l3_dvrscheduler_db [None req-5feabaf1-8848-4d85-b0de-c439ff9eb91e None None] Routers {'3e85dabd-1251-49e0-a7e9-5dd607161f0d'} bound to L3 agent in host dv-neutron-823267-5-hyperv {{(pid=102963) _get_router_ids_for_agent /opt/stack/neutron/neutron/db/l3_dvrscheduler_db.py:421}}
Feb 16 08:05:14.103587 dv-neutron-823267-5-hyperv neutron-server[102963]: DEBUG neutron.db.l3_hamode_db [None req-5feabaf1-8848-4d85-b0de-c439ff9eb91e None None] neutron.services.l3_router.l3_router_plugin.L3RouterPlugin method get_ha_sync_data_for_host called with arguments (, 'dv-neutron-823267-5-hyperv', Agent(admin_state_up=True,agent_type='L3 agent',availability_zone='nova',binary='neutron-l3-agent',configurations={"agent_mode": "legacy", "ex_gw_ports": 1, "extensions": [], "floating_ips": 0, "handle_internal_only_routers": true, "interface_driver": "openvswitch", "interfaces": 1, "log_agent_heartbeats": false, "routers": 1},created_at=2022-02-16T07:56:47Z,description=,heartbeat_timestamp=2022-02-16T08:04:47Z,host='dv-neutron-823267-5-hyperv',id=287378ce-02c7-4240-a059-9f6aa1a212cc,load=0,resource_versions=,resources_synced=,started_at=2022-02-16T07:56:48Z,topic='l3_agent')) {'router_ids': ['3e85dabd-1251-49e0-a7e9-5dd607161f0d'], 'active': True} {{(pid=102963) wrapper /usr/local/lib/python3.8/dist-packages/oslo_log/helpers.py:65}}
Feb 16 08:05:14.135221 dv-neutron-823267-5-hyperv neutron-server[102962]: DEBUG neutron.api.rpc.handlers.resources_rpc [None req-ca7b87bc-5448-4729-8b9f-4f23f337eff6 admin admin] Pushing event updated for resources: {'Port': ['ID=846e3216-0a91-4426-82aa-d1cad3ed5fde,revision_number=2']} {{(pid=102962) push /opt/stack/neutron/neutron/api/rpc/handlers/resources_rpc.py:237}}
Feb 16 08:05:14.201396 dv-neutron-823267-5-hyperv neutron-server[102961]: DEBUG neutron.scheduler.dhcp_agent_scheduler [None req-d3ebfef5-996f-4938-abb4-d2c18c4fd327 tempest-NetworksTestDHCPv6-880395557 tempest-NetworksTestDHCPv6-880395557-project] Network e1dd9046-57f1-4620-9e4d-3d55c91b65c2 is already hosted by enough agents. {{(pid=102961) _get_dhcp_agents_hosting_network /opt/stack/neutron/neutron/scheduler/dhcp_agent_scheduler.py:275}}
Feb 16 08:05:14.211358 dv-neutron-823267-5-hyperv neutron-server[102961]: DEBUG neutron.scheduler.base_scheduler [None req-d3ebfef5-996f-4938-abb4-d2c18c4fd327 tempest-NetworksTestDHCPv6-880395557 tempest-NetworksTestDHCPv6-880395557-project] Resources bound (agent type, host, resource id): {{(pid=102961) schedule /opt/stack/neutron/neutron/scheduler/base_scheduler.py:57}}
Feb 16 08:05:14.220473 dv-neutron-823267-5-hyperv neutron-server[102961]: DEBUG neutron.db.l3_dvrscheduler_db [None req-d3ebfef5-996f-4938-abb4-d2c18c4fd327 tempest-NetworksTestDHCPv6-880395557 tempest-NetworksTestDHCPv6-880395557-project] Received port after_create {{(pid=102961) _notify_l3_agent_new_port /opt/stack/neutron/neutron/db/l3_dvrscheduler_db.py:536}}
Feb 16 08:05:14.229210 dv-neutron-823267-5-hyperv neutron-server[102961]: DEBUG neutron.pecan_wsgi.hooks.policy_enforcement [None req-d3ebfef5-996f-4938-abb4-d2c18c4fd327 tempest-NetworksTestDHCPv6-880395557 tempest-NetworksTestDHCPv6-880395557-project] Attributes excluded by policy engine: ['standard_attr_id', 'binding:profile', 'binding:host_id', 'binding:vif_type', 'binding:vif_details', 'network'] {{(pid=102961) _exclude_attributes_by_policy /opt/stack/neutron/neutron/pecan_wsgi/hooks/policy_enforcement.py:255}}
Feb 16 08:05:14.229210 dv-neutron-823267-5-hyperv neutron-server[102961]: DEBUG neutron_lib.callbacks.manager [None req-d3ebfef5-996f-4938-abb4-d2c18c4fd327 tempest-NetworksTestDHCPv6-880395557 tempest-NetworksTestDHCPv6-880395557-project] Notify callbacks ['neutron.notifiers.nova.Notifier._send_nova_notification-97022', 'neutron.api.rpc.agentnotifiers.dhcp_rpc_agent_api.DhcpAgentNotifyAPI._send_dhcp_notification-610286'] for port, before_response {{(pid=102961) _notify_loop /usr/local/lib/python3.8/dist-packages/neutron_lib/callbacks/manager.py:192}}
Feb 16 08:05:14.254810 dv-neutron-823267-5-hyperv neutron-server[102963]: DEBUG neutron.api.rpc.handlers.resources_rpc [None req-b94cd5a5-4916-47ed-8b34-a2f3dd090f89 None None] Pushing event updated for resources: {'Port': ['ID=23fa7e4c-03e0-4291-8f86-aa5e99ad9591,revision_number=3']} {{(pid=102963) push /opt/stack/neutron/neutron/api/rpc/handlers/resources_rpc.py:237}}
Feb 16 08:05:14.267304 dv-neutron-823267-5-hyperv neutron-server[102963]: DEBUG neutron_lib.callbacks.manager [None req-3ce46b62-0f49-47db-943f-f31ab753f9a8 None None] Notify callbacks ['neutron.plugins.ml2.plugin.SecurityGroupServerNotifierRpcMixin._notify_sg_on_port_change-1628237', 'neutron.plugins.ml2.ovo_rpc._ObjectChangeHandler.handle_event-209395', 'neutron.api.rpc.agentnotifiers.dhcp_rpc_agent_api.DhcpAgentNotifyAPI._native_event_send_dhcp_notification-610300', 'neutron.db.l3_db.L3RpcNotifierMixin._notify_gateway_port_ip_changed-8753894765680', 'neutron.db.l3_dvrscheduler_db._notify_l3_agent_port_update-8753894301323', 'neutron.db.l3_hascheduler_db._notify_l3_agent_ha_port_update-8753894301341'] for port, after_update {{(pid=102963) _notify_loop /usr/local/lib/python3.8/dist-packages/neutron_lib/callbacks/manager.py:192}}
Feb 16 08:05:14.269798 dv-neutron-823267-5-hyperv neutron-server[102963]: DEBUG neutron.plugins.ml2.rpc [None req-3ce46b62-0f49-47db-943f-f31ab753f9a8 None None] Device 6e74bee7-1d70-4850-91ea-d6d750672955 up at agent ovs-agent-dv-neutron-823267-5-hyperv {{(pid=102963) update_device_up /opt/stack/neutron/neutron/plugins/ml2/rpc.py:296}}
Feb 16 08:05:14.302140 dv-neutron-823267-5-hyperv neutron-server[102961]: DEBUG neutron.api.rpc.handlers.resources_rpc [None req-d3ebfef5-996f-4938-abb4-d2c18c4fd327 tempest-NetworksTestDHCPv6-880395557 tempest-NetworksTestDHCPv6-880395557-project] Pushing event updated for resources: {'Port': ['ID=82df9d92-1e19-4151-a9aa-e5e10680982c,revision_number=1']} {{(pid=102961) push /opt/stack/neutron/neutron/api/rpc/handlers/resources_rpc.py:237}}
Feb 16 08:05:14.312696 dv-neutron-823267-5-hyperv neutron-server[102964]: DEBUG neutron.db.agents_db [None req-96782ba8-5c39-477d-bdeb-61e3d821d8cc None None] Agent healthcheck: found 6 active agents {{(pid=102964) agent_health_check /opt/stack/neutron/neutron/db/agents_db.py:317}}
Feb 16 08:05:14.465365 dv-neutron-823267-5-hyperv neutron-server[102962]: DEBUG neutron.plugins.ml2.db [None req-534e17ea-4957-4aca-94d3-8219f7e7d4bf tempest-PortsAdminExtendedAttrsIpV6TestJSON-2034211785 tempest-PortsAdminExtendedAttrsIpV6TestJSON-2034211785-project-admin] For port a7636457-006e-44b5-8604-2315f12b99ab, host hv-neutron-8232, got binding levels [] {{(pid=102962) get_binding_level_objs /opt/stack/neutron/neutron/plugins/ml2/db.py:74}}
Feb 16 08:05:14.465717 dv-neutron-823267-5-hyperv neutron-server[102962]: DEBUG neutron_lib.callbacks.manager [None req-534e17ea-4957-4aca-94d3-8219f7e7d4bf tempest-PortsAdminExtendedAttrsIpV6TestJSON-2034211785 tempest-PortsAdminExtendedAttrsIpV6TestJSON-2034211785-project-admin] Notify callbacks ['neutron.services.l3_router.l3_router_plugin.L3_NAT_dbonly_mixin._precommit_delete_port_callback-730298'] for port, precommit_delete {{(pid=102962) _notify_loop /usr/local/lib/python3.8/dist-packages/neutron_lib/callbacks/manager.py:192}}
Feb 16 08:05:14.477896 dv-neutron-823267-5-hyperv neutron-server[102961]: INFO neutron.wsgi [None req-d3ebfef5-996f-4938-abb4-d2c18c4fd327 tempest-NetworksTestDHCPv6-880395557 tempest-NetworksTestDHCPv6-880395557-project] 10.222.0.37 "POST /v2.0/ports HTTP/1.1" status: 201 len: 932 time: 4.3353624
Feb 16 08:05:14.489567 dv-neutron-823267-5-hyperv neutron-server[102961]: DEBUG neutron.wsgi [-] (102961) accepted ('10.222.0.37', 57218) {{(pid=102961) server /usr/local/lib/python3.8/dist-packages/eventlet/wsgi.py:982}}
Feb 16 08:05:14.492170 dv-neutron-823267-5-hyperv neutron-server[102963]: DEBUG neutron.db.l3_hamode_db [None req-ec49d1da-b2e9-4a01-bc7a-6e21db534dcd None None] neutron.services.l3_router.l3_router_plugin.L3RouterPlugin method _process_sync_ha_data called with arguments (, [{'id': '8aecdc6e-3f23-4130-bb02-16753d85e986', 'name': 'tempest-ServersTestJSON-1539170100-router', 'tenant_id': '6a7fba343ea244039f7f18a767778fbc', 'admin_state_up': True, 'status': 'ACTIVE', 'external_gateway_info': {'network_id': '01b89ca7-4f09-47c1-aab7-a49e8d4e3f44', 'external_fixed_ips': [{'subnet_id': '62d2f7e5-7d32-44d6-96ce-3410e6b5bfa6', 'ip_address': '172.26.0.191'}], 'enable_snat': True}, 'gw_port_id': '6e74bee7-1d70-4850-91ea-d6d750672955', 'description': '', 'availability_zones': ['nova'], 'distributed': False, 'ha': False, 'ha_vr_id': 0, 'availability_zone_hints': [], 'routes': [], 'flavor_id': None, 'tags': [], 'created_at': '2022-02-16T08:05:00Z', 'updated_at': '2022-02-16T08:05:08Z', 'revision_number': 4, 'project_id': '6a7fba343ea244039f7f18a767778fbc', 'gw_port': {'id': '6e74bee7-1d70-4850-91ea-d6d750672955', 'name': '', 'network_id': '01b89ca7-4f09-47c1-aab7-a49e8d4e3f44', 'tenant_id': '', 'mac_address': 'fa:16:3e:0f:0e:7e', 'admin_state_up': True, 'status': 'ACTIVE', 'device_id': '8aecdc6e-3f23-4130-bb02-16753d85e986', 'device_owner': 'network:router_gateway', 'standard_attr_id': 59, 'fixed_ips': [{'subnet_id': '62d2f7e5-7d32-44d6-96ce-3410e6b5bfa6', 'ip_address': '172.26.0.191', 'prefixlen': 24}], 'allowed_address_pairs': [], 'extra_dhcp_opts': [], 'security_groups': [], 'description': '', 'binding:vnic_type': 'normal', 'binding:profile': {}, 'binding:host_id': 'dv-neutron-823267-5-hyperv', 'binding:vif_type': 'ovs', 'binding:vif_details': {'connectivity': 'l2', 'port_filter': True, 'ovs_hybrid_plug': False, 'datapath_type': 'system', 'bridge_name': 'br-int'}, 'port_security_enabled': False, 'tags': [], 'created_at': '2022-02-16T08:05:01Z', 'updated_at': '2022-02-16T08:05:10Z', 'revision_number': 4, 'project_id': '', 'subnets': [{'id': '62d2f7e5-7d32-44d6-96ce-3410e6b5bfa6', 'cidr': '172.26.0.0/24', 'gateway_ip': '172.26.0.1', 'dns_nameservers': [], 'ipv6_ra_mode': None, 'subnetpool_id': None}], 'extra_subnets': [], 'address_scopes': {4: None, 6: None}, 'mtu': 1500}, 'enable_snat': True, 'gw_port_host': 'dv-neutron-823267-5-hyperv', '_interfaces': [{'id': '277f0bcd-258c-4441-9dc7-98c83dec0bdf', 'name': '', 'network_id': 'ec19c881-b03e-4399-baa1-91112cc7cbbe', 'tenant_id': '6a7fba343ea244039f7f18a767778fbc', 'mac_address': 'fa:16:3e:cb:00:49', 'admin_state_up': True, 'status': 'DOWN', 'device_id': '8aecdc6e-3f23-4130-bb02-16753d85e986', 'device_owner': 'network:router_interface', 'standard_attr_id': 102, 'fixed_ips': [{'subnet_id': 'eeb11137-2ed4-47c9-a377-64125dd99306', 'ip_address': '172.20.0.1', 'prefixlen': 28}], 'allowed_address_pairs': [], 'extra_dhcp_opts': [], 'security_groups': [], 'description': '', 'binding:vnic_type': 'normal', 'binding:profile': {}, 'binding:host_id': '', 'binding:vif_type': 'unbound', 'binding:vif_details': {}, 'port_security_enabled': False, 'tags': [], 'created_at': '2022-02-16T08:05:07Z', 'updated_at': '2022-02-16T08:05:08Z', 'revision_number': 2, 'project_id': '6a7fba343ea244039f7f18a767778fbc', 'subnets': [{'id': 'eeb11137-2ed4-47c9-a377-64125dd99306', 'cidr': '172.20.0.0/28', 'gateway_ip': '172.20.0.1', 'dns_nameservers': [], 'ipv6_ra_mode': None, 'subnetpool_id': None}], 'extra_subnets': [], 'address_scopes': {4: None, 6: None}, 'mtu': 1500}]}], 'dv-neutron-823267-5-hyperv', False) {} {{(pid=102963) wrapper /usr/local/lib/python3.8/dist-packages/oslo_log/helpers.py:65}}
Feb 16 08:05:14.507950 dv-neutron-823267-5-hyperv neutron-server[102963]: DEBUG neutron.api.rpc.handlers.resources_rpc [None req-3ce46b62-0f49-47db-943f-f31ab753f9a8 None None] Pushing event updated for resources: {'Port': ['ID=851e5de7-6248-46ec-8a7b-16bc8e7077f5,revision_number=4']} {{(pid=102963) push /opt/stack/neutron/neutron/api/rpc/handlers/resources_rpc.py:237}}
Feb 16 08:05:14.525056 dv-neutron-823267-5-hyperv neutron-server[102962]: DEBUG neutron.plugins.ml2.plugin [None req-534e17ea-4957-4aca-94d3-8219f7e7d4bf tempest-PortsAdminExtendedAttrsIpV6TestJSON-2034211785 tempest-PortsAdminExtendedAttrsIpV6TestJSON-2034211785-project-admin] Calling delete_port for a7636457-006e-44b5-8604-2315f12b99ab owned by {{(pid=102962) delete_port /opt/stack/neutron/neutron/plugins/ml2/plugin.py:2032}}
Feb 16 08:05:14.563281 dv-neutron-823267-5-hyperv neutron-server[102962]: DEBUG neutron_lib.callbacks.manager [None req-bb5fb6d8-79b7-4ac7-b9ec-3a7b69f0e56f tempest-ServersTestJSON-1672519483 tempest-ServersTestJSON-1672519483-project] Notify callbacks [] for security_group, precommit_create {{(pid=102962) _notify_loop /usr/local/lib/python3.8/dist-packages/neutron_lib/callbacks/manager.py:192}}
Feb 16 08:05:14.565235 dv-neutron-823267-5-hyperv neutron-server[102963]: DEBUG neutron.api.rpc.handlers.l3_rpc [None req-ec49d1da-b2e9-4a01-bc7a-6e21db534dcd None None] Checking router: 8aecdc6e-3f23-4130-bb02-16753d85e986 for host: dv-neutron-823267-5-hyperv {{(pid=102963) _ensure_host_set_on_ports /opt/stack/neutron/neutron/api/rpc/handlers/l3_rpc.py:155}}
Feb 16 08:05:14.565980 dv-neutron-823267-5-hyperv neutron-server[102963]: DEBUG neutron.api.rpc.handlers.l3_rpc [None req-ec49d1da-b2e9-4a01-bc7a-6e21db534dcd None None] Updating router 8aecdc6e-3f23-4130-bb02-16753d85e986 port 277f0bcd-258c-4441-9dc7-98c83dec0bdf binding host dv-neutron-823267-5-hyperv {{(pid=102963) _ensure_host_set_on_port /opt/stack/neutron/neutron/api/rpc/handlers/l3_rpc.py:205}}
Feb 16 08:05:14.591748 dv-neutron-823267-5-hyperv neutron-server[102961]: DEBUG neutron_lib.callbacks.manager [None req-8a87bf8b-3e48-4df6-8575-b0a25ca382fa tempest-DHCPAgentSchedulersTestJSON-1007801013 tempest-DHCPAgentSchedulersTestJSON-1007801013-project] Notify callbacks ['neutron.plugins.ml2.plugin.SecurityGroupServerNotifierRpcMixin._notify_sg_on_port_change-1628237', 'neutron.plugins.ml2.ovo_rpc._ObjectChangeHandler.handle_event-209395', 'neutron.api.rpc.agentnotifiers.dhcp_rpc_agent_api.DhcpAgentNotifyAPI._native_event_send_dhcp_notification-610300', 'neutron.db.l3_db.L3RpcNotifierMixin._notify_routers_callback-8753894765653', 'neutron.db.l3_dvrscheduler_db._notify_port_delete-8753894301314', 'neutron.services.segments.plugin.NovaSegmentNotifier._notify_port_created_or_deleted-5836718'] for port, after_delete {{(pid=102961) _notify_loop /usr/local/lib/python3.8/dist-packages/neutron_lib/callbacks/manager.py:192}}
Feb 16 08:05:14.604987 dv-neutron-823267-5-hyperv neutron-server[102961]: DEBUG neutron.wsgi [-] (102961) accepted ('10.222.0.37', 57220) {{(pid=102961) server /usr/local/lib/python3.8/dist-packages/eventlet/wsgi.py:982}}
Feb 16 08:05:14.694854 dv-neutron-823267-5-hyperv neutron-server[102962]: DEBUG neutron_lib.callbacks.manager [None req-bb5fb6d8-79b7-4ac7-b9ec-3a7b69f0e56f tempest-ServersTestJSON-1672519483 tempest-ServersTestJSON-1672519483-project] Notify callbacks ['neutron.plugins.ml2.ovo_rpc._ObjectChangeHandler.handle_event-695275'] for security_group, after_create {{(pid=102962) _notify_loop /usr/local/lib/python3.8/dist-packages/neutron_lib/callbacks/manager.py:192}}
Feb 16 08:05:14.701481 dv-neutron-823267-5-hyperv neutron-server[102961]: DEBUG neutron.api.rpc.handlers.resources_rpc [None req-8a87bf8b-3e48-4df6-8575-b0a25ca382fa tempest-DHCPAgentSchedulersTestJSON-1007801013 tempest-DHCPAgentSchedulersTestJSON-1007801013-project] Pushing event deleted for resources: {'Port': ['ID=5f6ce179-684d-49c2-b913-14d8803117e4,revision_number=None']} {{(pid=102961) push /opt/stack/neutron/neutron/api/rpc/handlers/resources_rpc.py:237}}
Feb 16 08:05:14.713788 dv-neutron-823267-5-hyperv neutron-server[102962]: DEBUG neutron.scheduler.dhcp_agent_scheduler [None req-ca7b87bc-5448-4729-8b9f-4f23f337eff6 admin admin] Network 9ca82202-718b-426c-bd82-9a1c4082cfc3 is already hosted by enough agents. {{(pid=102962) _get_dhcp_agents_hosting_network /opt/stack/neutron/neutron/scheduler/dhcp_agent_scheduler.py:275}}
Feb 16 08:05:14.720539 dv-neutron-823267-5-hyperv neutron-server[102963]: DEBUG neutron.db.l3_dvr_db [None req-5feabaf1-8848-4d85-b0de-c439ff9eb91e None None] Set router 3e85dabd-1251-49e0-a7e9-5dd607161f0d gateway port host: dv-neutron-823267-5-hyperv {{(pid=102963) _build_routers_list /opt/stack/neutron/neutron/db/l3_dvr_db.py:906}}
Feb 16 08:05:14.745431 dv-neutron-823267-5-hyperv neutron-server[102962]: DEBUG neutron.api.rpc.handlers.resources_rpc [None req-bb5fb6d8-79b7-4ac7-b9ec-3a7b69f0e56f tempest-ServersTestJSON-1672519483 tempest-ServersTestJSON-1672519483-project] Pushing event updated for resources: {'SecurityGroup': ['ID=0be76ef3-c224-496a-af8e-1c0066e837b0,revision_number=1']} {{(pid=102962) push /opt/stack/neutron/neutron/api/rpc/handlers/resources_rpc.py:237}}
Feb 16 08:05:14.751271 dv-neutron-823267-5-hyperv neutron-server[102962]: DEBUG neutron.scheduler.base_scheduler [None req-ca7b87bc-5448-4729-8b9f-4f23f337eff6 admin admin] Resources bound (agent type, host, resource id): {{(pid=102962) schedule /opt/stack/neutron/neutron/scheduler/base_scheduler.py:57}}
Feb 16 08:05:14.808898 dv-neutron-823267-5-hyperv neutron-server[102962]: DEBUG neutron_lib.callbacks.manager [None req-bb5fb6d8-79b7-4ac7-b9ec-3a7b69f0e56f tempest-ServersTestJSON-1672519483 tempest-ServersTestJSON-1672519483-project] Notify callbacks [] for security_group, before_response {{(pid=102962) _notify_loop /usr/local/lib/python3.8/dist-packages/neutron_lib/callbacks/manager.py:192}}
Feb 16 08:05:14.813227 dv-neutron-823267-5-hyperv neutron-server[102962]: INFO neutron.wsgi [None req-bb5fb6d8-79b7-4ac7-b9ec-3a7b69f0e56f tempest-ServersTestJSON-1672519483 tempest-ServersTestJSON-1672519483-project] 10.222.0.37 "POST /v2.0/security-groups HTTP/1.1" status: 201 len: 1776 time: 1.4905157
Feb 16 08:05:14.827070 dv-neutron-823267-5-hyperv neutron-server[102963]: DEBUG neutron_lib.callbacks.manager [None req-ec49d1da-b2e9-4a01-bc7a-6e21db534dcd None None] Notify callbacks ['neutron.plugins.ml2.plugin.SecurityGroupDbMixin._ensure_default_security_group_handler-1628306'] for port, before_update {{(pid=102963) _notify_loop /usr/local/lib/python3.8/dist-packages/neutron_lib/callbacks/manager.py:192}}
Feb 16 08:05:14.839106 dv-neutron-823267-5-hyperv neutron-server[102961]: DEBUG neutron.pecan_wsgi.hooks.policy_enforcement [None req-90893a57-e835-4edb-8fb5-d2f0edc05473 tempest-NetworksTestDHCPv6-880395557 tempest-NetworksTestDHCPv6-880395557-project] Attributes excluded by policy engine: ['standard_attr_id', 'binding:profile', 'binding:host_id', 'binding:vif_type', 'binding:vif_details'] {{(pid=102961) _exclude_attributes_by_policy /opt/stack/neutron/neutron/pecan_wsgi/hooks/policy_enforcement.py:255}}
Feb 16 08:05:14.845628 dv-neutron-823267-5-hyperv neutron-server[102961]: DEBUG neutron.pecan_wsgi.hooks.policy_enforcement [None req-90893a57-e835-4edb-8fb5-d2f0edc05473 tempest-NetworksTestDHCPv6-880395557 tempest-NetworksTestDHCPv6-880395557-project] Attributes excluded by policy engine: ['standard_attr_id', 'binding:profile', 'binding:host_id', 'binding:vif_type', 'binding:vif_details'] {{(pid=102961) _exclude_attributes_by_policy /opt/stack/neutron/neutron/pecan_wsgi/hooks/policy_enforcement.py:255}}
Feb 16 08:05:14.848921 dv-neutron-823267-5-hyperv neutron-server[102961]: INFO neutron.wsgi [None req-90893a57-e835-4edb-8fb5-d2f0edc05473 tempest-NetworksTestDHCPv6-880395557 tempest-NetworksTestDHCPv6-880395557-project] 10.222.0.37 "GET /v2.0/ports HTTP/1.1" status: 200 len: 1669 time: 0.3559918
Feb 16 08:05:14.853800 dv-neutron-823267-5-hyperv neutron-server[102961]: DEBUG neutron.wsgi [-] (102961) accepted ('10.222.0.37', 57224) {{(pid=102961) server /usr/local/lib/python3.8/dist-packages/eventlet/wsgi.py:982}}
Feb 16 08:05:14.854125 dv-neutron-823267-5-hyperv neutron-server[102961]: DEBUG neutron.wsgi [-] (102961) accepted ('10.222.0.37', 57226) {{(pid=102961) server /usr/local/lib/python3.8/dist-packages/eventlet/wsgi.py:982}}
Feb 16 08:05:14.855870 dv-neutron-823267-5-hyperv neutron-server[102963]: DEBUG neutron.db.provisioning_blocks [None req-3ce46b62-0f49-47db-943f-f31ab753f9a8 None None] Provisioning complete for port 6e74bee7-1d70-4850-91ea-d6d750672955 triggered by entity L2. {{(pid=102963) provisioning_complete /opt/stack/neutron/neutron/db/provisioning_blocks.py:139}}
Feb 16 08:05:14.855870 dv-neutron-823267-5-hyperv neutron-server[102963]: DEBUG neutron_lib.callbacks.manager [None req-3ce46b62-0f49-47db-943f-f31ab753f9a8 None None] Notify callbacks ['neutron.plugins.ml2.plugin.Ml2Plugin._port_provisioned-1785243'] for port, provisioning_complete {{(pid=102963) _notify_loop /usr/local/lib/python3.8/dist-packages/neutron_lib/callbacks/manager.py:192}}
Feb 16 08:05:14.867136 dv-neutron-823267-5-hyperv neutron-server[102961]: DEBUG neutron.api.v2.base [None req-42d475b5-96d9-4738-b948-246305b1aa28 tempest-AllowedAddressPairTestJSON-1879559282 tempest-AllowedAddressPairTestJSON-1879559282-project] Request body: {'network': {'name': 'tempest-AllowedAddressPairTestJSON-test-network-891202911'}} {{(pid=102961) prepare_request_body /opt/stack/neutron/neutron/api/v2/base.py:729}}
Feb 16 08:05:14.918072 dv-neutron-823267-5-hyperv neutron-server[102961]: DEBUG neutron.api.v2.base [None req-d979c12a-54bd-4500-8e75-f45e872efa53 tempest-ServersTestJSON-1672519483 tempest-ServersTestJSON-1672519483-project] Request body: {'security_group_rule': {'security_group_id': '0be76ef3-c224-496a-af8e-1c0066e837b0', 'protocol': 'tcp', 'ethertype': 'IPv4', 'port_range_min': 22, 'port_range_max': 22, 'direction': 'ingress'}} {{(pid=102961) prepare_request_body /opt/stack/neutron/neutron/api/v2/base.py:729}}
Feb 16 08:05:14.929372 dv-neutron-823267-5-hyperv neutron-server[102963]: DEBUG neutron_lib.callbacks.manager [None req-beaaf960-896f-4688-be0c-e7c4342cef44 None None] Notify callbacks ['neutron.plugins.ml2.plugin.SecurityGroupDbMixin._ensure_default_security_group_handler-1628306'] for port, before_update {{(pid=102963) _notify_loop /usr/local/lib/python3.8/dist-packages/neutron_lib/callbacks/manager.py:192}}
Feb 16 08:05:15.025761 dv-neutron-823267-5-hyperv neutron-server[102962]: DEBUG neutron.scheduler.l3_agent_scheduler [None req-ca7b87bc-5448-4729-8b9f-4f23f337eff6 admin admin] Router 3e85dabd-1251-49e0-a7e9-5dd607161f0d has already been hosted by L3 agent 287378ce-02c7-4240-a059-9f6aa1a212cc {{(pid=102962) _get_candidates /opt/stack/neutron/neutron/scheduler/l3_agent_scheduler.py:126}}
Feb 16 08:05:15.053978 dv-neutron-823267-5-hyperv neutron-server[102962]: DEBUG neutron_lib.callbacks.manager [None req-b5ebc593-68b1-425e-b864-d2ec9b7709e0 admin admin] Notify callbacks [] for port, precommit_update {{(pid=102962) _notify_loop /usr/local/lib/python3.8/dist-packages/neutron_lib/callbacks/manager.py:192}}
Feb 16 08:05:15.117212 dv-neutron-823267-5-hyperv neutron-server[102961]: DEBUG neutron_lib.callbacks.manager [None req-8a87bf8b-3e48-4df6-8575-b0a25ca382fa tempest-DHCPAgentSchedulersTestJSON-1007801013 tempest-DHCPAgentSchedulersTestJSON-1007801013-project] Notify callbacks ['neutron.notifiers.nova.Notifier._send_nova_notification-97022'] for port, before_response {{(pid=102961) _notify_loop /usr/local/lib/python3.8/dist-packages/neutron_lib/callbacks/manager.py:192}}
Feb 16 08:05:15.136465 dv-neutron-823267-5-hyperv neutron-server[102961]: INFO neutron.wsgi [None req-8a87bf8b-3e48-4df6-8575-b0a25ca382fa tempest-DHCPAgentSchedulersTestJSON-1007801013 tempest-DHCPAgentSchedulersTestJSON-1007801013-project] 10.222.0.37 "DELETE /v2.0/ports/5f6ce179-684d-49c2-b913-14d8803117e4 HTTP/1.1" status: 204 len: 168 time: 3.2793865
Feb 16 08:05:15.148788 dv-neutron-823267-5-hyperv neutron-server[102961]: DEBUG neutron.wsgi [-] (102961) accepted ('10.222.0.37', 57232) {{(pid=102961) server /usr/local/lib/python3.8/dist-packages/eventlet/wsgi.py:982}}
Feb 16 08:05:15.160301 dv-neutron-823267-5-hyperv neutron-server[102961]: DEBUG neutron.pecan_wsgi.hooks.quota_enforcement [None req-42d475b5-96d9-4738-b948-246305b1aa28 tempest-AllowedAddressPairTestJSON-1879559282 tempest-AllowedAddressPairTestJSON-1879559282-project] Made reservation on behalf of f10a648bfc014c5f90a63fe6bddadade for: {'network': 1} {{(pid=102961) before /opt/stack/neutron/neutron/pecan_wsgi/hooks/quota_enforcement.py:53}}
Feb 16 08:05:15.163803 dv-neutron-823267-5-hyperv neutron-server[102961]: DEBUG neutron_lib.callbacks.manager [None req-42d475b5-96d9-4738-b948-246305b1aa28 tempest-AllowedAddressPairTestJSON-1879559282 tempest-AllowedAddressPairTestJSON-1879559282-project] Notify callbacks ['neutron.plugins.ml2.plugin.SecurityGroupDbMixin._ensure_default_security_group_handler-1628306'] for network, before_create {{(pid=102961) _notify_loop /usr/local/lib/python3.8/dist-packages/neutron_lib/callbacks/manager.py:192}}
Feb 16 08:05:15.191854 dv-neutron-823267-5-hyperv neutron-server[102962]: DEBUG neutron_lib.callbacks.manager [None req-b5ebc593-68b1-425e-b864-d2ec9b7709e0 admin admin] Notify callbacks ['neutron.plugins.ml2.plugin.SecurityGroupServerNotifierRpcMixin._notify_sg_on_port_change-1628237', 'neutron.plugins.ml2.ovo_rpc._ObjectChangeHandler.handle_event-209395', 'neutron.api.rpc.agentnotifiers.dhcp_rpc_agent_api.DhcpAgentNotifyAPI._native_event_send_dhcp_notification-610300', 'neutron.db.l3_db.L3RpcNotifierMixin._notify_gateway_port_ip_changed-8753894765680', 'neutron.db.l3_dvrscheduler_db._notify_l3_agent_port_update-8753894301323', 'neutron.db.l3_hascheduler_db._notify_l3_agent_ha_port_update-8753894301341'] for port, after_update {{(pid=102962) _notify_loop /usr/local/lib/python3.8/dist-packages/neutron_lib/callbacks/manager.py:192}}
Feb 16 08:05:15.193010 dv-neutron-823267-5-hyperv neutron-server[102962]: DEBUG neutron_lib.callbacks.manager [None req-b5ebc593-68b1-425e-b864-d2ec9b7709e0 admin admin] Notify callbacks ['neutron.api.rpc.agentnotifiers.dhcp_rpc_agent_api.DhcpAgentNotifyAPI._after_router_interface_created-610250', 'neutron.services.l3_router.l3_router_plugin.DVRResourceOperationHandler._update_snat_v6_addrs_after_intf_update-732745'] for router_interface, after_create {{(pid=102962) _notify_loop /usr/local/lib/python3.8/dist-packages/neutron_lib/callbacks/manager.py:192}}
Feb 16 08:05:15.224040 dv-neutron-823267-5-hyperv neutron-server[102961]: DEBUG neutron_lib.callbacks.manager [None req-42d475b5-96d9-4738-b948-246305b1aa28 tempest-AllowedAddressPairTestJSON-1879559282 tempest-AllowedAddressPairTestJSON-1879559282-project] Notify callbacks [] for security_group, before_create {{(pid=102961) _notify_loop /usr/local/lib/python3.8/dist-packages/neutron_lib/callbacks/manager.py:192}}
Feb 16 08:05:15.247413 dv-neutron-823267-5-hyperv neutron-server[102961]: DEBUG neutron_lib.callbacks.manager [None req-d979c12a-54bd-4500-8e75-f45e872efa53 tempest-ServersTestJSON-1672519483 tempest-ServersTestJSON-1672519483-project] Notify callbacks [] for security_group_rule, before_create {{(pid=102961) _notify_loop /usr/local/lib/python3.8/dist-packages/neutron_lib/callbacks/manager.py:192}}
Feb 16 08:05:15.319395 dv-neutron-823267-5-hyperv neutron-server[102962]: DEBUG neutron_lib.callbacks.manager [None req-534e17ea-4957-4aca-94d3-8219f7e7d4bf tempest-PortsAdminExtendedAttrsIpV6TestJSON-2034211785 tempest-PortsAdminExtendedAttrsIpV6TestJSON-2034211785-project-admin] Notify callbacks ['neutron.plugins.ml2.plugin.SecurityGroupServerNotifierRpcMixin._notify_sg_on_port_change-1628237', 'neutron.plugins.ml2.ovo_rpc._ObjectChangeHandler.handle_event-209395', 'neutron.api.rpc.agentnotifiers.dhcp_rpc_agent_api.DhcpAgentNotifyAPI._native_event_send_dhcp_notification-610300', 'neutron.db.l3_db.L3RpcNotifierMixin._notify_routers_callback-8753894765653', 'neutron.db.l3_dvrscheduler_db._notify_port_delete-8753894301314'] for port, after_delete {{(pid=102962) _notify_loop /usr/local/lib/python3.8/dist-packages/neutron_lib/callbacks/manager.py:192}}
Feb 16 08:05:15.343937 dv-neutron-823267-5-hyperv neutron-server[102963]: DEBUG neutron.plugins.ml2.db [None req-beaaf960-896f-4688-be0c-e7c4342cef44 None None] For port b1563915-9f44-42a3-8c28-5fb0b5c4700f, host dv-neutron-823267-5-hyperv, got binding levels [PortBindingLevel(driver='openvswitch',host='dv-neutron-823267-5-hyperv',level=0,port_id=b1563915-9f44-42a3-8c28-5fb0b5c4700f,segment=NetworkSegment(94e40051-c5ec-4955-816c-b3f8d1ca7608),segment_id=94e40051-c5ec-4955-816c-b3f8d1ca7608)] {{(pid=102963) get_binding_level_objs /opt/stack/neutron/neutron/plugins/ml2/db.py:74}}
Feb 16 08:05:15.352994 dv-neutron-823267-5-hyperv neutron-server[102961]: DEBUG neutron.plugins.ml2.plugin [None req-82e5d309-b46b-4ad1-ae75-e961d2380152 tempest-NetworksTestDHCPv6-880395557 tempest-NetworksTestDHCPv6-880395557-project] Deleting port 82df9d92-1e19-4151-a9aa-e5e10680982c {{(pid=102961) _pre_delete_port /opt/stack/neutron/neutron/plugins/ml2/plugin.py:1954}}
Feb 16 08:05:15.353441 dv-neutron-823267-5-hyperv neutron-server[102961]: DEBUG neutron_lib.callbacks.manager [None req-82e5d309-b46b-4ad1-ae75-e961d2380152 tempest-NetworksTestDHCPv6-880395557 tempest-NetworksTestDHCPv6-880395557-project] Notify callbacks ['neutron.db.l3_db.L3_NAT_dbonly_mixin._prevent_l3_port_delete_callback-8753894764382'] for port, before_delete {{(pid=102961) _notify_loop /usr/local/lib/python3.8/dist-packages/neutron_lib/callbacks/manager.py:192}}
Feb 16 08:05:15.378432 dv-neutron-823267-5-hyperv neutron-server[102963]: DEBUG neutron_lib.callbacks.manager [None req-ef87da3c-efec-4d03-9742-a3f929a04b4b None None] Notify callbacks ['neutron.services.segments.db._update_segment_host_mapping_for_agent-8753894639234', 'neutron.plugins.ml2.plugin.Ml2Plugin._retry_binding_revived_agents-1785128'] for agent, after_update {{(pid=102963) _notify_loop /usr/local/lib/python3.8/dist-packages/neutron_lib/callbacks/manager.py:192}}
Feb 16 08:05:15.385593 dv-neutron-823267-5-hyperv neutron-server[102961]: DEBUG neutron.objects.ports [None req-a7fa6862-5fed-4c67-9d5a-6c7a0f48b558 tempest-ExternalNetworksTestJSON-471179872 tempest-ExternalNetworksTestJSON-471179872-project-admin] Time-cost: Fetching 0 ports in 0 security groups {{(pid=102961) get_objects /opt/stack/neutron/neutron/objects/ports.py:462}}
Feb 16 08:05:15.385865 dv-neutron-823267-5-hyperv neutron-server[102961]: DEBUG neutron_lib.callbacks.manager [None req-a7fa6862-5fed-4c67-9d5a-6c7a0f48b558 tempest-ExternalNetworksTestJSON-471179872 tempest-ExternalNetworksTestJSON-471179872-project-admin] Notify callbacks ['neutron.plugins.ml2.ovo_rpc._ObjectChangeHandler.handle_event-684779', 'neutron.api.rpc.agentnotifiers.dhcp_rpc_agent_api.DhcpAgentNotifyAPI._native_event_send_dhcp_notification-610300', 'neutron.services.segments.plugin.NovaSegmentNotifier._notify_subnet_created-5836562', 'neutron.services.segments.plugin.SegmentHostRoutes.host_routes_after_create-5864014'] for subnet, after_create {{(pid=102961) _notify_loop /usr/local/lib/python3.8/dist-packages/neutron_lib/callbacks/manager.py:192}}
Feb 16 08:05:15.466879 dv-neutron-823267-5-hyperv neutron-server[102963]: DEBUG neutron_lib.callbacks.manager [None req-beaaf960-896f-4688-be0c-e7c4342cef44 None None] Notify callbacks ['neutron.plugins.ml2.plugin.SecurityGroupServerNotifierRpcMixin._notify_sg_on_port_change-1628237', 'neutron.plugins.ml2.ovo_rpc._ObjectChangeHandler.handle_event-209395', 'neutron.api.rpc.agentnotifiers.dhcp_rpc_agent_api.DhcpAgentNotifyAPI._native_event_send_dhcp_notification-610300', 'neutron.db.l3_db.L3RpcNotifierMixin._notify_gateway_port_ip_changed-8753894765680', 'neutron.db.l3_dvrscheduler_db._notify_l3_agent_port_update-8753894301323', 'neutron.db.l3_hascheduler_db._notify_l3_agent_ha_port_update-8753894301341'] for port, after_update {{(pid=102963) _notify_loop /usr/local/lib/python3.8/dist-packages/neutron_lib/callbacks/manager.py:192}}
Feb 16 08:05:15.499329 dv-neutron-823267-5-hyperv neutron-server[102962]: DEBUG neutron.api.rpc.agentnotifiers.l3_rpc_agent_api [None req-ca7b87bc-5448-4729-8b9f-4f23f337eff6 admin admin] Notify agent at l3_agent.dv-neutron-823267-5-hyperv the message routers_updated {{(pid=102962) _agent_notification /opt/stack/neutron/neutron/api/rpc/agentnotifiers/l3_rpc_agent_api.py:65}}
Feb 16 08:05:15.524722 dv-neutron-823267-5-hyperv neutron-server[102962]: DEBUG neutron.api.rpc.handlers.resources_rpc [None req-b5ebc593-68b1-425e-b864-d2ec9b7709e0 admin admin] Pushing event updated for resources: {'Port': ['ID=552621bd-8b3d-478b-abed-e3e1f780d1a9,revision_number=2']} {{(pid=102962) push /opt/stack/neutron/neutron/api/rpc/handlers/resources_rpc.py:237}}
Feb 16 08:05:15.534721 dv-neutron-823267-5-hyperv neutron-server[102963]: DEBUG neutron.api.rpc.handlers.dhcp_rpc [None req-12d05dea-7127-4540-8b19-39cd12bca65a None None] Network e1dd9046-57f1-4620-9e4d-3d55c91b65c2 requested from dv-neutron-823267-5-hyperv {{(pid=102963) get_network_info /opt/stack/neutron/neutron/api/rpc/handlers/dhcp_rpc.py:218}}
Feb 16 08:05:15.542350 dv-neutron-823267-5-hyperv neutron-server[102962]: INFO neutron.wsgi [None req-ca7b87bc-5448-4729-8b9f-4f23f337eff6 admin admin] 10.222.0.37 "PUT /v2.0/routers/3e85dabd-1251-49e0-a7e9-5dd607161f0d/add_router_interface HTTP/1.1" status: 200 len: 503 time: 6.8517394
Feb 16 08:05:15.550668 dv-neutron-823267-5-hyperv neutron-server[102961]: INFO neutron.wsgi [None req-2f3859db-d295-4305-9e27-668b77f5ab7c tempest-DHCPAgentSchedulersTestJSON-166660294 tempest-DHCPAgentSchedulersTestJSON-166660294-project-admin] 10.222.0.37 "GET /v2.0/agents HTTP/1.1" status: 200 len: 4311 time: 0.3987315
Feb 16 08:05:15.604320 dv-neutron-823267-5-hyperv neutron-server[102962]: DEBUG neutron.wsgi [-] (102962) accepted ('10.222.0.37', 57240) {{(pid=102962) server /usr/local/lib/python3.8/dist-packages/eventlet/wsgi.py:982}}
Feb 16 08:05:15.612958 dv-neutron-823267-5-hyperv neutron-server[102961]: DEBUG neutron_lib.callbacks.manager [None req-d979c12a-54bd-4500-8e75-f45e872efa53 tempest-ServersTestJSON-1672519483 tempest-ServersTestJSON-1672519483-project] Notify callbacks [] for security_group_rule, precommit_create {{(pid=102961) _notify_loop /usr/local/lib/python3.8/dist-packages/neutron_lib/callbacks/manager.py:192}}
Feb 16 08:05:15.663422 dv-neutron-823267-5-hyperv neutron-server[102963]: DEBUG neutron.db.provisioning_blocks [None req-46fc1220-e897-4bf1-b562-670a0be54165 None None] Could not find standard attr ID for object 5f6ce179-684d-49c2-b913-14d8803117e4. {{(pid=102963) _get_standard_attr_id /opt/stack/neutron/neutron/db/provisioning_blocks.py:175}}
Feb 16 08:05:15.677922 dv-neutron-823267-5-hyperv neutron-server[102961]: DEBUG neutron_lib.callbacks.manager [None req-82e5d309-b46b-4ad1-ae75-e961d2380152 tempest-NetworksTestDHCPv6-880395557 tempest-NetworksTestDHCPv6-880395557-project] Notify callbacks ['neutron.services.l3_router.l3_router_plugin.L3_NAT_dbonly_mixin._precommit_delete_port_callback-730298'] for port, precommit_delete {{(pid=102961) _notify_loop /usr/local/lib/python3.8/dist-packages/neutron_lib/callbacks/manager.py:192}}
Feb 16 08:05:15.701143 dv-neutron-823267-5-hyperv neutron-server[102962]: DEBUG neutron.api.v2.base [None req-ced57652-bd7b-4883-8879-e440f9d5762e tempest-DHCPAgentSchedulersTestJSON-1007801013 tempest-DHCPAgentSchedulersTestJSON-1007801013-project] Request body: {'network': {'name': 'tempest-DHCPAgentSchedulersTestJSON-test-network-1750843525'}} {{(pid=102962) prepare_request_body /opt/stack/neutron/neutron/api/v2/base.py:729}}
Feb 16 08:05:15.707805 dv-neutron-823267-5-hyperv neutron-server[102963]: DEBUG neutron.api.rpc.handlers.resources_rpc [None req-beaaf960-896f-4688-be0c-e7c4342cef44 None None] Pushing event updated for resources: {'Port': ['ID=b1563915-9f44-42a3-8c28-5fb0b5c4700f,revision_number=3']} {{(pid=102963) push /opt/stack/neutron/neutron/api/rpc/handlers/resources_rpc.py:237}}
Feb 16 08:05:15.712756 dv-neutron-823267-5-hyperv neutron-server[102961]: DEBUG neutron.plugins.ml2.plugin [None req-82e5d309-b46b-4ad1-ae75-e961d2380152 tempest-NetworksTestDHCPv6-880395557 tempest-NetworksTestDHCPv6-880395557-project] Calling delete_port for 82df9d92-1e19-4151-a9aa-e5e10680982c owned by {{(pid=102961) delete_port /opt/stack/neutron/neutron/plugins/ml2/plugin.py:2032}}
Feb 16 08:05:15.762736 dv-neutron-823267-5-hyperv neutron-server[102963]: DEBUG neutron.db.l3_hamode_db [None req-5feabaf1-8848-4d85-b0de-c439ff9eb91e None None] neutron.services.l3_router.l3_router_plugin.L3RouterPlugin method _process_sync_ha_data called with arguments (, [{'id': '3e85dabd-1251-49e0-a7e9-5dd607161f0d', 'name': 'tempest-ServerActionsTestJSON-1411933449-router', 'tenant_id': '6f9422d0fb0c479fb205ff34b9ed3b58', 'admin_state_up': True, 'status': 'ACTIVE', 'external_gateway_info': {'network_id': '01b89ca7-4f09-47c1-aab7-a49e8d4e3f44', 'external_fixed_ips': [{'subnet_id': '62d2f7e5-7d32-44d6-96ce-3410e6b5bfa6', 'ip_address': '172.26.0.212'}], 'enable_snat': True}, 'gw_port_id': '23fa7e4c-03e0-4291-8f86-aa5e99ad9591', 'description': '', 'availability_zones': ['nova'], 'distributed': False, 'ha': False, 'ha_vr_id': 0, 'availability_zone_hints': [], 'routes': [], 'flavor_id': None, 'tags': [], 'created_at': '2022-02-16T08:05:01Z', 'updated_at': '2022-02-16T08:05:12Z', 'revision_number': 4, 'project_id': '6f9422d0fb0c479fb205ff34b9ed3b58', 'gw_port': {'id': '23fa7e4c-03e0-4291-8f86-aa5e99ad9591', 'name': '', 'network_id': '01b89ca7-4f09-47c1-aab7-a49e8d4e3f44', 'tenant_id': '', 'mac_address': 'fa:16:3e:bc:44:fd', 'admin_state_up': True, 'status': 'DOWN', 'device_id': '3e85dabd-1251-49e0-a7e9-5dd607161f0d', 'device_owner': 'network:router_gateway', 'standard_attr_id': 73, 'fixed_ips': [{'subnet_id': '62d2f7e5-7d32-44d6-96ce-3410e6b5bfa6', 'ip_address': '172.26.0.212', 'prefixlen': 24}], 'allowed_address_pairs': [], 'extra_dhcp_opts': [], 'security_groups': [], 'description': '', 'binding:vnic_type': 'normal', 'binding:profile': {}, 'binding:host_id': 'dv-neutron-823267-5-hyperv', 'binding:vif_type': 'ovs', 'binding:vif_details': {'connectivity': 'l2', 'port_filter': True, 'ovs_hybrid_plug': False, 'datapath_type': 'system', 'bridge_name': 'br-int'}, 'port_security_enabled': False, 'tags': [], 'created_at': '2022-02-16T08:05:03Z', 'updated_at': '2022-02-16T08:05:13Z', 'revision_number': 3, 'project_id': '', 'subnets': [{'id': '62d2f7e5-7d32-44d6-96ce-3410e6b5bfa6', 'cidr': '172.26.0.0/24', 'gateway_ip': '172.26.0.1', 'dns_nameservers': [], 'ipv6_ra_mode': None, 'subnetpool_id': None}], 'extra_subnets': [], 'address_scopes': {4: None, 6: None}, 'mtu': 1500}, 'enable_snat': True, 'gw_port_host': 'dv-neutron-823267-5-hyperv', '_interfaces': [{'id': '846e3216-0a91-4426-82aa-d1cad3ed5fde', 'name': '', 'network_id': '9ca82202-718b-426c-bd82-9a1c4082cfc3', 'tenant_id': '6f9422d0fb0c479fb205ff34b9ed3b58', 'mac_address': 'fa:16:3e:b5:e1:eb', 'admin_state_up': True, 'status': 'DOWN', 'device_id': '3e85dabd-1251-49e0-a7e9-5dd607161f0d', 'device_owner': 'network:router_interface', 'standard_attr_id': 119, 'fixed_ips': [{'subnet_id': '5b6593bc-8567-49fe-973a-a76156895cf1', 'ip_address': '172.20.0.1', 'prefixlen': 28}], 'allowed_address_pairs': [], 'extra_dhcp_opts': [], 'security_groups': [], 'description': '', 'binding:vnic_type': 'normal', 'binding:profile': {}, 'binding:host_id': '', 'binding:vif_type': 'unbound', 'binding:vif_details': {}, 'port_security_enabled': False, 'tags': [], 'created_at': '2022-02-16T08:05:10Z', 'updated_at': '2022-02-16T08:05:13Z', 'revision_number': 2, 'project_id': '6f9422d0fb0c479fb205ff34b9ed3b58', 'subnets': [{'id': '5b6593bc-8567-49fe-973a-a76156895cf1', 'cidr': '172.20.0.0/28', 'gateway_ip': '172.20.0.1', 'dns_nameservers': [], 'ipv6_ra_mode': None, 'subnetpool_id': None}], 'extra_subnets': [], 'address_scopes': {4: None, 6: None}, 'mtu': 1500}]}], 'dv-neutron-823267-5-hyperv', False) {} {{(pid=102963) wrapper /usr/local/lib/python3.8/dist-packages/oslo_log/helpers.py:65}}
Feb 16 08:05:15.776903 dv-neutron-823267-5-hyperv neutron-server[102961]: DEBUG neutron_lib.callbacks.manager [None req-d979c12a-54bd-4500-8e75-f45e872efa53 tempest-ServersTestJSON-1672519483 tempest-ServersTestJSON-1672519483-project] Notify callbacks ['neutron.plugins.ml2.ovo_rpc._ObjectChangeHandler.handle_event-775747'] for security_group_rule, after_create {{(pid=102961) _notify_loop /usr/local/lib/python3.8/dist-packages/neutron_lib/callbacks/manager.py:192}}
Feb 16 08:05:15.814401 dv-neutron-823267-5-hyperv neutron-server[102962]: DEBUG neutron.api.rpc.handlers.resources_rpc [None req-534e17ea-4957-4aca-94d3-8219f7e7d4bf tempest-PortsAdminExtendedAttrsIpV6TestJSON-2034211785 tempest-PortsAdminExtendedAttrsIpV6TestJSON-2034211785-project-admin] Pushing event deleted for resources: {'Port': ['ID=a7636457-006e-44b5-8604-2315f12b99ab,revision_number=None']} {{(pid=102962) push /opt/stack/neutron/neutron/api/rpc/handlers/resources_rpc.py:237}}
