Jan 31 15:33:50.754244 dv-neutron-823267-3-hyperv neutron-server[102854]: INFO neutron.wsgi [None req-7103e8d2-de87-4938-b6d4-661a0366a364 tempest-AllowedAddressPairTestJSON-200971461 tempest-AllowedAddressPairTestJSON-200971461-project] 10.222.0.32 "DELETE /v2.0/ports/37cd7a9b-b698-4d8c-89be-67aa8e0c4224 HTTP/1.1" status: 204 len: 168 time: 1.4890594
Jan 31 15:33:50.755288 dv-neutron-823267-3-hyperv neutron-server[102854]: DEBUG neutron.wsgi [-] (102854) accepted ('10.222.0.32', 36334) {{(pid=102854) server /usr/local/lib/python3.8/dist-packages/eventlet/wsgi.py:982}}
Jan 31 15:33:50.775500 dv-neutron-823267-3-hyperv neutron-server[102855]: DEBUG neutron.scheduler.base_scheduler [None req-bec44773-f4c0-49ca-ad64-d163e20caa3e tempest-ExternalNetworksTestJSON-1970578335 tempest-ExternalNetworksTestJSON-1970578335-project-admin] Resources bound (agent type, host, resource id): (DHCP agent, dv-neutron-823267-3-hyperv, 0df172f9-67f4-4e91-961d-0d985efe338b) {{(pid=102855) schedule /opt/stack/neutron/neutron/scheduler/base_scheduler.py:57}}
Jan 31 15:33:50.788227 dv-neutron-823267-3-hyperv neutron-server[102856]: DEBUG neutron.api.rpc.handlers.dhcp_rpc [None req-f3dc5b42-694d-4fe0-922f-32c20021015a None None] Network 0df172f9-67f4-4e91-961d-0d985efe338b requested from dv-neutron-823267-3-hyperv {{(pid=102856) get_network_info /opt/stack/neutron/neutron/api/rpc/handlers/dhcp_rpc.py:218}}
Jan 31 15:33:50.800008 dv-neutron-823267-3-hyperv neutron-server[102855]: DEBUG neutron.pecan_wsgi.hooks.policy_enforcement [None req-bec44773-f4c0-49ca-ad64-d163e20caa3e tempest-ExternalNetworksTestJSON-1970578335 tempest-ExternalNetworksTestJSON-1970578335-project-admin] Attributes excluded by policy engine: ['standard_attr_id', 'shared', 'segment_id', 'network'] {{(pid=102855) _exclude_attributes_by_policy /opt/stack/neutron/neutron/pecan_wsgi/hooks/policy_enforcement.py:255}}
Jan 31 15:33:50.800917 dv-neutron-823267-3-hyperv neutron-server[102855]: DEBUG neutron_lib.callbacks.manager [None req-bec44773-f4c0-49ca-ad64-d163e20caa3e tempest-ExternalNetworksTestJSON-1970578335 tempest-ExternalNetworksTestJSON-1970578335-project-admin] Notify callbacks [] for subnet, before_response {{(pid=102855) _notify_loop /usr/local/lib/python3.8/dist-packages/neutron_lib/callbacks/manager.py:192}}
Jan 31 15:33:50.808767 dv-neutron-823267-3-hyperv neutron-server[102854]: DEBUG neutron.pecan_wsgi.hooks.quota_enforcement [None req-dd86d276-0f74-48d1-93df-db50c14376ca tempest-BulkNetworkOpsIpV6Test-880378379 tempest-BulkNetworkOpsIpV6Test-880378379-project] Made reservation on behalf of 142b6c9c40d4449b9e3f55ca2ad64eab for: {'network': 2} {{(pid=102854) before /opt/stack/neutron/neutron/pecan_wsgi/hooks/quota_enforcement.py:53}}
Jan 31 15:33:50.813200 dv-neutron-823267-3-hyperv neutron-server[102854]: DEBUG neutron_lib.callbacks.manager [None req-dd86d276-0f74-48d1-93df-db50c14376ca tempest-BulkNetworkOpsIpV6Test-880378379 tempest-BulkNetworkOpsIpV6Test-880378379-project] Notify callbacks ['neutron.plugins.ml2.plugin.SecurityGroupDbMixin._ensure_default_security_group_handler-16262631'] for network, before_create {{(pid=102854) _notify_loop /usr/local/lib/python3.8/dist-packages/neutron_lib/callbacks/manager.py:192}}
Jan 31 15:33:50.823831 dv-neutron-823267-3-hyperv neutron-server[102854]: INFO neutron.pecan_wsgi.hooks.translation [None req-c925559f-bb74-48f4-98e4-6bf416b0e062 tempest-AllowedAddressPairTestJSON-200971461 tempest-AllowedAddressPairTestJSON-200971461-project] GET failed (client error): The resource could not be found.
Jan 31 15:33:50.828880 dv-neutron-823267-3-hyperv neutron-server[102854]: INFO neutron.wsgi [None req-c925559f-bb74-48f4-98e4-6bf416b0e062 tempest-AllowedAddressPairTestJSON-200971461 tempest-AllowedAddressPairTestJSON-200971461-project] 10.222.0.32 "GET /v2.0/ports/37cd7a9b-b698-4d8c-89be-67aa8e0c4224 HTTP/1.1" status: 404 len: 333 time: 0.0641565
Jan 31 15:33:50.830694 dv-neutron-823267-3-hyperv neutron-server[102855]: DEBUG neutron.wsgi [-] (102855) accepted ('10.222.0.32', 36336) {{(pid=102855) server /usr/local/lib/python3.8/dist-packages/eventlet/wsgi.py:982}}
Jan 31 15:33:50.839397 dv-neutron-823267-3-hyperv neutron-server[102854]: INFO neutron.wsgi [req-73741e62-3e0c-4e47-a2fd-2771fb09659d req-c7557077-8730-4d1c-8ee3-472fff75e342 tempest-ServersTestManualDisk-832680190 tempest-ServersTestManualDisk-832680190-project] 10.222.0.32 "GET /v2.0/security-groups?id=09b04b9a-ed27-4031-a354-e7875afd133a&fields=id&fields=name HTTP/1.1" status: 200 len: 313 time: 0.1324749
Jan 31 15:33:50.870456 dv-neutron-823267-3-hyperv neutron-server[102855]: DEBUG neutron.pecan_wsgi.hooks.policy_enforcement [req-8908f869-75a8-493d-bc44-e14cca721190 req-b2e2e294-dbde-482b-9553-de2110e0e2e5 service neutron] Attributes excluded by policy engine: ['standard_attr_id', 'vlan_transparent'] {{(pid=102855) _exclude_attributes_by_policy /opt/stack/neutron/neutron/pecan_wsgi/hooks/policy_enforcement.py:255}}
Jan 31 15:33:50.871979 dv-neutron-823267-3-hyperv neutron-server[102855]: INFO neutron.wsgi [req-8908f869-75a8-493d-bc44-e14cca721190 req-b2e2e294-dbde-482b-9553-de2110e0e2e5 service neutron] 10.222.0.26 "GET /v2.0/networks?tenant_id=a7fad445c46a428c9e7118e48de51981&shared=False HTTP/1.1" status: 200 len: 913 time: 0.2933552
Jan 31 15:33:50.883955 dv-neutron-823267-3-hyperv neutron-server[102854]: DEBUG neutron_lib.callbacks.manager [None req-dd86d276-0f74-48d1-93df-db50c14376ca tempest-BulkNetworkOpsIpV6Test-880378379 tempest-BulkNetworkOpsIpV6Test-880378379-project] Notify callbacks [] for security_group, before_create {{(pid=102854) _notify_loop /usr/local/lib/python3.8/dist-packages/neutron_lib/callbacks/manager.py:192}}
Jan 31 15:33:50.912612 dv-neutron-823267-3-hyperv neutron-server[102854]: DEBUG neutron.notifiers.nova [req-36ede1f1-0635-4f80-a245-77ccf4f1eebc req-b40558fd-25fe-41b2-8c7a-ef6400861307 service neutron] Ignoring state change previous_port_status: DOWN current_port_status: DOWN port_id ed42314f-5178-4ee6-984a-9d99d639ccea {{(pid=102854) record_port_status_changed /opt/stack/neutron/neutron/notifiers/nova.py:224}}
Jan 31 15:33:50.922055 dv-neutron-823267-3-hyperv neutron-server[102854]: DEBUG neutron_lib.callbacks.manager [req-36ede1f1-0635-4f80-a245-77ccf4f1eebc req-b40558fd-25fe-41b2-8c7a-ef6400861307 service neutron] Notify callbacks [] for port, precommit_update {{(pid=102854) _notify_loop /usr/local/lib/python3.8/dist-packages/neutron_lib/callbacks/manager.py:192}}
Jan 31 15:33:50.950548 dv-neutron-823267-3-hyperv neutron-server[102854]: DEBUG neutron.db.provisioning_blocks [req-36ede1f1-0635-4f80-a245-77ccf4f1eebc req-b40558fd-25fe-41b2-8c7a-ef6400861307 service neutron] Transition to ACTIVE for port object ed42314f-5178-4ee6-984a-9d99d639ccea will not be triggered until provisioned by entity L2. {{(pid=102854) add_provisioning_component /opt/stack/neutron/neutron/db/provisioning_blocks.py:73}}
Jan 31 15:33:50.987223 dv-neutron-823267-3-hyperv neutron-server[102856]: DEBUG neutron.api.rpc.handlers.dhcp_rpc [None req-baf96daa-d34a-4cc8-83d0-6b2bdf2bb447 None None] Network 0df172f9-67f4-4e91-961d-0d985efe338b requested from dv-neutron-823267-3-hyperv {{(pid=102856) get_network_info /opt/stack/neutron/neutron/api/rpc/handlers/dhcp_rpc.py:218}}
Jan 31 15:33:50.997965 dv-neutron-823267-3-hyperv neutron-server[102854]: DEBUG neutron_lib.callbacks.manager [None req-dd86d276-0f74-48d1-93df-db50c14376ca tempest-BulkNetworkOpsIpV6Test-880378379 tempest-BulkNetworkOpsIpV6Test-880378379-project] Notify callbacks [] for security_group, precommit_create {{(pid=102854) _notify_loop /usr/local/lib/python3.8/dist-packages/neutron_lib/callbacks/manager.py:192}}
Jan 31 15:33:51.008428 dv-neutron-823267-3-hyperv neutron-server[102854]: DEBUG neutron_lib.callbacks.manager [req-36ede1f1-0635-4f80-a245-77ccf4f1eebc req-b40558fd-25fe-41b2-8c7a-ef6400861307 service neutron] Notify callbacks ['neutron.plugins.ml2.plugin.SecurityGroupServerNotifierRpcMixin._notify_sg_on_port_change-16262456', 'neutron.plugins.ml2.ovo_rpc._ObjectChangeHandler.handle_event-62101', 'neutron.api.rpc.agentnotifiers.dhcp_rpc_agent_api.DhcpAgentNotifyAPI._native_event_send_dhcp_notification-1044767', 'neutron.db.l3_db.L3RpcNotifierMixin._notify_gateway_port_ip_changed-8751691685744', 'neutron.db.l3_dvrscheduler_db._notify_l3_agent_port_update-8751691296112', 'neutron.db.l3_hascheduler_db._notify_l3_agent_ha_port_update-8751691296130', 'neutron.services.segments.plugin.NovaSegmentNotifier._notify_port_updated-2721054'] for port, after_update {{(pid=102854) _notify_loop /usr/local/lib/python3.8/dist-packages/neutron_lib/callbacks/manager.py:192}}
Jan 31 15:33:51.010269 dv-neutron-823267-3-hyperv neutron-server[102855]: INFO neutron.wsgi [None req-bec44773-f4c0-49ca-ad64-d163e20caa3e tempest-ExternalNetworksTestJSON-1970578335 tempest-ExternalNetworksTestJSON-1970578335-project-admin] 10.222.0.32 "POST /v2.0/subnets HTTP/1.1" status: 201 len: 802 time: 2.0822933
Jan 31 15:33:51.013379 dv-neutron-823267-3-hyperv neutron-server[102854]: DEBUG neutron.wsgi [-] (102854) accepted ('10.222.0.32', 36342) {{(pid=102854) server /usr/local/lib/python3.8/dist-packages/eventlet/wsgi.py:982}}
Jan 31 15:33:51.018233 dv-neutron-823267-3-hyperv neutron-server[102855]: DEBUG neutron.pecan_wsgi.hooks.quota_enforcement [None req-dd2ec0d8-49d2-4760-9006-6b25f1e1a548 tempest-RoutersTest-1427327955 tempest-RoutersTest-1427327955-project] Made reservation on behalf of 15db5dcabd9c41aeb996fa1f8c91725b for: {'network': 1} {{(pid=102855) before /opt/stack/neutron/neutron/pecan_wsgi/hooks/quota_enforcement.py:53}}
Jan 31 15:33:51.021779 dv-neutron-823267-3-hyperv neutron-server[102855]: DEBUG neutron_lib.callbacks.manager [None req-dd2ec0d8-49d2-4760-9006-6b25f1e1a548 tempest-RoutersTest-1427327955 tempest-RoutersTest-1427327955-project] Notify callbacks ['neutron.plugins.ml2.plugin.SecurityGroupDbMixin._ensure_default_security_group_handler-16262631'] for network, before_create {{(pid=102855) _notify_loop /usr/local/lib/python3.8/dist-packages/neutron_lib/callbacks/manager.py:192}}
Jan 31 15:33:51.038954 dv-neutron-823267-3-hyperv neutron-server[102854]: DEBUG neutron.api.v2.base [None req-882c078a-632f-4fef-b8f2-70be14929d90 tempest-ExternalNetworksTestJSON-1970578335 tempest-ExternalNetworksTestJSON-1970578335-project-admin] Request body: {'floatingip': {'floating_network_id': '0df172f9-67f4-4e91-961d-0d985efe338b'}} {{(pid=102854) prepare_request_body /opt/stack/neutron/neutron/api/v2/base.py:729}}
Jan 31 15:33:51.063135 dv-neutron-823267-3-hyperv neutron-server[102854]: DEBUG neutron_lib.callbacks.manager [None req-dd86d276-0f74-48d1-93df-db50c14376ca tempest-BulkNetworkOpsIpV6Test-880378379 tempest-BulkNetworkOpsIpV6Test-880378379-project] Notify callbacks ['neutron.plugins.ml2.ovo_rpc._ObjectChangeHandler.handle_event-593332'] for security_group, after_create {{(pid=102854) _notify_loop /usr/local/lib/python3.8/dist-packages/neutron_lib/callbacks/manager.py:192}}
Jan 31 15:33:51.063135 dv-neutron-823267-3-hyperv neutron-server[102854]: DEBUG neutron_lib.callbacks.manager [None req-dd86d276-0f74-48d1-93df-db50c14376ca tempest-BulkNetworkOpsIpV6Test-880378379 tempest-BulkNetworkOpsIpV6Test-880378379-project] Notify callbacks ['neutron.plugins.ml2.plugin.SecurityGroupDbMixin._ensure_default_security_group_handler-16262631'] for network, before_create {{(pid=102854) _notify_loop /usr/local/lib/python3.8/dist-packages/neutron_lib/callbacks/manager.py:192}}
Jan 31 15:33:51.076922 dv-neutron-823267-3-hyperv neutron-server[102856]: DEBUG neutron.plugins.ml2.rpc [None req-75b6c610-76a4-4dde-9807-d7f02a9ec807 None None] Device 9be72056-fbba-4d84-a723-aebcf4a3dc64 details requested by agent hyperv_hv-neutron-8232 with host hv-neutron-8232 {{(pid=102856) get_device_details /opt/stack/neutron/neutron/plugins/ml2/rpc.py:102}}
Jan 31 15:33:51.181812 dv-neutron-823267-3-hyperv neutron-server[102855]: DEBUG neutron.plugins.ml2.drivers.helpers [None req-dd2ec0d8-49d2-4760-9006-6b25f1e1a548 tempest-RoutersTest-1427327955 tempest-RoutersTest-1427327955-project] vlan segment allocate from pool success with {'physical_network': 'physnet1', 'vlan_id': 155} {{(pid=102855) allocate_partially_specified_segment /opt/stack/neutron/neutron/plugins/ml2/drivers/helpers.py:153}}
Jan 31 15:33:51.200805 dv-neutron-823267-3-hyperv neutron-server[102855]: DEBUG neutron.pecan_wsgi.hooks.policy_enforcement [req-8908f869-75a8-493d-bc44-e14cca721190 req-abaaacc5-7abc-4cb2-a6ae-2749ea95b1fa service neutron] Attributes excluded by policy engine: ['standard_attr_id', 'vlan_transparent'] {{(pid=102855) _exclude_attributes_by_policy /opt/stack/neutron/neutron/pecan_wsgi/hooks/policy_enforcement.py:255}}
Jan 31 15:33:51.202317 dv-neutron-823267-3-hyperv neutron-server[102855]: INFO neutron.wsgi [req-8908f869-75a8-493d-bc44-e14cca721190 req-abaaacc5-7abc-4cb2-a6ae-2749ea95b1fa service neutron] 10.222.0.26 "GET /v2.0/networks?shared=True HTTP/1.1" status: 200 len: 870 time: 0.3165123
Jan 31 15:33:51.219856 dv-neutron-823267-3-hyperv neutron-server[102855]: DEBUG neutron.pecan_wsgi.hooks.policy_enforcement [req-dfa1155e-806c-4880-87dc-9c56f54b062e req-56b0882d-50aa-45a4-9e96-8e5358043b22 tempest-ServerActionsTestJSON-2073407852 tempest-ServerActionsTestJSON-2073407852-project] Attributes excluded by policy engine: ['standard_attr_id', 'binding:profile', 'binding:host_id', 'binding:vif_type', 'binding:vif_details'] {{(pid=102855) _exclude_attributes_by_policy /opt/stack/neutron/neutron/pecan_wsgi/hooks/policy_enforcement.py:255}}
Jan 31 15:33:51.221423 dv-neutron-823267-3-hyperv neutron-server[102855]: INFO neutron.wsgi [req-dfa1155e-806c-4880-87dc-9c56f54b062e req-56b0882d-50aa-45a4-9e96-8e5358043b22 tempest-ServerActionsTestJSON-2073407852 tempest-ServerActionsTestJSON-2073407852-project] 10.222.0.32 "GET /v2.0/ports?device_id=86934f60-ffd6-4154-8ae3-5fe1e4352021 HTTP/1.1" status: 200 len: 944 time: 0.2312217
Jan 31 15:33:51.226212 dv-neutron-823267-3-hyperv neutron-server[102855]: DEBUG neutron_lib.callbacks.manager [None req-dd2ec0d8-49d2-4760-9006-6b25f1e1a548 tempest-RoutersTest-1427327955 tempest-RoutersTest-1427327955-project] Notify callbacks ['neutron.plugins.ml2.plugin.Ml2Plugin._handle_segment_change-16475546'] for segment, precommit_create {{(pid=102855) _notify_loop /usr/local/lib/python3.8/dist-packages/neutron_lib/callbacks/manager.py:192}}
Jan 31 15:33:51.226613 dv-neutron-823267-3-hyperv neutron-server[102855]: INFO neutron.db.segments_db [None req-dd2ec0d8-49d2-4760-9006-6b25f1e1a548 tempest-RoutersTest-1427327955 tempest-RoutersTest-1427327955-project] Added segment 58617e60-2891-4daa-ac15-7ce99dd4da47 of type vlan for network 31a66d0e-b185-4d85-a4b4-d94ceba4b03e
Jan 31 15:33:51.292935 dv-neutron-823267-3-hyperv neutron-server[102856]: DEBUG neutron.plugins.ml2.db [None req-75b6c610-76a4-4dde-9807-d7f02a9ec807 None None] For port 9be72056-fbba-4d84-a723-aebcf4a3dc64, host hv-neutron-8232, got binding levels [PortBindingLevel(driver='hyperv',host='hv-neutron-8232',level=0,port_id=9be72056-fbba-4d84-a723-aebcf4a3dc64,segment=NetworkSegment(e0747c2f-6799-4821-a1ff-665935cf840b),segment_id=e0747c2f-6799-4821-a1ff-665935cf840b)] {{(pid=102856) get_binding_level_objs /opt/stack/neutron/neutron/plugins/ml2/db.py:74}}
Jan 31 15:33:51.301746 dv-neutron-823267-3-hyperv neutron-server[102855]: DEBUG neutron.plugins.ml2.plugin [None req-3d7afb85-1883-4a02-938b-29eef72240cc tempest-AllowedAddressPairTestJSON-200971461 tempest-AllowedAddressPairTestJSON-200971461-project] Deleting port 87233681-e564-4493-9504-d1b68e1578e9 {{(pid=102855) _pre_delete_port /opt/stack/neutron/neutron/plugins/ml2/plugin.py:1954}}
Jan 31 15:33:51.302252 dv-neutron-823267-3-hyperv neutron-server[102855]: DEBUG neutron_lib.callbacks.manager [None req-3d7afb85-1883-4a02-938b-29eef72240cc tempest-AllowedAddressPairTestJSON-200971461 tempest-AllowedAddressPairTestJSON-200971461-project] Notify callbacks ['neutron.db.l3_db.L3_NAT_dbonly_mixin._prevent_l3_port_delete_callback-8751691681419'] for port, before_delete {{(pid=102855) _notify_loop /usr/local/lib/python3.8/dist-packages/neutron_lib/callbacks/manager.py:192}}
Jan 31 15:33:51.308736 dv-neutron-823267-3-hyperv neutron-server[102856]: DEBUG neutron.plugins.ml2.rpc [None req-75b6c610-76a4-4dde-9807-d7f02a9ec807 None None] Returning: {'device': '9be72056-fbba-4d84-a723-aebcf4a3dc64', 'network_id': 'c2ce2039-f068-44b7-a70c-d631bce58176', 'port_id': '9be72056-fbba-4d84-a723-aebcf4a3dc64', 'mac_address': 'fa:16:3e:e4:7a:1f', 'admin_state_up': True, 'network_type': 'vlan', 'segmentation_id': 176, 'physical_network': 'physnet1', 'mtu': 1500, 'fixed_ips': [{'subnet_id': '29d31dae-0fc2-4257-acc3-6f77b8ba12f1', 'ip_address': '172.20.0.7'}], 'device_owner': 'compute:nova', 'allowed_address_pairs': [], 'port_security_enabled': True, 'qos_policy_id': None, 'network_qos_policy_id': None, 'profile': {}, 'propagate_uplink_status': False} {{(pid=102856) _get_device_details /opt/stack/neutron/neutron/plugins/ml2/rpc.py:184}}
Jan 31 15:33:51.353389 dv-neutron-823267-3-hyperv neutron-server[102854]: DEBUG neutron.api.rpc.handlers.resources_rpc [None req-b40558fd-25fe-41b2-8c7a-ef6400861307 service neutron] Pushing event updated for resources: {'Port': ['ID=ed42314f-5178-4ee6-984a-9d99d639ccea,revision_number=2']} {{(pid=102854) push /opt/stack/neutron/neutron/api/rpc/handlers/resources_rpc.py:237}}
Jan 31 15:33:51.359262 dv-neutron-823267-3-hyperv neutron-server[102856]: DEBUG neutron_lib.callbacks.manager [None req-75b6c610-76a4-4dde-9807-d7f02a9ec807 None None] Notify callbacks ['neutron.plugins.ml2.plugin.SecurityGroupDbMixin._ensure_default_security_group_handler-16262631'] for port, before_update {{(pid=102856) _notify_loop /usr/local/lib/python3.8/dist-packages/neutron_lib/callbacks/manager.py:192}}
Jan 31 15:33:51.373913 dv-neutron-823267-3-hyperv neutron-server[102856]: DEBUG neutron.notifiers.nova [None req-75b6c610-76a4-4dde-9807-d7f02a9ec807 None None] Ignoring state change previous_port_status: DOWN current_port_status: BUILD port_id 9be72056-fbba-4d84-a723-aebcf4a3dc64 {{(pid=102856) record_port_status_changed /opt/stack/neutron/neutron/notifiers/nova.py:224}}
Jan 31 15:33:51.389987 dv-neutron-823267-3-hyperv neutron-server[102854]: DEBUG neutron.api.rpc.handlers.resources_rpc [None req-dd86d276-0f74-48d1-93df-db50c14376ca tempest-BulkNetworkOpsIpV6Test-880378379 tempest-BulkNetworkOpsIpV6Test-880378379-project] Pushing event updated for resources: {'SecurityGroup': ['ID=9394ac2d-8f27-40df-951c-d5b0cd13b6d2,revision_number=1']} {{(pid=102854) push /opt/stack/neutron/neutron/api/rpc/handlers/resources_rpc.py:237}}
Jan 31 15:33:51.395169 dv-neutron-823267-3-hyperv neutron-server[102854]: DEBUG neutron.plugins.ml2.drivers.helpers [None req-dd86d276-0f74-48d1-93df-db50c14376ca tempest-BulkNetworkOpsIpV6Test-880378379 tempest-BulkNetworkOpsIpV6Test-880378379-project] vlan segment allocate from pool success with {'physical_network': 'physnet1', 'vlan_id': 164} {{(pid=102854) allocate_partially_specified_segment /opt/stack/neutron/neutron/plugins/ml2/drivers/helpers.py:153}}
Jan 31 15:33:51.403179 dv-neutron-823267-3-hyperv neutron-server[102856]: DEBUG neutron.plugins.ml2.db [None req-75b6c610-76a4-4dde-9807-d7f02a9ec807 None None] For port 9be72056-fbba-4d84-a723-aebcf4a3dc64, host hv-neutron-8232, got binding levels [PortBindingLevel(driver='hyperv',host='hv-neutron-8232',level=0,port_id=9be72056-fbba-4d84-a723-aebcf4a3dc64,segment=NetworkSegment(e0747c2f-6799-4821-a1ff-665935cf840b),segment_id=e0747c2f-6799-4821-a1ff-665935cf840b)] {{(pid=102856) get_binding_level_objs /opt/stack/neutron/neutron/plugins/ml2/db.py:74}}
Jan 31 15:33:51.441603 dv-neutron-823267-3-hyperv neutron-server[102854]: DEBUG neutron_lib.callbacks.manager [None req-dd86d276-0f74-48d1-93df-db50c14376ca tempest-BulkNetworkOpsIpV6Test-880378379 tempest-BulkNetworkOpsIpV6Test-880378379-project] Notify callbacks ['neutron.plugins.ml2.plugin.Ml2Plugin._handle_segment_change-16475546'] for segment, precommit_create {{(pid=102854) _notify_loop /usr/local/lib/python3.8/dist-packages/neutron_lib/callbacks/manager.py:192}}
Jan 31 15:33:51.441933 dv-neutron-823267-3-hyperv neutron-server[102854]: INFO neutron.db.segments_db [None req-dd86d276-0f74-48d1-93df-db50c14376ca tempest-BulkNetworkOpsIpV6Test-880378379 tempest-BulkNetworkOpsIpV6Test-880378379-project] Added segment 1376a96e-697b-47fc-9e44-a3a7b02eba2a of type vlan for network 623584c9-db5c-417a-8980-1fb1ddd6e4c5
Jan 31 15:33:51.461379 dv-neutron-823267-3-hyperv neutron-server[102854]: DEBUG neutron.pecan_wsgi.hooks.policy_enforcement [req-5cf1ed4b-c7d4-47e1-8de8-53bc2a9ea578 req-a2d66f34-d000-4f74-87e4-1b4de6cecb65 tempest-ServersTestJSON-1519030267 tempest-ServersTestJSON-1519030267-project] Attributes excluded by policy engine: ['standard_attr_id', 'binding:profile', 'binding:host_id', 'binding:vif_type', 'binding:vif_details'] {{(pid=102854) _exclude_attributes_by_policy /opt/stack/neutron/neutron/pecan_wsgi/hooks/policy_enforcement.py:255}}
Jan 31 15:33:51.464526 dv-neutron-823267-3-hyperv neutron-server[102854]: INFO neutron.wsgi [req-5cf1ed4b-c7d4-47e1-8de8-53bc2a9ea578 req-a2d66f34-d000-4f74-87e4-1b4de6cecb65 tempest-ServersTestJSON-1519030267 tempest-ServersTestJSON-1519030267-project] 10.222.0.32 "GET /v2.0/ports?device_id=cfe4ddf9-1f99-4ae7-b738-4efc547245ad HTTP/1.1" status: 200 len: 943 time: 0.4087226
Jan 31 15:33:51.482989 dv-neutron-823267-3-hyperv neutron-server[102856]: DEBUG neutron_lib.callbacks.manager [None req-75b6c610-76a4-4dde-9807-d7f02a9ec807 None None] Notify callbacks ['neutron.plugins.ml2.plugin.SecurityGroupServerNotifierRpcMixin._notify_sg_on_port_change-16262456', 'neutron.plugins.ml2.ovo_rpc._ObjectChangeHandler.handle_event-62101', 'neutron.api.rpc.agentnotifiers.dhcp_rpc_agent_api.DhcpAgentNotifyAPI._native_event_send_dhcp_notification-1044767', 'neutron.db.l3_db.L3RpcNotifierMixin._notify_gateway_port_ip_changed-8751691685744', 'neutron.db.l3_dvrscheduler_db._notify_l3_agent_port_update-8751691296112', 'neutron.db.l3_hascheduler_db._notify_l3_agent_ha_port_update-8751691296130'] for port, after_update {{(pid=102856) _notify_loop /usr/local/lib/python3.8/dist-packages/neutron_lib/callbacks/manager.py:192}}
Jan 31 15:33:51.490209 dv-neutron-823267-3-hyperv neutron-server[102855]: DEBUG neutron_lib.callbacks.manager [None req-dd2ec0d8-49d2-4760-9006-6b25f1e1a548 tempest-RoutersTest-1427327955 tempest-RoutersTest-1427327955-project] Notify callbacks ['neutron.services.auto_allocate.db._ensure_external_network_default_value_callback-8751691298753'] for network, precommit_create {{(pid=102855) _notify_loop /usr/local/lib/python3.8/dist-packages/neutron_lib/callbacks/manager.py:192}}
Jan 31 15:33:51.497464 dv-neutron-823267-3-hyperv neutron-server[102854]: DEBUG neutron_lib.callbacks.manager [None req-882c078a-632f-4fef-b8f2-70be14929d90 tempest-ExternalNetworksTestJSON-1970578335 tempest-ExternalNetworksTestJSON-1970578335-project-admin] Notify callbacks [] for floatingip, before_create {{(pid=102854) _notify_loop /usr/local/lib/python3.8/dist-packages/neutron_lib/callbacks/manager.py:192}}
Jan 31 15:33:51.524130 dv-neutron-823267-3-hyperv neutron-server[102855]: DEBUG neutron_lib.callbacks.manager [None req-0c47fb60-ecaa-437a-8c16-f6b5d0751420 tempest-RoutersIpV6AdminTest-479498938 tempest-RoutersIpV6AdminTest-479498938-project] Notify callbacks [] for router_gateway, before_create {{(pid=102855) _notify_loop /usr/local/lib/python3.8/dist-packages/neutron_lib/callbacks/manager.py:192}}
Jan 31 15:33:51.525937 dv-neutron-823267-3-hyperv neutron-server[102854]: DEBUG neutron_lib.callbacks.manager [None req-dd86d276-0f74-48d1-93df-db50c14376ca tempest-BulkNetworkOpsIpV6Test-880378379 tempest-BulkNetworkOpsIpV6Test-880378379-project] Notify callbacks ['neutron.services.auto_allocate.db._ensure_external_network_default_value_callback-8751691298753'] for network, precommit_create {{(pid=102854) _notify_loop /usr/local/lib/python3.8/dist-packages/neutron_lib/callbacks/manager.py:192}}
Jan 31 15:33:51.533255 dv-neutron-823267-3-hyperv neutron-server[102856]: DEBUG neutron.api.rpc.handlers.resources_rpc [None req-75b6c610-76a4-4dde-9807-d7f02a9ec807 None None] Pushing event updated for resources: {'Port': ['ID=9be72056-fbba-4d84-a723-aebcf4a3dc64,revision_number=4']} {{(pid=102856) push /opt/stack/neutron/neutron/api/rpc/handlers/resources_rpc.py:237}}
Jan 31 15:33:51.544234 dv-neutron-823267-3-hyperv neutron-server[102855]: INFO neutron.wsgi [req-dfa1155e-806c-4880-87dc-9c56f54b062e req-a79ea0d7-b16a-41d0-bc15-b6885cbe09a5 tempest-ServerActionsTestJSON-2073407852 tempest-ServerActionsTestJSON-2073407852-project] 10.222.0.32 "GET /v2.0/security-groups?id=7e5d99fd-a2a1-4868-b976-d3a26063e7bc&fields=id&fields=name HTTP/1.1" status: 200 len: 313 time: 0.3007793
Jan 31 15:33:51.577571 dv-neutron-823267-3-hyperv neutron-server[102855]: DEBUG neutron_lib.callbacks.manager [None req-0c47fb60-ecaa-437a-8c16-f6b5d0751420 tempest-RoutersIpV6AdminTest-479498938 tempest-RoutersIpV6AdminTest-479498938-project] Notify callbacks ['neutron.plugins.ml2.plugin.SecurityGroupDbMixin._ensure_default_security_group_handler-16262631'] for port, before_create {{(pid=102855) _notify_loop /usr/local/lib/python3.8/dist-packages/neutron_lib/callbacks/manager.py:192}}
Jan 31 15:33:51.587263 dv-neutron-823267-3-hyperv neutron-server[102854]: DEBUG neutron.plugins.ml2.managers [req-36ede1f1-0635-4f80-a245-77ccf4f1eebc req-b40558fd-25fe-41b2-8c7a-ef6400861307 service neutron] Attempting to bind port ed42314f-5178-4ee6-984a-9d99d639ccea on host hv-neutron-8232 for vnic_type normal with profile {{(pid=102854) bind_port /opt/stack/neutron/neutron/plugins/ml2/managers.py:790}}
Jan 31 15:33:51.587590 dv-neutron-823267-3-hyperv neutron-server[102854]: DEBUG neutron.plugins.ml2.managers [req-36ede1f1-0635-4f80-a245-77ccf4f1eebc req-b40558fd-25fe-41b2-8c7a-ef6400861307 service neutron] Attempting to bind port ed42314f-5178-4ee6-984a-9d99d639ccea by drivers openvswitch,hyperv on host hv-neutron-8232 at level 0 using segments [{'id': '708b1164-68a9-45e0-b720-56f596604f2d', 'network_type': 'vlan', 'physical_network': 'physnet1', 'segmentation_id': 169, 'network_id': 'd646b8d8-f4b0-4a78-a238-853699a2baa3'}] {{(pid=102854) _bind_port_level /opt/stack/neutron/neutron/plugins/ml2/managers.py:815}}
Jan 31 15:33:51.587905 dv-neutron-823267-3-hyperv neutron-server[102854]: DEBUG neutron.plugins.ml2.drivers.mech_agent [req-36ede1f1-0635-4f80-a245-77ccf4f1eebc req-b40558fd-25fe-41b2-8c7a-ef6400861307 service neutron] Attempting to bind port ed42314f-5178-4ee6-984a-9d99d639ccea on network d646b8d8-f4b0-4a78-a238-853699a2baa3 {{(pid=102854) bind_port /opt/stack/neutron/neutron/plugins/ml2/drivers/mech_agent.py:91}}
Jan 31 15:33:51.600043 dv-neutron-823267-3-hyperv neutron-server[102855]: DEBUG neutron.pecan_wsgi.hooks.policy_enforcement [req-f20b011f-097c-44b9-8d96-85a24b277ab1 req-31a75298-e07b-4518-aac9-155e18bbb35c service neutron] Attributes excluded by policy engine: ['standard_attr_id'] {{(pid=102855) _exclude_attributes_by_policy /opt/stack/neutron/neutron/pecan_wsgi/hooks/policy_enforcement.py:255}}
Jan 31 15:33:51.601877 dv-neutron-823267-3-hyperv neutron-server[102855]: INFO neutron.wsgi [req-f20b011f-097c-44b9-8d96-85a24b277ab1 req-31a75298-e07b-4518-aac9-155e18bbb35c service neutron] 10.222.0.26 "GET /v2.0/ports?tenant_id=a7fad445c46a428c9e7118e48de51981&device_id=3bc7d4c7-d34b-4b3a-b0d5-d5a72d922aea HTTP/1.1" status: 200 len: 1097 time: 0.2850766
Jan 31 15:33:51.613231 dv-neutron-823267-3-hyperv neutron-server[102854]: DEBUG neutron.plugins.ml2.drivers.mech_agent [req-36ede1f1-0635-4f80-a245-77ccf4f1eebc req-b40558fd-25fe-41b2-8c7a-ef6400861307 service neutron] Port ed42314f-5178-4ee6-984a-9d99d639ccea on network d646b8d8-f4b0-4a78-a238-853699a2baa3 not bound, no agent of type Open vSwitch agent registered on host hv-neutron-8232 {{(pid=102854) bind_port /opt/stack/neutron/neutron/plugins/ml2/drivers/mech_agent.py:103}}
Jan 31 15:33:51.613426 dv-neutron-823267-3-hyperv neutron-server[102854]: DEBUG neutron.plugins.ml2.drivers.mech_agent [req-36ede1f1-0635-4f80-a245-77ccf4f1eebc req-b40558fd-25fe-41b2-8c7a-ef6400861307 service neutron] Attempting to bind port ed42314f-5178-4ee6-984a-9d99d639ccea on network d646b8d8-f4b0-4a78-a238-853699a2baa3 {{(pid=102854) bind_port /opt/stack/neutron/neutron/plugins/ml2/drivers/mech_agent.py:91}}
Jan 31 15:33:51.621344 dv-neutron-823267-3-hyperv neutron-server[102854]: INFO neutron.wsgi [req-5cf1ed4b-c7d4-47e1-8de8-53bc2a9ea578 req-369d6744-35d3-44d6-b277-70c567b6252b tempest-ServersTestJSON-1519030267 tempest-ServersTestJSON-1519030267-project] 10.222.0.32 "GET /v2.0/security-groups?id=542da4a4-6ecb-495c-9ae9-5363ccae7855&fields=id&fields=name HTTP/1.1" status: 200 len: 313 time: 0.1299117
Jan 31 15:33:51.630324 dv-neutron-823267-3-hyperv neutron-server[102854]: DEBUG neutron.plugins.ml2.drivers.mech_agent [req-36ede1f1-0635-4f80-a245-77ccf4f1eebc req-b40558fd-25fe-41b2-8c7a-ef6400861307 service neutron] Checking agent: {'id': '3df0e40f-4049-40c9-8207-74ce27c493c2', 'agent_type': 'HyperV agent', 'binary': 'neutron-hyperv-agent', 'topic': 'N/A', 'host': 'hv-neutron-8232', 'admin_state_up': True, 'created_at': datetime.datetime(2022, 1, 31, 15, 31, 20), 'started_at': datetime.datetime(2022, 1, 31, 15, 31, 20), 'heartbeat_timestamp': datetime.datetime(2022, 1, 31, 15, 33, 50), 'description': None, 'resources_synced': None, 'availability_zone': None, 'alive': True, 'configurations': {'vswitch_mappings': {'physnet1$': 'br-data'}}, 'resource_versions': {}} {{(pid=102854) bind_port /opt/stack/neutron/neutron/plugins/ml2/drivers/mech_agent.py:110}}
Jan 31 15:33:51.630717 dv-neutron-823267-3-hyperv neutron-server[102854]: DEBUG neutron.plugins.ml2.drivers.mech_agent [req-36ede1f1-0635-4f80-a245-77ccf4f1eebc req-b40558fd-25fe-41b2-8c7a-ef6400861307 service neutron] Checking segment: {'id': '708b1164-68a9-45e0-b720-56f596604f2d', 'network_type': 'vlan', 'physical_network': 'physnet1', 'segmentation_id': 169, 'network_id': 'd646b8d8-f4b0-4a78-a238-853699a2baa3'} for mappings: {'physnet1$': 'br-data'} with network types: ['local', 'flat', 'vlan'] {{(pid=102854) check_segment_for_agent /opt/stack/neutron/neutron/plugins/ml2/drivers/mech_agent.py:360}}
Jan 31 15:33:51.631397 dv-neutron-823267-3-hyperv neutron-server[102854]: DEBUG neutron.plugins.ml2.drivers.mech_agent [req-36ede1f1-0635-4f80-a245-77ccf4f1eebc req-b40558fd-25fe-41b2-8c7a-ef6400861307 service neutron] Bound using segment: {'id': '708b1164-68a9-45e0-b720-56f596604f2d', 'network_type': 'vlan', 'physical_network': 'physnet1', 'segmentation_id': 169, 'network_id': 'd646b8d8-f4b0-4a78-a238-853699a2baa3'} {{(pid=102854) bind_port /opt/stack/neutron/neutron/plugins/ml2/drivers/mech_agent.py:120}}
Jan 31 15:33:51.631848 dv-neutron-823267-3-hyperv neutron-server[102854]: DEBUG neutron.plugins.ml2.managers [req-36ede1f1-0635-4f80-a245-77ccf4f1eebc req-b40558fd-25fe-41b2-8c7a-ef6400861307 service neutron] Bound port: ed42314f-5178-4ee6-984a-9d99d639ccea, host: hv-neutron-8232, vif_type: hyperv, vif_details: {"connectivity": "legacy", "port_filter": false}, binding_levels: [{'bound_driver': 'hyperv', 'bound_segment': {'id': '708b1164-68a9-45e0-b720-56f596604f2d', 'network_type': 'vlan', 'physical_network': 'physnet1', 'segmentation_id': 169, 'network_id': 'd646b8d8-f4b0-4a78-a238-853699a2baa3'}}] {{(pid=102854) _bind_port_level /opt/stack/neutron/neutron/plugins/ml2/managers.py:928}}
Jan 31 15:33:51.632220 dv-neutron-823267-3-hyperv neutron-server[102854]: DEBUG neutron_lib.callbacks.manager [req-36ede1f1-0635-4f80-a245-77ccf4f1eebc req-b40558fd-25fe-41b2-8c7a-ef6400861307 service neutron] Notify callbacks ['neutron.plugins.ml2.plugin.SecurityGroupDbMixin._ensure_default_security_group_handler-16262631'] for port, before_update {{(pid=102854) _notify_loop /usr/local/lib/python3.8/dist-packages/neutron_lib/callbacks/manager.py:192}}
Jan 31 15:33:51.634963 dv-neutron-823267-3-hyperv neutron-server[102854]: DEBUG neutron.plugins.ml2.drivers.helpers [None req-dd86d276-0f74-48d1-93df-db50c14376ca tempest-BulkNetworkOpsIpV6Test-880378379 tempest-BulkNetworkOpsIpV6Test-880378379-project] vlan segment allocate from pool success with {'physical_network': 'physnet1', 'vlan_id': 150} {{(pid=102854) allocate_partially_specified_segment /opt/stack/neutron/neutron/plugins/ml2/drivers/helpers.py:153}}
Jan 31 15:33:51.655496 dv-neutron-823267-3-hyperv neutron-server[102854]: DEBUG neutron_lib.callbacks.manager [None req-dd86d276-0f74-48d1-93df-db50c14376ca tempest-BulkNetworkOpsIpV6Test-880378379 tempest-BulkNetworkOpsIpV6Test-880378379-project] Notify callbacks ['neutron.plugins.ml2.plugin.Ml2Plugin._handle_segment_change-16475546'] for segment, precommit_create {{(pid=102854) _notify_loop /usr/local/lib/python3.8/dist-packages/neutron_lib/callbacks/manager.py:192}}
Jan 31 15:33:51.655834 dv-neutron-823267-3-hyperv neutron-server[102854]: INFO neutron.db.segments_db [None req-dd86d276-0f74-48d1-93df-db50c14376ca tempest-BulkNetworkOpsIpV6Test-880378379 tempest-BulkNetworkOpsIpV6Test-880378379-project] Added segment 822a97ec-7ee6-4ee2-8a77-be33de72a205 of type vlan for network 04201203-4351-4c5b-a81f-41846964b056
Jan 31 15:33:51.658736 dv-neutron-823267-3-hyperv neutron-server[102855]: DEBUG neutron_lib.callbacks.manager [None req-dd2ec0d8-49d2-4760-9006-6b25f1e1a548 tempest-RoutersTest-1427327955 tempest-RoutersTest-1427327955-project] Notify callbacks ['neutron.plugins.ml2.ovo_rpc._ObjectChangeHandler.handle_event-593376', 'neutron.api.rpc.agentnotifiers.dhcp_rpc_agent_api.DhcpAgentNotifyAPI._native_event_send_dhcp_notification-1044767'] for network, after_create {{(pid=102855) _notify_loop /usr/local/lib/python3.8/dist-packages/neutron_lib/callbacks/manager.py:192}}
Jan 31 15:33:51.664547 dv-neutron-823267-3-hyperv neutron-server[102855]: DEBUG neutron.pecan_wsgi.hooks.policy_enforcement [None req-dd2ec0d8-49d2-4760-9006-6b25f1e1a548 tempest-RoutersTest-1427327955 tempest-RoutersTest-1427327955-project] Attributes excluded by policy engine: ['standard_attr_id', 'provider:network_type', 'provider:physical_network', 'provider:segmentation_id', 'vlan_transparent'] {{(pid=102855) _exclude_attributes_by_policy /opt/stack/neutron/neutron/pecan_wsgi/hooks/policy_enforcement.py:255}}
Jan 31 15:33:51.665133 dv-neutron-823267-3-hyperv neutron-server[102855]: DEBUG neutron_lib.callbacks.manager [None req-dd2ec0d8-49d2-4760-9006-6b25f1e1a548 tempest-RoutersTest-1427327955 tempest-RoutersTest-1427327955-project] Notify callbacks ['neutron.api.rpc.agentnotifiers.dhcp_rpc_agent_api.DhcpAgentNotifyAPI._send_dhcp_notification-1044749'] for network, before_response {{(pid=102855) _notify_loop /usr/local/lib/python3.8/dist-packages/neutron_lib/callbacks/manager.py:192}}
Jan 31 15:33:51.701045 dv-neutron-823267-3-hyperv neutron-server[102855]: DEBUG neutron_lib.callbacks.manager [None req-3d7afb85-1883-4a02-938b-29eef72240cc tempest-AllowedAddressPairTestJSON-200971461 tempest-AllowedAddressPairTestJSON-200971461-project] Notify callbacks ['neutron.services.l3_router.l3_router_plugin.L3_NAT_dbonly_mixin._precommit_delete_port_callback-681950'] for port, precommit_delete {{(pid=102855) _notify_loop /usr/local/lib/python3.8/dist-packages/neutron_lib/callbacks/manager.py:192}}
Jan 31 15:33:51.734921 dv-neutron-823267-3-hyperv neutron-server[102854]: DEBUG neutron_lib.callbacks.manager [None req-dd86d276-0f74-48d1-93df-db50c14376ca tempest-BulkNetworkOpsIpV6Test-880378379 tempest-BulkNetworkOpsIpV6Test-880378379-project] Notify callbacks ['neutron.services.auto_allocate.db._ensure_external_network_default_value_callback-8751691298753'] for network, precommit_create {{(pid=102854) _notify_loop /usr/local/lib/python3.8/dist-packages/neutron_lib/callbacks/manager.py:192}}
Jan 31 15:33:51.737129 dv-neutron-823267-3-hyperv neutron-server[102855]: INFO neutron.wsgi [req-f20b011f-097c-44b9-8d96-85a24b277ab1 req-d89874ae-f9f5-44bc-8114-c6097dae89f7 service neutron] 10.222.0.26 "GET /v2.0/floatingips?fixed_ip_address=172.20.0.12&port_id=190c2e9c-b347-4fa6-a338-9c37803ef7c5 HTTP/1.1" status: 200 len: 217 time: 0.1237328
Jan 31 15:33:51.762278 dv-neutron-823267-3-hyperv neutron-server[102856]: DEBUG neutron.plugins.ml2.db [None req-75b6c610-76a4-4dde-9807-d7f02a9ec807 None None] get_ports_and_sgs() called for port_ids ['9be72056-fbba-4d84-a723-aebcf4a3dc64'] {{(pid=102856) get_ports_and_sgs /opt/stack/neutron/neutron/plugins/ml2/db.py:156}}
Jan 31 15:33:51.769186 dv-neutron-823267-3-hyperv neutron-server[102854]: DEBUG neutron.plugins.ml2.db [req-36ede1f1-0635-4f80-a245-77ccf4f1eebc req-b40558fd-25fe-41b2-8c7a-ef6400861307 service neutron] For port ed42314f-5178-4ee6-984a-9d99d639ccea, host hv-neutron-8232, cleared binding levels {{(pid=102854) clear_binding_levels /opt/stack/neutron/neutron/plugins/ml2/db.py:87}}
Jan 31 15:33:51.772319 dv-neutron-823267-3-hyperv neutron-server[102855]: DEBUG neutron.plugins.ml2.plugin [None req-3d7afb85-1883-4a02-938b-29eef72240cc tempest-AllowedAddressPairTestJSON-200971461 tempest-AllowedAddressPairTestJSON-200971461-project] Calling delete_port for 87233681-e564-4493-9504-d1b68e1578e9 owned by {{(pid=102855) delete_port /opt/stack/neutron/neutron/plugins/ml2/plugin.py:2032}}
Jan 31 15:33:51.802457 dv-neutron-823267-3-hyperv neutron-server[102854]: DEBUG neutron.plugins.ml2.db [req-36ede1f1-0635-4f80-a245-77ccf4f1eebc req-b40558fd-25fe-41b2-8c7a-ef6400861307 service neutron] For port ed42314f-5178-4ee6-984a-9d99d639ccea, host hv-neutron-8232, set binding levels [PortBindingLevel(driver='hyperv',host='hv-neutron-8232',level=0,port_id=ed42314f-5178-4ee6-984a-9d99d639ccea,segment=NetworkSegment(708b1164-68a9-45e0-b720-56f596604f2d),segment_id=708b1164-68a9-45e0-b720-56f596604f2d)] {{(pid=102854) set_binding_levels /opt/stack/neutron/neutron/plugins/ml2/db.py:59}}
Jan 31 15:33:51.811371 dv-neutron-823267-3-hyperv neutron-server[102854]: DEBUG neutron_lib.callbacks.manager [None req-882c078a-632f-4fef-b8f2-70be14929d90 tempest-ExternalNetworksTestJSON-1970578335 tempest-ExternalNetworksTestJSON-1970578335-project-admin] Notify callbacks ['neutron.plugins.ml2.plugin.SecurityGroupDbMixin._ensure_default_security_group_handler-16262631'] for port, before_create {{(pid=102854) _notify_loop /usr/local/lib/python3.8/dist-packages/neutron_lib/callbacks/manager.py:192}}
Jan 31 15:33:51.937495 dv-neutron-823267-3-hyperv neutron-server[102854]: DEBUG neutron_lib.callbacks.manager [None req-dd86d276-0f74-48d1-93df-db50c14376ca tempest-BulkNetworkOpsIpV6Test-880378379 tempest-BulkNetworkOpsIpV6Test-880378379-project] Notify callbacks ['neutron.plugins.ml2.ovo_rpc._ObjectChangeHandler.handle_event-593376', 'neutron.api.rpc.agentnotifiers.dhcp_rpc_agent_api.DhcpAgentNotifyAPI._native_event_send_dhcp_notification-1044767'] for network, after_create {{(pid=102854) _notify_loop /usr/local/lib/python3.8/dist-packages/neutron_lib/callbacks/manager.py:192}}
Jan 31 15:33:51.938148 dv-neutron-823267-3-hyperv neutron-server[102854]: DEBUG neutron_lib.callbacks.manager [None req-dd86d276-0f74-48d1-93df-db50c14376ca tempest-BulkNetworkOpsIpV6Test-880378379 tempest-BulkNetworkOpsIpV6Test-880378379-project] Notify callbacks ['neutron.plugins.ml2.ovo_rpc._ObjectChangeHandler.handle_event-593376', 'neutron.api.rpc.agentnotifiers.dhcp_rpc_agent_api.DhcpAgentNotifyAPI._native_event_send_dhcp_notification-1044767'] for network, after_create {{(pid=102854) _notify_loop /usr/local/lib/python3.8/dist-packages/neutron_lib/callbacks/manager.py:192}}
Jan 31 15:33:51.944452 dv-neutron-823267-3-hyperv neutron-server[102854]: DEBUG neutron.pecan_wsgi.hooks.policy_enforcement [None req-dd86d276-0f74-48d1-93df-db50c14376ca tempest-BulkNetworkOpsIpV6Test-880378379 tempest-BulkNetworkOpsIpV6Test-880378379-project] Attributes excluded by policy engine: ['standard_attr_id', 'provider:network_type', 'provider:physical_network', 'provider:segmentation_id', 'vlan_transparent'] {{(pid=102854) _exclude_attributes_by_policy /opt/stack/neutron/neutron/pecan_wsgi/hooks/policy_enforcement.py:255}}
Jan 31 15:33:51.948904 dv-neutron-823267-3-hyperv neutron-server[102854]: DEBUG neutron.pecan_wsgi.hooks.policy_enforcement [None req-dd86d276-0f74-48d1-93df-db50c14376ca tempest-BulkNetworkOpsIpV6Test-880378379 tempest-BulkNetworkOpsIpV6Test-880378379-project] Attributes excluded by policy engine: ['standard_attr_id', 'provider:network_type', 'provider:physical_network', 'provider:segmentation_id', 'vlan_transparent'] {{(pid=102854) _exclude_attributes_by_policy /opt/stack/neutron/neutron/pecan_wsgi/hooks/policy_enforcement.py:255}}
Jan 31 15:33:51.950182 dv-neutron-823267-3-hyperv neutron-server[102854]: DEBUG neutron_lib.callbacks.manager [None req-dd86d276-0f74-48d1-93df-db50c14376ca tempest-BulkNetworkOpsIpV6Test-880378379 tempest-BulkNetworkOpsIpV6Test-880378379-project] Notify callbacks ['neutron.api.rpc.agentnotifiers.dhcp_rpc_agent_api.DhcpAgentNotifyAPI._send_dhcp_notification-1044749'] for network, before_response {{(pid=102854) _notify_loop /usr/local/lib/python3.8/dist-packages/neutron_lib/callbacks/manager.py:192}}
Jan 31 15:33:51.960439 dv-neutron-823267-3-hyperv neutron-server[102854]: DEBUG neutron_lib.callbacks.manager [req-36ede1f1-0635-4f80-a245-77ccf4f1eebc req-b40558fd-25fe-41b2-8c7a-ef6400861307 service neutron] Notify callbacks ['neutron.plugins.ml2.plugin.SecurityGroupServerNotifierRpcMixin._notify_sg_on_port_change-16262456', 'neutron.plugins.ml2.ovo_rpc._ObjectChangeHandler.handle_event-62101', 'neutron.api.rpc.agentnotifiers.dhcp_rpc_agent_api.DhcpAgentNotifyAPI._native_event_send_dhcp_notification-1044767', 'neutron.db.l3_db.L3RpcNotifierMixin._notify_gateway_port_ip_changed-8751691685744', 'neutron.db.l3_dvrscheduler_db._notify_l3_agent_port_update-8751691296112', 'neutron.db.l3_hascheduler_db._notify_l3_agent_ha_port_update-8751691296130', 'neutron.services.segments.plugin.NovaSegmentNotifier._notify_port_updated-2721054'] for port, after_update {{(pid=102854) _notify_loop /usr/local/lib/python3.8/dist-packages/neutron_lib/callbacks/manager.py:192}}
Jan 31 15:33:51.967549 dv-neutron-823267-3-hyperv neutron-server[102854]: DEBUG neutron.db.db_base_plugin_common [None req-882c078a-632f-4fef-b8f2-70be14929d90 tempest-ExternalNetworksTestJSON-1970578335 tempest-ExternalNetworksTestJSON-1970578335-project-admin] Allocated IP 172.20.0.4 (0df172f9-67f4-4e91-961d-0d985efe338b/1f8734c4-b51e-44a2-99d0-a4e5089f6cb6/7f460db7-22fd-4b88-be27-b0081d07446e) {{(pid=102854) _store_ip_allocation /opt/stack/neutron/neutron/db/db_base_plugin_common.py:131}}
Jan 31 15:33:52.081431 dv-neutron-823267-3-hyperv neutron-server[102854]: DEBUG neutron.pecan_wsgi.hooks.policy_enforcement [req-36ede1f1-0635-4f80-a245-77ccf4f1eebc req-b40558fd-25fe-41b2-8c7a-ef6400861307 service neutron] Attributes excluded by policy engine: ['standard_attr_id'] {{(pid=102854) _exclude_attributes_by_policy /opt/stack/neutron/neutron/pecan_wsgi/hooks/policy_enforcement.py:255}}
Jan 31 15:33:52.082048 dv-neutron-823267-3-hyperv neutron-server[102854]: DEBUG neutron_lib.callbacks.manager [req-36ede1f1-0635-4f80-a245-77ccf4f1eebc req-b40558fd-25fe-41b2-8c7a-ef6400861307 service neutron] Notify callbacks ['neutron.notifiers.nova.Notifier._send_nova_notification-19852'] for port, before_response {{(pid=102854) _notify_loop /usr/local/lib/python3.8/dist-packages/neutron_lib/callbacks/manager.py:192}}
Jan 31 15:33:52.083525 dv-neutron-823267-3-hyperv neutron-server[102854]: INFO neutron.wsgi [req-36ede1f1-0635-4f80-a245-77ccf4f1eebc req-b40558fd-25fe-41b2-8c7a-ef6400861307 service neutron] 10.222.0.26 "PUT /v2.0/ports/ed42314f-5178-4ee6-984a-9d99d639ccea HTTP/1.1" status: 200 len: 1094 time: 2.1732132
Jan 31 15:33:52.084023 dv-neutron-823267-3-hyperv neutron-server[102854]: DEBUG neutron.notifiers.nova [-] Sending events: [{'name': 'network-changed', 'server_uuid': '86934f60-ffd6-4154-8ae3-5fe1e4352021', 'tag': 'ed42314f-5178-4ee6-984a-9d99d639ccea'}] {{(pid=102854) send_events /opt/stack/neutron/neutron/notifiers/nova.py:262}}
Jan 31 15:33:52.106346 dv-neutron-823267-3-hyperv neutron-server[102855]: INFO neutron.wsgi [None req-dd2ec0d8-49d2-4760-9006-6b25f1e1a548 tempest-RoutersTest-1427327955 tempest-RoutersTest-1427327955-project] 10.222.0.32 "POST /v2.0/networks HTTP/1.1" status: 201 len: 766 time: 1.3716416
Jan 31 15:33:52.118150 dv-neutron-823267-3-hyperv neutron-server[102855]: DEBUG neutron.wsgi [-] (102855) accepted ('10.222.0.32', 36348) {{(pid=102855) server /usr/local/lib/python3.8/dist-packages/eventlet/wsgi.py:982}}
Jan 31 15:33:52.139244 dv-neutron-823267-3-hyperv neutron-server[102854]: INFO neutron.wsgi [None req-dd86d276-0f74-48d1-93df-db50c14376ca tempest-BulkNetworkOpsIpV6Test-880378379 tempest-BulkNetworkOpsIpV6Test-880378379-project] 10.222.0.32 "POST /v2.0/networks HTTP/1.1" status: 201 len: 1320 time: 1.8508832
Jan 31 15:33:52.144932 dv-neutron-823267-3-hyperv neutron-server[102854]: DEBUG neutron.wsgi [-] (102854) accepted ('10.222.0.32', 36352) {{(pid=102854) server /usr/local/lib/python3.8/dist-packages/eventlet/wsgi.py:982}}
Jan 31 15:33:52.145556 dv-neutron-823267-3-hyperv neutron-server[102854]: DEBUG neutron.api.rpc.handlers.resources_rpc [None req-dd86d276-0f74-48d1-93df-db50c14376ca tempest-BulkNetworkOpsIpV6Test-880378379 tempest-BulkNetworkOpsIpV6Test-880378379-project] Pushing event updated for resources: {'Network': ['ID=623584c9-db5c-417a-8980-1fb1ddd6e4c5,revision_number=1']} {{(pid=102854) push /opt/stack/neutron/neutron/api/rpc/handlers/resources_rpc.py:237}}
Jan 31 15:33:52.151199 dv-neutron-823267-3-hyperv neutron-server[102855]: DEBUG neutron.api.rpc.handlers.resources_rpc [None req-dd2ec0d8-49d2-4760-9006-6b25f1e1a548 tempest-RoutersTest-1427327955 tempest-RoutersTest-1427327955-project] Pushing event updated for resources: {'Network': ['ID=31a66d0e-b185-4d85-a4b4-d94ceba4b03e,revision_number=1']} {{(pid=102855) push /opt/stack/neutron/neutron/api/rpc/handlers/resources_rpc.py:237}}
Jan 31 15:33:52.158995 dv-neutron-823267-3-hyperv neutron-server[102856]: DEBUG neutron.plugins.ml2.rpc [None req-b8f98c89-6457-4bfd-b37d-87fe7169eac3 None None] Network 623584c9-db5c-417a-8980-1fb1ddd6e4c5 details requested by agent ovs-agent-dv-neutron-823267-3-hyperv with host dv-neutron-823267-3-hyperv {{(pid=102856) get_network_details /opt/stack/neutron/neutron/plugins/ml2/rpc.py:248}}
Jan 31 15:33:52.160785 dv-neutron-823267-3-hyperv neutron-server[102855]: DEBUG neutron.api.v2.base [None req-8776639a-c0f9-4532-a78e-88e5a21dd2bd tempest-RoutersTest-1427327955 tempest-RoutersTest-1427327955-project] Request body: {'subnet': {'network_id': 'e678fa9b-49f2-46cc-92b7-34c5f28493cb', 'cidr': '172.20.0.0/28', 'ip_version': 4, 'gateway_ip': '172.20.0.1'}} {{(pid=102855) prepare_request_body /opt/stack/neutron/neutron/api/v2/base.py:729}}
Jan 31 15:33:52.196069 dv-neutron-823267-3-hyperv neutron-server[102854]: DEBUG neutron.api.rpc.handlers.resources_rpc [None req-b40558fd-25fe-41b2-8c7a-ef6400861307 service neutron] Pushing event updated for resources: {'Port': ['ID=ed42314f-5178-4ee6-984a-9d99d639ccea,revision_number=3']} {{(pid=102854) push /opt/stack/neutron/neutron/api/rpc/handlers/resources_rpc.py:237}}
Jan 31 15:33:52.255268 dv-neutron-823267-3-hyperv neutron-server[102856]: DEBUG neutron.plugins.ml2.rpc [None req-b8f98c89-6457-4bfd-b37d-87fe7169eac3 None None] Network 31a66d0e-b185-4d85-a4b4-d94ceba4b03e details requested by agent ovs-agent-dv-neutron-823267-3-hyperv with host dv-neutron-823267-3-hyperv {{(pid=102856) get_network_details /opt/stack/neutron/neutron/plugins/ml2/rpc.py:248}}
Jan 31 15:33:52.265914 dv-neutron-823267-3-hyperv neutron-server[102855]: DEBUG neutron.pecan_wsgi.hooks.policy_enforcement [req-f20b011f-097c-44b9-8d96-85a24b277ab1 req-0ddda734-923c-46e6-9001-603f3ca6a75f service neutron] Attributes excluded by policy engine: ['standard_attr_id', 'shared', 'segment_id'] {{(pid=102855) _exclude_attributes_by_policy /opt/stack/neutron/neutron/pecan_wsgi/hooks/policy_enforcement.py:255}}
Jan 31 15:33:52.267700 dv-neutron-823267-3-hyperv neutron-server[102855]: INFO neutron.wsgi [req-f20b011f-097c-44b9-8d96-85a24b277ab1 req-0ddda734-923c-46e6-9001-603f3ca6a75f service neutron] 10.222.0.26 "GET /v2.0/subnets?id=616fa882-3cc8-4ca1-b063-e1cff7c11a59 HTTP/1.1" status: 200 len: 851 time: 0.4933848
Jan 31 15:33:52.301493 dv-neutron-823267-3-hyperv neutron-server[102855]: DEBUG neutron.db.db_base_plugin_common [None req-0c47fb60-ecaa-437a-8c16-f6b5d0751420 tempest-RoutersIpV6AdminTest-479498938 tempest-RoutersIpV6AdminTest-479498938-project] Allocated IP 172.26.2.194 (a8435abc-7e5a-4e9f-a7d7-4bcaeb0c0e88/e8037426-d84a-4f1e-8a37-ada99cd0e36f/84515742-6b6e-45c9-b17b-c1924ab1879b) {{(pid=102855) _store_ip_allocation /opt/stack/neutron/neutron/db/db_base_plugin_common.py:131}}
Jan 31 15:33:52.330411 dv-neutron-823267-3-hyperv neutron-server[102854]: DEBUG novaclient.v2.client [-] REQ: curl -g -i --cacert "/opt/stack/data/ca-bundle.pem" -X POST http://10.222.0.32/compute/v2.1/os-server-external-events -H "Accept: application/json" -H "Content-Type: application/json" -H "User-Agent: python-novaclient" -H "X-Auth-Token: {SHA256}1007bfea2ace965ab21ba1b5727d7dd1cf3512aa2f77cf9de1b62b9243beff26" -H "X-OpenStack-Nova-API-Version: 2.1" -H "X-OpenStack-Request-ID: req-04d296ac-9360-4c45-b532-45ea6b1cdc7c" -d '{"events": [{"name": "network-changed", "server_uuid": "86934f60-ffd6-4154-8ae3-5fe1e4352021", "tag": "ed42314f-5178-4ee6-984a-9d99d639ccea"}]}' {{(pid=102854) _http_log_request /usr/local/lib/python3.8/dist-packages/keystoneauth1/session.py:519}}
