Dec 24 03:24:45.600001 dv-neutron-822869-1-hyperv neutron-server[103179]: DEBUG neutron.api.rpc.handlers.l3_rpc [None req-ea02e1de-87de-49d0-9dfd-2ce38c09bfd0 None None] Sync routers for ids ['79ea2b1d-c9e3-48e0-a66c-9df03f4a3c8e'] in dv-neutron-822869-1-hyperv {{(pid=103179) sync_routers /opt/stack/neutron/neutron/api/rpc/handlers/l3_rpc.py:125}}
Dec 24 03:24:45.607176 dv-neutron-822869-1-hyperv neutron-server[103178]: DEBUG neutron.plugins.ml2.plugin [None req-12681ea4-cb35-4ef0-9c0f-6507c75160ed None None] Port 16b3f35d-9792-49d3-84f0-7ac3b37a5d28 cannot update to ACTIVE because it is not bound. {{(pid=103178) _port_provisioned /opt/stack/neutron/neutron/plugins/ml2/plugin.py:342}}
Dec 24 03:24:45.613709 dv-neutron-822869-1-hyperv neutron-server[103178]: DEBUG neutron_lib.callbacks.manager [None req-77b505d0-a5df-4c74-9f2b-c8c646440338 None None] Publish callbacks ['neutron.plugins.ml2.plugin.SecurityGroupServerNotifierRpcMixin._notify_sg_on_port_change-571828', 'neutron.plugins.ml2.ovo_rpc._ObjectChangeHandler.handle_event-432660', 'neutron.api.rpc.agentnotifiers.dhcp_rpc_agent_api.DhcpAgentNotifyAPI._native_event_send_dhcp_notification-1601797', 'neutron.db.l3_db.L3RpcNotifierMixin._notify_gateway_port_ip_changed-8794037036849', 'neutron.db.l3_dvrscheduler_db._notify_l3_agent_port_update-8794036634781', 'neutron.db.l3_hascheduler_db._notify_l3_agent_ha_port_update-8794036634799'] for port, after_update {{(pid=103178) _notify_loop /usr/local/lib/python3.8/dist-packages/neutron_lib/callbacks/manager.py:175}}
Dec 24 03:24:45.616350 dv-neutron-822869-1-hyperv neutron-server[103179]: DEBUG neutron.db.l3_dvrscheduler_db [None req-ea02e1de-87de-49d0-9dfd-2ce38c09bfd0 None None] Routers {'79ea2b1d-c9e3-48e0-a66c-9df03f4a3c8e'} bound to L3 agent in host dv-neutron-822869-1-hyperv {{(pid=103179) _get_router_ids_for_agent /opt/stack/neutron/neutron/db/l3_dvrscheduler_db.py:420}}
Dec 24 03:24:45.617644 dv-neutron-822869-1-hyperv neutron-server[103179]: DEBUG neutron.db.l3_hamode_db [None req-ea02e1de-87de-49d0-9dfd-2ce38c09bfd0 None None] neutron.services.l3_router.l3_router_plugin.L3RouterPlugin method get_ha_sync_data_for_host called with arguments (, 'dv-neutron-822869-1-hyperv', Agent(admin_state_up=True,agent_type='L3 agent',availability_zone='nova',binary='neutron-l3-agent',configurations={"agent_mode": "legacy", "ex_gw_ports": 4, "extensions": [], "floating_ips": 0, "handle_internal_only_routers": true, "interface_driver": "openvswitch", "interfaces": 3, "log_agent_heartbeats": false, "routers": 4},created_at=2021-12-24T03:17:12Z,description=,heartbeat_timestamp=2021-12-24T03:24:42Z,host='dv-neutron-822869-1-hyperv',id=b311b579-3b24-49c2-98d6-18d8f5c64139,load=0,resource_versions=,resources_synced=,started_at=2021-12-24T03:17:12Z,topic='l3_agent')) {'router_ids': ['79ea2b1d-c9e3-48e0-a66c-9df03f4a3c8e'], 'active': True} {{(pid=103179) wrapper /usr/local/lib/python3.8/dist-packages/oslo_log/helpers.py:65}}
Dec 24 03:24:45.648233 dv-neutron-822869-1-hyperv neutron-server[103176]: INFO neutron.wsgi [req-6d7b820f-c383-4768-9fe8-671caee9cb05 req-a3b8cf5d-4a0f-43aa-9e93-9b7910da79d1 service neutron] 10.222.0.37 "GET /v2.0/networks/fbb50964-5930-4392-8b02-ed79e2127e83?fields=provider%3Aphysical_network&fields=provider%3Anetwork_type HTTP/1.1" status: 200 len: 281 time: 0.5829828
Dec 24 03:24:45.655447 dv-neutron-822869-1-hyperv neutron-server[103176]: DEBUG neutron_lib.callbacks.manager [None req-8a85200d-1af6-483a-8ca8-de2a11ae4460 tempest-FloatingIPAdminTestJSON-1545193847 tempest-FloatingIPAdminTestJSON-1545193847-project] Publish callbacks [] for router, before_response {{(pid=103176) _notify_loop /usr/local/lib/python3.8/dist-packages/neutron_lib/callbacks/manager.py:175}}
Dec 24 03:24:45.659702 dv-neutron-822869-1-hyperv neutron-server[103178]: DEBUG neutron.plugins.ml2.plugin [None req-a5a6cd2c-7a02-4a51-a54b-60318d771250 None None] Deleting port 27f6f111-725a-4a7d-a433-787ae69177d1 {{(pid=103178) _pre_delete_port /opt/stack/neutron/neutron/plugins/ml2/plugin.py:1959}}
Dec 24 03:24:45.660214 dv-neutron-822869-1-hyperv neutron-server[103178]: DEBUG neutron_lib.callbacks.manager [None req-a5a6cd2c-7a02-4a51-a54b-60318d771250 None None] Publish callbacks ['neutron.db.l3_db.L3_NAT_dbonly_mixin._prevent_l3_port_delete_callback-8794037210188'] for port, before_delete {{(pid=103178) _notify_loop /usr/local/lib/python3.8/dist-packages/neutron_lib/callbacks/manager.py:175}}
Dec 24 03:24:45.666680 dv-neutron-822869-1-hyperv neutron-server[103177]: DEBUG neutron.wsgi [-] (103177) accepted ('10.222.0.37', 43176) {{(pid=103177) server /usr/local/lib/python3.8/dist-packages/eventlet/wsgi.py:1004}}
Dec 24 03:24:45.667738 dv-neutron-822869-1-hyperv neutron-server[103176]: INFO neutron.wsgi [None req-8a85200d-1af6-483a-8ca8-de2a11ae4460 tempest-FloatingIPAdminTestJSON-1545193847 tempest-FloatingIPAdminTestJSON-1545193847-project] 10.222.0.37 "POST /v2.0/routers HTTP/1.1" status: 201 len: 891 time: 6.9075446
Dec 24 03:24:45.678448 dv-neutron-822869-1-hyperv neutron-server[103179]: DEBUG neutron.db.l3_hamode_db [None req-ea02e1de-87de-49d0-9dfd-2ce38c09bfd0 None None] neutron.services.l3_router.l3_router_plugin.L3RouterPlugin method _process_sync_ha_data called with arguments (, [], 'dv-neutron-822869-1-hyperv', False) {} {{(pid=103179) wrapper /usr/local/lib/python3.8/dist-packages/oslo_log/helpers.py:65}}
Dec 24 03:24:45.696188 dv-neutron-822869-1-hyperv neutron-server[103179]: DEBUG neutron.db.l3_dvrscheduler_db [None req-ea02e1de-87de-49d0-9dfd-2ce38c09bfd0 None None] Routers {'79ea2b1d-c9e3-48e0-a66c-9df03f4a3c8e'} bound to L3 agent in host dv-neutron-822869-1-hyperv {{(pid=103179) _get_router_ids_for_agent /opt/stack/neutron/neutron/db/l3_dvrscheduler_db.py:420}}
Dec 24 03:24:45.700725 dv-neutron-822869-1-hyperv neutron-server[103179]: DEBUG neutron.db.l3_hamode_db [None req-ea02e1de-87de-49d0-9dfd-2ce38c09bfd0 None None] neutron.services.l3_router.l3_router_plugin.L3RouterPlugin method get_ha_sync_data_for_host called with arguments (, 'dv-neutron-822869-1-hyperv', Agent(admin_state_up=True,agent_type='L3 agent',availability_zone='nova',binary='neutron-l3-agent',configurations={"agent_mode": "legacy", "ex_gw_ports": 4, "extensions": [], "floating_ips": 0, "handle_internal_only_routers": true, "interface_driver": "openvswitch", "interfaces": 3, "log_agent_heartbeats": false, "routers": 4},created_at=2021-12-24T03:17:12Z,description=,heartbeat_timestamp=2021-12-24T03:24:42Z,host='dv-neutron-822869-1-hyperv',id=b311b579-3b24-49c2-98d6-18d8f5c64139,load=0,resource_versions=,resources_synced=,started_at=2021-12-24T03:17:12Z,topic='l3_agent')) {'router_ids': ['79ea2b1d-c9e3-48e0-a66c-9df03f4a3c8e'], 'active': True} {{(pid=103179) wrapper /usr/local/lib/python3.8/dist-packages/oslo_log/helpers.py:65}}
Dec 24 03:24:45.704751 dv-neutron-822869-1-hyperv neutron-server[103177]: DEBUG neutron_lib.callbacks.manager [None req-4313a733-b438-41d1-9a83-e2a6a6ce06cc tempest-RoutersAdminNegativeIpV6Test-1211271432 tempest-RoutersAdminNegativeIpV6Test-1211271432-project-admin] Publish callbacks [] for port, precommit_create {{(pid=103177) _notify_loop /usr/local/lib/python3.8/dist-packages/neutron_lib/callbacks/manager.py:175}}
Dec 24 03:24:45.748842 dv-neutron-822869-1-hyperv neutron-server[103176]: DEBUG neutron_lib.callbacks.manager [None req-d0fef715-56af-4511-822c-8dab89704483 tempest-ExternalNetworksTestJSON-361202151 tempest-ExternalNetworksTestJSON-361202151-project-admin] Publish callbacks ['neutron.plugins.ml2.plugin.Ml2Plugin._network_delete_precommit_handler-741051', 'neutron.services.segments.db._delete_segments_for_network-8794037118814'] for network, precommit_delete {{(pid=103176) _notify_loop /usr/local/lib/python3.8/dist-packages/neutron_lib/callbacks/manager.py:175}}
Dec 24 03:24:45.752098 dv-neutron-822869-1-hyperv neutron-server[103176]: DEBUG neutron_lib.callbacks.manager [None req-7bc6b61f-8f96-4fe2-b50f-c00654e16851 tempest-ServerActionsTestJSON-1236328643 tempest-ServerActionsTestJSON-1236328643-project] Publish callbacks [] for floatingip, before_create {{(pid=103176) _notify_loop /usr/local/lib/python3.8/dist-packages/neutron_lib/callbacks/manager.py:175}}
Dec 24 03:24:45.760260 dv-neutron-822869-1-hyperv neutron-server[103179]: DEBUG neutron.db.l3_hamode_db [None req-ea02e1de-87de-49d0-9dfd-2ce38c09bfd0 None None] neutron.services.l3_router.l3_router_plugin.L3RouterPlugin method _process_sync_ha_data called with arguments (, [], 'dv-neutron-822869-1-hyperv', False) {} {{(pid=103179) wrapper /usr/local/lib/python3.8/dist-packages/oslo_log/helpers.py:65}}
Dec 24 03:24:45.761320 dv-neutron-822869-1-hyperv neutron-server[103179]: DEBUG neutron.api.rpc.handlers.l3_rpc [None req-ea02e1de-87de-49d0-9dfd-2ce38c09bfd0 None None] The sync data for ids ['79ea2b1d-c9e3-48e0-a66c-9df03f4a3c8e'] in dv-neutron-822869-1-hyperv is: [] {{(pid=103179) sync_routers /opt/stack/neutron/neutron/api/rpc/handlers/l3_rpc.py:137}}
Dec 24 03:24:45.794893 dv-neutron-822869-1-hyperv neutron-server[103176]: DEBUG neutron.services.segments.db [None req-d0fef715-56af-4511-822c-8dab89704483 tempest-ExternalNetworksTestJSON-361202151 tempest-ExternalNetworksTestJSON-361202151-project-admin] neutron.services.segments.plugin.Plugin method get_segments called with arguments (,) {'filters': {'network_id': ['2855f546-45cd-4a46-82c3-bed489a30914']}} {{(pid=103176) wrapper /usr/local/lib/python3.8/dist-packages/oslo_log/helpers.py:65}}
Dec 24 03:24:45.806606 dv-neutron-822869-1-hyperv neutron-server[103176]: DEBUG neutron.services.segments.db [None req-d0fef715-56af-4511-822c-8dab89704483 tempest-ExternalNetworksTestJSON-361202151 tempest-ExternalNetworksTestJSON-361202151-project-admin] neutron.services.segments.plugin.Plugin method delete_segment called with arguments (, '9d8b4521-79b9-4b49-84d7-2aac3b618a14') {'for_net_delete': True} {{(pid=103176) wrapper /usr/local/lib/python3.8/dist-packages/oslo_log/helpers.py:65}}
Dec 24 03:24:45.806900 dv-neutron-822869-1-hyperv neutron-server[103176]: DEBUG neutron.services.segments.db [None req-d0fef715-56af-4511-822c-8dab89704483 tempest-ExternalNetworksTestJSON-361202151 tempest-ExternalNetworksTestJSON-361202151-project-admin] neutron.services.segments.plugin.Plugin method get_segment called with arguments (, '9d8b4521-79b9-4b49-84d7-2aac3b618a14') {} {{(pid=103176) wrapper /usr/local/lib/python3.8/dist-packages/oslo_log/helpers.py:65}}
Dec 24 03:24:45.822212 dv-neutron-822869-1-hyperv neutron-server[103176]: DEBUG neutron_lib.callbacks.manager [None req-d0fef715-56af-4511-822c-8dab89704483 tempest-ExternalNetworksTestJSON-361202151 tempest-ExternalNetworksTestJSON-361202151-project-admin] Publish callbacks ['neutron.plugins.ml2.db._prevent_segment_delete_with_port_bound-8794037124455', 'neutron.services.segments.plugin.Plugin._prevent_segment_delete_with_subnet_associated-26105495'] for segment, before_delete {{(pid=103176) _notify_loop /usr/local/lib/python3.8/dist-packages/neutron_lib/callbacks/manager.py:175}}
Dec 24 03:24:45.852465 dv-neutron-822869-1-hyperv neutron-server[103178]: DEBUG neutron.api.rpc.handlers.resources_rpc [None req-8bbeb728-804b-4e25-a492-87ba2dd6e88d None None] Pushing event updated for resources: {'Port': ['ID=16b3f35d-9792-49d3-84f0-7ac3b37a5d28,revision_number=4']} {{(pid=103178) push /opt/stack/neutron/neutron/api/rpc/handlers/resources_rpc.py:237}}
Dec 24 03:24:45.871339 dv-neutron-822869-1-hyperv neutron-server[103176]: DEBUG neutron_lib.callbacks.manager [None req-d0fef715-56af-4511-822c-8dab89704483 tempest-ExternalNetworksTestJSON-361202151 tempest-ExternalNetworksTestJSON-361202151-project-admin] Publish callbacks ['neutron.plugins.ml2.plugin.Ml2Plugin._handle_segment_change-733739'] for segment, precommit_delete {{(pid=103176) _notify_loop /usr/local/lib/python3.8/dist-packages/neutron_lib/callbacks/manager.py:175}}
Dec 24 03:24:45.882393 dv-neutron-822869-1-hyperv neutron-server[103176]: DEBUG neutron.plugins.ml2.drivers.type_vlan [None req-d0fef715-56af-4511-822c-8dab89704483 tempest-ExternalNetworksTestJSON-361202151 tempest-ExternalNetworksTestJSON-361202151-project-admin] Releasing vlan 68 on physical network physnet1 to pool {{(pid=103176) release_segment /opt/stack/neutron/neutron/plugins/ml2/drivers/type_vlan.py:304}}
Dec 24 03:24:45.882791 dv-neutron-822869-1-hyperv neutron-server[103176]: DEBUG neutron_lib.callbacks.manager [None req-d0fef715-56af-4511-822c-8dab89704483 tempest-ExternalNetworksTestJSON-361202151 tempest-ExternalNetworksTestJSON-361202151-project-admin] Publish callbacks ['neutron.plugins.ml2.plugin.Ml2Plugin._handle_segment_change-733739', 'neutron.services.segments.plugin.NovaSegmentNotifier._notify_segment_deleted-25886248'] for segment, after_delete {{(pid=103176) _notify_loop /usr/local/lib/python3.8/dist-packages/neutron_lib/callbacks/manager.py:175}}
Dec 24 03:24:45.885650 dv-neutron-822869-1-hyperv neutron-server[103176]: /usr/local/lib/python3.8/dist-packages/oslo_policy/policy.py:1119: UserWarning: Policy rule:get_router:distributed failed scope check. The token used to make the request was project scoped but the policy requires ['system'] scope. This behavior may change in the future where using the intended scope is required
Dec 24 03:24:45.885650 dv-neutron-822869-1-hyperv neutron-server[103176]: warnings.warn(msg)
Dec 24 03:24:45.885650 dv-neutron-822869-1-hyperv neutron-server[103176]: /usr/local/lib/python3.8/dist-packages/oslo_policy/policy.py:1119: UserWarning: Policy rule:get_router:ha failed scope check. The token used to make the request was project scoped but the policy requires ['system'] scope. This behavior may change in the future where using the intended scope is required
Dec 24 03:24:45.885650 dv-neutron-822869-1-hyperv neutron-server[103176]: warnings.warn(msg)
Dec 24 03:24:45.885650 dv-neutron-822869-1-hyperv neutron-server[103176]: Traceback (most recent call last):
Dec 24 03:24:45.885650 dv-neutron-822869-1-hyperv neutron-server[103176]: File "/usr/local/lib/python3.8/dist-packages/eventlet/hubs/hub.py", line 476, in fire_timers
Dec 24 03:24:45.885650 dv-neutron-822869-1-hyperv neutron-server[103176]: timer()
Dec 24 03:24:45.885650 dv-neutron-822869-1-hyperv neutron-server[103176]: File "/usr/local/lib/python3.8/dist-packages/eventlet/hubs/timer.py", line 59, in __call__
Dec 24 03:24:45.885650 dv-neutron-822869-1-hyperv neutron-server[103176]: cb(*args, **kw)
Dec 24 03:24:45.885650 dv-neutron-822869-1-hyperv neutron-server[103176]: File "/opt/stack/neutron/neutron/common/utils.py", line 921, in wrapper
Dec 24 03:24:45.885650 dv-neutron-822869-1-hyperv neutron-server[103176]: return func(*args, **kwargs)
Dec 24 03:24:45.885650 dv-neutron-822869-1-hyperv neutron-server[103176]: File "/opt/stack/neutron/neutron/notifiers/batch_notifier.py", line 58, in synced_send
Dec 24 03:24:45.885650 dv-neutron-822869-1-hyperv neutron-server[103176]: self._notify()
Dec 24 03:24:45.885650 dv-neutron-822869-1-hyperv neutron-server[103176]: File "/opt/stack/neutron/neutron/notifiers/batch_notifier.py", line 69, in _notify
Dec 24 03:24:45.885650 dv-neutron-822869-1-hyperv neutron-server[103176]: self.callback(batched_events)
Dec 24 03:24:45.885650 dv-neutron-822869-1-hyperv neutron-server[103176]: File "/opt/stack/neutron/neutron/services/segments/plugin.py", line 211, in _send_notifications
Dec 24 03:24:45.885650 dv-neutron-822869-1-hyperv neutron-server[103176]: event.method(event)
Dec 24 03:24:45.885650 dv-neutron-822869-1-hyperv neutron-server[103176]: File "/opt/stack/neutron/neutron/services/segments/plugin.py", line 383, in _delete_nova_inventory
Dec 24 03:24:45.885650 dv-neutron-822869-1-hyperv neutron-server[103176]: aggregate_id = self._get_aggregate_id(event.segment_id)
Dec 24 03:24:45.885650 dv-neutron-822869-1-hyperv neutron-server[103176]: File "/opt/stack/neutron/neutron/services/segments/plugin.py", line 370, in _get_aggregate_id
Dec 24 03:24:45.885650 dv-neutron-822869-1-hyperv neutron-server[103176]: aggregate_uuid = self.p_client.list_aggregates(
Dec 24 03:24:45.885650 dv-neutron-822869-1-hyperv neutron-server[103176]: File "/usr/local/lib/python3.8/dist-packages/neutron_lib/placement/client.py", line 58, in wrapper
Dec 24 03:24:45.885650 dv-neutron-822869-1-hyperv neutron-server[103176]: return f(self, *a, **k)
Dec 24 03:24:45.885650 dv-neutron-822869-1-hyperv neutron-server[103176]: File "/usr/local/lib/python3.8/dist-packages/neutron_lib/placement/client.py", line 554, in list_aggregates
Dec 24 03:24:45.885650 dv-neutron-822869-1-hyperv neutron-server[103176]: return self._get(url).json()
Dec 24 03:24:45.885650 dv-neutron-822869-1-hyperv neutron-server[103176]: File "/usr/local/lib/python3.8/dist-packages/neutron_lib/placement/client.py", line 190, in _get
Dec 24 03:24:45.885650 dv-neutron-822869-1-hyperv neutron-server[103176]: return self._client.get(url, endpoint_filter=self._ks_filter,
Dec 24 03:24:45.885650 dv-neutron-822869-1-hyperv neutron-server[103176]: File "/usr/local/lib/python3.8/dist-packages/keystoneauth1/session.py", line 1141, in get
Dec 24 03:24:45.885650 dv-neutron-822869-1-hyperv neutron-server[103176]: return self.request(url, 'GET', **kwargs)
Dec 24 03:24:45.885650 dv-neutron-822869-1-hyperv neutron-server[103176]: File "/usr/local/lib/python3.8/dist-packages/keystoneauth1/session.py", line 811, in request
Dec 24 03:24:45.885650 dv-neutron-822869-1-hyperv neutron-server[103176]: base_url = self.get_endpoint(auth, allow=allow,
Dec 24 03:24:45.885650 dv-neutron-822869-1-hyperv neutron-server[103176]: File "/usr/local/lib/python3.8/dist-packages/keystoneauth1/session.py", line 1241, in get_endpoint
Dec 24 03:24:45.885650 dv-neutron-822869-1-hyperv neutron-server[103176]: auth = self._auth_required(auth, 'determine endpoint URL')
Dec 24 03:24:45.885650 dv-neutron-822869-1-hyperv neutron-server[103176]: File "/usr/local/lib/python3.8/dist-packages/keystoneauth1/session.py", line 1181, in _auth_required
Dec 24 03:24:45.885650 dv-neutron-822869-1-hyperv neutron-server[103176]: raise exceptions.MissingAuthPlugin(msg_fmt % msg)
Dec 24 03:24:45.885650 dv-neutron-822869-1-hyperv neutron-server[103176]: keystoneauth1.exceptions.auth_plugins.MissingAuthPlugin: An auth plugin is required to determine endpoint URL
Dec 24 03:24:45.891617 dv-neutron-822869-1-hyperv neutron-server[103178]: DEBUG neutron.db.l3_dvrscheduler_db [None req-77b505d0-a5df-4c74-9f2b-c8c646440338 None None] Routers {'f6f12c6e-bcd0-41e8-b685-89f48f09b5fe'} bound to L3 agent in host dv-neutron-822869-1-hyperv {{(pid=103178) _get_router_ids_for_agent /opt/stack/neutron/neutron/db/l3_dvrscheduler_db.py:420}}
Dec 24 03:24:45.892470 dv-neutron-822869-1-hyperv neutron-server[103178]: DEBUG neutron.db.l3_hamode_db [None req-77b505d0-a5df-4c74-9f2b-c8c646440338 None None] neutron.services.l3_router.l3_router_plugin.L3RouterPlugin method get_ha_sync_data_for_host called with arguments (, 'dv-neutron-822869-1-hyperv', Agent(admin_state_up=True,agent_type='L3 agent',availability_zone='nova',binary='neutron-l3-agent',configurations={"agent_mode": "legacy", "ex_gw_ports": 4, "extensions": [], "floating_ips": 0, "handle_internal_only_routers": true, "interface_driver": "openvswitch", "interfaces": 3, "log_agent_heartbeats": false, "routers": 4},created_at=2021-12-24T03:17:12Z,description=,heartbeat_timestamp=2021-12-24T03:24:42Z,host='dv-neutron-822869-1-hyperv',id=b311b579-3b24-49c2-98d6-18d8f5c64139,load=0,resource_versions=,resources_synced=,started_at=2021-12-24T03:17:12Z,topic='l3_agent')) {'router_ids': ['f6f12c6e-bcd0-41e8-b685-89f48f09b5fe'], 'active': True} {{(pid=103178) wrapper /usr/local/lib/python3.8/dist-packages/oslo_log/helpers.py:65}}
Dec 24 03:24:45.956038 dv-neutron-822869-1-hyperv neutron-server[103178]: DEBUG neutron.plugins.ml2.rpc [None req-39b575e3-f83c-4f9d-ae7a-33bf8ecbeec3 None None] Device 27f6f111-725a-4a7d-a433-787ae69177d1 no longer exists at agent ovs-agent-dv-neutron-822869-1-hyperv {{(pid=103178) update_device_down /opt/stack/neutron/neutron/plugins/ml2/rpc.py:259}}
Dec 24 03:24:45.959623 dv-neutron-822869-1-hyperv neutron-server[103178]: DEBUG neutron.plugins.ml2.db [None req-a5a6cd2c-7a02-4a51-a54b-60318d771250 None None] For port 27f6f111-725a-4a7d-a433-787ae69177d1, host dv-neutron-822869-1-hyperv, got binding levels [PortBindingLevel(driver='openvswitch',host='dv-neutron-822869-1-hyperv',level=0,port_id=27f6f111-725a-4a7d-a433-787ae69177d1,segment=NetworkSegment(f8a982c4-7e67-4c3a-8dda-f3e1f4011392),segment_id=f8a982c4-7e67-4c3a-8dda-f3e1f4011392)] {{(pid=103178) get_binding_level_objs /opt/stack/neutron/neutron/plugins/ml2/db.py:74}}
Dec 24 03:24:45.960091 dv-neutron-822869-1-hyperv neutron-server[103178]: DEBUG neutron_lib.callbacks.manager [None req-a5a6cd2c-7a02-4a51-a54b-60318d771250 None None] Publish callbacks ['neutron.services.l3_router.l3_router_plugin.L3_NAT_dbonly_mixin._precommit_delete_port_callback-1593756'] for port, precommit_delete {{(pid=103178) _notify_loop /usr/local/lib/python3.8/dist-packages/neutron_lib/callbacks/manager.py:175}}
Dec 24 03:24:45.985894 dv-neutron-822869-1-hyperv neutron-server[103176]: DEBUG neutron_lib.callbacks.manager [None req-d0fef715-56af-4511-822c-8dab89704483 tempest-ExternalNetworksTestJSON-361202151 tempest-ExternalNetworksTestJSON-361202151-project-admin] Publish callbacks ['neutron.plugins.ml2.plugin.Ml2Plugin._network_delete_after_delete_handler-741026', 'neutron.plugins.ml2.ovo_rpc._ObjectChangeHandler.handle_event-1792341', 'neutron.api.rpc.agentnotifiers.dhcp_rpc_agent_api.DhcpAgentNotifyAPI._native_event_send_dhcp_notification-1601797', 'neutron.services.l3_router.l3_router_plugin.DVRResourceOperationHandler.delete_fip_namespaces_for_ext_net-1745633'] for network, after_delete {{(pid=103176) _notify_loop /usr/local/lib/python3.8/dist-packages/neutron_lib/callbacks/manager.py:175}}
Dec 24 03:24:46.010639 dv-neutron-822869-1-hyperv neutron-server[103176]: DEBUG neutron.api.rpc.handlers.resources_rpc [None req-d0fef715-56af-4511-822c-8dab89704483 tempest-ExternalNetworksTestJSON-361202151 tempest-ExternalNetworksTestJSON-361202151-project-admin] Pushing event deleted for resources: {'Network': ['ID=2855f546-45cd-4a46-82c3-bed489a30914,revision_number=None']} {{(pid=103176) push /opt/stack/neutron/neutron/api/rpc/handlers/resources_rpc.py:237}}
Dec 24 03:24:46.013109 dv-neutron-822869-1-hyperv neutron-server[103176]: DEBUG neutron.api.rpc.agentnotifiers.l3_rpc_agent_api [None req-d0fef715-56af-4511-822c-8dab89704483 tempest-ExternalNetworksTestJSON-361202151 tempest-ExternalNetworksTestJSON-361202151-project-admin] Fanout notify agent at l3_agent the message fipnamespace_delete_on_ext_net for external_network 2855f546-45cd-4a46-82c3-bed489a30914 {{(pid=103176) _notification_fanout /opt/stack/neutron/neutron/api/rpc/agentnotifiers/l3_rpc_agent_api.py:120}}
Dec 24 03:24:46.019820 dv-neutron-822869-1-hyperv neutron-server[103176]: DEBUG neutron_lib.callbacks.manager [None req-d0fef715-56af-4511-822c-8dab89704483 tempest-ExternalNetworksTestJSON-361202151 tempest-ExternalNetworksTestJSON-361202151-project-admin] Publish callbacks ['neutron.api.rpc.agentnotifiers.dhcp_rpc_agent_api.DhcpAgentNotifyAPI._send_dhcp_notification-1602039'] for network, before_response {{(pid=103176) _notify_loop /usr/local/lib/python3.8/dist-packages/neutron_lib/callbacks/manager.py:175}}
Dec 24 03:24:46.023466 dv-neutron-822869-1-hyperv neutron-server[103176]: INFO neutron.wsgi [None req-d0fef715-56af-4511-822c-8dab89704483 tempest-ExternalNetworksTestJSON-361202151 tempest-ExternalNetworksTestJSON-361202151-project-admin] 10.222.0.37 "DELETE /v2.0/networks/2855f546-45cd-4a46-82c3-bed489a30914 HTTP/1.1" status: 204 len: 168 time: 1.0063894
Dec 24 03:24:46.027303 dv-neutron-822869-1-hyperv neutron-server[103176]: DEBUG neutron.wsgi [-] (103176) accepted ('10.222.0.37', 43188) {{(pid=103176) server /usr/local/lib/python3.8/dist-packages/eventlet/wsgi.py:1004}}
Dec 24 03:24:46.030332 dv-neutron-822869-1-hyperv neutron-server[103176]: DEBUG neutron_lib.callbacks.manager [None req-7bc6b61f-8f96-4fe2-b50f-c00654e16851 tempest-ServerActionsTestJSON-1236328643 tempest-ServerActionsTestJSON-1236328643-project] Publish callbacks ['neutron.plugins.ml2.plugin.SecurityGroupDbMixin._ensure_default_security_group_handler-571891'] for port, before_create {{(pid=103176) _notify_loop /usr/local/lib/python3.8/dist-packages/neutron_lib/callbacks/manager.py:175}}
Dec 24 03:24:46.035800 dv-neutron-822869-1-hyperv neutron-server[103176]: DEBUG neutron.api.v2.base [None req-3cd49c98-c9b1-423c-adb9-5f6ef25f7d98 tempest-ExternalNetworksTestJSON-361202151 tempest-ExternalNetworksTestJSON-361202151-project-admin] Request body: {'network': {'name': 'tempest-network--1140604686', 'router:external': True}} {{(pid=103176) prepare_request_body /opt/stack/neutron/neutron/api/v2/base.py:729}}
Dec 24 03:24:46.096289 dv-neutron-822869-1-hyperv neutron-server[103178]: DEBUG neutron.plugins.ml2.plugin [None req-a5a6cd2c-7a02-4a51-a54b-60318d771250 None None] Calling delete_port for 27f6f111-725a-4a7d-a433-787ae69177d1 owned by network:dhcp {{(pid=103178) delete_port /opt/stack/neutron/neutron/plugins/ml2/plugin.py:2037}}
Dec 24 03:24:46.114785 dv-neutron-822869-1-hyperv neutron-server[103176]: DEBUG neutron.pecan_wsgi.hooks.quota_enforcement [None req-3cd49c98-c9b1-423c-adb9-5f6ef25f7d98 tempest-ExternalNetworksTestJSON-361202151 tempest-ExternalNetworksTestJSON-361202151-project-admin] Made reservation on behalf of 75d143afb9cb4aa48dba2769e117b1fe for: {'network': 1} {{(pid=103176) before /opt/stack/neutron/neutron/pecan_wsgi/hooks/quota_enforcement.py:53}}
Dec 24 03:24:46.118093 dv-neutron-822869-1-hyperv neutron-server[103176]: DEBUG neutron_lib.callbacks.manager [None req-3cd49c98-c9b1-423c-adb9-5f6ef25f7d98 tempest-ExternalNetworksTestJSON-361202151 tempest-ExternalNetworksTestJSON-361202151-project-admin] Publish callbacks ['neutron.plugins.ml2.plugin.SecurityGroupDbMixin._ensure_default_security_group_handler-571891'] for network, before_create {{(pid=103176) _notify_loop /usr/local/lib/python3.8/dist-packages/neutron_lib/callbacks/manager.py:175}}
Dec 24 03:24:46.167308 dv-neutron-822869-1-hyperv neutron-server[103176]: DEBUG neutron.plugins.ml2.drivers.helpers [None req-3cd49c98-c9b1-423c-adb9-5f6ef25f7d98 tempest-ExternalNetworksTestJSON-361202151 tempest-ExternalNetworksTestJSON-361202151-project-admin] vlan segment allocate from pool success with {'physical_network': 'physnet1', 'vlan_id': 68} {{(pid=103176) allocate_partially_specified_segment /opt/stack/neutron/neutron/plugins/ml2/drivers/helpers.py:153}}
Dec 24 03:24:46.181142 dv-neutron-822869-1-hyperv neutron-server[103176]: DEBUG neutron_lib.callbacks.manager [None req-3cd49c98-c9b1-423c-adb9-5f6ef25f7d98 tempest-ExternalNetworksTestJSON-361202151 tempest-ExternalNetworksTestJSON-361202151-project-admin] Publish callbacks ['neutron.plugins.ml2.plugin.Ml2Plugin._handle_segment_change-733739'] for segment, precommit_create {{(pid=103176) _notify_loop /usr/local/lib/python3.8/dist-packages/neutron_lib/callbacks/manager.py:175}}
Dec 24 03:24:46.181500 dv-neutron-822869-1-hyperv neutron-server[103176]: INFO neutron.db.segments_db [None req-3cd49c98-c9b1-423c-adb9-5f6ef25f7d98 tempest-ExternalNetworksTestJSON-361202151 tempest-ExternalNetworksTestJSON-361202151-project-admin] Added segment aec9c910-00af-46c0-8e55-10847caa982e of type vlan for network 18ac9205-6e56-4a78-852a-7034c382813b
Dec 24 03:24:46.243854 dv-neutron-822869-1-hyperv neutron-server[103176]: DEBUG neutron_lib.callbacks.manager [None req-3cd49c98-c9b1-423c-adb9-5f6ef25f7d98 tempest-ExternalNetworksTestJSON-361202151 tempest-ExternalNetworksTestJSON-361202151-project-admin] Publish callbacks ['neutron.services.auto_allocate.db._ensure_external_network_default_value_callback-8794036622309'] for network, precommit_create {{(pid=103176) _notify_loop /usr/local/lib/python3.8/dist-packages/neutron_lib/callbacks/manager.py:175}}
Dec 24 03:24:46.272346 dv-neutron-822869-1-hyperv neutron-server[103178]: DEBUG neutron.db.provisioning_blocks [None req-754959c1-c180-486a-b92e-a89227eecc50 None None] Provisioning complete for port 16b3f35d-9792-49d3-84f0-7ac3b37a5d28 triggered by entity DHCP. {{(pid=103178) provisioning_complete /opt/stack/neutron/neutron/db/provisioning_blocks.py:139}}
Dec 24 03:24:46.273047 dv-neutron-822869-1-hyperv neutron-server[103178]: DEBUG neutron_lib.callbacks.manager [None req-754959c1-c180-486a-b92e-a89227eecc50 None None] Publish callbacks ['neutron.plugins.ml2.plugin.Ml2Plugin._port_provisioned-743478'] for port, provisioning_complete {{(pid=103178) _notify_loop /usr/local/lib/python3.8/dist-packages/neutron_lib/callbacks/manager.py:175}}
Dec 24 03:24:46.276067 dv-neutron-822869-1-hyperv neutron-server[103176]: DEBUG neutron.wsgi [-] (103176) accepted ('10.222.0.37', 43200) {{(pid=103176) server /usr/local/lib/python3.8/dist-packages/eventlet/wsgi.py:1004}}
Dec 24 03:24:46.295011 dv-neutron-822869-1-hyperv neutron-server[103176]: DEBUG neutron_lib.callbacks.manager [None req-3cd49c98-c9b1-423c-adb9-5f6ef25f7d98 tempest-ExternalNetworksTestJSON-361202151 tempest-ExternalNetworksTestJSON-361202151-project-admin] Publish callbacks ['neutron.plugins.ml2.ovo_rpc._ObjectChangeHandler.handle_event-1792341', 'neutron.api.rpc.agentnotifiers.dhcp_rpc_agent_api.DhcpAgentNotifyAPI._native_event_send_dhcp_notification-1601797'] for network, after_create {{(pid=103176) _notify_loop /usr/local/lib/python3.8/dist-packages/neutron_lib/callbacks/manager.py:175}}
Dec 24 03:24:46.299435 dv-neutron-822869-1-hyperv neutron-server[103176]: DEBUG neutron.pecan_wsgi.hooks.policy_enforcement [None req-3cd49c98-c9b1-423c-adb9-5f6ef25f7d98 tempest-ExternalNetworksTestJSON-361202151 tempest-ExternalNetworksTestJSON-361202151-project-admin] Attributes excluded by policy engine: ['standard_attr_id', 'vlan_transparent'] {{(pid=103176) _exclude_attributes_by_policy /opt/stack/neutron/neutron/pecan_wsgi/hooks/policy_enforcement.py:255}}
Dec 24 03:24:46.300073 dv-neutron-822869-1-hyperv neutron-server[103176]: DEBUG neutron_lib.callbacks.manager [None req-3cd49c98-c9b1-423c-adb9-5f6ef25f7d98 tempest-ExternalNetworksTestJSON-361202151 tempest-ExternalNetworksTestJSON-361202151-project-admin] Publish callbacks ['neutron.api.rpc.agentnotifiers.dhcp_rpc_agent_api.DhcpAgentNotifyAPI._send_dhcp_notification-1602039'] for network, before_response {{(pid=103176) _notify_loop /usr/local/lib/python3.8/dist-packages/neutron_lib/callbacks/manager.py:175}}
Dec 24 03:24:46.380898 dv-neutron-822869-1-hyperv neutron-server[103178]: DEBUG neutron.db.l3_dvr_db [None req-77b505d0-a5df-4c74-9f2b-c8c646440338 None None] Set router f6f12c6e-bcd0-41e8-b685-89f48f09b5fe gateway port host: dv-neutron-822869-1-hyperv {{(pid=103178) _build_routers_list /opt/stack/neutron/neutron/db/l3_dvr_db.py:906}}
Dec 24 03:24:46.386491 dv-neutron-822869-1-hyperv neutron-server[103176]: INFO neutron.wsgi [None req-3cd49c98-c9b1-423c-adb9-5f6ef25f7d98 tempest-ExternalNetworksTestJSON-361202151 tempest-ExternalNetworksTestJSON-361202151-project-admin] 10.222.0.37 "POST /v2.0/networks HTTP/1.1" status: 201 len: 862 time: 0.3577373
Dec 24 03:24:46.389814 dv-neutron-822869-1-hyperv neutron-server[103176]: DEBUG neutron.wsgi [-] (103176) accepted ('10.222.0.37', 43204) {{(pid=103176) server /usr/local/lib/python3.8/dist-packages/eventlet/wsgi.py:1004}}
Dec 24 03:24:46.444226 dv-neutron-822869-1-hyperv neutron-server[103176]: INFO neutron.wsgi [req-10d546ab-31eb-483f-b203-5251f3dd0941 req-85714ffc-08bb-4816-a727-4e48e8187d87 tempest-ServersTestJSON-1845414674 tempest-ServersTestJSON-1845414674-project] 10.222.0.37 "GET /v2.0/ports?device_id=6b5b8ca3-229c-4630-900d-52f1e2d92d57 HTTP/1.1" status: 200 len: 210 time: 0.1667745
Dec 24 03:24:46.524806 dv-neutron-822869-1-hyperv neutron-server[103176]: DEBUG neutron.api.rpc.handlers.resources_rpc [None req-3cd49c98-c9b1-423c-adb9-5f6ef25f7d98 tempest-ExternalNetworksTestJSON-361202151 tempest-ExternalNetworksTestJSON-361202151-project-admin] Pushing event updated for resources: {'Network': ['ID=18ac9205-6e56-4a78-852a-7034c382813b,revision_number=1']} {{(pid=103176) push /opt/stack/neutron/neutron/api/rpc/handlers/resources_rpc.py:237}}
Dec 24 03:24:46.540048 dv-neutron-822869-1-hyperv neutron-server[103177]: DEBUG neutron_lib.callbacks.manager [None req-2c64b415-eb6b-4b98-a355-18fe9e56c797 tempest-ServersTestManualDisk-776365511 tempest-ServersTestManualDisk-776365511-project] Publish callbacks [] for port, precommit_update {{(pid=103177) _notify_loop /usr/local/lib/python3.8/dist-packages/neutron_lib/callbacks/manager.py:175}}
Dec 24 03:24:46.594623 dv-neutron-822869-1-hyperv neutron-server[103178]: DEBUG neutron.plugins.ml2.rpc [None req-39b575e3-f83c-4f9d-ae7a-33bf8ecbeec3 None None] Network 18ac9205-6e56-4a78-852a-7034c382813b details requested by agent ovs-agent-dv-neutron-822869-1-hyperv with host dv-neutron-822869-1-hyperv {{(pid=103178) get_network_details /opt/stack/neutron/neutron/plugins/ml2/rpc.py:248}}
Dec 24 03:24:46.625855 dv-neutron-822869-1-hyperv neutron-server[103178]: DEBUG neutron_lib.callbacks.manager [None req-a5a6cd2c-7a02-4a51-a54b-60318d771250 None None] Publish callbacks ['neutron.plugins.ml2.plugin.SecurityGroupServerNotifierRpcMixin._notify_sg_on_port_change-571828', 'neutron.plugins.ml2.ovo_rpc._ObjectChangeHandler.handle_event-432660', 'neutron.api.rpc.agentnotifiers.dhcp_rpc_agent_api.DhcpAgentNotifyAPI._native_event_send_dhcp_notification-1601797', 'neutron.db.l3_db.L3RpcNotifierMixin._notify_routers_callback-8794037036831', 'neutron.db.l3_dvrscheduler_db._notify_port_delete-8794036634772'] for port, after_delete {{(pid=103178) _notify_loop /usr/local/lib/python3.8/dist-packages/neutron_lib/callbacks/manager.py:175}}
Dec 24 03:24:46.641034 dv-neutron-822869-1-hyperv neutron-server[103176]: DEBUG neutron.pecan_wsgi.hooks.policy_enforcement [None req-ba9a4a11-55e4-4f48-a54f-ff748c7d54fa tempest-ExternalNetworksTestJSON-1828635073 tempest-ExternalNetworksTestJSON-1828635073-project] Attributes excluded by policy engine: ['standard_attr_id', 'vlan_transparent', 'provider:network_type', 'provider:physical_network', 'provider:segmentation_id'] {{(pid=103176) _exclude_attributes_by_policy /opt/stack/neutron/neutron/pecan_wsgi/hooks/policy_enforcement.py:255}}
Dec 24 03:24:46.645479 dv-neutron-822869-1-hyperv neutron-server[103176]: INFO neutron.wsgi [None req-ba9a4a11-55e4-4f48-a54f-ff748c7d54fa tempest-ExternalNetworksTestJSON-1828635073 tempest-ExternalNetworksTestJSON-1828635073-project] 10.222.0.37 "GET /v2.0/networks/18ac9205-6e56-4a78-852a-7034c382813b HTTP/1.1" status: 200 len: 757 time: 0.2045407
Dec 24 03:24:46.646228 dv-neutron-822869-1-hyperv neutron-server[103176]: DEBUG neutron.wsgi [-] (103176) accepted ('10.222.0.37', 43216) {{(pid=103176) server /usr/local/lib/python3.8/dist-packages/eventlet/wsgi.py:1004}}
Dec 24 03:24:46.678637 dv-neutron-822869-1-hyperv neutron-server[103178]: DEBUG neutron.db.l3_dvrscheduler_db [None req-a5a6cd2c-7a02-4a51-a54b-60318d771250 None None] No DVR routers for this DVR port 27f6f111-725a-4a7d-a433-787ae69177d1 on host dv-neutron-822869-1-hyperv {{(pid=103178) get_dvr_routers_to_remove /opt/stack/neutron/neutron/db/l3_dvrscheduler_db.py:214}}
Dec 24 03:24:46.687277 dv-neutron-822869-1-hyperv neutron-server[103178]: DEBUG neutron.api.rpc.handlers.resources_rpc [None req-a5a6cd2c-7a02-4a51-a54b-60318d771250 None None] Pushing event deleted for resources: {'Port': ['ID=27f6f111-725a-4a7d-a433-787ae69177d1,revision_number=None']} {{(pid=103178) push /opt/stack/neutron/neutron/api/rpc/handlers/resources_rpc.py:237}}
Dec 24 03:24:46.699097 dv-neutron-822869-1-hyperv neutron-server[103178]: DEBUG neutron_lib.callbacks.manager [None req-39b575e3-f83c-4f9d-ae7a-33bf8ecbeec3 None None] Publish callbacks ['neutron.plugins.ml2.plugin.SecurityGroupDbMixin._ensure_default_security_group_handler-571891'] for port, before_update {{(pid=103178) _notify_loop /usr/local/lib/python3.8/dist-packages/neutron_lib/callbacks/manager.py:175}}
Dec 24 03:24:46.701111 dv-neutron-822869-1-hyperv neutron-server[103177]: DEBUG neutron_lib.callbacks.manager [None req-7cff3cdc-00ba-4208-a640-de5a9ce1e36d tempest-RoutersAdminTest-814796191 tempest-RoutersAdminTest-814796191-project-admin] Publish callbacks [] for security_group, precommit_create {{(pid=103177) _notify_loop /usr/local/lib/python3.8/dist-packages/neutron_lib/callbacks/manager.py:175}}
Dec 24 03:24:46.732986 dv-neutron-822869-1-hyperv neutron-server[103177]: DEBUG neutron_lib.callbacks.manager [None req-2c64b415-eb6b-4b98-a355-18fe9e56c797 tempest-ServersTestManualDisk-776365511 tempest-ServersTestManualDisk-776365511-project] Publish callbacks ['neutron.plugins.ml2.plugin.SecurityGroupServerNotifierRpcMixin._notify_sg_on_port_change-571828', 'neutron.plugins.ml2.ovo_rpc._ObjectChangeHandler.handle_event-432660', 'neutron.api.rpc.agentnotifiers.dhcp_rpc_agent_api.DhcpAgentNotifyAPI._native_event_send_dhcp_notification-1601797', 'neutron.db.l3_db.L3RpcNotifierMixin._notify_gateway_port_ip_changed-8794037036849', 'neutron.db.l3_dvrscheduler_db._notify_l3_agent_port_update-8794036634781', 'neutron.db.l3_hascheduler_db._notify_l3_agent_ha_port_update-8794036634799', 'neutron.services.segments.plugin.NovaSegmentNotifier._notify_port_updated-2758509'] for port, after_update {{(pid=103177) _notify_loop /usr/local/lib/python3.8/dist-packages/neutron_lib/callbacks/manager.py:175}}
Dec 24 03:24:46.761392 dv-neutron-822869-1-hyperv neutron-server[103176]: DEBUG neutron.pecan_wsgi.hooks.policy_enforcement [None req-c948e717-c47d-4cba-8a9f-1e11e9bc897e tempest-ExternalNetworksTestJSON-1828635073 tempest-ExternalNetworksTestJSON-1828635073-project] Attributes excluded by policy engine: ['standard_attr_id', 'vlan_transparent', 'provider:network_type', 'provider:physical_network', 'provider:segmentation_id'] {{(pid=103176) _exclude_attributes_by_policy /opt/stack/neutron/neutron/pecan_wsgi/hooks/policy_enforcement.py:255}}
Dec 24 03:24:46.765847 dv-neutron-822869-1-hyperv neutron-server[103176]: INFO neutron.wsgi [None req-c948e717-c47d-4cba-8a9f-1e11e9bc897e tempest-ExternalNetworksTestJSON-1828635073 tempest-ExternalNetworksTestJSON-1828635073-project] 10.222.0.37 "GET /v2.0/networks/4d71a404-cc6b-44d4-9223-3fb7acc806f0 HTTP/1.1" status: 200 len: 767 time: 0.1186187
Dec 24 03:24:46.769641 dv-neutron-822869-1-hyperv neutron-server[103176]: DEBUG neutron.wsgi [-] (103176) accepted ('10.222.0.37', 43218) {{(pid=103176) server /usr/local/lib/python3.8/dist-packages/eventlet/wsgi.py:1004}}
Dec 24 03:24:46.812956 dv-neutron-822869-1-hyperv neutron-server[103177]: DEBUG neutron_lib.callbacks.manager [None req-4313a733-b438-41d1-9a83-e2a6a6ce06cc tempest-RoutersAdminNegativeIpV6Test-1211271432 tempest-RoutersAdminNegativeIpV6Test-1211271432-project-admin] Publish callbacks ['neutron.plugins.ml2.plugin.SecurityGroupServerNotifierRpcMixin._notify_sg_on_port_change-571828', 'neutron.plugins.ml2.ovo_rpc._ObjectChangeHandler.handle_event-432660', 'neutron.api.rpc.agentnotifiers.dhcp_rpc_agent_api.DhcpAgentNotifyAPI._native_event_send_dhcp_notification-1601797', 'neutron.db.l3_dvrscheduler_db._notify_l3_agent_new_port-8794036634763', 'neutron.services.segments.plugin.NovaSegmentNotifier._notify_port_created_or_deleted-2758484'] for port, after_create {{(pid=103177) _notify_loop /usr/local/lib/python3.8/dist-packages/neutron_lib/callbacks/manager.py:175}}
Dec 24 03:24:46.814989 dv-neutron-822869-1-hyperv neutron-server[103177]: DEBUG neutron_lib.callbacks.manager [None req-7cff3cdc-00ba-4208-a640-de5a9ce1e36d tempest-RoutersAdminTest-814796191 tempest-RoutersAdminTest-814796191-project-admin] Publish callbacks ['neutron.plugins.ml2.ovo_rpc._ObjectChangeHandler.handle_event-1792262'] for security_group, after_create {{(pid=103177) _notify_loop /usr/local/lib/python3.8/dist-packages/neutron_lib/callbacks/manager.py:175}}
Dec 24 03:24:46.828156 dv-neutron-822869-1-hyperv neutron-server[103177]: DEBUG neutron.plugins.ml2.drivers.helpers [None req-7cff3cdc-00ba-4208-a640-de5a9ce1e36d tempest-RoutersAdminTest-814796191 tempest-RoutersAdminTest-814796191-project-admin] vlan segment allocate from pool success with {'physical_network': 'physnet1', 'vlan_id': 99} {{(pid=103177) allocate_partially_specified_segment /opt/stack/neutron/neutron/plugins/ml2/drivers/helpers.py:153}}
Dec 24 03:24:46.855596 dv-neutron-822869-1-hyperv neutron-server[103177]: DEBUG neutron.api.rpc.handlers.resources_rpc [None req-2c64b415-eb6b-4b98-a355-18fe9e56c797 tempest-ServersTestManualDisk-776365511 tempest-ServersTestManualDisk-776365511-project] Pushing event updated for resources: {'Port': ['ID=89c231d0-2ecc-4c62-8c53-d48d1785ac21,revision_number=2']} {{(pid=103177) push /opt/stack/neutron/neutron/api/rpc/handlers/resources_rpc.py:237}}
Dec 24 03:24:46.891916 dv-neutron-822869-1-hyperv neutron-server[103177]: DEBUG neutron.scheduler.dhcp_agent_scheduler [None req-4313a733-b438-41d1-9a83-e2a6a6ce06cc tempest-RoutersAdminNegativeIpV6Test-1211271432 tempest-RoutersAdminNegativeIpV6Test-1211271432-project-admin] Network 09ec8898-2be8-4b6d-8256-3b2d7972c22a is already hosted by enough agents. {{(pid=103177) _get_dhcp_agents_hosting_network /opt/stack/neutron/neutron/scheduler/dhcp_agent_scheduler.py:275}}
Dec 24 03:24:46.935465 dv-neutron-822869-1-hyperv neutron-server[103176]: DEBUG neutron_lib.callbacks.manager [None req-41c10c0e-15ed-4db9-89cd-5f7e95616fc3 tempest-ExternalNetworksTestJSON-361202151 tempest-ExternalNetworksTestJSON-361202151-project-admin] Publish callbacks ['neutron.plugins.ml2.plugin.External_net_db_mixin._before_network_delete_handler-673018'] for network, before_delete {{(pid=103176) _notify_loop /usr/local/lib/python3.8/dist-packages/neutron_lib/callbacks/manager.py:175}}
Dec 24 03:24:46.938220 dv-neutron-822869-1-hyperv neutron-server[103177]: DEBUG neutron_lib.callbacks.manager [None req-7cff3cdc-00ba-4208-a640-de5a9ce1e36d tempest-RoutersAdminTest-814796191 tempest-RoutersAdminTest-814796191-project-admin] Publish callbacks ['neutron.plugins.ml2.plugin.Ml2Plugin._handle_segment_change-733739'] for segment, precommit_create {{(pid=103177) _notify_loop /usr/local/lib/python3.8/dist-packages/neutron_lib/callbacks/manager.py:175}}
Dec 24 03:24:46.938836 dv-neutron-822869-1-hyperv neutron-server[103177]: INFO neutron.db.segments_db [None req-7cff3cdc-00ba-4208-a640-de5a9ce1e36d tempest-RoutersAdminTest-814796191 tempest-RoutersAdminTest-814796191-project-admin] Added segment 8b6ae0c6-aad9-4de6-9a1f-670a5335eefd of type vlan for network ca9ebf6a-3beb-4b09-9d4b-e917c0646a2e
Dec 24 03:24:46.945598 dv-neutron-822869-1-hyperv neutron-server[103177]: DEBUG neutron.api.rpc.handlers.resources_rpc [None req-7cff3cdc-00ba-4208-a640-de5a9ce1e36d tempest-RoutersAdminTest-814796191 tempest-RoutersAdminTest-814796191-project-admin] Pushing event updated for resources: {'SecurityGroup': ['ID=bc22534c-de54-4578-bcb6-07b1df247561,revision_number=1']} {{(pid=103177) push /opt/stack/neutron/neutron/api/rpc/handlers/resources_rpc.py:237}}
Dec 24 03:24:46.947477 dv-neutron-822869-1-hyperv neutron-server[103178]: DEBUG neutron_lib.callbacks.manager [None req-754959c1-c180-486a-b92e-a89227eecc50 None None] Publish callbacks ['neutron.plugins.ml2.plugin.SecurityGroupDbMixin._ensure_default_security_group_handler-571891'] for port, before_update {{(pid=103178) _notify_loop /usr/local/lib/python3.8/dist-packages/neutron_lib/callbacks/manager.py:175}}
Dec 24 03:24:46.950161 dv-neutron-822869-1-hyperv neutron-server[103177]: DEBUG neutron.scheduler.base_scheduler [None req-4313a733-b438-41d1-9a83-e2a6a6ce06cc tempest-RoutersAdminNegativeIpV6Test-1211271432 tempest-RoutersAdminNegativeIpV6Test-1211271432-project-admin] Resources bound (agent type, host, resource id): {{(pid=103177) schedule /opt/stack/neutron/neutron/scheduler/base_scheduler.py:57}}
Dec 24 03:24:46.991712 dv-neutron-822869-1-hyperv neutron-server[103177]: DEBUG neutron.plugins.ml2.plugin [None req-74248b81-f06b-4aa2-858d-a85b97b3825f tempest-DHCPAgentSchedulersTestJSON-2028130156 tempest-DHCPAgentSchedulersTestJSON-2028130156-project] Deleting port 27f6f111-725a-4a7d-a433-787ae69177d1 {{(pid=103177) _pre_delete_port /opt/stack/neutron/neutron/plugins/ml2/plugin.py:1959}}
Dec 24 03:24:46.992263 dv-neutron-822869-1-hyperv neutron-server[103177]: DEBUG neutron_lib.callbacks.manager [None req-74248b81-f06b-4aa2-858d-a85b97b3825f tempest-DHCPAgentSchedulersTestJSON-2028130156 tempest-DHCPAgentSchedulersTestJSON-2028130156-project] Publish callbacks ['neutron.db.l3_db.L3_NAT_dbonly_mixin._prevent_l3_port_delete_callback-8794037210188'] for port, before_delete {{(pid=103177) _notify_loop /usr/local/lib/python3.8/dist-packages/neutron_lib/callbacks/manager.py:175}}
Dec 24 03:24:47.024162 dv-neutron-822869-1-hyperv neutron-server[103178]: DEBUG neutron.plugins.ml2.db [None req-754959c1-c180-486a-b92e-a89227eecc50 None None] For port 16b3f35d-9792-49d3-84f0-7ac3b37a5d28, host dv-neutron-822869-1-hyperv, got binding levels [PortBindingLevel(driver='openvswitch',host='dv-neutron-822869-1-hyperv',level=0,port_id=16b3f35d-9792-49d3-84f0-7ac3b37a5d28,segment=NetworkSegment(c0bab8b8-f754-4f18-90a4-9fe50e2fdbef),segment_id=c0bab8b8-f754-4f18-90a4-9fe50e2fdbef)] {{(pid=103178) get_binding_level_objs /opt/stack/neutron/neutron/plugins/ml2/db.py:74}}
Dec 24 03:24:47.029183 dv-neutron-822869-1-hyperv neutron-server[103176]: DEBUG neutron.db.db_base_plugin_common [None req-7bc6b61f-8f96-4fe2-b50f-c00654e16851 tempest-ServerActionsTestJSON-1236328643 tempest-ServerActionsTestJSON-1236328643-project] Allocated IP 172.26.5.158 (09ec8898-2be8-4b6d-8256-3b2d7972c22a/9990039d-9e97-4506-a4d7-d25b8cbf198b/761fede6-9a29-4218-aedb-110270251548) {{(pid=103176) _store_ip_allocation /opt/stack/neutron/neutron/db/db_base_plugin_common.py:131}}
Dec 24 03:24:47.037214 dv-neutron-822869-1-hyperv neutron-server[103178]: DEBUG neutron_lib.callbacks.manager [None req-754959c1-c180-486a-b92e-a89227eecc50 None None] Publish callbacks ['neutron.plugins.ml2.plugin.SecurityGroupServerNotifierRpcMixin._notify_sg_on_port_change-571828', 'neutron.plugins.ml2.ovo_rpc._ObjectChangeHandler.handle_event-432660', 'neutron.api.rpc.agentnotifiers.dhcp_rpc_agent_api.DhcpAgentNotifyAPI._native_event_send_dhcp_notification-1601797', 'neutron.db.l3_db.L3RpcNotifierMixin._notify_gateway_port_ip_changed-8794037036849', 'neutron.db.l3_dvrscheduler_db._notify_l3_agent_port_update-8794036634781', 'neutron.db.l3_hascheduler_db._notify_l3_agent_ha_port_update-8794036634799'] for port, after_update {{(pid=103178) _notify_loop /usr/local/lib/python3.8/dist-packages/neutron_lib/callbacks/manager.py:175}}
Dec 24 03:24:47.070105 dv-neutron-822869-1-hyperv neutron-server[103177]: DEBUG neutron.plugins.ml2.db [None req-74248b81-f06b-4aa2-858d-a85b97b3825f tempest-DHCPAgentSchedulersTestJSON-2028130156 tempest-DHCPAgentSchedulersTestJSON-2028130156-project] For port 27f6f111-725a-4a7d-a433-787ae69177d1, host dv-neutron-822869-1-hyperv, got binding levels [] {{(pid=103177) get_binding_level_objs /opt/stack/neutron/neutron/plugins/ml2/db.py:74}}
Dec 24 03:24:47.070905 dv-neutron-822869-1-hyperv neutron-server[103177]: DEBUG neutron_lib.callbacks.manager [None req-74248b81-f06b-4aa2-858d-a85b97b3825f tempest-DHCPAgentSchedulersTestJSON-2028130156 tempest-DHCPAgentSchedulersTestJSON-2028130156-project] Publish callbacks ['neutron.services.l3_router.l3_router_plugin.L3_NAT_dbonly_mixin._precommit_delete_port_callback-1593756'] for port, precommit_delete {{(pid=103177) _notify_loop /usr/local/lib/python3.8/dist-packages/neutron_lib/callbacks/manager.py:175}}
Dec 24 03:24:47.094281 dv-neutron-822869-1-hyperv neutron-server[103177]: DEBUG neutron.plugins.ml2.plugin [None req-74248b81-f06b-4aa2-858d-a85b97b3825f tempest-DHCPAgentSchedulersTestJSON-2028130156 tempest-DHCPAgentSchedulersTestJSON-2028130156-project] Calling delete_port for 27f6f111-725a-4a7d-a433-787ae69177d1 owned by network:dhcp {{(pid=103177) delete_port /opt/stack/neutron/neutron/plugins/ml2/plugin.py:2037}}
Dec 24 03:24:47.099676 dv-neutron-822869-1-hyperv neutron-server[103177]: DEBUG neutron.db.ipam_backend_mixin [None req-74248b81-f06b-4aa2-858d-a85b97b3825f tempest-DHCPAgentSchedulersTestJSON-2028130156 tempest-DHCPAgentSchedulersTestJSON-2028130156-project] Port 27f6f111-725a-4a7d-a433-787ae69177d1 was not found and therefore no delete operation was performed {{(pid=103177) delete_port /opt/stack/neutron/neutron/db/ipam_backend_mixin.py:574}}
Dec 24 03:24:47.109059 dv-neutron-822869-1-hyperv neutron-server[103177]: DEBUG neutron.db.l3_dvrscheduler_db [None req-4313a733-b438-41d1-9a83-e2a6a6ce06cc tempest-RoutersAdminNegativeIpV6Test-1211271432 tempest-RoutersAdminNegativeIpV6Test-1211271432-project-admin] Received port after_create {{(pid=103177) _notify_l3_agent_new_port /opt/stack/neutron/neutron/db/l3_dvrscheduler_db.py:535}}
Dec 24 03:24:47.111569 dv-neutron-822869-1-hyperv neutron-server[103177]: DEBUG neutron_lib.callbacks.manager [None req-74248b81-f06b-4aa2-858d-a85b97b3825f tempest-DHCPAgentSchedulersTestJSON-2028130156 tempest-DHCPAgentSchedulersTestJSON-2028130156-project] Publish callbacks ['neutron.plugins.ml2.plugin.SecurityGroupServerNotifierRpcMixin._notify_sg_on_port_change-571828', 'neutron.plugins.ml2.ovo_rpc._ObjectChangeHandler.handle_event-432660', 'neutron.api.rpc.agentnotifiers.dhcp_rpc_agent_api.DhcpAgentNotifyAPI._native_event_send_dhcp_notification-1601797', 'neutron.db.l3_db.L3RpcNotifierMixin._notify_routers_callback-8794037036831', 'neutron.db.l3_dvrscheduler_db._notify_port_delete-8794036634772', 'neutron.services.segments.plugin.NovaSegmentNotifier._notify_port_created_or_deleted-2758484'] for port, after_delete {{(pid=103177) _notify_loop /usr/local/lib/python3.8/dist-packages/neutron_lib/callbacks/manager.py:175}}
