Dec 22 14:58:35.541819 dv-neutron-822675-1-hyperv neutron-server[83456]: INFO neutron.wsgi [None req-795c6c0e-91c5-40d0-9222-61a1053f4fff admin admin] 10.222.0.69 "PUT /v2.0/routers/f9057b1c-6a94-4ad4-8941-7f57413cbef5/add_router_interface HTTP/1.1" status: 200 len: 503 time: 13.8246815
Dec 22 14:58:35.544569 dv-neutron-822675-1-hyperv neutron-server[83456]: DEBUG neutron_lib.callbacks.manager [None req-5a634798-eeeb-4890-802a-66282f440a4f tempest-PortsAdminExtendedAttrsTestJSON-9112260 tempest-PortsAdminExtendedAttrsTestJSON-9112260-project-admin] Notify callbacks ['neutron.notifiers.nova.Notifier._send_nova_notification-123123'] for port, before_response {{(pid=83456) _notify_loop /usr/local/lib/python3.8/dist-packages/neutron_lib/callbacks/manager.py:192}}
Dec 22 14:58:35.546307 dv-neutron-822675-1-hyperv neutron-server[83456]: INFO neutron.wsgi [None req-5a634798-eeeb-4890-802a-66282f440a4f tempest-PortsAdminExtendedAttrsTestJSON-9112260 tempest-PortsAdminExtendedAttrsTestJSON-9112260-project-admin] 10.222.0.69 "DELETE /v2.0/ports/49db502a-5d21-4b62-8077-6972fffee14c HTTP/1.1" status: 204 len: 168 time: 1.8560941
Dec 22 14:58:35.548837 dv-neutron-822675-1-hyperv neutron-server[83456]: DEBUG neutron.wsgi [-] (83456) accepted ('10.222.0.69', 58884) {{(pid=83456) server /usr/local/lib/python3.8/dist-packages/eventlet/wsgi.py:992}}
Dec 22 14:58:35.589771 dv-neutron-822675-1-hyperv neutron-server[83456]: DEBUG neutron.plugins.ml2.drivers.mech_agent [None req-b89b0d38-ae22-40a7-8087-e9368369cc2e tempest-PortsAdminExtendedAttrsIpV6TestJSON-275393806 tempest-PortsAdminExtendedAttrsIpV6TestJSON-275393806-project-admin] Port 49510e7b-cb8e-4aba-96b4-4ec3425c5d77 on network 9577fc67-a6d1-47f0-b8d1-59f2a15ebc2b not bound, no agent of type Open vSwitch agent registered on host hv-neutron-8226 {{(pid=83456) bind_port /opt/stack/neutron/neutron/plugins/ml2/drivers/mech_agent.py:97}}
Dec 22 14:58:35.590108 dv-neutron-822675-1-hyperv neutron-server[83456]: ERROR neutron.plugins.ml2.managers [None req-b89b0d38-ae22-40a7-8087-e9368369cc2e tempest-PortsAdminExtendedAttrsIpV6TestJSON-275393806 tempest-PortsAdminExtendedAttrsIpV6TestJSON-275393806-project-admin] Failed to bind port 49510e7b-cb8e-4aba-96b4-4ec3425c5d77 on host hv-neutron-8226 for vnic_type normal using segments [{'id': '4ace33dc-7be5-4e02-9286-52240e38d348', 'network_type': 'vlan', 'physical_network': 'physnet1', 'segmentation_id': 391, 'network_id': '9577fc67-a6d1-47f0-b8d1-59f2a15ebc2b'}]
Dec 22 14:58:35.590366 dv-neutron-822675-1-hyperv neutron-server[83456]: DEBUG neutron_lib.callbacks.manager [None req-b89b0d38-ae22-40a7-8087-e9368369cc2e tempest-PortsAdminExtendedAttrsIpV6TestJSON-275393806 tempest-PortsAdminExtendedAttrsIpV6TestJSON-275393806-project-admin] Notify callbacks ['neutron.plugins.ml2.plugin.SecurityGroupDbMixin._ensure_default_security_group_handler-2063818'] for port, before_update {{(pid=83456) _notify_loop /usr/local/lib/python3.8/dist-packages/neutron_lib/callbacks/manager.py:192}}
Dec 22 14:58:35.610085 dv-neutron-822675-1-hyperv neutron-server[83456]: INFO neutron.pecan_wsgi.hooks.translation [None req-16db771a-5e22-4e9d-b5f7-4bfcc0f4eb3a tempest-PortsAdminExtendedAttrsTestJSON-9112260 tempest-PortsAdminExtendedAttrsTestJSON-9112260-project-admin] GET failed (client error): The resource could not be found.
Dec 22 14:58:35.610579 dv-neutron-822675-1-hyperv neutron-server[83456]: DEBUG neutron.quota.resource [None req-16db771a-5e22-4e9d-b5f7-4bfcc0f4eb3a tempest-PortsAdminExtendedAttrsTestJSON-9112260 tempest-PortsAdminExtendedAttrsTestJSON-9112260-project-admin] Synchronizing usage tracker for tenant:5c4ee8521b034e22a9aa2ff5c1052d0a on resource:port {{(pid=83456) resync /opt/stack/neutron/neutron/quota/resource.py:241}}
Dec 22 14:58:35.631007 dv-neutron-822675-1-hyperv neutron-server[83457]: DEBUG neutron_lib.callbacks.manager [None req-a1ee4258-095c-4dc6-ba80-7b04a2985ff1 tempest-AllowedAddressPairTestJSON-1430941444 tempest-AllowedAddressPairTestJSON-1430941444-project] Notify callbacks [] for security_group, precommit_create {{(pid=83457) _notify_loop /usr/local/lib/python3.8/dist-packages/neutron_lib/callbacks/manager.py:192}}
Dec 22 14:58:35.681121 dv-neutron-822675-1-hyperv neutron-server[83456]: DEBUG neutron.scheduler.l3_agent_scheduler [None req-a42e6c57-3259-422e-a20a-6c40ce051033 admin admin] Router fd40ef7c-54b9-41e0-b0e9-f6a132200e6d has already been hosted by L3 agent 7615166f-75be-4666-90a4-30dccc22e0bf {{(pid=83456) _get_candidates /opt/stack/neutron/neutron/scheduler/l3_agent_scheduler.py:126}}
Dec 22 14:58:35.681846 dv-neutron-822675-1-hyperv neutron-server[83456]: DEBUG neutron.quota.resource [None req-16db771a-5e22-4e9d-b5f7-4bfcc0f4eb3a tempest-PortsAdminExtendedAttrsTestJSON-9112260 tempest-PortsAdminExtendedAttrsTestJSON-9112260-project-admin] Unset dirty status for tenant:5c4ee8521b034e22a9aa2ff5c1052d0a on resource:port {{(pid=83456) _resync /opt/stack/neutron/neutron/quota/resource.py:233}}
Dec 22 14:58:35.684447 dv-neutron-822675-1-hyperv neutron-server[83456]: INFO neutron.wsgi [None req-16db771a-5e22-4e9d-b5f7-4bfcc0f4eb3a tempest-PortsAdminExtendedAttrsTestJSON-9112260 tempest-PortsAdminExtendedAttrsTestJSON-9112260-project-admin] 10.222.0.69 "GET /v2.0/ports/49db502a-5d21-4b62-8077-6972fffee14c HTTP/1.1" status: 404 len: 333 time: 0.1332667
Dec 22 14:58:35.692188 dv-neutron-822675-1-hyperv neutron-server[83456]: DEBUG neutron.wsgi [-] (83456) accepted ('10.222.0.69', 58890) {{(pid=83456) server /usr/local/lib/python3.8/dist-packages/eventlet/wsgi.py:992}}
Dec 22 14:58:35.709350 dv-neutron-822675-1-hyperv neutron-server[83456]: DEBUG neutron.api.v2.base [None req-ac0436e6-ca90-4b6d-8e3a-91402e68684c tempest-PortsAdminExtendedAttrsTestJSON-9112260 tempest-PortsAdminExtendedAttrsTestJSON-9112260-project-admin] Request body: {'port': {'network_id': '2bb169b2-6acf-4ab2-b72e-e78557a1d55e', 'name': 'tempest-PortsAdminExtendedAttrsTestJSON-1882897970'}} {{(pid=83456) prepare_request_body /opt/stack/neutron/neutron/api/v2/base.py:719}}
Dec 22 14:58:35.718220 dv-neutron-822675-1-hyperv neutron-server[83456]: DEBUG neutron.db.quota.driver [None req-ac0436e6-ca90-4b6d-8e3a-91402e68684c tempest-PortsAdminExtendedAttrsTestJSON-9112260 tempest-PortsAdminExtendedAttrsTestJSON-9112260-project-admin] Resources subnetpool have unlimited quota limit. It is not required to calculate headroom {{(pid=83456) make_reservation /opt/stack/neutron/neutron/db/quota/driver.py:219}}
Dec 22 14:58:35.739080 dv-neutron-822675-1-hyperv neutron-server[83456]: DEBUG neutron.db.quota.driver [None req-ac0436e6-ca90-4b6d-8e3a-91402e68684c tempest-PortsAdminExtendedAttrsTestJSON-9112260 tempest-PortsAdminExtendedAttrsTestJSON-9112260-project-admin] Attempting to reserve 1 items for resource port. Total usage: 0; quota limit: 500; headroom:500 {{(pid=83456) make_reservation /opt/stack/neutron/neutron/db/quota/driver.py:246}}
Dec 22 14:58:35.739750 dv-neutron-822675-1-hyperv neutron-server[83457]: DEBUG neutron_lib.callbacks.manager [None req-a1ee4258-095c-4dc6-ba80-7b04a2985ff1 tempest-AllowedAddressPairTestJSON-1430941444 tempest-AllowedAddressPairTestJSON-1430941444-project] Notify callbacks ['neutron.plugins.ml2.ovo_rpc._ObjectChangeHandler.handle_event-996582'] for security_group, after_create {{(pid=83457) _notify_loop /usr/local/lib/python3.8/dist-packages/neutron_lib/callbacks/manager.py:192}}
Dec 22 14:58:35.744787 dv-neutron-822675-1-hyperv neutron-server[83456]: DEBUG neutron.plugins.ml2.db [None req-b89b0d38-ae22-40a7-8087-e9368369cc2e tempest-PortsAdminExtendedAttrsIpV6TestJSON-275393806 tempest-PortsAdminExtendedAttrsIpV6TestJSON-275393806-project-admin] For port 49510e7b-cb8e-4aba-96b4-4ec3425c5d77, host hv-neutron-8226, cleared binding levels {{(pid=83456) clear_binding_levels /opt/stack/neutron/neutron/plugins/ml2/db.py:87}}
Dec 22 14:58:35.745138 dv-neutron-822675-1-hyperv neutron-server[83456]: DEBUG neutron.plugins.ml2.db [None req-b89b0d38-ae22-40a7-8087-e9368369cc2e tempest-PortsAdminExtendedAttrsIpV6TestJSON-275393806 tempest-PortsAdminExtendedAttrsIpV6TestJSON-275393806-project-admin] Attempted to set empty binding levels {{(pid=83456) set_binding_levels /opt/stack/neutron/neutron/plugins/ml2/db.py:65}}
Dec 22 14:58:35.764414 dv-neutron-822675-1-hyperv neutron-server[83457]: DEBUG oslo_concurrency.lockutils [None req-5e073bfc-7d65-4202-bacd-c4e7b7a52e2c admin admin] Lock "event-dispatch" acquired by "neutron.plugins.ml2.ovo_rpc._ObjectChangeHandler.dispatch_events" :: waited 0.000s {{(pid=83457) inner /usr/local/lib/python3.8/dist-packages/oslo_concurrency/lockutils.py:355}}
Dec 22 14:58:35.778858 dv-neutron-822675-1-hyperv neutron-server[83457]: DEBUG neutron_lib.callbacks.manager [None req-89cabdde-3504-4c60-9f82-0845d2faa16b admin admin] Notify callbacks [] for security_group, before_response {{(pid=83457) _notify_loop /usr/local/lib/python3.8/dist-packages/neutron_lib/callbacks/manager.py:192}}
Dec 22 14:58:35.782591 dv-neutron-822675-1-hyperv neutron-server[83457]: INFO neutron.wsgi [None req-89cabdde-3504-4c60-9f82-0845d2faa16b admin admin] 10.222.0.69 "DELETE /v2.0/security-groups/11e3586e-67ed-49d0-89f0-5a0caae2e722 HTTP/1.1" status: 204 len: 168 time: 1.0719728
Dec 22 14:58:35.810174 dv-neutron-822675-1-hyperv neutron-server[83456]: DEBUG neutron_lib.callbacks.manager [None req-b89b0d38-ae22-40a7-8087-e9368369cc2e tempest-PortsAdminExtendedAttrsIpV6TestJSON-275393806 tempest-PortsAdminExtendedAttrsIpV6TestJSON-275393806-project-admin] Notify callbacks ['neutron.plugins.ml2.plugin.SecurityGroupServerNotifierRpcMixin.notify_sg_on_port_change-2062426', 'neutron.plugins.ml2.ovo_rpc._ObjectChangeHandler.handle_event-19539', 'neutron.api.rpc.agentnotifiers.dhcp_rpc_agent_api.DhcpAgentNotifyAPI._native_event_send_dhcp_notification-1702692', 'neutron.db.l3_db.L3RpcNotifierMixin._notify_gateway_port_ip_changed-8763199975190', 'neutron.db.l3_dvrscheduler_db._notify_l3_agent_port_update-8763199548564', 'neutron.db.l3_hascheduler_db._notify_l3_agent_ha_port_update-8763199548609'] for port, after_update {{(pid=83456) _notify_loop /usr/local/lib/python3.8/dist-packages/neutron_lib/callbacks/manager.py:192}}
Dec 22 14:58:35.815184 dv-neutron-822675-1-hyperv neutron-server[83456]: DEBUG oslo_concurrency.lockutils [-] Lock "event-dispatch" acquired by "neutron.plugins.ml2.ovo_rpc._ObjectChangeHandler.dispatch_events" :: waited 0.000s {{(pid=83456) inner /usr/local/lib/python3.8/dist-packages/oslo_concurrency/lockutils.py:355}}
Dec 22 14:58:35.831921 dv-neutron-822675-1-hyperv neutron-server[83457]: DEBUG neutron.plugins.ml2.drivers.helpers [None req-a1ee4258-095c-4dc6-ba80-7b04a2985ff1 tempest-AllowedAddressPairTestJSON-1430941444 tempest-AllowedAddressPairTestJSON-1430941444-project] vlan segment allocate from pool success with {'vlan_id': 357, 'physical_network': 'physnet1'} {{(pid=83457) allocate_partially_specified_segment /opt/stack/neutron/neutron/plugins/ml2/drivers/helpers.py:153}}
Dec 22 14:58:35.858420 dv-neutron-822675-1-hyperv neutron-server[83457]: DEBUG neutron.api.rpc.handlers.resources_rpc [None req-a1ee4258-095c-4dc6-ba80-7b04a2985ff1 tempest-AllowedAddressPairTestJSON-1430941444 tempest-AllowedAddressPairTestJSON-1430941444-project] Pushing event updated for resources: {'SecurityGroup': ['ID=ec43482f-9669-48cb-a32b-06ffc72162c4,revision_number=1']} {{(pid=83457) push /opt/stack/neutron/neutron/api/rpc/handlers/resources_rpc.py:237}}
Dec 22 14:58:35.858614 dv-neutron-822675-1-hyperv neutron-server[83456]: DEBUG neutron.pecan_wsgi.hooks.quota_enforcement [None req-ac0436e6-ca90-4b6d-8e3a-91402e68684c tempest-PortsAdminExtendedAttrsTestJSON-9112260 tempest-PortsAdminExtendedAttrsTestJSON-9112260-project-admin] Made reservation on behalf of 5c4ee8521b034e22a9aa2ff5c1052d0a for: {'port': 1} {{(pid=83456) before /opt/stack/neutron/neutron/pecan_wsgi/hooks/quota_enforcement.py:53}}
Dec 22 14:58:35.858614 dv-neutron-822675-1-hyperv neutron-server[83456]: DEBUG neutron_lib.callbacks.manager [None req-ac0436e6-ca90-4b6d-8e3a-91402e68684c tempest-PortsAdminExtendedAttrsTestJSON-9112260 tempest-PortsAdminExtendedAttrsTestJSON-9112260-project-admin] Notify callbacks ['neutron.plugins.ml2.plugin.SecurityGroupDbMixin._ensure_default_security_group_handler-2063818'] for port, before_create {{(pid=83456) _notify_loop /usr/local/lib/python3.8/dist-packages/neutron_lib/callbacks/manager.py:192}}
Dec 22 14:58:35.869877 dv-neutron-822675-1-hyperv neutron-server[83457]: DEBUG oslo_concurrency.lockutils [None req-a1ee4258-095c-4dc6-ba80-7b04a2985ff1 tempest-AllowedAddressPairTestJSON-1430941444 tempest-AllowedAddressPairTestJSON-1430941444-project] Lock "event-dispatch" released by "neutron.plugins.ml2.ovo_rpc._ObjectChangeHandler.dispatch_events" :: held 0.106s {{(pid=83457) inner /usr/local/lib/python3.8/dist-packages/oslo_concurrency/lockutils.py:367}}
Dec 22 14:58:35.875516 dv-neutron-822675-1-hyperv neutron-server[83457]: DEBUG neutron_lib.callbacks.manager [None req-a1ee4258-095c-4dc6-ba80-7b04a2985ff1 tempest-AllowedAddressPairTestJSON-1430941444 tempest-AllowedAddressPairTestJSON-1430941444-project] Notify callbacks ['neutron.plugins.ml2.plugin.Ml2Plugin._handle_segment_change-2069175'] for segment, precommit_create {{(pid=83457) _notify_loop /usr/local/lib/python3.8/dist-packages/neutron_lib/callbacks/manager.py:192}}
Dec 22 14:58:35.875918 dv-neutron-822675-1-hyperv neutron-server[83457]: INFO neutron.db.segments_db [None req-a1ee4258-095c-4dc6-ba80-7b04a2985ff1 tempest-AllowedAddressPairTestJSON-1430941444 tempest-AllowedAddressPairTestJSON-1430941444-project] Added segment 70fc5861-7c56-495d-ad78-f2efd8eea7c9 of type vlan for network 14acb837-3e9b-495d-aded-9bcad5a4ffd2
Dec 22 14:58:35.890208 dv-neutron-822675-1-hyperv neutron-server[83457]: DEBUG neutron_lib.callbacks.manager [None req-03aa54b1-3c9c-4b46-bec7-2d075825af71 tempest-ServerActionsTestJSON-1033183613 tempest-ServerActionsTestJSON-1033183613-project] Notify callbacks [] for port, precommit_create {{(pid=83457) _notify_loop /usr/local/lib/python3.8/dist-packages/neutron_lib/callbacks/manager.py:192}}
Dec 22 14:58:35.948047 dv-neutron-822675-1-hyperv neutron-server[83456]: DEBUG neutron.notifiers.nova [None req-ac0436e6-ca90-4b6d-8e3a-91402e68684c tempest-PortsAdminExtendedAttrsTestJSON-9112260 tempest-PortsAdminExtendedAttrsTestJSON-9112260-project-admin] device_id is not set on port b82894cc-cb88-4e10-92ea-ece4013472e3 yet. {{(pid=83456) _can_notify /opt/stack/neutron/neutron/notifiers/nova.py:190}}
Dec 22 14:58:35.970103 dv-neutron-822675-1-hyperv neutron-server[83457]: DEBUG neutron_lib.callbacks.manager [None req-a1ee4258-095c-4dc6-ba80-7b04a2985ff1 tempest-AllowedAddressPairTestJSON-1430941444 tempest-AllowedAddressPairTestJSON-1430941444-project] Notify callbacks ['neutron.services.auto_allocate.db._ensure_external_network_default_value_callback-8763199500301'] for network, precommit_create {{(pid=83457) _notify_loop /usr/local/lib/python3.8/dist-packages/neutron_lib/callbacks/manager.py:192}}
Dec 22 14:58:36.014545 dv-neutron-822675-1-hyperv neutron-server[83456]: DEBUG neutron.plugins.ml2.plugin [None req-b89b0d38-ae22-40a7-8087-e9368369cc2e tempest-PortsAdminExtendedAttrsIpV6TestJSON-275393806 tempest-PortsAdminExtendedAttrsIpV6TestJSON-275393806-project-admin] In _notify_port_updated(), no bound segment for port 49510e7b-cb8e-4aba-96b4-4ec3425c5d77 on network 9577fc67-a6d1-47f0-b8d1-59f2a15ebc2b {{(pid=83456) _notify_port_updated /opt/stack/neutron/neutron/plugins/ml2/plugin.py:843}}
Dec 22 14:58:36.015945 dv-neutron-822675-1-hyperv neutron-server[83456]: DEBUG neutron_lib.callbacks.manager [None req-b89b0d38-ae22-40a7-8087-e9368369cc2e tempest-PortsAdminExtendedAttrsIpV6TestJSON-275393806 tempest-PortsAdminExtendedAttrsIpV6TestJSON-275393806-project-admin] Notify callbacks ['neutron.notifiers.nova.Notifier._send_nova_notification-123123'] for port, before_response {{(pid=83456) _notify_loop /usr/local/lib/python3.8/dist-packages/neutron_lib/callbacks/manager.py:192}}
Dec 22 14:58:36.020192 dv-neutron-822675-1-hyperv neutron-server[83456]: INFO neutron.wsgi [None req-b89b0d38-ae22-40a7-8087-e9368369cc2e tempest-PortsAdminExtendedAttrsIpV6TestJSON-275393806 tempest-PortsAdminExtendedAttrsIpV6TestJSON-275393806-project-admin] 10.222.0.69 "PUT /v2.0/ports/49510e7b-cb8e-4aba-96b4-4ec3425c5d77 HTTP/1.1" status: 200 len: 981 time: 5.4407263
Dec 22 14:58:36.022875 dv-neutron-822675-1-hyperv neutron-server[83457]: DEBUG neutron.wsgi [-] (83457) accepted ('10.222.0.69', 58900) {{(pid=83457) server /usr/local/lib/python3.8/dist-packages/eventlet/wsgi.py:992}}
Dec 22 14:58:36.094786 dv-neutron-822675-1-hyperv neutron-server[83456]: DEBUG neutron.api.rpc.handlers.resources_rpc [None req-b89b0d38-ae22-40a7-8087-e9368369cc2e tempest-PortsAdminExtendedAttrsIpV6TestJSON-275393806 tempest-PortsAdminExtendedAttrsIpV6TestJSON-275393806-project-admin] Pushing event updated for resources: {'Port': ['ID=49510e7b-cb8e-4aba-96b4-4ec3425c5d77,revision_number=3']} {{(pid=83456) push /opt/stack/neutron/neutron/api/rpc/handlers/resources_rpc.py:237}}
Dec 22 14:58:36.101330 dv-neutron-822675-1-hyperv neutron-server[83456]: DEBUG oslo_concurrency.lockutils [None req-b89b0d38-ae22-40a7-8087-e9368369cc2e tempest-PortsAdminExtendedAttrsIpV6TestJSON-275393806 tempest-PortsAdminExtendedAttrsIpV6TestJSON-275393806-project-admin] Lock "event-dispatch" released by "neutron.plugins.ml2.ovo_rpc._ObjectChangeHandler.dispatch_events" :: held 0.286s {{(pid=83456) inner /usr/local/lib/python3.8/dist-packages/oslo_concurrency/lockutils.py:367}}
Dec 22 14:58:36.135450 dv-neutron-822675-1-hyperv neutron-server[83457]: DEBUG neutron_lib.callbacks.manager [None req-03aa54b1-3c9c-4b46-bec7-2d075825af71 tempest-ServerActionsTestJSON-1033183613 tempest-ServerActionsTestJSON-1033183613-project] Notify callbacks ['neutron.plugins.ml2.plugin.SecurityGroupServerNotifierRpcMixin.notify_sg_on_port_change-2062426', 'neutron.plugins.ml2.ovo_rpc._ObjectChangeHandler.handle_event-19539', 'neutron.api.rpc.agentnotifiers.dhcp_rpc_agent_api.DhcpAgentNotifyAPI._native_event_send_dhcp_notification-1702692', 'neutron.db.l3_dvrscheduler_db._notify_l3_agent_new_port-8763199548546', 'neutron.services.segments.plugin.NovaSegmentNotifier._notify_port_created_or_deleted-3210312'] for port, after_create {{(pid=83457) _notify_loop /usr/local/lib/python3.8/dist-packages/neutron_lib/callbacks/manager.py:192}}
Dec 22 14:58:36.155358 dv-neutron-822675-1-hyperv neutron-server[83457]: DEBUG oslo_concurrency.lockutils [-] Lock "event-dispatch" acquired by "neutron.plugins.ml2.ovo_rpc._ObjectChangeHandler.dispatch_events" :: waited 0.000s {{(pid=83457) inner /usr/local/lib/python3.8/dist-packages/oslo_concurrency/lockutils.py:355}}
Dec 22 14:58:36.199729 dv-neutron-822675-1-hyperv neutron-server[83457]: DEBUG neutron_lib.callbacks.manager [None req-a1ee4258-095c-4dc6-ba80-7b04a2985ff1 tempest-AllowedAddressPairTestJSON-1430941444 tempest-AllowedAddressPairTestJSON-1430941444-project] Notify callbacks ['neutron.plugins.ml2.ovo_rpc._ObjectChangeHandler.handle_event-996495', 'neutron.api.rpc.agentnotifiers.dhcp_rpc_agent_api.DhcpAgentNotifyAPI._native_event_send_dhcp_notification-1702692'] for network, after_create {{(pid=83457) _notify_loop /usr/local/lib/python3.8/dist-packages/neutron_lib/callbacks/manager.py:192}}
Dec 22 14:58:36.220117 dv-neutron-822675-1-hyperv neutron-server[83457]: DEBUG neutron.pecan_wsgi.hooks.policy_enforcement [None req-a1ee4258-095c-4dc6-ba80-7b04a2985ff1 tempest-AllowedAddressPairTestJSON-1430941444 tempest-AllowedAddressPairTestJSON-1430941444-project] Attributes excluded by policy engine: ['provider:network_type', 'provider:physical_network', 'provider:segmentation_id', 'vlan_transparent'] {{(pid=83457) _exclude_attributes_by_policy /opt/stack/neutron/neutron/pecan_wsgi/hooks/policy_enforcement.py:255}}
Dec 22 14:58:36.220765 dv-neutron-822675-1-hyperv neutron-server[83457]: DEBUG neutron_lib.callbacks.manager [None req-a1ee4258-095c-4dc6-ba80-7b04a2985ff1 tempest-AllowedAddressPairTestJSON-1430941444 tempest-AllowedAddressPairTestJSON-1430941444-project] Notify callbacks ['neutron.api.rpc.agentnotifiers.dhcp_rpc_agent_api.DhcpAgentNotifyAPI._send_dhcp_notification-1702856'] for network, before_response {{(pid=83457) _notify_loop /usr/local/lib/python3.8/dist-packages/neutron_lib/callbacks/manager.py:192}}
Dec 22 14:58:36.258186 dv-neutron-822675-1-hyperv neutron-server[83457]: DEBUG neutron_lib.callbacks.manager [None req-a80951ae-8ee8-4f17-bb08-f27b17e3f7e9 tempest-FloatingIPAdminTestJSON-332199090 tempest-FloatingIPAdminTestJSON-332199090-project] Notify callbacks ['neutron.plugins.ml2.plugin.SecurityGroupDbMixin._ensure_default_security_group_handler-2063818'] for port, before_create {{(pid=83457) _notify_loop /usr/local/lib/python3.8/dist-packages/neutron_lib/callbacks/manager.py:192}}
Dec 22 14:58:36.285528 dv-neutron-822675-1-hyperv neutron-server[83456]: DEBUG neutron.api.rpc.agentnotifiers.l3_rpc_agent_api [None req-a42e6c57-3259-422e-a20a-6c40ce051033 admin admin] Notify agent at l3_agent.dv-neutron-822675-1-hyperv the message routers_updated {{(pid=83456) _agent_notification /opt/stack/neutron/neutron/api/rpc/agentnotifiers/l3_rpc_agent_api.py:65}}
Dec 22 14:58:36.288577 dv-neutron-822675-1-hyperv neutron-server[83457]: DEBUG neutron.scheduler.dhcp_agent_scheduler [None req-03aa54b1-3c9c-4b46-bec7-2d075825af71 tempest-ServerActionsTestJSON-1033183613 tempest-ServerActionsTestJSON-1033183613-project] Network fec912f8-ceb4-4765-afbc-51e8cc522c06 is already hosted by enough agents. {{(pid=83457) _get_dhcp_agents_hosting_network /opt/stack/neutron/neutron/scheduler/dhcp_agent_scheduler.py:275}}
Dec 22 14:58:36.296769 dv-neutron-822675-1-hyperv neutron-server[83457]: DEBUG neutron.scheduler.base_scheduler [None req-03aa54b1-3c9c-4b46-bec7-2d075825af71 tempest-ServerActionsTestJSON-1033183613 tempest-ServerActionsTestJSON-1033183613-project] Resources bound (agent type, host, resource id): {{(pid=83457) schedule /opt/stack/neutron/neutron/scheduler/base_scheduler.py:57}}
Dec 22 14:58:36.301396 dv-neutron-822675-1-hyperv neutron-server[83457]: DEBUG neutron.api.rpc.handlers.resources_rpc [None req-03aa54b1-3c9c-4b46-bec7-2d075825af71 tempest-ServerActionsTestJSON-1033183613 tempest-ServerActionsTestJSON-1033183613-project] Pushing event updated for resources: {'Port': ['ID=81cc163a-6d3f-4fba-8a53-ae0af585bffa,revision_number=1']} {{(pid=83457) push /opt/stack/neutron/neutron/api/rpc/handlers/resources_rpc.py:237}}
Dec 22 14:58:36.304198 dv-neutron-822675-1-hyperv neutron-server[83457]: DEBUG neutron.db.l3_dvrscheduler_db [None req-03aa54b1-3c9c-4b46-bec7-2d075825af71 tempest-ServerActionsTestJSON-1033183613 tempest-ServerActionsTestJSON-1033183613-project] Received port after_create {{(pid=83457) _notify_l3_agent_new_port /opt/stack/neutron/neutron/db/l3_dvrscheduler_db.py:535}}
Dec 22 14:58:36.311534 dv-neutron-822675-1-hyperv neutron-server[83456]: DEBUG neutron.wsgi [-] (83456) accepted ('10.222.0.69', 58910) {{(pid=83456) server /usr/local/lib/python3.8/dist-packages/eventlet/wsgi.py:992}}
Dec 22 14:58:36.321804 dv-neutron-822675-1-hyperv neutron-server[83456]: DEBUG neutron.api.v2.base [None req-665e950b-7ed5-483d-b751-0edf5dede0af tempest-ServersTestJSON-1926497381 tempest-ServersTestJSON-1926497381-project] Request body: {'security_group': {'name': 'tempest-securitygroup--552237141', 'description': 'tempest-description--1334817766'}} {{(pid=83456) prepare_request_body /opt/stack/neutron/neutron/api/v2/base.py:719}}
Dec 22 14:58:36.342077 dv-neutron-822675-1-hyperv neutron-server[83456]: INFO neutron.wsgi [None req-a42e6c57-3259-422e-a20a-6c40ce051033 admin admin] 10.222.0.69 "PUT /v2.0/routers/fd40ef7c-54b9-41e0-b0e9-f6a132200e6d/add_router_interface HTTP/1.1" status: 200 len: 503 time: 12.8678620
Dec 22 14:58:36.342284 dv-neutron-822675-1-hyperv neutron-server[83457]: INFO neutron.wsgi [None req-a1ee4258-095c-4dc6-ba80-7b04a2985ff1 tempest-AllowedAddressPairTestJSON-1430941444 tempest-AllowedAddressPairTestJSON-1430941444-project] 10.222.0.69 "POST /v2.0/networks HTTP/1.1" status: 201 len: 794 time: 1.5495317
Dec 22 14:58:36.342389 dv-neutron-822675-1-hyperv neutron-server[83456]: DEBUG neutron_lib.callbacks.manager [None req-ac0436e6-ca90-4b6d-8e3a-91402e68684c tempest-PortsAdminExtendedAttrsTestJSON-9112260 tempest-PortsAdminExtendedAttrsTestJSON-9112260-project-admin] Notify callbacks [] for port, precommit_create {{(pid=83456) _notify_loop /usr/local/lib/python3.8/dist-packages/neutron_lib/callbacks/manager.py:192}}
Dec 22 14:58:36.342389 dv-neutron-822675-1-hyperv neutron-server[83456]: DEBUG neutron.db.quota.driver [None req-665e950b-7ed5-483d-b751-0edf5dede0af tempest-ServersTestJSON-1926497381 tempest-ServersTestJSON-1926497381-project] Resources subnetpool have unlimited quota limit. It is not required to calculate headroom {{(pid=83456) make_reservation /opt/stack/neutron/neutron/db/quota/driver.py:219}}
Dec 22 14:58:36.342389 dv-neutron-822675-1-hyperv neutron-server[83456]: DEBUG neutron.wsgi [-] (83456) accepted ('10.222.0.69', 58916) {{(pid=83456) server /usr/local/lib/python3.8/dist-packages/eventlet/wsgi.py:992}}
Dec 22 14:58:36.350280 dv-neutron-822675-1-hyperv neutron-server[83456]: DEBUG neutron.api.v2.base [None req-fddbe22c-3071-4ddc-96ae-6b685ea229c0 tempest-AllowedAddressPairTestJSON-1430941444 tempest-AllowedAddressPairTestJSON-1430941444-project] Request body: {'subnet': {'network_id': '14acb837-3e9b-495d-aded-9bcad5a4ffd2', 'cidr': '172.20.0.0/28', 'ip_version': 4, 'gateway_ip': '172.20.0.1'}} {{(pid=83456) prepare_request_body /opt/stack/neutron/neutron/api/v2/base.py:719}}
Dec 22 14:58:36.391355 dv-neutron-822675-1-hyperv neutron-server[83457]: DEBUG oslo_concurrency.lockutils [None req-03aa54b1-3c9c-4b46-bec7-2d075825af71 tempest-ServerActionsTestJSON-1033183613 tempest-ServerActionsTestJSON-1033183613-project] Lock "event-dispatch" released by "neutron.plugins.ml2.ovo_rpc._ObjectChangeHandler.dispatch_events" :: held 0.236s {{(pid=83457) inner /usr/local/lib/python3.8/dist-packages/oslo_concurrency/lockutils.py:367}}
Dec 22 14:58:36.397025 dv-neutron-822675-1-hyperv neutron-server[83457]: DEBUG oslo_concurrency.lockutils [-] Lock "event-dispatch" acquired by "neutron.plugins.ml2.ovo_rpc._ObjectChangeHandler.dispatch_events" :: waited 0.164s {{(pid=83457) inner /usr/local/lib/python3.8/dist-packages/oslo_concurrency/lockutils.py:355}}
Dec 22 14:58:36.461431 dv-neutron-822675-1-hyperv neutron-server[83456]: DEBUG neutron.quota.resource [None req-665e950b-7ed5-483d-b751-0edf5dede0af tempest-ServersTestJSON-1926497381 tempest-ServersTestJSON-1926497381-project] Usage tracker for resource:security_group and tenant:0631083bec19464db01039a923cbf8e9 is out of sync, need to count used quota {{(pid=83456) count_used /opt/stack/neutron/neutron/quota/resource.py:270}}
Dec 22 14:58:36.468097 dv-neutron-822675-1-hyperv neutron-server[83456]: DEBUG neutron.quota.resource [None req-665e950b-7ed5-483d-b751-0edf5dede0af tempest-ServersTestJSON-1926497381 tempest-ServersTestJSON-1926497381-project] Quota usage for security_group was recalculated. Used quota:1. {{(pid=83456) count_used /opt/stack/neutron/neutron/quota/resource.py:290}}
Dec 22 14:58:36.518944 dv-neutron-822675-1-hyperv neutron-server[83456]: DEBUG neutron.db.quota.driver [None req-665e950b-7ed5-483d-b751-0edf5dede0af tempest-ServersTestJSON-1926497381 tempest-ServersTestJSON-1926497381-project] Attempting to reserve 1 items for resource security_group. Total usage: 1; quota limit: 100; headroom:99 {{(pid=83456) make_reservation /opt/stack/neutron/neutron/db/quota/driver.py:246}}
Dec 22 14:58:36.564059 dv-neutron-822675-1-hyperv neutron-server[83456]: DEBUG neutron_lib.callbacks.manager [None req-665e950b-7ed5-483d-b751-0edf5dede0af tempest-ServersTestJSON-1926497381 tempest-ServersTestJSON-1926497381-project] Notify callbacks [] for security_group, before_create {{(pid=83456) _notify_loop /usr/local/lib/python3.8/dist-packages/neutron_lib/callbacks/manager.py:192}}
Dec 22 14:58:36.607744 dv-neutron-822675-1-hyperv neutron-server[83456]: DEBUG neutron.db.quota.driver [None req-fddbe22c-3071-4ddc-96ae-6b685ea229c0 tempest-AllowedAddressPairTestJSON-1430941444 tempest-AllowedAddressPairTestJSON-1430941444-project] Resources subnetpool have unlimited quota limit. It is not required to calculate headroom {{(pid=83456) make_reservation /opt/stack/neutron/neutron/db/quota/driver.py:219}}
Dec 22 14:58:36.618073 dv-neutron-822675-1-hyperv neutron-server[83456]: DEBUG neutron.quota.resource [None req-fddbe22c-3071-4ddc-96ae-6b685ea229c0 tempest-AllowedAddressPairTestJSON-1430941444 tempest-AllowedAddressPairTestJSON-1430941444-project] Usage tracker for resource:subnet and tenant:24db5330503a4a86b5a7ad663a61544e is out of sync, need to count used quota {{(pid=83456) count_used /opt/stack/neutron/neutron/quota/resource.py:270}}
Dec 22 14:58:36.623953 dv-neutron-822675-1-hyperv neutron-server[83456]: DEBUG neutron.quota.resource [None req-fddbe22c-3071-4ddc-96ae-6b685ea229c0 tempest-AllowedAddressPairTestJSON-1430941444 tempest-AllowedAddressPairTestJSON-1430941444-project] Quota usage for subnet was recalculated. Used quota:0. {{(pid=83456) count_used /opt/stack/neutron/neutron/quota/resource.py:290}}
Dec 22 14:58:36.626995 dv-neutron-822675-1-hyperv neutron-server[83456]: DEBUG neutron_lib.callbacks.manager [None req-ac0436e6-ca90-4b6d-8e3a-91402e68684c tempest-PortsAdminExtendedAttrsTestJSON-9112260 tempest-PortsAdminExtendedAttrsTestJSON-9112260-project-admin] Notify callbacks ['neutron.plugins.ml2.plugin.SecurityGroupServerNotifierRpcMixin.notify_sg_on_port_change-2062426', 'neutron.plugins.ml2.ovo_rpc._ObjectChangeHandler.handle_event-19539', 'neutron.api.rpc.agentnotifiers.dhcp_rpc_agent_api.DhcpAgentNotifyAPI._native_event_send_dhcp_notification-1702692', 'neutron.db.l3_dvrscheduler_db._notify_l3_agent_new_port-8763199548546'] for port, after_create {{(pid=83456) _notify_loop /usr/local/lib/python3.8/dist-packages/neutron_lib/callbacks/manager.py:192}}
Dec 22 14:58:36.639886 dv-neutron-822675-1-hyperv neutron-server[83456]: DEBUG oslo_concurrency.lockutils [None req-f1ecc282-1468-4c5d-bbef-a88f588f8fd1 tempest-PortsAdminExtendedAttrsIpV6TestJSON-275393806 tempest-PortsAdminExtendedAttrsIpV6TestJSON-275393806-project-admin] Lock "event-dispatch" acquired by "neutron.plugins.ml2.ovo_rpc._ObjectChangeHandler.dispatch_events" :: waited 0.000s {{(pid=83456) inner /usr/local/lib/python3.8/dist-packages/oslo_concurrency/lockutils.py:355}}
Dec 22 14:58:36.642262 dv-neutron-822675-1-hyperv neutron-server[83458]: DEBUG neutron.plugins.ml2.rpc [None req-b46b8614-ddea-4ce1-81dd-033bf291a480 None None] Device 567d7f9a-a045-464c-b4b9-46472fe1cffa up at agent ovs-agent-dv-neutron-822675-1-hyperv {{(pid=83458) update_device_up /opt/stack/neutron/neutron/plugins/ml2/rpc.py:278}}
Dec 22 14:58:36.669159 dv-neutron-822675-1-hyperv neutron-server[83457]: INFO neutron.wsgi [None req-6010503b-5dc5-4238-b2e7-b10ff7916dc4 tempest-PortsAdminExtendedAttrsIpV6TestJSON-275393806 tempest-PortsAdminExtendedAttrsIpV6TestJSON-275393806-project-admin] 10.222.0.69 "GET /v2.0/ports HTTP/1.1" status: 200 len: 16013 time: 0.6450121
Dec 22 14:58:36.669739 dv-neutron-822675-1-hyperv neutron-server[83457]: DEBUG neutron.wsgi [-] (83457) accepted ('10.222.0.69', 58930) {{(pid=83457) server /usr/local/lib/python3.8/dist-packages/eventlet/wsgi.py:992}}
Dec 22 14:58:36.693986 dv-neutron-822675-1-hyperv neutron-server[83456]: DEBUG neutron.db.quota.driver [None req-665e950b-7ed5-483d-b751-0edf5dede0af tempest-ServersTestJSON-1926497381 tempest-ServersTestJSON-1926497381-project] Resources subnetpool have unlimited quota limit. It is not required to calculate headroom {{(pid=83456) make_reservation /opt/stack/neutron/neutron/db/quota/driver.py:219}}
Dec 22 14:58:36.696421 dv-neutron-822675-1-hyperv neutron-server[83456]: DEBUG neutron.db.quota.driver [None req-fddbe22c-3071-4ddc-96ae-6b685ea229c0 tempest-AllowedAddressPairTestJSON-1430941444 tempest-AllowedAddressPairTestJSON-1430941444-project] Attempting to reserve 1 items for resource subnet. Total usage: 0; quota limit: 100; headroom:100 {{(pid=83456) make_reservation /opt/stack/neutron/neutron/db/quota/driver.py:246}}
Dec 22 14:58:36.710368 dv-neutron-822675-1-hyperv neutron-server[83456]: DEBUG neutron.quota.resource [None req-665e950b-7ed5-483d-b751-0edf5dede0af tempest-ServersTestJSON-1926497381 tempest-ServersTestJSON-1926497381-project] Usage tracker for resource:security_group_rule and tenant:0631083bec19464db01039a923cbf8e9 is out of sync, need to count used quota {{(pid=83456) count_used /opt/stack/neutron/neutron/quota/resource.py:270}}
Dec 22 14:58:36.721182 dv-neutron-822675-1-hyperv neutron-server[83456]: DEBUG neutron.quota.resource [None req-665e950b-7ed5-483d-b751-0edf5dede0af tempest-ServersTestJSON-1926497381 tempest-ServersTestJSON-1926497381-project] Quota usage for security_group_rule was recalculated. Used quota:4. {{(pid=83456) count_used /opt/stack/neutron/neutron/quota/resource.py:290}}
Dec 22 14:58:36.734360 dv-neutron-822675-1-hyperv neutron-server[83456]: DEBUG neutron.db.quota.driver [None req-665e950b-7ed5-483d-b751-0edf5dede0af tempest-ServersTestJSON-1926497381 tempest-ServersTestJSON-1926497381-project] Attempting to reserve 2 items for resource security_group_rule. Total usage: 4; quota limit: 100; headroom:96 {{(pid=83456) make_reservation /opt/stack/neutron/neutron/db/quota/driver.py:246}}
Dec 22 14:58:36.744224 dv-neutron-822675-1-hyperv neutron-server[83456]: DEBUG neutron.pecan_wsgi.hooks.quota_enforcement [None req-fddbe22c-3071-4ddc-96ae-6b685ea229c0 tempest-AllowedAddressPairTestJSON-1430941444 tempest-AllowedAddressPairTestJSON-1430941444-project] Made reservation on behalf of 24db5330503a4a86b5a7ad663a61544e for: {'subnet': 1} {{(pid=83456) before /opt/stack/neutron/neutron/pecan_wsgi/hooks/quota_enforcement.py:53}}
Dec 22 14:58:36.762288 dv-neutron-822675-1-hyperv neutron-server[83458]: DEBUG neutron.db.provisioning_blocks [None req-b46b8614-ddea-4ce1-81dd-033bf291a480 None None] Provisioning complete for port 567d7f9a-a045-464c-b4b9-46472fe1cffa triggered by entity L2. {{(pid=83458) provisioning_complete /opt/stack/neutron/neutron/db/provisioning_blocks.py:139}}
Dec 22 14:58:36.763719 dv-neutron-822675-1-hyperv neutron-server[83458]: DEBUG neutron_lib.callbacks.manager [None req-b46b8614-ddea-4ce1-81dd-033bf291a480 None None] Notify callbacks ['neutron.plugins.ml2.plugin.Ml2Plugin._port_provisioned-2078221'] for port, provisioning_complete {{(pid=83458) _notify_loop /usr/local/lib/python3.8/dist-packages/neutron_lib/callbacks/manager.py:192}}
Dec 22 14:58:36.784796 dv-neutron-822675-1-hyperv neutron-server[83457]: DEBUG neutron.api.rpc.handlers.resources_rpc [None req-a1ee4258-095c-4dc6-ba80-7b04a2985ff1 tempest-AllowedAddressPairTestJSON-1430941444 tempest-AllowedAddressPairTestJSON-1430941444-project] Pushing event updated for resources: {'Network': ['ID=14acb837-3e9b-495d-aded-9bcad5a4ffd2,revision_number=1']} {{(pid=83457) push /opt/stack/neutron/neutron/api/rpc/handlers/resources_rpc.py:237}}
Dec 22 14:58:36.806117 dv-neutron-822675-1-hyperv neutron-server[83457]: DEBUG oslo_concurrency.lockutils [None req-a1ee4258-095c-4dc6-ba80-7b04a2985ff1 tempest-AllowedAddressPairTestJSON-1430941444 tempest-AllowedAddressPairTestJSON-1430941444-project] Lock "event-dispatch" released by "neutron.plugins.ml2.ovo_rpc._ObjectChangeHandler.dispatch_events" :: held 0.409s {{(pid=83457) inner /usr/local/lib/python3.8/dist-packages/oslo_concurrency/lockutils.py:367}}
Dec 22 14:58:36.818298 dv-neutron-822675-1-hyperv neutron-server[83458]: DEBUG neutron.plugins.ml2.rpc [None req-b46b8614-ddea-4ce1-81dd-033bf291a480 None None] Network 14acb837-3e9b-495d-aded-9bcad5a4ffd2 details requested by agent ovs-agent-dv-neutron-822675-1-hyperv with host dv-neutron-822675-1-hyperv {{(pid=83458) get_network_details /opt/stack/neutron/neutron/plugins/ml2/rpc.py:232}}
Dec 22 14:58:36.829210 dv-neutron-822675-1-hyperv neutron-server[83456]: DEBUG neutron.api.rpc.handlers.resources_rpc [None req-ac0436e6-ca90-4b6d-8e3a-91402e68684c tempest-PortsAdminExtendedAttrsTestJSON-9112260 tempest-PortsAdminExtendedAttrsTestJSON-9112260-project-admin] Pushing event updated for resources: {'Port': ['ID=b82894cc-cb88-4e10-92ea-ece4013472e3,revision_number=1']} {{(pid=83456) push /opt/stack/neutron/neutron/api/rpc/handlers/resources_rpc.py:237}}
Dec 22 14:58:36.836525 dv-neutron-822675-1-hyperv neutron-server[83456]: DEBUG oslo_concurrency.lockutils [None req-ac0436e6-ca90-4b6d-8e3a-91402e68684c tempest-PortsAdminExtendedAttrsTestJSON-9112260 tempest-PortsAdminExtendedAttrsTestJSON-9112260-project-admin] Lock "event-dispatch" released by "neutron.plugins.ml2.ovo_rpc._ObjectChangeHandler.dispatch_events" :: held 0.197s {{(pid=83456) inner /usr/local/lib/python3.8/dist-packages/oslo_concurrency/lockutils.py:367}}
Dec 22 14:58:36.841123 dv-neutron-822675-1-hyperv neutron-server[83456]: DEBUG neutron.scheduler.dhcp_agent_scheduler [None req-ac0436e6-ca90-4b6d-8e3a-91402e68684c tempest-PortsAdminExtendedAttrsTestJSON-9112260 tempest-PortsAdminExtendedAttrsTestJSON-9112260-project-admin] Network 2bb169b2-6acf-4ab2-b72e-e78557a1d55e is already hosted by enough agents. {{(pid=83456) _get_dhcp_agents_hosting_network /opt/stack/neutron/neutron/scheduler/dhcp_agent_scheduler.py:275}}
Dec 22 14:58:36.853883 dv-neutron-822675-1-hyperv neutron-server[83456]: DEBUG neutron.scheduler.base_scheduler [None req-ac0436e6-ca90-4b6d-8e3a-91402e68684c tempest-PortsAdminExtendedAttrsTestJSON-9112260 tempest-PortsAdminExtendedAttrsTestJSON-9112260-project-admin] Resources bound (agent type, host, resource id): {{(pid=83456) schedule /opt/stack/neutron/neutron/scheduler/base_scheduler.py:57}}
Dec 22 14:58:36.862776 dv-neutron-822675-1-hyperv neutron-server[83456]: DEBUG neutron.db.l3_dvrscheduler_db [None req-ac0436e6-ca90-4b6d-8e3a-91402e68684c tempest-PortsAdminExtendedAttrsTestJSON-9112260 tempest-PortsAdminExtendedAttrsTestJSON-9112260-project-admin] Received port after_create {{(pid=83456) _notify_l3_agent_new_port /opt/stack/neutron/neutron/db/l3_dvrscheduler_db.py:535}}
Dec 22 14:58:36.863731 dv-neutron-822675-1-hyperv neutron-server[83456]: DEBUG neutron.pecan_wsgi.hooks.policy_enforcement [None req-ac0436e6-ca90-4b6d-8e3a-91402e68684c tempest-PortsAdminExtendedAttrsTestJSON-9112260 tempest-PortsAdminExtendedAttrsTestJSON-9112260-project-admin] Attributes excluded by policy engine: ['network'] {{(pid=83456) _exclude_attributes_by_policy /opt/stack/neutron/neutron/pecan_wsgi/hooks/policy_enforcement.py:255}}
Dec 22 14:58:36.864485 dv-neutron-822675-1-hyperv neutron-server[83456]: DEBUG neutron_lib.callbacks.manager [None req-ac0436e6-ca90-4b6d-8e3a-91402e68684c tempest-PortsAdminExtendedAttrsTestJSON-9112260 tempest-PortsAdminExtendedAttrsTestJSON-9112260-project-admin] Notify callbacks ['neutron.notifiers.nova.Notifier._send_nova_notification-123123'] for port, before_response {{(pid=83456) _notify_loop /usr/local/lib/python3.8/dist-packages/neutron_lib/callbacks/manager.py:192}}
Dec 22 14:58:36.911819 dv-neutron-822675-1-hyperv neutron-server[83456]: DEBUG neutron_lib.callbacks.manager [None req-fddbe22c-3071-4ddc-96ae-6b685ea229c0 tempest-AllowedAddressPairTestJSON-1430941444 tempest-AllowedAddressPairTestJSON-1430941444-project] Notify callbacks [] for subnet, before_create {{(pid=83456) _notify_loop /usr/local/lib/python3.8/dist-packages/neutron_lib/callbacks/manager.py:192}}
Dec 22 14:58:36.937475 dv-neutron-822675-1-hyperv neutron-server[83457]: DEBUG neutron.plugins.ml2.plugin [None req-a28cbbfd-2259-4c10-85cf-84c178c99186 tempest-PortsAdminExtendedAttrsIpV6TestJSON-275393806 tempest-PortsAdminExtendedAttrsIpV6TestJSON-275393806-project-admin] Deleting port 49510e7b-cb8e-4aba-96b4-4ec3425c5d77 {{(pid=83457) _pre_delete_port /opt/stack/neutron/neutron/plugins/ml2/plugin.py:1863}}
Dec 22 14:58:36.937808 dv-neutron-822675-1-hyperv neutron-server[83457]: DEBUG neutron_lib.callbacks.manager [None req-a28cbbfd-2259-4c10-85cf-84c178c99186 tempest-PortsAdminExtendedAttrsIpV6TestJSON-275393806 tempest-PortsAdminExtendedAttrsIpV6TestJSON-275393806-project-admin] Notify callbacks ['neutron.db.l3_db.L3_NAT_dbonly_mixin._prevent_l3_port_delete_callback-8763199968525'] for port, before_delete {{(pid=83457) _notify_loop /usr/local/lib/python3.8/dist-packages/neutron_lib/callbacks/manager.py:192}}
Dec 22 14:58:37.026148 dv-neutron-822675-1-hyperv neutron-server[83456]: INFO neutron.wsgi [None req-ac0436e6-ca90-4b6d-8e3a-91402e68684c tempest-PortsAdminExtendedAttrsTestJSON-9112260 tempest-PortsAdminExtendedAttrsTestJSON-9112260-project-admin] 10.222.0.69 "POST /v2.0/ports HTTP/1.1" status: 201 len: 960 time: 1.3306699
Dec 22 14:58:37.043576 dv-neutron-822675-1-hyperv neutron-server[83456]: DEBUG neutron.wsgi [-] (83456) accepted ('10.222.0.69', 58938) {{(pid=83456) server /usr/local/lib/python3.8/dist-packages/eventlet/wsgi.py:992}}
Dec 22 14:58:37.050755 dv-neutron-822675-1-hyperv neutron-server[83456]: DEBUG neutron_lib.callbacks.manager [None req-665e950b-7ed5-483d-b751-0edf5dede0af tempest-ServersTestJSON-1926497381 tempest-ServersTestJSON-1926497381-project] Notify callbacks [] for security_group, precommit_create {{(pid=83456) _notify_loop /usr/local/lib/python3.8/dist-packages/neutron_lib/callbacks/manager.py:192}}
Dec 22 14:58:37.058929 dv-neutron-822675-1-hyperv neutron-server[83456]: DEBUG neutron.api.v2.base [None req-bcd28ed7-4d3c-413f-b646-eec1eb4b5d30 tempest-PortsAdminExtendedAttrsTestJSON-9112260 tempest-PortsAdminExtendedAttrsTestJSON-9112260-project-admin] Request body: {'port': {'binding:host_id': 'hv-neutron-8226'}} {{(pid=83456) prepare_request_body /opt/stack/neutron/neutron/api/v2/base.py:719}}
Dec 22 14:58:37.092260 dv-neutron-822675-1-hyperv neutron-server[83456]: DEBUG neutron_lib.callbacks.manager [None req-665e950b-7ed5-483d-b751-0edf5dede0af tempest-ServersTestJSON-1926497381 tempest-ServersTestJSON-1926497381-project] Notify callbacks ['neutron.plugins.ml2.ovo_rpc._ObjectChangeHandler.handle_event-996582'] for security_group, after_create {{(pid=83456) _notify_loop /usr/local/lib/python3.8/dist-packages/neutron_lib/callbacks/manager.py:192}}
Dec 22 14:58:37.122147 dv-neutron-822675-1-hyperv neutron-server[83456]: DEBUG oslo_concurrency.lockutils [None req-a6cf0533-8b03-41f1-a6ca-3f8b3a087d00 admin admin] Lock "event-dispatch" acquired by "neutron.plugins.ml2.ovo_rpc._ObjectChangeHandler.dispatch_events" :: waited 0.000s {{(pid=83456) inner /usr/local/lib/python3.8/dist-packages/oslo_concurrency/lockutils.py:355}}
Dec 22 14:58:37.192825 dv-neutron-822675-1-hyperv neutron-server[83456]: DEBUG neutron_lib.callbacks.manager [None req-665e950b-7ed5-483d-b751-0edf5dede0af tempest-ServersTestJSON-1926497381 tempest-ServersTestJSON-1926497381-project] Notify callbacks [] for security_group, before_response {{(pid=83456) _notify_loop /usr/local/lib/python3.8/dist-packages/neutron_lib/callbacks/manager.py:192}}
Dec 22 14:58:37.197137 dv-neutron-822675-1-hyperv neutron-server[83456]: INFO neutron.wsgi [None req-665e950b-7ed5-483d-b751-0edf5dede0af tempest-ServersTestJSON-1926497381 tempest-ServersTestJSON-1926497381-project] 10.222.0.69 "POST /v2.0/security-groups HTTP/1.1" status: 201 len: 1613 time: 0.8817854
Dec 22 14:58:37.198229 dv-neutron-822675-1-hyperv neutron-server[83456]: DEBUG neutron.wsgi [-] (83456) accepted ('10.222.0.69', 58944) {{(pid=83456) server /usr/local/lib/python3.8/dist-packages/eventlet/wsgi.py:992}}
Dec 22 14:58:37.213124 dv-neutron-822675-1-hyperv neutron-server[83457]: DEBUG neutron_lib.callbacks.manager [None req-03aa54b1-3c9c-4b46-bec7-2d075825af71 tempest-ServerActionsTestJSON-1033183613 tempest-ServerActionsTestJSON-1033183613-project] Notify callbacks [] for floatingip, precommit_create {{(pid=83457) _notify_loop /usr/local/lib/python3.8/dist-packages/neutron_lib/callbacks/manager.py:192}}
Dec 22 14:58:37.227517 dv-neutron-822675-1-hyperv neutron-server[83456]: DEBUG neutron.api.rpc.handlers.resources_rpc [None req-665e950b-7ed5-483d-b751-0edf5dede0af tempest-ServersTestJSON-1926497381 tempest-ServersTestJSON-1926497381-project] Pushing event updated for resources: {'SecurityGroup': ['ID=5be77a02-24a0-4d1c-80c7-4ddc4653ffa0,revision_number=1']} {{(pid=83456) push /opt/stack/neutron/neutron/api/rpc/handlers/resources_rpc.py:237}}
Dec 22 14:58:37.240993 dv-neutron-822675-1-hyperv neutron-server[83456]: DEBUG oslo_concurrency.lockutils [None req-665e950b-7ed5-483d-b751-0edf5dede0af tempest-ServersTestJSON-1926497381 tempest-ServersTestJSON-1926497381-project] Lock "event-dispatch" released by "neutron.plugins.ml2.ovo_rpc._ObjectChangeHandler.dispatch_events" :: held 0.119s {{(pid=83456) inner /usr/local/lib/python3.8/dist-packages/oslo_concurrency/lockutils.py:367}}
Dec 22 14:58:37.245150 dv-neutron-822675-1-hyperv neutron-server[83456]: DEBUG neutron.api.v2.base [None req-7fe19422-4725-4362-a467-75ebe76c9c60 tempest-ServersTestJSON-1926497381 tempest-ServersTestJSON-1926497381-project] Request body: {'security_group_rule': {'security_group_id': '5be77a02-24a0-4d1c-80c7-4ddc4653ffa0', 'protocol': 'tcp', 'ethertype': 'IPv4', 'port_range_min': 22, 'port_range_max': 22, 'direction': 'ingress'}} {{(pid=83456) prepare_request_body /opt/stack/neutron/neutron/api/v2/base.py:719}}
Dec 22 14:58:37.257073 dv-neutron-822675-1-hyperv neutron-server[83457]: DEBUG neutron.wsgi [-] (83457) accepted ('10.222.0.69', 58948) {{(pid=83457) server /usr/local/lib/python3.8/dist-packages/eventlet/wsgi.py:992}}
Dec 22 14:58:37.286444 dv-neutron-822675-1-hyperv neutron-server[83456]: DEBUG neutron.db.quota.driver [None req-7fe19422-4725-4362-a467-75ebe76c9c60 tempest-ServersTestJSON-1926497381 tempest-ServersTestJSON-1926497381-project] Resources subnetpool have unlimited quota limit. It is not required to calculate headroom {{(pid=83456) make_reservation /opt/stack/neutron/neutron/db/quota/driver.py:219}}
Dec 22 14:58:37.311429 dv-neutron-822675-1-hyperv neutron-server[83456]: DEBUG neutron.quota.resource [None req-7fe19422-4725-4362-a467-75ebe76c9c60 tempest-ServersTestJSON-1926497381 tempest-ServersTestJSON-1926497381-project] Usage tracker for resource:security_group_rule and tenant:0631083bec19464db01039a923cbf8e9 is out of sync, need to count used quota {{(pid=83456) count_used /opt/stack/neutron/neutron/quota/resource.py:270}}
Dec 22 14:58:37.319218 dv-neutron-822675-1-hyperv neutron-server[83456]: DEBUG neutron.quota.resource [None req-7fe19422-4725-4362-a467-75ebe76c9c60 tempest-ServersTestJSON-1926497381 tempest-ServersTestJSON-1926497381-project] Quota usage for security_group_rule was recalculated. Used quota:6. {{(pid=83456) count_used /opt/stack/neutron/neutron/quota/resource.py:290}}
Dec 22 14:58:37.323625 dv-neutron-822675-1-hyperv neutron-server[83456]: DEBUG neutron_lib.callbacks.manager [None req-bcd28ed7-4d3c-413f-b646-eec1eb4b5d30 tempest-PortsAdminExtendedAttrsTestJSON-9112260 tempest-PortsAdminExtendedAttrsTestJSON-9112260-project-admin] Notify callbacks ['neutron.plugins.ml2.plugin.SecurityGroupDbMixin._ensure_default_security_group_handler-2063818'] for port, before_update {{(pid=83456) _notify_loop /usr/local/lib/python3.8/dist-packages/neutron_lib/callbacks/manager.py:192}}
Dec 22 14:58:37.337232 dv-neutron-822675-1-hyperv neutron-server[83456]: DEBUG neutron.db.quota.driver [None req-7fe19422-4725-4362-a467-75ebe76c9c60 tempest-ServersTestJSON-1926497381 tempest-ServersTestJSON-1926497381-project] Attempting to reserve 1 items for resource security_group_rule. Total usage: 6; quota limit: 100; headroom:94 {{(pid=83456) make_reservation /opt/stack/neutron/neutron/db/quota/driver.py:246}}
Dec 22 14:58:37.431951 dv-neutron-822675-1-hyperv neutron-server[83456]: DEBUG neutron_lib.callbacks.manager [None req-7fe19422-4725-4362-a467-75ebe76c9c60 tempest-ServersTestJSON-1926497381 tempest-ServersTestJSON-1926497381-project] Notify callbacks [] for security_group_rule, before_create {{(pid=83456) _notify_loop /usr/local/lib/python3.8/dist-packages/neutron_lib/callbacks/manager.py:192}}
Dec 22 14:58:37.435464 dv-neutron-822675-1-hyperv neutron-server[83457]: DEBUG neutron_lib.callbacks.manager [None req-03aa54b1-3c9c-4b46-bec7-2d075825af71 tempest-ServerActionsTestJSON-1033183613 tempest-ServerActionsTestJSON-1033183613-project] Notify callbacks ['neutron.plugins.ml2.plugin.SecurityGroupDbMixin._ensure_default_security_group_handler-2063818'] for port, before_update {{(pid=83457) _notify_loop /usr/local/lib/python3.8/dist-packages/neutron_lib/callbacks/manager.py:192}}
Dec 22 14:58:37.441106 dv-neutron-822675-1-hyperv neutron-server[83456]: DEBUG neutron.wsgi [-] (83456) accepted ('10.222.0.69', 58954) {{(pid=83456) server /usr/local/lib/python3.8/dist-packages/eventlet/wsgi.py:992}}
Dec 22 14:58:37.463779 dv-neutron-822675-1-hyperv neutron-server[83456]: DEBUG neutron.api.v2.base [None req-fcc39472-d12c-41c2-86e2-ca3fd490a285 tempest-ServersTestManualDisk-464012814 tempest-ServersTestManualDisk-464012814-project] Request body: {'security_group': {'name': 'tempest-securitygroup--1009321668', 'description': 'tempest-description--770204606'}} {{(pid=83456) prepare_request_body /opt/stack/neutron/neutron/api/v2/base.py:719}}
Dec 22 14:58:37.478314 dv-neutron-822675-1-hyperv neutron-server[83456]: DEBUG neutron.db.quota.driver [None req-fcc39472-d12c-41c2-86e2-ca3fd490a285 tempest-ServersTestManualDisk-464012814 tempest-ServersTestManualDisk-464012814-project] Resources subnetpool have unlimited quota limit. It is not required to calculate headroom {{(pid=83456) make_reservation /opt/stack/neutron/neutron/db/quota/driver.py:219}}
