Dec 24 10:53:45.345013 dv-neutron-822669-2-hyperv devstack@n-api.service[97800]: DEBUG nova.api.openstack.wsgi_app [-] oslo_messaging_rabbit.heartbeat_timeout_threshold = 600 {{(pid=97800) log_opt_values /usr/local/lib/python3.8/dist-packages/oslo_config/cfg.py:2609}}
Dec 24 10:53:45.345013 dv-neutron-822669-2-hyperv devstack@n-api.service[97800]: DEBUG nova.api.openstack.wsgi_app [-] oslo_messaging_rabbit.kombu_compression = None {{(pid=97800) log_opt_values /usr/local/lib/python3.8/dist-packages/oslo_config/cfg.py:2609}}
Dec 24 10:53:45.345013 dv-neutron-822669-2-hyperv devstack@n-api.service[97800]: DEBUG nova.api.openstack.wsgi_app [-] oslo_messaging_rabbit.kombu_failover_strategy = round-robin {{(pid=97800) log_opt_values /usr/local/lib/python3.8/dist-packages/oslo_config/cfg.py:2609}}
Dec 24 10:53:45.345013 dv-neutron-822669-2-hyperv devstack@n-api.service[97800]: DEBUG nova.api.openstack.wsgi_app [-] oslo_messaging_rabbit.kombu_missing_consumer_retry_timeout = 60 {{(pid=97800) log_opt_values /usr/local/lib/python3.8/dist-packages/oslo_config/cfg.py:2609}}
Dec 24 10:53:45.345013 dv-neutron-822669-2-hyperv devstack@n-api.service[97800]: DEBUG nova.api.openstack.wsgi_app [-] oslo_messaging_rabbit.kombu_reconnect_delay = 1.0 {{(pid=97800) log_opt_values /usr/local/lib/python3.8/dist-packages/oslo_config/cfg.py:2609}}
Dec 24 10:53:45.345013 dv-neutron-822669-2-hyperv devstack@n-api.service[97800]: DEBUG nova.api.openstack.wsgi_app [-] oslo_messaging_rabbit.rabbit_ha_queues = False {{(pid=97800) log_opt_values /usr/local/lib/python3.8/dist-packages/oslo_config/cfg.py:2609}}
Dec 24 10:53:45.345013 dv-neutron-822669-2-hyperv devstack@n-api.service[97800]: DEBUG nova.api.openstack.wsgi_app [-] oslo_messaging_rabbit.rabbit_interval_max = 30 {{(pid=97800) log_opt_values /usr/local/lib/python3.8/dist-packages/oslo_config/cfg.py:2609}}
Dec 24 10:53:45.346102 dv-neutron-822669-2-hyperv devstack@n-api.service[97800]: DEBUG nova.api.openstack.wsgi_app [-] oslo_messaging_rabbit.rabbit_login_method = AMQPLAIN {{(pid=97800) log_opt_values /usr/local/lib/python3.8/dist-packages/oslo_config/cfg.py:2609}}
Dec 24 10:53:45.346102 dv-neutron-822669-2-hyperv devstack@n-api.service[97800]: DEBUG nova.api.openstack.wsgi_app [-] oslo_messaging_rabbit.rabbit_qos_prefetch_count = 0 {{(pid=97800) log_opt_values /usr/local/lib/python3.8/dist-packages/oslo_config/cfg.py:2609}}
Dec 24 10:53:45.346102 dv-neutron-822669-2-hyperv devstack@n-api.service[97800]: DEBUG nova.api.openstack.wsgi_app [-] oslo_messaging_rabbit.rabbit_retry_backoff = 2 {{(pid=97800) log_opt_values /usr/local/lib/python3.8/dist-packages/oslo_config/cfg.py:2609}}
Dec 24 10:53:45.346543 dv-neutron-822669-2-hyperv devstack@n-api.service[97800]: DEBUG nova.api.openstack.wsgi_app [-] oslo_messaging_rabbit.rabbit_retry_interval = 1 {{(pid=97800) log_opt_values /usr/local/lib/python3.8/dist-packages/oslo_config/cfg.py:2609}}
Dec 24 10:53:45.346699 dv-neutron-822669-2-hyperv devstack@n-api.service[97800]: DEBUG nova.api.openstack.wsgi_app [-] oslo_messaging_rabbit.rabbit_transient_queues_ttl = 1800 {{(pid=97800) log_opt_values /usr/local/lib/python3.8/dist-packages/oslo_config/cfg.py:2609}}
Dec 24 10:53:45.346910 dv-neutron-822669-2-hyperv devstack@n-api.service[97800]: DEBUG nova.api.openstack.wsgi_app [-] oslo_messaging_rabbit.rpc_conn_pool_size = 30 {{(pid=97800) log_opt_values /usr/local/lib/python3.8/dist-packages/oslo_config/cfg.py:2609}}
Dec 24 10:53:45.347294 dv-neutron-822669-2-hyperv devstack@n-api.service[97800]: DEBUG nova.api.openstack.wsgi_app [-] oslo_messaging_rabbit.ssl = False {{(pid=97800) log_opt_values /usr/local/lib/python3.8/dist-packages/oslo_config/cfg.py:2609}}
Dec 24 10:53:45.347714 dv-neutron-822669-2-hyperv devstack@n-api.service[97800]: DEBUG nova.api.openstack.wsgi_app [-] oslo_messaging_rabbit.ssl_ca_file = {{(pid=97800) log_opt_values /usr/local/lib/python3.8/dist-packages/oslo_config/cfg.py:2609}}
Dec 24 10:53:45.348060 dv-neutron-822669-2-hyperv devstack@n-api.service[97800]: DEBUG nova.api.openstack.wsgi_app [-] oslo_messaging_rabbit.ssl_cert_file = {{(pid=97800) log_opt_values /usr/local/lib/python3.8/dist-packages/oslo_config/cfg.py:2609}}
Dec 24 10:53:45.348408 dv-neutron-822669-2-hyperv devstack@n-api.service[97800]: DEBUG nova.api.openstack.wsgi_app [-] oslo_messaging_rabbit.ssl_key_file = {{(pid=97800) log_opt_values /usr/local/lib/python3.8/dist-packages/oslo_config/cfg.py:2609}}
Dec 24 10:53:45.348750 dv-neutron-822669-2-hyperv devstack@n-api.service[97800]: DEBUG nova.api.openstack.wsgi_app [-] oslo_messaging_rabbit.ssl_version = {{(pid=97800) log_opt_values /usr/local/lib/python3.8/dist-packages/oslo_config/cfg.py:2609}}
Dec 24 10:53:45.349199 dv-neutron-822669-2-hyperv devstack@n-api.service[97800]: DEBUG nova.api.openstack.wsgi_app [-] oslo_messaging_notifications.driver = ['messagingv2'] {{(pid=97800) log_opt_values /usr/local/lib/python3.8/dist-packages/oslo_config/cfg.py:2609}}
Dec 24 10:53:45.349700 dv-neutron-822669-2-hyperv devstack@n-api.service[97800]: DEBUG nova.api.openstack.wsgi_app [-] oslo_messaging_notifications.retry = -1 {{(pid=97800) log_opt_values /usr/local/lib/python3.8/dist-packages/oslo_config/cfg.py:2609}}
Dec 24 10:53:45.350055 dv-neutron-822669-2-hyperv devstack@n-api.service[97800]: DEBUG nova.api.openstack.wsgi_app [-] oslo_messaging_notifications.topics = ['notifications'] {{(pid=97800) log_opt_values /usr/local/lib/python3.8/dist-packages/oslo_config/cfg.py:2609}}
Dec 24 10:53:45.350424 dv-neutron-822669-2-hyperv devstack@n-api.service[97800]: DEBUG nova.api.openstack.wsgi_app [-] oslo_messaging_notifications.transport_url = **** {{(pid=97800) log_opt_values /usr/local/lib/python3.8/dist-packages/oslo_config/cfg.py:2609}}
Dec 24 10:53:45.350676 dv-neutron-822669-2-hyperv devstack@n-api.service[97800]: DEBUG nova.api.openstack.wsgi_app [-] ******************************************************************************** {{(pid=97800) log_opt_values /usr/local/lib/python3.8/dist-packages/oslo_config/cfg.py:2613}}
Dec 24 10:53:45.372740 dv-neutron-822669-2-hyperv devstack@n-api.service[97801]: DEBUG oslo_db.sqlalchemy.engines [None req-c574a0d7-a304-4bff-912e-5fbee55744c8 None None] MySQL server mode set to STRICT_TRANS_TABLES,STRICT_ALL_TABLES,NO_ZERO_IN_DATE,NO_ZERO_DATE,ERROR_FOR_DIVISION_BY_ZERO,TRADITIONAL,NO_ENGINE_SUBSTITUTION {{(pid=97801) _check_effective_sql_mode /usr/local/lib/python3.8/dist-packages/oslo_db/sqlalchemy/engines.py:304}}
Dec 24 10:53:45.384948 dv-neutron-822669-2-hyperv devstack@n-api.service[97800]: DEBUG oslo_db.sqlalchemy.engines [None req-3426df90-dbaf-475b-8afd-90f1e1e92592 None None] MySQL server mode set to STRICT_TRANS_TABLES,STRICT_ALL_TABLES,NO_ZERO_IN_DATE,NO_ZERO_DATE,ERROR_FOR_DIVISION_BY_ZERO,TRADITIONAL,NO_ENGINE_SUBSTITUTION {{(pid=97800) _check_effective_sql_mode /usr/local/lib/python3.8/dist-packages/oslo_db/sqlalchemy/engines.py:304}}
Dec 24 10:53:45.616931 dv-neutron-822669-2-hyperv devstack@n-api.service[97801]: DEBUG nova.context [None req-c574a0d7-a304-4bff-912e-5fbee55744c8 None None] Found 2 cells: 00000000-0000-0000-0000-000000000000(cell0),0ca8b312-dfdc-47ea-9c5c-2cdb7b8c1c90(cell1) {{(pid=97801) load_cells /opt/stack/nova/nova/context.py:465}}
Dec 24 10:53:45.621358 dv-neutron-822669-2-hyperv devstack@n-api.service[97801]: DEBUG oslo_concurrency.lockutils [None req-c574a0d7-a304-4bff-912e-5fbee55744c8 None None] Lock "00000000-0000-0000-0000-000000000000" acquired by "nova.context.set_target_cell..get_or_set_cached_cell_and_set_connections" :: waited 0.000s {{(pid=97801) inner /usr/local/lib/python3.8/dist-packages/oslo_concurrency/lockutils.py:355}}
Dec 24 10:53:45.623031 dv-neutron-822669-2-hyperv devstack@n-api.service[97801]: DEBUG oslo_concurrency.lockutils [None req-c574a0d7-a304-4bff-912e-5fbee55744c8 None None] Lock "00000000-0000-0000-0000-000000000000" released by "nova.context.set_target_cell..get_or_set_cached_cell_and_set_connections" :: held 0.002s {{(pid=97801) inner /usr/local/lib/python3.8/dist-packages/oslo_concurrency/lockutils.py:367}}
Dec 24 10:53:45.623887 dv-neutron-822669-2-hyperv devstack@n-api.service[97801]: DEBUG oslo_concurrency.lockutils [None req-c574a0d7-a304-4bff-912e-5fbee55744c8 None None] Lock "0ca8b312-dfdc-47ea-9c5c-2cdb7b8c1c90" acquired by "nova.context.set_target_cell..get_or_set_cached_cell_and_set_connections" :: waited 0.000s {{(pid=97801) inner /usr/local/lib/python3.8/dist-packages/oslo_concurrency/lockutils.py:355}}
Dec 24 10:53:45.626104 dv-neutron-822669-2-hyperv devstack@n-api.service[97801]: DEBUG oslo_concurrency.lockutils [None req-c574a0d7-a304-4bff-912e-5fbee55744c8 None None] Lock "0ca8b312-dfdc-47ea-9c5c-2cdb7b8c1c90" released by "nova.context.set_target_cell..get_or_set_cached_cell_and_set_connections" :: held 0.002s {{(pid=97801) inner /usr/local/lib/python3.8/dist-packages/oslo_concurrency/lockutils.py:367}}
Dec 24 10:53:45.632487 dv-neutron-822669-2-hyperv devstack@n-api.service[97800]: DEBUG nova.context [None req-3426df90-dbaf-475b-8afd-90f1e1e92592 None None] Found 2 cells: 00000000-0000-0000-0000-000000000000(cell0),0ca8b312-dfdc-47ea-9c5c-2cdb7b8c1c90(cell1) {{(pid=97800) load_cells /opt/stack/nova/nova/context.py:465}}
Dec 24 10:53:45.638228 dv-neutron-822669-2-hyperv devstack@n-api.service[97800]: DEBUG oslo_concurrency.lockutils [None req-3426df90-dbaf-475b-8afd-90f1e1e92592 None None] Lock "00000000-0000-0000-0000-000000000000" acquired by "nova.context.set_target_cell..get_or_set_cached_cell_and_set_connections" :: waited 0.000s {{(pid=97800) inner /usr/local/lib/python3.8/dist-packages/oslo_concurrency/lockutils.py:355}}
Dec 24 10:53:45.639946 dv-neutron-822669-2-hyperv devstack@n-api.service[97800]: DEBUG oslo_concurrency.lockutils [None req-3426df90-dbaf-475b-8afd-90f1e1e92592 None None] Lock "00000000-0000-0000-0000-000000000000" released by "nova.context.set_target_cell..get_or_set_cached_cell_and_set_connections" :: held 0.002s {{(pid=97800) inner /usr/local/lib/python3.8/dist-packages/oslo_concurrency/lockutils.py:367}}
Dec 24 10:53:45.640821 dv-neutron-822669-2-hyperv devstack@n-api.service[97800]: DEBUG oslo_concurrency.lockutils [None req-3426df90-dbaf-475b-8afd-90f1e1e92592 None None] Lock "0ca8b312-dfdc-47ea-9c5c-2cdb7b8c1c90" acquired by "nova.context.set_target_cell..get_or_set_cached_cell_and_set_connections" :: waited 0.000s {{(pid=97800) inner /usr/local/lib/python3.8/dist-packages/oslo_concurrency/lockutils.py:355}}
Dec 24 10:53:45.642844 dv-neutron-822669-2-hyperv devstack@n-api.service[97800]: DEBUG oslo_concurrency.lockutils [None req-3426df90-dbaf-475b-8afd-90f1e1e92592 None None] Lock "0ca8b312-dfdc-47ea-9c5c-2cdb7b8c1c90" released by "nova.context.set_target_cell..get_or_set_cached_cell_and_set_connections" :: held 0.002s {{(pid=97800) inner /usr/local/lib/python3.8/dist-packages/oslo_concurrency/lockutils.py:367}}
Dec 24 10:53:45.651260 dv-neutron-822669-2-hyperv devstack@n-api.service[97801]: DEBUG oslo_db.sqlalchemy.engines [None req-c574a0d7-a304-4bff-912e-5fbee55744c8 None None] MySQL server mode set to STRICT_TRANS_TABLES,STRICT_ALL_TABLES,NO_ZERO_IN_DATE,NO_ZERO_DATE,ERROR_FOR_DIVISION_BY_ZERO,TRADITIONAL,NO_ENGINE_SUBSTITUTION {{(pid=97801) _check_effective_sql_mode /usr/local/lib/python3.8/dist-packages/oslo_db/sqlalchemy/engines.py:304}}
Dec 24 10:53:45.652132 dv-neutron-822669-2-hyperv devstack@n-api.service[97801]: DEBUG oslo_db.sqlalchemy.engines [None req-c574a0d7-a304-4bff-912e-5fbee55744c8 None None] MySQL server mode set to STRICT_TRANS_TABLES,STRICT_ALL_TABLES,NO_ZERO_IN_DATE,NO_ZERO_DATE,ERROR_FOR_DIVISION_BY_ZERO,TRADITIONAL,NO_ENGINE_SUBSTITUTION {{(pid=97801) _check_effective_sql_mode /usr/local/lib/python3.8/dist-packages/oslo_db/sqlalchemy/engines.py:304}}
Dec 24 10:53:45.667827 dv-neutron-822669-2-hyperv devstack@n-api.service[97800]: DEBUG oslo_db.sqlalchemy.engines [None req-3426df90-dbaf-475b-8afd-90f1e1e92592 None None] MySQL server mode set to STRICT_TRANS_TABLES,STRICT_ALL_TABLES,NO_ZERO_IN_DATE,NO_ZERO_DATE,ERROR_FOR_DIVISION_BY_ZERO,TRADITIONAL,NO_ENGINE_SUBSTITUTION {{(pid=97800) _check_effective_sql_mode /usr/local/lib/python3.8/dist-packages/oslo_db/sqlalchemy/engines.py:304}}
Dec 24 10:53:45.668647 dv-neutron-822669-2-hyperv devstack@n-api.service[97800]: DEBUG oslo_db.sqlalchemy.engines [None req-3426df90-dbaf-475b-8afd-90f1e1e92592 None None] MySQL server mode set to STRICT_TRANS_TABLES,STRICT_ALL_TABLES,NO_ZERO_IN_DATE,NO_ZERO_DATE,ERROR_FOR_DIVISION_BY_ZERO,TRADITIONAL,NO_ENGINE_SUBSTITUTION {{(pid=97800) _check_effective_sql_mode /usr/local/lib/python3.8/dist-packages/oslo_db/sqlalchemy/engines.py:304}}
Dec 24 10:53:45.682170 dv-neutron-822669-2-hyperv devstack@n-api.service[97801]: DEBUG oslo_db.sqlalchemy.engines [None req-c574a0d7-a304-4bff-912e-5fbee55744c8 None None] MySQL server mode set to STRICT_TRANS_TABLES,STRICT_ALL_TABLES,NO_ZERO_IN_DATE,NO_ZERO_DATE,ERROR_FOR_DIVISION_BY_ZERO,TRADITIONAL,NO_ENGINE_SUBSTITUTION {{(pid=97801) _check_effective_sql_mode /usr/local/lib/python3.8/dist-packages/oslo_db/sqlalchemy/engines.py:304}}
Dec 24 10:53:45.697374 dv-neutron-822669-2-hyperv devstack@n-api.service[97800]: DEBUG oslo_db.sqlalchemy.engines [None req-3426df90-dbaf-475b-8afd-90f1e1e92592 None None] MySQL server mode set to STRICT_TRANS_TABLES,STRICT_ALL_TABLES,NO_ZERO_IN_DATE,NO_ZERO_DATE,ERROR_FOR_DIVISION_BY_ZERO,TRADITIONAL,NO_ENGINE_SUBSTITUTION {{(pid=97800) _check_effective_sql_mode /usr/local/lib/python3.8/dist-packages/oslo_db/sqlalchemy/engines.py:304}}
Dec 24 10:53:45.922609 dv-neutron-822669-2-hyperv devstack@n-api.service[97801]: INFO keyring.backend [None req-c574a0d7-a304-4bff-912e-5fbee55744c8 None None] Loading KWallet
Dec 24 10:53:45.932141 dv-neutron-822669-2-hyperv devstack@n-api.service[97801]: INFO keyring.backend [None req-c574a0d7-a304-4bff-912e-5fbee55744c8 None None] Loading SecretService
Dec 24 10:53:45.936017 dv-neutron-822669-2-hyperv devstack@n-api.service[97800]: INFO keyring.backend [None req-3426df90-dbaf-475b-8afd-90f1e1e92592 None None] Loading KWallet
Dec 24 10:53:45.936134 dv-neutron-822669-2-hyperv devstack@n-api.service[97801]: INFO keyring.backend [None req-c574a0d7-a304-4bff-912e-5fbee55744c8 None None] Loading Windows
Dec 24 10:53:45.938016 dv-neutron-822669-2-hyperv devstack@n-api.service[97801]: INFO keyring.backend [None req-c574a0d7-a304-4bff-912e-5fbee55744c8 None None] Loading chainer
Dec 24 10:53:45.938829 dv-neutron-822669-2-hyperv devstack@n-api.service[97801]: INFO keyring.backend [None req-c574a0d7-a304-4bff-912e-5fbee55744c8 None None] Loading macOS
Dec 24 10:53:45.945331 dv-neutron-822669-2-hyperv devstack@n-api.service[97800]: INFO keyring.backend [None req-3426df90-dbaf-475b-8afd-90f1e1e92592 None None] Loading SecretService
Dec 24 10:53:45.949301 dv-neutron-822669-2-hyperv devstack@n-api.service[97800]: INFO keyring.backend [None req-3426df90-dbaf-475b-8afd-90f1e1e92592 None None] Loading Windows
Dec 24 10:53:45.951186 dv-neutron-822669-2-hyperv devstack@n-api.service[97800]: INFO keyring.backend [None req-3426df90-dbaf-475b-8afd-90f1e1e92592 None None] Loading chainer
Dec 24 10:53:45.952008 dv-neutron-822669-2-hyperv devstack@n-api.service[97800]: INFO keyring.backend [None req-3426df90-dbaf-475b-8afd-90f1e1e92592 None None] Loading macOS
Dec 24 10:53:46.195661 dv-neutron-822669-2-hyperv devstack@n-api.service[97801]: WARNING keystonemiddleware.auth_token [None req-c574a0d7-a304-4bff-912e-5fbee55744c8 None None] AuthToken middleware is set with keystone_authtoken.service_token_roles_required set to False. This is backwards compatible but deprecated behaviour. Please set this to True.
Dec 24 10:53:46.202209 dv-neutron-822669-2-hyperv devstack@n-api.service[97801]: WARNING keystonemiddleware.auth_token [None req-c574a0d7-a304-4bff-912e-5fbee55744c8 None None] Configuring www_authenticate_uri to point to the public identity endpoint is required; clients may not be able to authenticate against an admin endpoint
Dec 24 10:53:46.206616 dv-neutron-822669-2-hyperv devstack@n-api.service[97800]: WARNING keystonemiddleware.auth_token [None req-3426df90-dbaf-475b-8afd-90f1e1e92592 None None] AuthToken middleware is set with keystone_authtoken.service_token_roles_required set to False. This is backwards compatible but deprecated behaviour. Please set this to True.
Dec 24 10:53:46.213128 dv-neutron-822669-2-hyperv devstack@n-api.service[97800]: WARNING keystonemiddleware.auth_token [None req-3426df90-dbaf-475b-8afd-90f1e1e92592 None None] Configuring www_authenticate_uri to point to the public identity endpoint is required; clients may not be able to authenticate against an admin endpoint
Dec 24 10:53:46.420520 dv-neutron-822669-2-hyperv devstack@n-api.service[97801]: WARNING keystonemiddleware.auth_token [None req-c574a0d7-a304-4bff-912e-5fbee55744c8 None None] AuthToken middleware is set with keystone_authtoken.service_token_roles_required set to False. This is backwards compatible but deprecated behaviour. Please set this to True.
Dec 24 10:53:46.425785 dv-neutron-822669-2-hyperv devstack@n-api.service[97801]: WARNING keystonemiddleware.auth_token [None req-c574a0d7-a304-4bff-912e-5fbee55744c8 None None] Configuring www_authenticate_uri to point to the public identity endpoint is required; clients may not be able to authenticate against an admin endpoint
Dec 24 10:53:46.426934 dv-neutron-822669-2-hyperv devstack@n-api.service[97800]: WARNING keystonemiddleware.auth_token [None req-3426df90-dbaf-475b-8afd-90f1e1e92592 None None] AuthToken middleware is set with keystone_authtoken.service_token_roles_required set to False. This is backwards compatible but deprecated behaviour. Please set this to True.
Dec 24 10:53:46.431064 dv-neutron-822669-2-hyperv devstack@n-api.service[97801]: WSGI app 0 (mountpoint='') ready in 5 seconds on interpreter 0x560eaee359c0 pid: 97801 (default app)
Dec 24 10:53:46.432456 dv-neutron-822669-2-hyperv devstack@n-api.service[97800]: WARNING keystonemiddleware.auth_token [None req-3426df90-dbaf-475b-8afd-90f1e1e92592 None None] Configuring www_authenticate_uri to point to the public identity endpoint is required; clients may not be able to authenticate against an admin endpoint
Dec 24 10:53:46.438680 dv-neutron-822669-2-hyperv devstack@n-api.service[97800]: WSGI app 0 (mountpoint='') ready in 5 seconds on interpreter 0x560eaee359c0 pid: 97800 (default app)
Dec 24 10:54:42.919846 dv-neutron-822669-2-hyperv devstack@n-api.service[97801]: DEBUG nova.api.openstack.wsgi [None req-b954e3d5-3343-4cd3-9c6a-4a80748b7e5e tempest-ServersTestJSON-1610902287 tempest-ServersTestJSON-1610902287-project] Action: 'create', calling method: .version_select at 0x7f1f7dd7e0d0>, body: {"keypair": {"name": "tempest-keypair-469072104"}} {{(pid=97801) _process_stack /opt/stack/nova/nova/api/openstack/wsgi.py:511}}
Dec 24 10:54:43.007087 dv-neutron-822669-2-hyperv devstack@n-api.service[97801]: DEBUG nova.quota [None req-b954e3d5-3343-4cd3-9c6a-4a80748b7e5e tempest-ServersTestJSON-1610902287 tempest-ServersTestJSON-1610902287-project] Getting quotas for project 661017acb34f4ac9942688aab8597f33. Resources: {'key_pairs'} {{(pid=97801) _get_quotas /opt/stack/nova/nova/quota.py:387}}
Dec 24 10:54:43.013207 dv-neutron-822669-2-hyperv devstack@n-api.service[97801]: DEBUG nova.quota [None req-b954e3d5-3343-4cd3-9c6a-4a80748b7e5e tempest-ServersTestJSON-1610902287 tempest-ServersTestJSON-1610902287-project] Getting quotas for user bc64e13f3a6542b1979fd56a71880dea and project 661017acb34f4ac9942688aab8597f33. Resources: {'key_pairs'} {{(pid=97801) _get_quotas /opt/stack/nova/nova/quota.py:377}}
Dec 24 10:54:43.391061 dv-neutron-822669-2-hyperv devstack@n-api.service[97801]: DEBUG nova.quota [None req-b954e3d5-3343-4cd3-9c6a-4a80748b7e5e tempest-ServersTestJSON-1610902287 tempest-ServersTestJSON-1610902287-project] Getting quotas for project 661017acb34f4ac9942688aab8597f33. Resources: {'key_pairs'} {{(pid=97801) _get_quotas /opt/stack/nova/nova/quota.py:387}}
Dec 24 10:54:43.402103 dv-neutron-822669-2-hyperv devstack@n-api.service[97801]: DEBUG nova.quota [None req-b954e3d5-3343-4cd3-9c6a-4a80748b7e5e tempest-ServersTestJSON-1610902287 tempest-ServersTestJSON-1610902287-project] Getting quotas for user bc64e13f3a6542b1979fd56a71880dea and project 661017acb34f4ac9942688aab8597f33. Resources: {'key_pairs'} {{(pid=97801) _get_quotas /opt/stack/nova/nova/quota.py:377}}
Dec 24 10:54:43.424027 dv-neutron-822669-2-hyperv devstack@n-api.service[97801]: INFO nova.api.openstack.requestlog [None req-b954e3d5-3343-4cd3-9c6a-4a80748b7e5e tempest-ServersTestJSON-1610902287 tempest-ServersTestJSON-1610902287-project] 10.222.0.41 "POST /compute/v2.1/os-keypairs" status: 200 len: 2304 microversion: 2.1 time: 1.584036
Dec 24 10:54:43.431260 dv-neutron-822669-2-hyperv devstack@n-api.service[97801]: [pid: 97801|app: 0|req: 1/1] 10.222.0.41 () {60 vars in 1157 bytes} [Fri Dec 24 10:54:41 2021] POST /compute/v2.1/os-keypairs => generated 2304 bytes in 1593 msecs (HTTP/1.1 200) 9 headers in 358 bytes (1 switches on core 0)
Dec 24 10:54:48.270922 dv-neutron-822669-2-hyperv devstack@n-api.service[97800]: DEBUG nova.api.openstack.wsgi [None req-df7fa5c8-d944-46ce-94fc-5890fdc509b2 tempest-ServersTestJSON-1610902287 tempest-ServersTestJSON-1610902287-project] Action: 'create', calling method: >, body: {"server": {"name": "tempest-ServersTestJSON-server-1827641735", "imageRef": "6976979f-1480-44e8-95d5-8fabaea980b6", "flavorRef": "452", "metadata": {"hello": "world"}, "accessIPv4": "1.1.1.1", "accessIPv6": "0000:0000:0000:0000:0000:babe:220.12.22.2", "adminPass": "***", "networks": [{"uuid": "79cb3b73-c236-4a57-a34f-7206935cad23"}], "security_groups": [{"name": "tempest-securitygroup--541283093"}], "key_name": "tempest-keypair-469072104", "user_data": "IyEvYmluL3NoCmVjaG8gIlByaW50aW5nIHVidW50dSB1c2VyIGF1dGhvcml6ZWQga2V5cyIKY2F0IH51YnVudHUvLnNzaC9hdXRob3JpemVkX2tleXMgfHwgdHJ1ZQo=", "OS-DCF:diskConfig": "AUTO"}} {{(pid=97800) _process_stack /opt/stack/nova/nova/api/openstack/wsgi.py:511}}
Dec 24 10:54:49.399673 dv-neutron-822669-2-hyperv devstack@n-api.service[97800]: DEBUG nova.network.neutron [None req-df7fa5c8-d944-46ce-94fc-5890fdc509b2 tempest-ServersTestJSON-1610902287 tempest-ServersTestJSON-1610902287-project] validate_networks() for [('79cb3b73-c236-4a57-a34f-7206935cad23', None, None, None)] {{(pid=97800) validate_networks /opt/stack/nova/nova/network/neutron.py:2348}}
Dec 24 10:54:52.602162 dv-neutron-822669-2-hyperv devstack@n-api.service[97800]: DEBUG nova.quota [None req-df7fa5c8-d944-46ce-94fc-5890fdc509b2 tempest-ServersTestJSON-1610902287 tempest-ServersTestJSON-1610902287-project] Getting quotas for project 661017acb34f4ac9942688aab8597f33. Resources: dict_keys(['metadata_items']) {{(pid=97800) _get_quotas /opt/stack/nova/nova/quota.py:387}}
Dec 24 10:54:52.616496 dv-neutron-822669-2-hyperv devstack@n-api.service[97800]: DEBUG nova.quota [None req-df7fa5c8-d944-46ce-94fc-5890fdc509b2 tempest-ServersTestJSON-1610902287 tempest-ServersTestJSON-1610902287-project] Getting quotas for user bc64e13f3a6542b1979fd56a71880dea and project 661017acb34f4ac9942688aab8597f33. Resources: dict_keys(['metadata_items']) {{(pid=97800) _get_quotas /opt/stack/nova/nova/quota.py:377}}
Dec 24 10:54:52.648573 dv-neutron-822669-2-hyperv devstack@n-api.service[97800]: DEBUG nova.virt.hardware [None req-df7fa5c8-d944-46ce-94fc-5890fdc509b2 tempest-ServersTestJSON-1610902287 tempest-ServersTestJSON-1610902287-project] Flavor limits 0:0:0 {{(pid=97800) get_cpu_topology_constraints /opt/stack/nova/nova/virt/hardware.py:345}}
Dec 24 10:54:52.650829 dv-neutron-822669-2-hyperv devstack@n-api.service[97800]: DEBUG nova.virt.hardware [None req-df7fa5c8-d944-46ce-94fc-5890fdc509b2 tempest-ServersTestJSON-1610902287 tempest-ServersTestJSON-1610902287-project] Image limits 0:0:0 {{(pid=97800) get_cpu_topology_constraints /opt/stack/nova/nova/virt/hardware.py:349}}
Dec 24 10:54:52.652314 dv-neutron-822669-2-hyperv devstack@n-api.service[97800]: DEBUG nova.virt.hardware [None req-df7fa5c8-d944-46ce-94fc-5890fdc509b2 tempest-ServersTestJSON-1610902287 tempest-ServersTestJSON-1610902287-project] Flavor pref 0:0:0 {{(pid=97800) get_cpu_topology_constraints /opt/stack/nova/nova/virt/hardware.py:385}}
Dec 24 10:54:52.653190 dv-neutron-822669-2-hyperv devstack@n-api.service[97800]: DEBUG nova.virt.hardware [None req-df7fa5c8-d944-46ce-94fc-5890fdc509b2 tempest-ServersTestJSON-1610902287 tempest-ServersTestJSON-1610902287-project] Image pref 0:0:0 {{(pid=97800) get_cpu_topology_constraints /opt/stack/nova/nova/virt/hardware.py:389}}
Dec 24 10:54:52.654355 dv-neutron-822669-2-hyperv devstack@n-api.service[97800]: DEBUG nova.virt.hardware [None req-df7fa5c8-d944-46ce-94fc-5890fdc509b2 tempest-ServersTestJSON-1610902287 tempest-ServersTestJSON-1610902287-project] Chose sockets=0, cores=0, threads=0; limits were sockets=65536, cores=65536, threads=65536 {{(pid=97800) get_cpu_topology_constraints /opt/stack/nova/nova/virt/hardware.py:427}}
Dec 24 10:54:52.667897 dv-neutron-822669-2-hyperv devstack@n-api.service[97800]: DEBUG oslo_concurrency.lockutils [None req-df7fa5c8-d944-46ce-94fc-5890fdc509b2 tempest-ServersTestJSON-1610902287 tempest-ServersTestJSON-1610902287-project] Lock "00000000-0000-0000-0000-000000000000" acquired by "nova.context.set_target_cell..get_or_set_cached_cell_and_set_connections" :: waited 0.000s {{(pid=97800) inner /usr/local/lib/python3.8/dist-packages/oslo_concurrency/lockutils.py:355}}
Dec 24 10:54:52.668348 dv-neutron-822669-2-hyperv devstack@n-api.service[97800]: DEBUG oslo_concurrency.lockutils [None req-df7fa5c8-d944-46ce-94fc-5890fdc509b2 tempest-ServersTestJSON-1610902287 tempest-ServersTestJSON-1610902287-project] Lock "00000000-0000-0000-0000-000000000000" released by "nova.context.set_target_cell..get_or_set_cached_cell_and_set_connections" :: held 0.001s {{(pid=97800) inner /usr/local/lib/python3.8/dist-packages/oslo_concurrency/lockutils.py:367}}
Dec 24 10:54:52.669734 dv-neutron-822669-2-hyperv devstack@n-api.service[97800]: DEBUG oslo_concurrency.lockutils [None req-df7fa5c8-d944-46ce-94fc-5890fdc509b2 tempest-ServersTestJSON-1610902287 tempest-ServersTestJSON-1610902287-project] Lock "0ca8b312-dfdc-47ea-9c5c-2cdb7b8c1c90" acquired by "nova.context.set_target_cell..get_or_set_cached_cell_and_set_connections" :: waited 0.000s {{(pid=97800) inner /usr/local/lib/python3.8/dist-packages/oslo_concurrency/lockutils.py:355}}
Dec 24 10:54:52.670500 dv-neutron-822669-2-hyperv devstack@n-api.service[97800]: DEBUG oslo_concurrency.lockutils [None req-df7fa5c8-d944-46ce-94fc-5890fdc509b2 tempest-ServersTestJSON-1610902287 tempest-ServersTestJSON-1610902287-project] Lock "0ca8b312-dfdc-47ea-9c5c-2cdb7b8c1c90" released by "nova.context.set_target_cell..get_or_set_cached_cell_and_set_connections" :: held 0.001s {{(pid=97800) inner /usr/local/lib/python3.8/dist-packages/oslo_concurrency/lockutils.py:367}}
Dec 24 10:54:52.711433 dv-neutron-822669-2-hyperv devstack@n-api.service[97800]: DEBUG nova.quota [None req-df7fa5c8-d944-46ce-94fc-5890fdc509b2 tempest-ServersTestJSON-1610902287 tempest-ServersTestJSON-1610902287-project] Getting quotas for project 661017acb34f4ac9942688aab8597f33. Resources: {'instances', 'ram', 'cores'} {{(pid=97800) _get_quotas /opt/stack/nova/nova/quota.py:387}}
Dec 24 10:54:52.719888 dv-neutron-822669-2-hyperv devstack@n-api.service[97800]: DEBUG nova.quota [None req-df7fa5c8-d944-46ce-94fc-5890fdc509b2 tempest-ServersTestJSON-1610902287 tempest-ServersTestJSON-1610902287-project] Getting quotas for user bc64e13f3a6542b1979fd56a71880dea and project 661017acb34f4ac9942688aab8597f33. Resources: {'instances', 'ram', 'cores'} {{(pid=97800) _get_quotas /opt/stack/nova/nova/quota.py:377}}
Dec 24 10:54:52.751688 dv-neutron-822669-2-hyperv devstack@n-api.service[97800]: DEBUG nova.compute.api [None req-df7fa5c8-d944-46ce-94fc-5890fdc509b2 tempest-ServersTestJSON-1610902287 tempest-ServersTestJSON-1610902287-project] Going to run 1 instances... {{(pid=97800) _provision_instances /opt/stack/nova/nova/compute/api.py:1282}}
Dec 24 10:54:52.755500 dv-neutron-822669-2-hyperv devstack@n-api.service[97800]: DEBUG nova.compute.api [None req-df7fa5c8-d944-46ce-94fc-5890fdc509b2 tempest-ServersTestJSON-1610902287 tempest-ServersTestJSON-1610902287-project] [instance: 05dd8a64-893a-482f-abda-2b827010ec29] block_device_mapping [BlockDeviceMapping(attachment_id=,boot_index=0,connection_info=None,created_at=,delete_on_termination=True,deleted=,deleted_at=,destination_type='local',device_name=None,device_type='disk',disk_bus=None,guest_format=None,id=,image_id='6976979f-1480-44e8-95d5-8fabaea980b6',instance=,instance_uuid=,no_device=False,snapshot_id=None,source_type='image',tag=None,updated_at=,uuid=,volume_id=None,volume_size=None,volume_type=None)] {{(pid=97800) _bdm_validate_set_size_and_instance /opt/stack/nova/nova/compute/api.py:1679}}
Dec 24 10:54:52.885089 dv-neutron-822669-2-hyperv devstack@n-api.service[97800]: INFO nova.api.openstack.requestlog [None req-df7fa5c8-d944-46ce-94fc-5890fdc509b2 tempest-ServersTestJSON-1610902287 tempest-ServersTestJSON-1610902287-project] 10.222.0.41 "POST /compute/v2.1/servers" status: 202 len: 406 microversion: 2.1 time: 5.251662
Dec 24 10:54:52.887673 dv-neutron-822669-2-hyperv devstack@n-api.service[97800]: [pid: 97800|app: 0|req: 1/2] 10.222.0.41 () {60 vars in 1146 bytes} [Fri Dec 24 10:54:47 2021] POST /compute/v2.1/servers => generated 406 bytes in 5256 msecs (HTTP/1.1 202) 10 headers in 451 bytes (1 switches on core 0)
Dec 24 10:54:52.910904 dv-neutron-822669-2-hyperv devstack@n-api.service[97801]: DEBUG nova.api.openstack.wsgi [None req-a1dc7603-a618-4e91-98b2-7bf02cbbaea6 tempest-ServersTestJSON-1610902287 tempest-ServersTestJSON-1610902287-project] Calling method '>' {{(pid=97801) _process_stack /opt/stack/nova/nova/api/openstack/wsgi.py:513}}
Dec 24 10:54:52.916771 dv-neutron-822669-2-hyperv devstack@n-api.service[97801]: DEBUG nova.compute.api [None req-a1dc7603-a618-4e91-98b2-7bf02cbbaea6 tempest-ServersTestJSON-1610902287 tempest-ServersTestJSON-1610902287-project] [instance: 05dd8a64-893a-482f-abda-2b827010ec29] Fetching instance by UUID {{(pid=97801) get /opt/stack/nova/nova/compute/api.py:2810}}
Dec 24 10:54:53.945273 dv-neutron-822669-2-hyperv devstack@n-api.service[97801]: DEBUG nova.policy [None req-a1dc7603-a618-4e91-98b2-7bf02cbbaea6 tempest-ServersTestJSON-1610902287 tempest-ServersTestJSON-1610902287-project] Policy check for os_compute_api:os-extended-server-attributes failed with credentials {'is_admin': False, 'user_id': 'bc64e13f3a6542b1979fd56a71880dea', 'user_domain_id': 'default', 'system_scope': None, 'domain_id': None, 'project_id': '661017acb34f4ac9942688aab8597f33', 'project_domain_id': 'default', 'roles': ['member', 'reader'], 'is_admin_project': True, 'service_user_id': None, 'service_user_domain_id': None, 'service_project_id': None, 'service_project_domain_id': None, 'service_roles': []} {{(pid=97801) authorize /opt/stack/nova/nova/policy.py:222}}
Dec 24 10:54:53.975913 dv-neutron-822669-2-hyperv devstack@n-api.service[97801]: INFO nova.api.openstack.requestlog [None req-a1dc7603-a618-4e91-98b2-7bf02cbbaea6 tempest-ServersTestJSON-1610902287 tempest-ServersTestJSON-1610902287-project] 10.222.0.41 "GET /compute/v2.1/servers/05dd8a64-893a-482f-abda-2b827010ec29" status: 200 len: 1269 microversion: 2.1 time: 1.079502
Dec 24 10:54:53.990316 dv-neutron-822669-2-hyperv devstack@n-api.service[97801]: [pid: 97801|app: 0|req: 2/3] 10.222.0.41 () {58 vars in 1235 bytes} [Fri Dec 24 10:54:52 2021] GET /compute/v2.1/servers/05dd8a64-893a-482f-abda-2b827010ec29 => generated 1269 bytes in 1098 msecs (HTTP/1.1 200) 9 headers in 358 bytes (1 switches on core 0)
Dec 24 10:54:54.725963 dv-neutron-822669-2-hyperv devstack@n-api.service[97800]: DEBUG nova.api.openstack.wsgi [None req-f7873c9c-15f5-487f-8afd-ee0ff23ebfdc tempest-ServersTestManualDisk-1867200906 tempest-ServersTestManualDisk-1867200906-project] Action: 'create', calling method: .version_select at 0x7f1f7db760d0>, body: {"keypair": {"name": "tempest-keypair-2022428225"}} {{(pid=97800) _process_stack /opt/stack/nova/nova/api/openstack/wsgi.py:511}}
Dec 24 10:54:54.762221 dv-neutron-822669-2-hyperv devstack@n-api.service[97800]: DEBUG nova.quota [None req-f7873c9c-15f5-487f-8afd-ee0ff23ebfdc tempest-ServersTestManualDisk-1867200906 tempest-ServersTestManualDisk-1867200906-project] Getting quotas for project 9e46701d0c3c4276af5e85abc58703a3. Resources: {'key_pairs'} {{(pid=97800) _get_quotas /opt/stack/nova/nova/quota.py:387}}
Dec 24 10:54:54.768305 dv-neutron-822669-2-hyperv devstack@n-api.service[97800]: DEBUG nova.quota [None req-f7873c9c-15f5-487f-8afd-ee0ff23ebfdc tempest-ServersTestManualDisk-1867200906 tempest-ServersTestManualDisk-1867200906-project] Getting quotas for user b998da1df1cf4d4a9679287f290d4507 and project 9e46701d0c3c4276af5e85abc58703a3. Resources: {'key_pairs'} {{(pid=97800) _get_quotas /opt/stack/nova/nova/quota.py:377}}
Dec 24 10:54:54.915417 dv-neutron-822669-2-hyperv devstack@n-api.service[97801]: DEBUG nova.api.openstack.wsgi [None req-b211ede1-05f7-4781-be70-77e31fe6502d tempest-ServerActionsTestJSON-1341197731 tempest-ServerActionsTestJSON-1341197731-project] Action: 'create', calling method: .version_select at 0x7f1f7db8df70>, body: {"keypair": {"name": "tempest-keypair-1072271713"}} {{(pid=97801) _process_stack /opt/stack/nova/nova/api/openstack/wsgi.py:511}}
Dec 24 10:54:54.992601 dv-neutron-822669-2-hyperv devstack@n-api.service[97801]: DEBUG nova.quota [None req-b211ede1-05f7-4781-be70-77e31fe6502d tempest-ServerActionsTestJSON-1341197731 tempest-ServerActionsTestJSON-1341197731-project] Getting quotas for project b63daef7eb414d2cab576a86fd2a6804. Resources: {'key_pairs'} {{(pid=97801) _get_quotas /opt/stack/nova/nova/quota.py:387}}
Dec 24 10:54:55.003246 dv-neutron-822669-2-hyperv devstack@n-api.service[97801]: DEBUG nova.quota [None req-b211ede1-05f7-4781-be70-77e31fe6502d tempest-ServerActionsTestJSON-1341197731 tempest-ServerActionsTestJSON-1341197731-project] Getting quotas for user 8d26d966fd3b420182e4e20379923cbd and project b63daef7eb414d2cab576a86fd2a6804. Resources: {'key_pairs'} {{(pid=97801) _get_quotas /opt/stack/nova/nova/quota.py:377}}
Dec 24 10:54:55.137538 dv-neutron-822669-2-hyperv devstack@n-api.service[97800]: DEBUG nova.quota [None req-f7873c9c-15f5-487f-8afd-ee0ff23ebfdc tempest-ServersTestManualDisk-1867200906 tempest-ServersTestManualDisk-1867200906-project] Getting quotas for project 9e46701d0c3c4276af5e85abc58703a3. Resources: {'key_pairs'} {{(pid=97800) _get_quotas /opt/stack/nova/nova/quota.py:387}}
Dec 24 10:54:55.141747 dv-neutron-822669-2-hyperv devstack@n-api.service[97800]: DEBUG nova.quota [None req-f7873c9c-15f5-487f-8afd-ee0ff23ebfdc tempest-ServersTestManualDisk-1867200906 tempest-ServersTestManualDisk-1867200906-project] Getting quotas for user b998da1df1cf4d4a9679287f290d4507 and project 9e46701d0c3c4276af5e85abc58703a3. Resources: {'key_pairs'} {{(pid=97800) _get_quotas /opt/stack/nova/nova/quota.py:377}}
Dec 24 10:54:55.156168 dv-neutron-822669-2-hyperv devstack@n-api.service[97800]: INFO nova.api.openstack.requestlog [None req-f7873c9c-15f5-487f-8afd-ee0ff23ebfdc tempest-ServersTestManualDisk-1867200906 tempest-ServersTestManualDisk-1867200906-project] 10.222.0.41 "POST /compute/v2.1/os-keypairs" status: 200 len: 2301 microversion: 2.1 time: 0.821171
Dec 24 10:54:55.157846 dv-neutron-822669-2-hyperv devstack@n-api.service[97800]: [pid: 97800|app: 0|req: 2/4] 10.222.0.41 () {60 vars in 1157 bytes} [Fri Dec 24 10:54:54 2021] POST /compute/v2.1/os-keypairs => generated 2301 bytes in 824 msecs (HTTP/1.1 200) 9 headers in 358 bytes (1 switches on core 0)
Dec 24 10:54:55.174731 dv-neutron-822669-2-hyperv devstack@n-api.service[97800]: DEBUG nova.api.openstack.wsgi [None req-f87b2d1c-b1b3-4dc1-93c8-651b71c716cd tempest-ServersTestJSON-1610902287 tempest-ServersTestJSON-1610902287-project] Calling method '>' {{(pid=97800) _process_stack /opt/stack/nova/nova/api/openstack/wsgi.py:513}}
Dec 24 10:54:55.175286 dv-neutron-822669-2-hyperv devstack@n-api.service[97800]: DEBUG nova.compute.api [None req-f87b2d1c-b1b3-4dc1-93c8-651b71c716cd tempest-ServersTestJSON-1610902287 tempest-ServersTestJSON-1610902287-project] [instance: 05dd8a64-893a-482f-abda-2b827010ec29] Fetching instance by UUID {{(pid=97800) get /opt/stack/nova/nova/compute/api.py:2810}}
Dec 24 10:54:55.191946 dv-neutron-822669-2-hyperv devstack@n-api.service[97800]: DEBUG oslo_concurrency.lockutils [None req-f87b2d1c-b1b3-4dc1-93c8-651b71c716cd tempest-ServersTestJSON-1610902287 tempest-ServersTestJSON-1610902287-project] Lock "0ca8b312-dfdc-47ea-9c5c-2cdb7b8c1c90" acquired by "nova.context.set_target_cell..get_or_set_cached_cell_and_set_connections" :: waited 0.000s {{(pid=97800) inner /usr/local/lib/python3.8/dist-packages/oslo_concurrency/lockutils.py:355}}
Dec 24 10:54:55.192556 dv-neutron-822669-2-hyperv devstack@n-api.service[97800]: DEBUG oslo_concurrency.lockutils [None req-f87b2d1c-b1b3-4dc1-93c8-651b71c716cd tempest-ServersTestJSON-1610902287 tempest-ServersTestJSON-1610902287-project] Lock "0ca8b312-dfdc-47ea-9c5c-2cdb7b8c1c90" released by "nova.context.set_target_cell..get_or_set_cached_cell_and_set_connections" :: held 0.002s {{(pid=97800) inner /usr/local/lib/python3.8/dist-packages/oslo_concurrency/lockutils.py:367}}
Dec 24 10:54:55.193498 dv-neutron-822669-2-hyperv devstack@n-api.service[97800]: DEBUG oslo_concurrency.lockutils [None req-f87b2d1c-b1b3-4dc1-93c8-651b71c716cd tempest-ServersTestJSON-1610902287 tempest-ServersTestJSON-1610902287-project] Lock "0ca8b312-dfdc-47ea-9c5c-2cdb7b8c1c90" acquired by "nova.context.set_target_cell..get_or_set_cached_cell_and_set_connections" :: waited 0.000s {{(pid=97800) inner /usr/local/lib/python3.8/dist-packages/oslo_concurrency/lockutils.py:355}}
Dec 24 10:54:55.194679 dv-neutron-822669-2-hyperv devstack@n-api.service[97800]: DEBUG oslo_concurrency.lockutils [None req-f87b2d1c-b1b3-4dc1-93c8-651b71c716cd tempest-ServersTestJSON-1610902287 tempest-ServersTestJSON-1610902287-project] Lock "0ca8b312-dfdc-47ea-9c5c-2cdb7b8c1c90" released by "nova.context.set_target_cell..get_or_set_cached_cell_and_set_connections" :: held 0.001s {{(pid=97800) inner /usr/local/lib/python3.8/dist-packages/oslo_concurrency/lockutils.py:367}}
Dec 24 10:54:55.442307 dv-neutron-822669-2-hyperv devstack@n-api.service[97801]: DEBUG nova.quota [None req-b211ede1-05f7-4781-be70-77e31fe6502d tempest-ServerActionsTestJSON-1341197731 tempest-ServerActionsTestJSON-1341197731-project] Getting quotas for project b63daef7eb414d2cab576a86fd2a6804. Resources: {'key_pairs'} {{(pid=97801) _get_quotas /opt/stack/nova/nova/quota.py:387}}
Dec 24 10:54:55.458822 dv-neutron-822669-2-hyperv devstack@n-api.service[97801]: DEBUG nova.quota [None req-b211ede1-05f7-4781-be70-77e31fe6502d tempest-ServerActionsTestJSON-1341197731 tempest-ServerActionsTestJSON-1341197731-project] Getting quotas for user 8d26d966fd3b420182e4e20379923cbd and project b63daef7eb414d2cab576a86fd2a6804. Resources: {'key_pairs'} {{(pid=97801) _get_quotas /opt/stack/nova/nova/quota.py:377}}
Dec 24 10:54:55.498421 dv-neutron-822669-2-hyperv devstack@n-api.service[97801]: INFO nova.api.openstack.requestlog [None req-b211ede1-05f7-4781-be70-77e31fe6502d tempest-ServerActionsTestJSON-1341197731 tempest-ServerActionsTestJSON-1341197731-project] 10.222.0.41 "POST /compute/v2.1/os-keypairs" status: 200 len: 2305 microversion: 2.1 time: 0.947443
Dec 24 10:54:55.507976 dv-neutron-822669-2-hyperv devstack@n-api.service[97801]: [pid: 97801|app: 0|req: 3/5] 10.222.0.41 () {60 vars in 1157 bytes} [Fri Dec 24 10:54:54 2021] POST /compute/v2.1/os-keypairs => generated 2305 bytes in 959 msecs (HTTP/1.1 200) 9 headers in 358 bytes (2 switches on core 0)
Dec 24 10:54:55.677812 dv-neutron-822669-2-hyperv devstack@n-api.service[97800]: DEBUG nova.policy [None req-f87b2d1c-b1b3-4dc1-93c8-651b71c716cd tempest-ServersTestJSON-1610902287 tempest-ServersTestJSON-1610902287-project] Policy check for os_compute_api:os-extended-server-attributes failed with credentials {'is_admin': False, 'user_id': 'bc64e13f3a6542b1979fd56a71880dea', 'user_domain_id': 'default', 'system_scope': None, 'domain_id': None, 'project_id': '661017acb34f4ac9942688aab8597f33', 'project_domain_id': 'default', 'roles': ['member', 'reader'], 'is_admin_project': True, 'service_user_id': None, 'service_user_domain_id': None, 'service_project_id': None, 'service_project_domain_id': None, 'service_roles': []} {{(pid=97800) authorize /opt/stack/nova/nova/policy.py:222}}
Dec 24 10:54:55.690380 dv-neutron-822669-2-hyperv devstack@n-api.service[97800]: INFO nova.api.openstack.requestlog [None req-f87b2d1c-b1b3-4dc1-93c8-651b71c716cd tempest-ServersTestJSON-1610902287 tempest-ServersTestJSON-1610902287-project] 10.222.0.41 "GET /compute/v2.1/servers/05dd8a64-893a-482f-abda-2b827010ec29" status: 200 len: 1265 microversion: 2.1 time: 0.531312
Dec 24 10:54:55.702197 dv-neutron-822669-2-hyperv devstack@n-api.service[97800]: [pid: 97800|app: 0|req: 3/6] 10.222.0.41 () {58 vars in 1235 bytes} [Fri Dec 24 10:54:55 2021] GET /compute/v2.1/servers/05dd8a64-893a-482f-abda-2b827010ec29 => generated 1265 bytes in 542 msecs (HTTP/1.1 200) 9 headers in 358 bytes (1 switches on core 0)
Dec 24 10:54:56.717436 dv-neutron-822669-2-hyperv devstack@n-api.service[97801]: DEBUG nova.api.openstack.wsgi [None req-d46c6699-a242-40e7-8bed-05563dcbe112 tempest-ServersTestJSON-1610902287 tempest-ServersTestJSON-1610902287-project] Calling method '>' {{(pid=97801) _process_stack /opt/stack/nova/nova/api/openstack/wsgi.py:513}}
Dec 24 10:54:56.718045 dv-neutron-822669-2-hyperv devstack@n-api.service[97801]: DEBUG nova.compute.api [None req-d46c6699-a242-40e7-8bed-05563dcbe112 tempest-ServersTestJSON-1610902287 tempest-ServersTestJSON-1610902287-project] [instance: 05dd8a64-893a-482f-abda-2b827010ec29] Fetching instance by UUID {{(pid=97801) get /opt/stack/nova/nova/compute/api.py:2810}}
Dec 24 10:54:56.743538 dv-neutron-822669-2-hyperv devstack@n-api.service[97801]: DEBUG oslo_concurrency.lockutils [None req-d46c6699-a242-40e7-8bed-05563dcbe112 tempest-ServersTestJSON-1610902287 tempest-ServersTestJSON-1610902287-project] Lock "0ca8b312-dfdc-47ea-9c5c-2cdb7b8c1c90" acquired by "nova.context.set_target_cell..get_or_set_cached_cell_and_set_connections" :: waited 0.000s {{(pid=97801) inner /usr/local/lib/python3.8/dist-packages/oslo_concurrency/lockutils.py:355}}
Dec 24 10:54:56.744043 dv-neutron-822669-2-hyperv devstack@n-api.service[97801]: DEBUG oslo_concurrency.lockutils [None req-d46c6699-a242-40e7-8bed-05563dcbe112 tempest-ServersTestJSON-1610902287 tempest-ServersTestJSON-1610902287-project] Lock "0ca8b312-dfdc-47ea-9c5c-2cdb7b8c1c90" released by "nova.context.set_target_cell..get_or_set_cached_cell_and_set_connections" :: held 0.002s {{(pid=97801) inner /usr/local/lib/python3.8/dist-packages/oslo_concurrency/lockutils.py:367}}
Dec 24 10:54:56.746881 dv-neutron-822669-2-hyperv devstack@n-api.service[97801]: DEBUG oslo_concurrency.lockutils [None req-d46c6699-a242-40e7-8bed-05563dcbe112 tempest-ServersTestJSON-1610902287 tempest-ServersTestJSON-1610902287-project] Lock "0ca8b312-dfdc-47ea-9c5c-2cdb7b8c1c90" acquired by "nova.context.set_target_cell..get_or_set_cached_cell_and_set_connections" :: waited 0.000s {{(pid=97801) inner /usr/local/lib/python3.8/dist-packages/oslo_concurrency/lockutils.py:355}}
Dec 24 10:54:56.748911 dv-neutron-822669-2-hyperv devstack@n-api.service[97801]: DEBUG oslo_concurrency.lockutils [None req-d46c6699-a242-40e7-8bed-05563dcbe112 tempest-ServersTestJSON-1610902287 tempest-ServersTestJSON-1610902287-project] Lock "0ca8b312-dfdc-47ea-9c5c-2cdb7b8c1c90" released by "nova.context.set_target_cell..get_or_set_cached_cell_and_set_connections" :: held 0.002s {{(pid=97801) inner /usr/local/lib/python3.8/dist-packages/oslo_concurrency/lockutils.py:367}}
Dec 24 10:54:57.057009 dv-neutron-822669-2-hyperv devstack@n-api.service[97801]: DEBUG nova.policy [None req-d46c6699-a242-40e7-8bed-05563dcbe112 tempest-ServersTestJSON-1610902287 tempest-ServersTestJSON-1610902287-project] Policy check for os_compute_api:os-extended-server-attributes failed with credentials {'is_admin': False, 'user_id': 'bc64e13f3a6542b1979fd56a71880dea', 'user_domain_id': 'default', 'system_scope': None, 'domain_id': None, 'project_id': '661017acb34f4ac9942688aab8597f33', 'project_domain_id': 'default', 'roles': ['member', 'reader'], 'is_admin_project': True, 'service_user_id': None, 'service_user_domain_id': None, 'service_project_id': None, 'service_project_domain_id': None, 'service_roles': []} {{(pid=97801) authorize /opt/stack/nova/nova/policy.py:222}}
Dec 24 10:54:57.103637 dv-neutron-822669-2-hyperv devstack@n-api.service[97801]: INFO nova.api.openstack.requestlog [None req-d46c6699-a242-40e7-8bed-05563dcbe112 tempest-ServersTestJSON-1610902287 tempest-ServersTestJSON-1610902287-project] 10.222.0.41 "GET /compute/v2.1/servers/05dd8a64-893a-482f-abda-2b827010ec29" status: 200 len: 1327 microversion: 2.1 time: 0.399476
Dec 24 10:54:57.105006 dv-neutron-822669-2-hyperv devstack@n-api.service[97801]: [pid: 97801|app: 0|req: 4/7] 10.222.0.41 () {58 vars in 1235 bytes} [Fri Dec 24 10:54:56 2021] GET /compute/v2.1/servers/05dd8a64-893a-482f-abda-2b827010ec29 => generated 1327 bytes in 402 msecs (HTTP/1.1 200) 9 headers in 358 bytes (1 switches on core 0)
Dec 24 10:54:58.128348 dv-neutron-822669-2-hyperv devstack@n-api.service[97800]: DEBUG nova.api.openstack.wsgi [None req-37ea0b8b-2c5e-4875-984b-986f0c1d5c6c tempest-ServersTestJSON-1610902287 tempest-ServersTestJSON-1610902287-project] Calling method '>' {{(pid=97800) _process_stack /opt/stack/nova/nova/api/openstack/wsgi.py:513}}
Dec 24 10:54:58.128944 dv-neutron-822669-2-hyperv devstack@n-api.service[97800]: DEBUG nova.compute.api [None req-37ea0b8b-2c5e-4875-984b-986f0c1d5c6c tempest-ServersTestJSON-1610902287 tempest-ServersTestJSON-1610902287-project] [instance: 05dd8a64-893a-482f-abda-2b827010ec29] Fetching instance by UUID {{(pid=97800) get /opt/stack/nova/nova/compute/api.py:2810}}
Dec 24 10:54:58.158786 dv-neutron-822669-2-hyperv devstack@n-api.service[97800]: DEBUG oslo_concurrency.lockutils [None req-37ea0b8b-2c5e-4875-984b-986f0c1d5c6c tempest-ServersTestJSON-1610902287 tempest-ServersTestJSON-1610902287-project] Lock "0ca8b312-dfdc-47ea-9c5c-2cdb7b8c1c90" acquired by "nova.context.set_target_cell..get_or_set_cached_cell_and_set_connections" :: waited 0.000s {{(pid=97800) inner /usr/local/lib/python3.8/dist-packages/oslo_concurrency/lockutils.py:355}}
Dec 24 10:54:58.159222 dv-neutron-822669-2-hyperv devstack@n-api.service[97800]: DEBUG oslo_concurrency.lockutils [None req-37ea0b8b-2c5e-4875-984b-986f0c1d5c6c tempest-ServersTestJSON-1610902287 tempest-ServersTestJSON-1610902287-project] Lock "0ca8b312-dfdc-47ea-9c5c-2cdb7b8c1c90" released by "nova.context.set_target_cell..get_or_set_cached_cell_and_set_connections" :: held 0.001s {{(pid=97800) inner /usr/local/lib/python3.8/dist-packages/oslo_concurrency/lockutils.py:367}}
Dec 24 10:54:58.164469 dv-neutron-822669-2-hyperv devstack@n-api.service[97800]: DEBUG oslo_concurrency.lockutils [None req-37ea0b8b-2c5e-4875-984b-986f0c1d5c6c tempest-ServersTestJSON-1610902287 tempest-ServersTestJSON-1610902287-project] Lock "0ca8b312-dfdc-47ea-9c5c-2cdb7b8c1c90" acquired by "nova.context.set_target_cell..get_or_set_cached_cell_and_set_connections" :: waited 0.000s {{(pid=97800) inner /usr/local/lib/python3.8/dist-packages/oslo_concurrency/lockutils.py:355}}
Dec 24 10:54:58.170296 dv-neutron-822669-2-hyperv devstack@n-api.service[97800]: DEBUG oslo_concurrency.lockutils [None req-37ea0b8b-2c5e-4875-984b-986f0c1d5c6c tempest-ServersTestJSON-1610902287 tempest-ServersTestJSON-1610902287-project] Lock "0ca8b312-dfdc-47ea-9c5c-2cdb7b8c1c90" released by "nova.context.set_target_cell..get_or_set_cached_cell_and_set_connections" :: held 0.006s {{(pid=97800) inner /usr/local/lib/python3.8/dist-packages/oslo_concurrency/lockutils.py:367}}
Dec 24 10:54:58.747434 dv-neutron-822669-2-hyperv devstack@n-api.service[97800]: DEBUG nova.policy [None req-37ea0b8b-2c5e-4875-984b-986f0c1d5c6c tempest-ServersTestJSON-1610902287 tempest-ServersTestJSON-1610902287-project] Policy check for os_compute_api:os-extended-server-attributes failed with credentials {'is_admin': False, 'user_id': 'bc64e13f3a6542b1979fd56a71880dea', 'user_domain_id': 'default', 'system_scope': None, 'domain_id': None, 'project_id': '661017acb34f4ac9942688aab8597f33', 'project_domain_id': 'default', 'roles': ['member', 'reader'], 'is_admin_project': True, 'service_user_id': None, 'service_user_domain_id': None, 'service_project_id': None, 'service_project_domain_id': None, 'service_roles': []} {{(pid=97800) authorize /opt/stack/nova/nova/policy.py:222}}
Dec 24 10:54:58.762268 dv-neutron-822669-2-hyperv devstack@n-api.service[97800]: INFO nova.api.openstack.requestlog [None req-37ea0b8b-2c5e-4875-984b-986f0c1d5c6c tempest-ServersTestJSON-1610902287 tempest-ServersTestJSON-1610902287-project] 10.222.0.41 "GET /compute/v2.1/servers/05dd8a64-893a-482f-abda-2b827010ec29" status: 200 len: 1327 microversion: 2.1 time: 0.644817
Dec 24 10:54:58.763013 dv-neutron-822669-2-hyperv devstack@n-api.service[97800]: [pid: 97800|app: 0|req: 4/8] 10.222.0.41 () {58 vars in 1235 bytes} [Fri Dec 24 10:54:58 2021] GET /compute/v2.1/servers/05dd8a64-893a-482f-abda-2b827010ec29 => generated 1327 bytes in 646 msecs (HTTP/1.1 200) 9 headers in 358 bytes (1 switches on core 0)
Dec 24 10:54:59.791880 dv-neutron-822669-2-hyperv devstack@n-api.service[97801]: DEBUG nova.api.openstack.wsgi [None req-6b54e94f-9060-4746-b99f-f8d42cb4a5f5 tempest-ServersTestJSON-1610902287 tempest-ServersTestJSON-1610902287-project] Calling method '>' {{(pid=97801) _process_stack /opt/stack/nova/nova/api/openstack/wsgi.py:513}}
