Dec 22 12:59:08.147222 dv-neutron-822668-1-hyperv neutron-server[87570]: DEBUG neutron.db.l3_hamode_db [None req-53c03ad3-978e-4404-8fe4-7748abecf6e7 None None] neutron.services.l3_router.l3_router_plugin.L3RouterPlugin method _process_sync_ha_data called with arguments (, [{'id': 'e639761d-5225-4abf-822f-682665dbe08f', 'name': 'tempest-ServersTestJSON-2079217094-router', 'tenant_id': 'e967f4a5842b4b8fa7e30c04ff57e8a9', 'admin_state_up': True, 'status': 'ACTIVE', 'external_gateway_info': {'network_id': '98075a9f-ef59-4442-a3c2-c8837da04ba4', 'external_fixed_ips': [{'subnet_id': 'd8ea9723-1c5a-4faf-a95f-5ede39ea40f5', 'ip_address': '172.26.4.197'}], 'enable_snat': True}, 'gw_port_id': '3021f150-58bb-456c-b5b2-cace5c3ae26b', 'description': '', 'availability_zones': ['nova'], 'distributed': False, 'ha': False, 'ha_vr_id': 0, 'availability_zone_hints': [], 'routes': [], 'flavor_id': None, 'tags': [], 'created_at': '2021-12-22T12:58:53Z', 'updated_at': '2021-12-22T12:59:04Z', 'revision_number': 4, 'project_id': 'e967f4a5842b4b8fa7e30c04ff57e8a9', 'gw_port': {'id': '3021f150-58bb-456c-b5b2-cace5c3ae26b', 'name': '', 'network_id': '98075a9f-ef59-4442-a3c2-c8837da04ba4', 'tenant_id': '', 'mac_address': 'fa:16:3e:db:5b:f3', 'admin_state_up': True, 'status': 'DOWN', 'device_id': 'e639761d-5225-4abf-822f-682665dbe08f', 'device_owner': 'network:router_gateway', 'standard_attr_id': 91, 'fixed_ips': [{'subnet_id': 'd8ea9723-1c5a-4faf-a95f-5ede39ea40f5', 'ip_address': '172.26.4.197', 'prefixlen': 24}], 'allowed_address_pairs': [], 'extra_dhcp_opts': [], 'security_groups': [], 'description': '', 'binding:vnic_type': 'normal', 'binding:profile': {}, 'binding:host_id': 'dv-neutron-822668-1-hyperv', 'binding:vif_type': 'ovs', 'binding:vif_details': {'connectivity': 'l2', 'port_filter': True, 'ovs_hybrid_plug': False, 'datapath_type': 'system', 'bridge_name': 'br-int'}, 'port_security_enabled': False, 'tags': [], 'created_at': '2021-12-22T12:58:56Z', 'updated_at': '2021-12-22T12:59:01Z', 'revision_number': 3, 'project_id': '', 'subnets': [{'id': 'd8ea9723-1c5a-4faf-a95f-5ede39ea40f5', 'cidr': '172.26.4.0/24', 'gateway_ip': '172.26.4.1', 'dns_nameservers': [], 'ipv6_ra_mode': None, 'subnetpool_id': None}], 'extra_subnets': [], 'address_scopes': {4: None, 6: None}, 'mtu': 1500}, 'enable_snat': True, 'gw_port_host': 'dv-neutron-822668-1-hyperv', '_interfaces': [{'id': '2fd12083-d44e-4676-a525-ab5e40ea20e5', 'name': '', 'network_id': '91b12b74-efcc-4a89-a606-2b317c2af70a', 'tenant_id': 'e967f4a5842b4b8fa7e30c04ff57e8a9', 'mac_address': 'fa:16:3e:91:dc:cf', 'admin_state_up': True, 'status': 'DOWN', 'device_id': 'e639761d-5225-4abf-822f-682665dbe08f', 'device_owner': 'network:router_interface', 'standard_attr_id': 116, 'fixed_ips': [{'subnet_id': '46825628-1a9b-4da0-bc63-6cbbd1d59b16', 'ip_address': '172.20.0.1', 'prefixlen': 28}], 'allowed_address_pairs': [], 'extra_dhcp_opts': [], 'security_groups': [], 'description': '', 'binding:vnic_type': 'normal', 'binding:profile': {}, 'binding:host_id': '', 'binding:vif_type': 'unbound', 'binding:vif_details': {}, 'port_security_enabled': False, 'tags': [], 'created_at': '2021-12-22T12:59:02Z', 'updated_at': '2021-12-22T12:59:04Z', 'revision_number': 2, 'project_id': 'e967f4a5842b4b8fa7e30c04ff57e8a9', 'subnets': [{'id': '46825628-1a9b-4da0-bc63-6cbbd1d59b16', 'cidr': '172.20.0.0/28', 'gateway_ip': '172.20.0.1', 'dns_nameservers': [], 'ipv6_ra_mode': None, 'subnetpool_id': None}], 'extra_subnets': [], 'address_scopes': {4: None, 6: None}, 'mtu': 1500}]}], 'dv-neutron-822668-1-hyperv', False) {} {{(pid=87570) wrapper /usr/local/lib/python3.8/dist-packages/oslo_log/helpers.py:65}}
Dec 22 12:59:08.156130 dv-neutron-822668-1-hyperv neutron-server[87570]: DEBUG neutron.api.rpc.handlers.l3_rpc [None req-53c03ad3-978e-4404-8fe4-7748abecf6e7 None None] Checking router: e639761d-5225-4abf-822f-682665dbe08f for host: dv-neutron-822668-1-hyperv {{(pid=87570) _ensure_host_set_on_ports /opt/stack/neutron/neutron/api/rpc/handlers/l3_rpc.py:155}}
Dec 22 12:59:08.156487 dv-neutron-822668-1-hyperv neutron-server[87570]: DEBUG neutron.api.rpc.handlers.l3_rpc [None req-53c03ad3-978e-4404-8fe4-7748abecf6e7 None None] Updating router e639761d-5225-4abf-822f-682665dbe08f port 2fd12083-d44e-4676-a525-ab5e40ea20e5 binding host dv-neutron-822668-1-hyperv {{(pid=87570) _ensure_host_set_on_port /opt/stack/neutron/neutron/api/rpc/handlers/l3_rpc.py:205}}
Dec 22 12:59:08.189621 dv-neutron-822668-1-hyperv neutron-server[87570]: DEBUG neutron.plugins.ml2.plugin [None req-156f8911-930c-49bb-94c2-a22f26e2c3d3 None None] Port 9825b20f-a5a8-498c-8c94-a3aba10298da cannot update to ACTIVE because it is not bound. {{(pid=87570) _port_provisioned /opt/stack/neutron/neutron/plugins/ml2/plugin.py:337}}
Dec 22 12:59:08.197803 dv-neutron-822668-1-hyperv neutron-server[87568]: INFO neutron.wsgi [None req-24a37f65-c389-4e42-9a55-a4de8c26f510 tempest-DHCPAgentSchedulersTestJSON-474687777 tempest-DHCPAgentSchedulersTestJSON-474687777-project-admin] 10.222.0.24 "GET /v2.0/agents/e8a871b7-46b2-4d76-8ca5-7b92884b1485/dhcp-networks HTTP/1.1" status: 200 len: 7260 time: 0.2817218
Dec 22 12:59:08.198384 dv-neutron-822668-1-hyperv neutron-server[87568]: DEBUG neutron.wsgi [-] (87568) accepted ('10.222.0.24', 41946) {{(pid=87568) server /usr/local/lib/python3.8/dist-packages/eventlet/wsgi.py:992}}
Dec 22 12:59:08.226509 dv-neutron-822668-1-hyperv neutron-server[87568]: DEBUG neutron.wsgi [-] (87568) accepted ('10.222.0.24', 41948) {{(pid=87568) server /usr/local/lib/python3.8/dist-packages/eventlet/wsgi.py:992}}
Dec 22 12:59:08.237145 dv-neutron-822668-1-hyperv neutron-server[87570]: DEBUG neutron_lib.callbacks.manager [None req-53c03ad3-978e-4404-8fe4-7748abecf6e7 None None] Notify callbacks ['neutron.plugins.ml2.plugin.SecurityGroupDbMixin._ensure_default_security_group_handler-3684735'] for port, before_update {{(pid=87570) _notify_loop /usr/local/lib/python3.8/dist-packages/neutron_lib/callbacks/manager.py:192}}
Dec 22 12:59:08.240324 dv-neutron-822668-1-hyperv neutron-server[87568]: DEBUG neutron_lib.callbacks.manager [None req-ba7a7ffb-20f7-4e5c-b2d2-3d8a93b4a4db tempest-ServersTestManualDisk-1077311463 tempest-ServersTestManualDisk-1077311463-project] Notify callbacks [] for security_group_rule, precommit_create {{(pid=87568) _notify_loop /usr/local/lib/python3.8/dist-packages/neutron_lib/callbacks/manager.py:192}}
Dec 22 12:59:08.263302 dv-neutron-822668-1-hyperv neutron-server[87569]: DEBUG neutron.plugins.ml2.plugin [None req-8d4e965d-18bf-4379-b8e3-e6c0c5f8d88c tempest-PortsAdminExtendedAttrsIpV6TestJSON-1395266560 tempest-PortsAdminExtendedAttrsIpV6TestJSON-1395266560-project-admin] Calling delete_port for 3ab6ef06-e8f0-44d1-ae26-958aff8674fc owned by {{(pid=87569) delete_port /opt/stack/neutron/neutron/plugins/ml2/plugin.py:1964}}
Dec 22 12:59:08.280042 dv-neutron-822668-1-hyperv neutron-server[87568]: DEBUG neutron_lib.callbacks.manager [None req-ba7a7ffb-20f7-4e5c-b2d2-3d8a93b4a4db tempest-ServersTestManualDisk-1077311463 tempest-ServersTestManualDisk-1077311463-project] Notify callbacks ['neutron.plugins.ml2.ovo_rpc._ObjectChangeHandler.handle_event-879465'] for security_group_rule, after_create {{(pid=87568) _notify_loop /usr/local/lib/python3.8/dist-packages/neutron_lib/callbacks/manager.py:192}}
Dec 22 12:59:08.305093 dv-neutron-822668-1-hyperv neutron-server[87568]: DEBUG oslo_concurrency.lockutils [-] Lock "event-dispatch" acquired by "neutron.plugins.ml2.ovo_rpc._ObjectChangeHandler.dispatch_events" :: waited 0.001s {{(pid=87568) inner /usr/local/lib/python3.8/dist-packages/oslo_concurrency/lockutils.py:355}}
Dec 22 12:59:08.333085 dv-neutron-822668-1-hyperv neutron-server[87568]: INFO neutron.wsgi [None req-39d67afc-eaad-4342-a136-82158e3e334c tempest-DHCPAgentSchedulersTestJSON-474687777 tempest-DHCPAgentSchedulersTestJSON-474687777-project-admin] 10.222.0.24 "GET /v2.0/networks/31e8b01b-dbb5-466b-a38b-1b7113e19c75/dhcp-agents HTTP/1.1" status: 200 len: 808 time: 0.1020067
Dec 22 12:59:08.343181 dv-neutron-822668-1-hyperv neutron-server[87570]: DEBUG neutron.plugins.ml2.rpc [None req-9d9fc9fa-e703-4043-b781-941ee8d87057 None None] Device 3021f150-58bb-456c-b5b2-cace5c3ae26b up at agent ovs-agent-dv-neutron-822668-1-hyperv {{(pid=87570) update_device_up /opt/stack/neutron/neutron/plugins/ml2/rpc.py:278}}
Dec 22 12:59:08.384457 dv-neutron-822668-1-hyperv neutron-server[87568]: DEBUG neutron.wsgi [-] (87568) accepted ('10.222.0.24', 41956) {{(pid=87568) server /usr/local/lib/python3.8/dist-packages/eventlet/wsgi.py:992}}
Dec 22 12:59:08.393449 dv-neutron-822668-1-hyperv neutron-server[87569]: DEBUG neutron.db.quota.driver [None req-caf9447b-32e5-4cf3-9f49-d552e6e00f0d tempest-ServersTestJSON-1393811877 tempest-ServersTestJSON-1393811877-project] Resources subnetpool have unlimited quota limit. It is not required to calculate headroom {{(pid=87569) make_reservation /opt/stack/neutron/neutron/db/quota/driver.py:219}}
Dec 22 12:59:08.418052 dv-neutron-822668-1-hyperv neutron-server[87568]: DEBUG neutron.api.rpc.handlers.resources_rpc [None req-ba7a7ffb-20f7-4e5c-b2d2-3d8a93b4a4db tempest-ServersTestManualDisk-1077311463 tempest-ServersTestManualDisk-1077311463-project] Pushing event updated for resources: {'SecurityGroupRule': ['ID=9aee0909-f32f-4486-919a-f79172cbce59,revision_number=0']} {{(pid=87568) push /opt/stack/neutron/neutron/api/rpc/handlers/resources_rpc.py:237}}
Dec 22 12:59:08.429041 dv-neutron-822668-1-hyperv neutron-server[87568]: DEBUG neutron.api.v2.base [None req-9bc20358-68b5-4dec-b0e0-b2cdc04a61f8 tempest-RoutersAdminTest-252374498 tempest-RoutersAdminTest-252374498-project-admin] Request body: {'network': {'name': 'tempest-RoutersAdminTest-1532458871', 'router:external': True}} {{(pid=87568) prepare_request_body /opt/stack/neutron/neutron/api/v2/base.py:729}}
Dec 22 12:59:08.431805 dv-neutron-822668-1-hyperv neutron-server[87569]: DEBUG neutron.quota.resource [None req-caf9447b-32e5-4cf3-9f49-d552e6e00f0d tempest-ServersTestJSON-1393811877 tempest-ServersTestJSON-1393811877-project] Usage tracker for resource:security_group and tenant:e967f4a5842b4b8fa7e30c04ff57e8a9 is out of sync, need to count used quota {{(pid=87569) count_used /opt/stack/neutron/neutron/quota/resource.py:270}}
Dec 22 12:59:08.439555 dv-neutron-822668-1-hyperv neutron-server[87569]: DEBUG neutron.quota.resource [None req-caf9447b-32e5-4cf3-9f49-d552e6e00f0d tempest-ServersTestJSON-1393811877 tempest-ServersTestJSON-1393811877-project] Quota usage for security_group was recalculated. Used quota:1. {{(pid=87569) count_used /opt/stack/neutron/neutron/quota/resource.py:290}}
Dec 22 12:59:08.446359 dv-neutron-822668-1-hyperv neutron-server[87568]: DEBUG oslo_concurrency.lockutils [None req-ba7a7ffb-20f7-4e5c-b2d2-3d8a93b4a4db tempest-ServersTestManualDisk-1077311463 tempest-ServersTestManualDisk-1077311463-project] Lock "event-dispatch" released by "neutron.plugins.ml2.ovo_rpc._ObjectChangeHandler.dispatch_events" :: held 0.141s {{(pid=87568) inner /usr/local/lib/python3.8/dist-packages/oslo_concurrency/lockutils.py:367}}
Dec 22 12:59:08.447319 dv-neutron-822668-1-hyperv neutron-server[87568]: DEBUG neutron.db.quota.driver [None req-9bc20358-68b5-4dec-b0e0-b2cdc04a61f8 tempest-RoutersAdminTest-252374498 tempest-RoutersAdminTest-252374498-project-admin] Resources subnetpool have unlimited quota limit. It is not required to calculate headroom {{(pid=87568) make_reservation /opt/stack/neutron/neutron/db/quota/driver.py:219}}
Dec 22 12:59:08.452547 dv-neutron-822668-1-hyperv neutron-server[87568]: INFO neutron.wsgi [None req-679326c6-2077-4ea2-ba79-f015a62c0f5a tempest-DHCPAgentSchedulersTestJSON-474687777 tempest-DHCPAgentSchedulersTestJSON-474687777-project-admin] 10.222.0.24 "GET /v2.0/networks/31e8b01b-dbb5-466b-a38b-1b7113e19c75/dhcp-agents HTTP/1.1" status: 200 len: 808 time: 0.0611835
Dec 22 12:59:08.462967 dv-neutron-822668-1-hyperv neutron-server[87569]: DEBUG neutron.wsgi [-] (87569) accepted ('10.222.0.24', 41960) {{(pid=87569) server /usr/local/lib/python3.8/dist-packages/eventlet/wsgi.py:992}}
Dec 22 12:59:08.469104 dv-neutron-822668-1-hyperv neutron-server[87568]: DEBUG neutron_lib.callbacks.manager [None req-ba7a7ffb-20f7-4e5c-b2d2-3d8a93b4a4db tempest-ServersTestManualDisk-1077311463 tempest-ServersTestManualDisk-1077311463-project] Notify callbacks [] for security_group_rule, before_response {{(pid=87568) _notify_loop /usr/local/lib/python3.8/dist-packages/neutron_lib/callbacks/manager.py:192}}
Dec 22 12:59:08.475870 dv-neutron-822668-1-hyperv neutron-server[87568]: INFO neutron.wsgi [None req-ba7a7ffb-20f7-4e5c-b2d2-3d8a93b4a4db tempest-ServersTestManualDisk-1077311463 tempest-ServersTestManualDisk-1077311463-project] 10.222.0.24 "POST /v2.0/security-group-rules HTTP/1.1" status: 201 len: 764 time: 1.2052972
Dec 22 12:59:08.476014 dv-neutron-822668-1-hyperv neutron-server[87569]: INFO neutron.wsgi [None req-c60ecd31-c7e1-4fbb-8f14-d23f55d5674d tempest-ExternalNetworksTestJSON-633056203 tempest-ExternalNetworksTestJSON-633056203-project-admin] 10.222.0.24 "POST /v2.0/networks HTTP/1.1" status: 201 len: 836 time: 3.2212090
Dec 22 12:59:08.476091 dv-neutron-822668-1-hyperv neutron-server[87568]: DEBUG neutron.wsgi [-] (87568) accepted ('10.222.0.24', 41964) {{(pid=87568) server /usr/local/lib/python3.8/dist-packages/eventlet/wsgi.py:992}}
Dec 22 12:59:08.476091 dv-neutron-822668-1-hyperv neutron-server[87568]: DEBUG neutron.quota.resource [None req-9bc20358-68b5-4dec-b0e0-b2cdc04a61f8 tempest-RoutersAdminTest-252374498 tempest-RoutersAdminTest-252374498-project-admin] Usage tracker for resource:network and tenant:c21b462119a34b0098541d7b2014fe3e is out of sync, need to count used quota {{(pid=87568) count_used /opt/stack/neutron/neutron/quota/resource.py:270}}
Dec 22 12:59:08.481444 dv-neutron-822668-1-hyperv neutron-server[87570]: DEBUG neutron.db.provisioning_blocks [None req-9d9fc9fa-e703-4043-b781-941ee8d87057 None None] Provisioning for port 3021f150-58bb-456c-b5b2-cace5c3ae26b completed by entity L2. {{(pid=87570) provisioning_complete /opt/stack/neutron/neutron/db/provisioning_blocks.py:133}}
Dec 22 12:59:08.482596 dv-neutron-822668-1-hyperv neutron-server[87568]: DEBUG neutron.quota.resource [None req-9bc20358-68b5-4dec-b0e0-b2cdc04a61f8 tempest-RoutersAdminTest-252374498 tempest-RoutersAdminTest-252374498-project-admin] Quota usage for network was recalculated. Used quota:0. {{(pid=87568) count_used /opt/stack/neutron/neutron/quota/resource.py:290}}
Dec 22 12:59:08.485307 dv-neutron-822668-1-hyperv neutron-server[87568]: DEBUG neutron.wsgi [-] (87568) accepted ('10.222.0.24', 41966) {{(pid=87568) server /usr/local/lib/python3.8/dist-packages/eventlet/wsgi.py:992}}
Dec 22 12:59:08.487278 dv-neutron-822668-1-hyperv neutron-server[87569]: DEBUG neutron.db.quota.driver [None req-caf9447b-32e5-4cf3-9f49-d552e6e00f0d tempest-ServersTestJSON-1393811877 tempest-ServersTestJSON-1393811877-project] Attempting to reserve 1 items for resource security_group. Total usage: 1; quota limit: 100; headroom:99 {{(pid=87569) make_reservation /opt/stack/neutron/neutron/db/quota/driver.py:246}}
Dec 22 12:59:08.493572 dv-neutron-822668-1-hyperv neutron-server[87570]: DEBUG neutron.db.provisioning_blocks [None req-9d9fc9fa-e703-4043-b781-941ee8d87057 None None] Provisioning complete for port 3021f150-58bb-456c-b5b2-cace5c3ae26b triggered by entity L2. {{(pid=87570) provisioning_complete /opt/stack/neutron/neutron/db/provisioning_blocks.py:139}}
Dec 22 12:59:08.493781 dv-neutron-822668-1-hyperv neutron-server[87570]: DEBUG neutron_lib.callbacks.manager [None req-9d9fc9fa-e703-4043-b781-941ee8d87057 None None] Notify callbacks ['neutron.plugins.ml2.plugin.Ml2Plugin._port_provisioned-4188814'] for port, provisioning_complete {{(pid=87570) _notify_loop /usr/local/lib/python3.8/dist-packages/neutron_lib/callbacks/manager.py:192}}
Dec 22 12:59:08.494406 dv-neutron-822668-1-hyperv neutron-server[87569]: DEBUG neutron.scheduler.l3_agent_scheduler [None req-8bdfb9ae-d7ed-443d-895a-d26eb1160ee6 admin admin] Router e39cac93-3db5-4d8a-a7ea-ef8dbef4f452 has already been hosted by L3 agent 2ddcb8a2-e5c9-47d5-875e-fbe5a78a4541 {{(pid=87569) _get_candidates /opt/stack/neutron/neutron/scheduler/l3_agent_scheduler.py:127}}
Dec 22 12:59:08.543442 dv-neutron-822668-1-hyperv neutron-server[87568]: DEBUG neutron.api.v2.base [None req-50db8602-27be-456b-b433-94b3fa2cc61b tempest-ExternalNetworksTestJSON-633056203 tempest-ExternalNetworksTestJSON-633056203-project-admin] Request body: {'subnet': {'network_id': '592ebc0f-cb78-4eb0-85d9-7a0b804f364a', 'cidr': '172.20.0.0/28', 'ip_version': 4, 'gateway_ip': '172.20.0.1', 'enable_dhcp': False}} {{(pid=87568) prepare_request_body /opt/stack/neutron/neutron/api/v2/base.py:729}}
Dec 22 12:59:08.550619 dv-neutron-822668-1-hyperv neutron-server[87568]: DEBUG neutron.db.quota.driver [None req-50db8602-27be-456b-b433-94b3fa2cc61b tempest-ExternalNetworksTestJSON-633056203 tempest-ExternalNetworksTestJSON-633056203-project-admin] Resources subnetpool have unlimited quota limit. It is not required to calculate headroom {{(pid=87568) make_reservation /opt/stack/neutron/neutron/db/quota/driver.py:219}}
Dec 22 12:59:08.556364 dv-neutron-822668-1-hyperv neutron-server[87568]: DEBUG neutron.quota.resource [None req-50db8602-27be-456b-b433-94b3fa2cc61b tempest-ExternalNetworksTestJSON-633056203 tempest-ExternalNetworksTestJSON-633056203-project-admin] Usage tracker for resource:subnet and tenant:233212dbf7df4b12b9eb0ff3a6178ee5 is out of sync, need to count used quota {{(pid=87568) count_used /opt/stack/neutron/neutron/quota/resource.py:270}}
Dec 22 12:59:08.562127 dv-neutron-822668-1-hyperv neutron-server[87568]: DEBUG neutron.quota.resource [None req-50db8602-27be-456b-b433-94b3fa2cc61b tempest-ExternalNetworksTestJSON-633056203 tempest-ExternalNetworksTestJSON-633056203-project-admin] Quota usage for subnet was recalculated. Used quota:0. {{(pid=87568) count_used /opt/stack/neutron/neutron/quota/resource.py:290}}
Dec 22 12:59:08.578133 dv-neutron-822668-1-hyperv neutron-server[87568]: DEBUG neutron.db.quota.driver [None req-50db8602-27be-456b-b433-94b3fa2cc61b tempest-ExternalNetworksTestJSON-633056203 tempest-ExternalNetworksTestJSON-633056203-project-admin] Attempting to reserve 1 items for resource subnet. Total usage: 0; quota limit: 100; headroom:100 {{(pid=87568) make_reservation /opt/stack/neutron/neutron/db/quota/driver.py:246}}
Dec 22 12:59:08.593524 dv-neutron-822668-1-hyperv neutron-server[87568]: DEBUG neutron.api.v2.base [None req-7db312da-f8d2-4946-9c07-3326412fab31 tempest-ServersTestManualDisk-1077311463 tempest-ServersTestManualDisk-1077311463-project] Request body: {'security_group_rule': {'security_group_id': '46a458eb-7a79-4d47-8f83-c157f58a3182', 'protocol': 'icmp', 'ethertype': 'IPv4', 'direction': 'ingress'}} {{(pid=87568) prepare_request_body /opt/stack/neutron/neutron/api/v2/base.py:729}}
Dec 22 12:59:08.613542 dv-neutron-822668-1-hyperv neutron-server[87568]: DEBUG neutron.db.quota.driver [None req-7db312da-f8d2-4946-9c07-3326412fab31 tempest-ServersTestManualDisk-1077311463 tempest-ServersTestManualDisk-1077311463-project] Resources subnetpool have unlimited quota limit. It is not required to calculate headroom {{(pid=87568) make_reservation /opt/stack/neutron/neutron/db/quota/driver.py:219}}
Dec 22 12:59:08.618783 dv-neutron-822668-1-hyperv neutron-server[87568]: DEBUG neutron.quota.resource [None req-7db312da-f8d2-4946-9c07-3326412fab31 tempest-ServersTestManualDisk-1077311463 tempest-ServersTestManualDisk-1077311463-project] Usage tracker for resource:security_group_rule and tenant:6f1cccc2345241df92d866c692f9321f is out of sync, need to count used quota {{(pid=87568) count_used /opt/stack/neutron/neutron/quota/resource.py:270}}
Dec 22 12:59:08.622132 dv-neutron-822668-1-hyperv neutron-server[87568]: DEBUG neutron.quota.resource [None req-7db312da-f8d2-4946-9c07-3326412fab31 tempest-ServersTestManualDisk-1077311463 tempest-ServersTestManualDisk-1077311463-project] Quota usage for security_group_rule was recalculated. Used quota:7. {{(pid=87568) count_used /opt/stack/neutron/neutron/quota/resource.py:290}}
Dec 22 12:59:08.628451 dv-neutron-822668-1-hyperv neutron-server[87568]: DEBUG neutron.db.quota.driver [None req-7db312da-f8d2-4946-9c07-3326412fab31 tempest-ServersTestManualDisk-1077311463 tempest-ServersTestManualDisk-1077311463-project] Attempting to reserve 1 items for resource security_group_rule. Total usage: 7; quota limit: 100; headroom:93 {{(pid=87568) make_reservation /opt/stack/neutron/neutron/db/quota/driver.py:246}}
Dec 22 12:59:08.636284 dv-neutron-822668-1-hyperv neutron-server[87568]: DEBUG neutron.db.quota.driver [None req-9bc20358-68b5-4dec-b0e0-b2cdc04a61f8 tempest-RoutersAdminTest-252374498 tempest-RoutersAdminTest-252374498-project-admin] Attempting to reserve 1 items for resource network. Total usage: 0; quota limit: 100; headroom:100 {{(pid=87568) make_reservation /opt/stack/neutron/neutron/db/quota/driver.py:246}}
Dec 22 12:59:08.652079 dv-neutron-822668-1-hyperv neutron-server[87568]: DEBUG neutron.pecan_wsgi.hooks.quota_enforcement [None req-50db8602-27be-456b-b433-94b3fa2cc61b tempest-ExternalNetworksTestJSON-633056203 tempest-ExternalNetworksTestJSON-633056203-project-admin] Made reservation on behalf of 233212dbf7df4b12b9eb0ff3a6178ee5 for: {'subnet': 1} {{(pid=87568) before /opt/stack/neutron/neutron/pecan_wsgi/hooks/quota_enforcement.py:53}}
Dec 22 12:59:08.654415 dv-neutron-822668-1-hyperv neutron-server[87568]: DEBUG neutron_lib.callbacks.manager [None req-50db8602-27be-456b-b433-94b3fa2cc61b tempest-ExternalNetworksTestJSON-633056203 tempest-ExternalNetworksTestJSON-633056203-project-admin] Notify callbacks ['neutron.services.segments.plugin.SegmentHostRoutes.host_routes_before_create-1989171'] for subnet, before_create {{(pid=87568) _notify_loop /usr/local/lib/python3.8/dist-packages/neutron_lib/callbacks/manager.py:192}}
Dec 22 12:59:08.678409 dv-neutron-822668-1-hyperv neutron-server[87568]: DEBUG neutron.pecan_wsgi.hooks.quota_enforcement [None req-9bc20358-68b5-4dec-b0e0-b2cdc04a61f8 tempest-RoutersAdminTest-252374498 tempest-RoutersAdminTest-252374498-project-admin] Made reservation on behalf of c21b462119a34b0098541d7b2014fe3e for: {'network': 1} {{(pid=87568) before /opt/stack/neutron/neutron/pecan_wsgi/hooks/quota_enforcement.py:53}}
Dec 22 12:59:08.680705 dv-neutron-822668-1-hyperv neutron-server[87568]: DEBUG neutron_lib.callbacks.manager [None req-9bc20358-68b5-4dec-b0e0-b2cdc04a61f8 tempest-RoutersAdminTest-252374498 tempest-RoutersAdminTest-252374498-project-admin] Notify callbacks ['neutron.plugins.ml2.plugin.SecurityGroupDbMixin._ensure_default_security_group_handler-3684735'] for network, before_create {{(pid=87568) _notify_loop /usr/local/lib/python3.8/dist-packages/neutron_lib/callbacks/manager.py:192}}
Dec 22 12:59:08.715921 dv-neutron-822668-1-hyperv neutron-server[87569]: DEBUG neutron.api.rpc.handlers.resources_rpc [None req-c60ecd31-c7e1-4fbb-8f14-d23f55d5674d tempest-ExternalNetworksTestJSON-633056203 tempest-ExternalNetworksTestJSON-633056203-project-admin] Pushing event updated for resources: {'Network': ['ID=592ebc0f-cb78-4eb0-85d9-7a0b804f364a,revision_number=1']} {{(pid=87569) push /opt/stack/neutron/neutron/api/rpc/handlers/resources_rpc.py:237}}
Dec 22 12:59:08.727154 dv-neutron-822668-1-hyperv neutron-server[87570]: DEBUG neutron_lib.callbacks.manager [None req-9d9fc9fa-e703-4043-b781-941ee8d87057 None None] Notify callbacks ['neutron.plugins.ml2.plugin.SecurityGroupDbMixin._ensure_default_security_group_handler-3684735'] for port, before_update {{(pid=87570) _notify_loop /usr/local/lib/python3.8/dist-packages/neutron_lib/callbacks/manager.py:192}}
Dec 22 12:59:08.749286 dv-neutron-822668-1-hyperv neutron-server[87570]: DEBUG neutron.plugins.ml2.db [None req-9d9fc9fa-e703-4043-b781-941ee8d87057 None None] For port 3021f150-58bb-456c-b5b2-cace5c3ae26b, host dv-neutron-822668-1-hyperv, got binding levels [PortBindingLevel(driver='openvswitch',host='dv-neutron-822668-1-hyperv',level=0,port_id=3021f150-58bb-456c-b5b2-cace5c3ae26b,segment=NetworkSegment(93bbfeb9-2357-40ed-8c12-edca8d7cfbc8),segment_id=93bbfeb9-2357-40ed-8c12-edca8d7cfbc8)] {{(pid=87570) get_binding_level_objs /opt/stack/neutron/neutron/plugins/ml2/db.py:75}}
Dec 22 12:59:08.751992 dv-neutron-822668-1-hyperv neutron-server[87568]: DEBUG neutron_lib.callbacks.manager [None req-7db312da-f8d2-4946-9c07-3326412fab31 tempest-ServersTestManualDisk-1077311463 tempest-ServersTestManualDisk-1077311463-project] Notify callbacks [] for security_group_rule, before_create {{(pid=87568) _notify_loop /usr/local/lib/python3.8/dist-packages/neutron_lib/callbacks/manager.py:192}}
Dec 22 12:59:08.758636 dv-neutron-822668-1-hyperv neutron-server[87570]: DEBUG neutron_lib.callbacks.manager [None req-9d9fc9fa-e703-4043-b781-941ee8d87057 None None] Notify callbacks ['neutron.plugins.ml2.plugin.SecurityGroupServerNotifierRpcMixin.notify_sg_on_port_change-3684670', 'neutron.plugins.ml2.ovo_rpc._ObjectChangeHandler.handle_event-126645', 'neutron.api.rpc.agentnotifiers.dhcp_rpc_agent_api.DhcpAgentNotifyAPI._native_event_send_dhcp_notification-781171', 'neutron.db.l3_db.L3RpcNotifierMixin._notify_gateway_port_ip_changed-8760330113347', 'neutron.db.l3_dvrscheduler_db._notify_l3_agent_port_update-8760329601648', 'neutron.db.l3_hascheduler_db._notify_l3_agent_ha_port_update-8760329601693'] for port, after_update {{(pid=87570) _notify_loop /usr/local/lib/python3.8/dist-packages/neutron_lib/callbacks/manager.py:192}}
Dec 22 12:59:08.760126 dv-neutron-822668-1-hyperv neutron-server[87570]: DEBUG neutron.plugins.ml2.rpc [None req-9d9fc9fa-e703-4043-b781-941ee8d87057 None None] Device a57ba47f-c5d5-459d-a08b-bc1918826e77 up at agent ovs-agent-dv-neutron-822668-1-hyperv {{(pid=87570) update_device_up /opt/stack/neutron/neutron/plugins/ml2/rpc.py:278}}
Dec 22 12:59:08.764754 dv-neutron-822668-1-hyperv neutron-server[87568]: DEBUG neutron_lib.callbacks.manager [None req-9bc20358-68b5-4dec-b0e0-b2cdc04a61f8 tempest-RoutersAdminTest-252374498 tempest-RoutersAdminTest-252374498-project-admin] Notify callbacks [] for security_group, before_create {{(pid=87568) _notify_loop /usr/local/lib/python3.8/dist-packages/neutron_lib/callbacks/manager.py:192}}
Dec 22 12:59:08.790990 dv-neutron-822668-1-hyperv neutron-server[87570]: DEBUG oslo_concurrency.lockutils [None req-2acbaee6-2aa2-4cfa-87a5-7ac687190c2d None None] Lock "event-dispatch" acquired by "neutron.plugins.ml2.ovo_rpc._ObjectChangeHandler.dispatch_events" :: waited 0.000s {{(pid=87570) inner /usr/local/lib/python3.8/dist-packages/oslo_concurrency/lockutils.py:355}}
Dec 22 12:59:08.802092 dv-neutron-822668-1-hyperv neutron-server[87569]: DEBUG oslo_concurrency.lockutils [None req-c60ecd31-c7e1-4fbb-8f14-d23f55d5674d tempest-ExternalNetworksTestJSON-633056203 tempest-ExternalNetworksTestJSON-633056203-project-admin] Lock "event-dispatch" released by "neutron.plugins.ml2.ovo_rpc._ObjectChangeHandler.dispatch_events" :: held 0.901s {{(pid=87569) inner /usr/local/lib/python3.8/dist-packages/oslo_concurrency/lockutils.py:367}}
Dec 22 12:59:08.813828 dv-neutron-822668-1-hyperv neutron-server[87569]: DEBUG neutron_lib.callbacks.manager [None req-caf9447b-32e5-4cf3-9f49-d552e6e00f0d tempest-ServersTestJSON-1393811877 tempest-ServersTestJSON-1393811877-project] Notify callbacks [] for security_group, before_create {{(pid=87569) _notify_loop /usr/local/lib/python3.8/dist-packages/neutron_lib/callbacks/manager.py:192}}
Dec 22 12:59:08.823888 dv-neutron-822668-1-hyperv neutron-server[87570]: DEBUG neutron.plugins.ml2.rpc [None req-9d9fc9fa-e703-4043-b781-941ee8d87057 None None] Network 592ebc0f-cb78-4eb0-85d9-7a0b804f364a details requested by agent ovs-agent-dv-neutron-822668-1-hyperv with host dv-neutron-822668-1-hyperv {{(pid=87570) get_network_details /opt/stack/neutron/neutron/plugins/ml2/rpc.py:232}}
Dec 22 12:59:08.838937 dv-neutron-822668-1-hyperv neutron-server[87568]: DEBUG neutron.db.quota.driver [None req-9bc20358-68b5-4dec-b0e0-b2cdc04a61f8 tempest-RoutersAdminTest-252374498 tempest-RoutersAdminTest-252374498-project-admin] Resources subnetpool have unlimited quota limit. It is not required to calculate headroom {{(pid=87568) make_reservation /opt/stack/neutron/neutron/db/quota/driver.py:219}}
Dec 22 12:59:08.855028 dv-neutron-822668-1-hyperv neutron-server[87568]: DEBUG neutron.quota.resource [None req-9bc20358-68b5-4dec-b0e0-b2cdc04a61f8 tempest-RoutersAdminTest-252374498 tempest-RoutersAdminTest-252374498-project-admin] Usage tracker for resource:security_group_rule and tenant:c21b462119a34b0098541d7b2014fe3e is out of sync, need to count used quota {{(pid=87568) count_used /opt/stack/neutron/neutron/quota/resource.py:270}}
Dec 22 12:59:08.860189 dv-neutron-822668-1-hyperv neutron-server[87569]: DEBUG neutron_lib.callbacks.manager [None req-8d4e965d-18bf-4379-b8e3-e6c0c5f8d88c tempest-PortsAdminExtendedAttrsIpV6TestJSON-1395266560 tempest-PortsAdminExtendedAttrsIpV6TestJSON-1395266560-project-admin] Notify callbacks ['neutron.plugins.ml2.plugin.SecurityGroupServerNotifierRpcMixin.notify_sg_on_port_change-3684670', 'neutron.plugins.ml2.ovo_rpc._ObjectChangeHandler.handle_event-126645', 'neutron.api.rpc.agentnotifiers.dhcp_rpc_agent_api.DhcpAgentNotifyAPI._native_event_send_dhcp_notification-781171', 'neutron.db.l3_db.L3RpcNotifierMixin._notify_routers_callback-8760330113374', 'neutron.db.l3_dvrscheduler_db._notify_port_delete-8760329601639'] for port, after_delete {{(pid=87569) _notify_loop /usr/local/lib/python3.8/dist-packages/neutron_lib/callbacks/manager.py:192}}
Dec 22 12:59:08.871180 dv-neutron-822668-1-hyperv neutron-server[87568]: DEBUG neutron.quota.resource [None req-9bc20358-68b5-4dec-b0e0-b2cdc04a61f8 tempest-RoutersAdminTest-252374498 tempest-RoutersAdminTest-252374498-project-admin] Quota usage for security_group_rule was recalculated. Used quota:0. {{(pid=87568) count_used /opt/stack/neutron/neutron/quota/resource.py:290}}
Dec 22 12:59:08.877928 dv-neutron-822668-1-hyperv neutron-server[87568]: DEBUG neutron_lib.callbacks.manager [None req-4c4eeeae-b533-49b7-81a9-e50f53414f8b tempest-RoutersIpV6AdminTest-403352227 tempest-RoutersIpV6AdminTest-403352227-project-admin] Notify callbacks ['neutron.services.l3_router.l3_router_plugin.L3_NAT_dbonly_mixin._precommit_delete_port_callback-679335'] for port, precommit_delete {{(pid=87568) _notify_loop /usr/local/lib/python3.8/dist-packages/neutron_lib/callbacks/manager.py:192}}
Dec 22 12:59:08.878099 dv-neutron-822668-1-hyperv neutron-server[87569]: DEBUG neutron.db.quota.driver [None req-caf9447b-32e5-4cf3-9f49-d552e6e00f0d tempest-ServersTestJSON-1393811877 tempest-ServersTestJSON-1393811877-project] Resources subnetpool have unlimited quota limit. It is not required to calculate headroom {{(pid=87569) make_reservation /opt/stack/neutron/neutron/db/quota/driver.py:219}}
Dec 22 12:59:08.896484 dv-neutron-822668-1-hyperv neutron-server[87568]: DEBUG neutron.db.quota.driver [None req-9bc20358-68b5-4dec-b0e0-b2cdc04a61f8 tempest-RoutersAdminTest-252374498 tempest-RoutersAdminTest-252374498-project-admin] Attempting to reserve 4 items for resource security_group_rule. Total usage: 0; quota limit: 100; headroom:100 {{(pid=87568) make_reservation /opt/stack/neutron/neutron/db/quota/driver.py:246}}
Dec 22 12:59:08.941553 dv-neutron-822668-1-hyperv neutron-server[87569]: DEBUG oslo_concurrency.lockutils [None req-8bdfb9ae-d7ed-443d-895a-d26eb1160ee6 admin admin] Lock "event-dispatch" acquired by "neutron.plugins.ml2.ovo_rpc._ObjectChangeHandler.dispatch_events" :: waited 0.000s {{(pid=87569) inner /usr/local/lib/python3.8/dist-packages/oslo_concurrency/lockutils.py:355}}
Dec 22 12:59:08.974611 dv-neutron-822668-1-hyperv neutron-server[87569]: DEBUG neutron.quota.resource [None req-caf9447b-32e5-4cf3-9f49-d552e6e00f0d tempest-ServersTestJSON-1393811877 tempest-ServersTestJSON-1393811877-project] Usage tracker for resource:security_group_rule and tenant:e967f4a5842b4b8fa7e30c04ff57e8a9 is out of sync, need to count used quota {{(pid=87569) count_used /opt/stack/neutron/neutron/quota/resource.py:270}}
Dec 22 12:59:09.008411 dv-neutron-822668-1-hyperv neutron-server[87569]: DEBUG neutron.quota.resource [None req-caf9447b-32e5-4cf3-9f49-d552e6e00f0d tempest-ServersTestJSON-1393811877 tempest-ServersTestJSON-1393811877-project] Quota usage for security_group_rule was recalculated. Used quota:4. {{(pid=87569) count_used /opt/stack/neutron/neutron/quota/resource.py:290}}
Dec 22 12:59:09.025913 dv-neutron-822668-1-hyperv neutron-server[87569]: DEBUG neutron.api.rpc.handlers.resources_rpc [None req-8d4e965d-18bf-4379-b8e3-e6c0c5f8d88c tempest-PortsAdminExtendedAttrsIpV6TestJSON-1395266560 tempest-PortsAdminExtendedAttrsIpV6TestJSON-1395266560-project-admin] Pushing event deleted for resources: {'Port': ['ID=3ab6ef06-e8f0-44d1-ae26-958aff8674fc,revision_number=None']} {{(pid=87569) push /opt/stack/neutron/neutron/api/rpc/handlers/resources_rpc.py:237}}
Dec 22 12:59:09.029214 dv-neutron-822668-1-hyperv neutron-server[87569]: DEBUG neutron.db.quota.driver [None req-caf9447b-32e5-4cf3-9f49-d552e6e00f0d tempest-ServersTestJSON-1393811877 tempest-ServersTestJSON-1393811877-project] Attempting to reserve 2 items for resource security_group_rule. Total usage: 4; quota limit: 100; headroom:96 {{(pid=87569) make_reservation /opt/stack/neutron/neutron/db/quota/driver.py:246}}
Dec 22 12:59:09.033922 dv-neutron-822668-1-hyperv neutron-server[87569]: DEBUG oslo_concurrency.lockutils [None req-8d4e965d-18bf-4379-b8e3-e6c0c5f8d88c tempest-PortsAdminExtendedAttrsIpV6TestJSON-1395266560 tempest-PortsAdminExtendedAttrsIpV6TestJSON-1395266560-project-admin] Lock "event-dispatch" released by "neutron.plugins.ml2.ovo_rpc._ObjectChangeHandler.dispatch_events" :: held 0.092s {{(pid=87569) inner /usr/local/lib/python3.8/dist-packages/oslo_concurrency/lockutils.py:367}}
Dec 22 12:59:09.041413 dv-neutron-822668-1-hyperv neutron-server[87570]: DEBUG neutron_lib.callbacks.manager [None req-53c03ad3-978e-4404-8fe4-7748abecf6e7 None None] Notify callbacks [] for port, precommit_update {{(pid=87570) _notify_loop /usr/local/lib/python3.8/dist-packages/neutron_lib/callbacks/manager.py:192}}
Dec 22 12:59:09.045205 dv-neutron-822668-1-hyperv neutron-server[87570]: DEBUG neutron.api.rpc.handlers.resources_rpc [None req-9d9fc9fa-e703-4043-b781-941ee8d87057 None None] Pushing event updated for resources: {'Port': ['ID=3021f150-58bb-456c-b5b2-cace5c3ae26b,revision_number=4']} {{(pid=87570) push /opt/stack/neutron/neutron/api/rpc/handlers/resources_rpc.py:237}}
Dec 22 12:59:09.048350 dv-neutron-822668-1-hyperv neutron-server[87570]: DEBUG oslo_concurrency.lockutils [None req-9d9fc9fa-e703-4043-b781-941ee8d87057 None None] Lock "event-dispatch" released by "neutron.plugins.ml2.ovo_rpc._ObjectChangeHandler.dispatch_events" :: held 0.258s {{(pid=87570) inner /usr/local/lib/python3.8/dist-packages/oslo_concurrency/lockutils.py:367}}
Dec 22 12:59:09.059496 dv-neutron-822668-1-hyperv neutron-server[87568]: DEBUG neutron.plugins.ml2.plugin [None req-4c4eeeae-b533-49b7-81a9-e50f53414f8b tempest-RoutersIpV6AdminTest-403352227 tempest-RoutersIpV6AdminTest-403352227-project-admin] Calling delete_port for fb0a78de-3a04-45d0-8f15-656d689067e5 owned by {{(pid=87568) delete_port /opt/stack/neutron/neutron/plugins/ml2/plugin.py:1964}}
Dec 22 12:59:09.068287 dv-neutron-822668-1-hyperv neutron-server[87569]: DEBUG neutron_lib.callbacks.manager [None req-8d4e965d-18bf-4379-b8e3-e6c0c5f8d88c tempest-PortsAdminExtendedAttrsIpV6TestJSON-1395266560 tempest-PortsAdminExtendedAttrsIpV6TestJSON-1395266560-project-admin] Notify callbacks ['neutron.notifiers.nova.Notifier._send_nova_notification-44946'] for port, before_response {{(pid=87569) _notify_loop /usr/local/lib/python3.8/dist-packages/neutron_lib/callbacks/manager.py:192}}
Dec 22 12:59:09.068836 dv-neutron-822668-1-hyperv neutron-server[87570]: DEBUG neutron.db.provisioning_blocks [None req-53c03ad3-978e-4404-8fe4-7748abecf6e7 None None] Transition to ACTIVE for port object 2fd12083-d44e-4676-a525-ab5e40ea20e5 will not be triggered until provisioned by entity L2. {{(pid=87570) add_provisioning_component /opt/stack/neutron/neutron/db/provisioning_blocks.py:73}}
Dec 22 12:59:09.078618 dv-neutron-822668-1-hyperv neutron-server[87570]: DEBUG neutron_lib.callbacks.manager [None req-53c03ad3-978e-4404-8fe4-7748abecf6e7 None None] Notify callbacks ['neutron.plugins.ml2.plugin.SecurityGroupServerNotifierRpcMixin.notify_sg_on_port_change-3684670', 'neutron.plugins.ml2.ovo_rpc._ObjectChangeHandler.handle_event-126645', 'neutron.api.rpc.agentnotifiers.dhcp_rpc_agent_api.DhcpAgentNotifyAPI._native_event_send_dhcp_notification-781171', 'neutron.db.l3_db.L3RpcNotifierMixin._notify_gateway_port_ip_changed-8760330113347', 'neutron.db.l3_dvrscheduler_db._notify_l3_agent_port_update-8760329601648', 'neutron.db.l3_hascheduler_db._notify_l3_agent_ha_port_update-8760329601693'] for port, after_update {{(pid=87570) _notify_loop /usr/local/lib/python3.8/dist-packages/neutron_lib/callbacks/manager.py:192}}
Dec 22 12:59:09.085360 dv-neutron-822668-1-hyperv neutron-server[87570]: DEBUG oslo_concurrency.lockutils [None req-156f7abc-9310-4629-bf8f-f3a7d0564edf None None] Lock "event-dispatch" acquired by "neutron.plugins.ml2.ovo_rpc._ObjectChangeHandler.dispatch_events" :: waited 0.000s {{(pid=87570) inner /usr/local/lib/python3.8/dist-packages/oslo_concurrency/lockutils.py:355}}
Dec 22 12:59:09.097583 dv-neutron-822668-1-hyperv neutron-server[87569]: INFO neutron.wsgi [None req-b624280d-791b-4e59-a9cc-fc6453e97b89 tempest-DHCPAgentSchedulersTestJSON-474687777 tempest-DHCPAgentSchedulersTestJSON-474687777-project-admin] 10.222.0.24 "GET /v2.0/agents/e8a871b7-46b2-4d76-8ca5-7b92884b1485/dhcp-networks HTTP/1.1" status: 200 len: 7260 time: 0.6265240
Dec 22 12:59:09.102093 dv-neutron-822668-1-hyperv neutron-server[87569]: INFO neutron.wsgi [None req-8d4e965d-18bf-4379-b8e3-e6c0c5f8d88c tempest-PortsAdminExtendedAttrsIpV6TestJSON-1395266560 tempest-PortsAdminExtendedAttrsIpV6TestJSON-1395266560-project-admin] 10.222.0.24 "DELETE /v2.0/ports/3ab6ef06-e8f0-44d1-ae26-958aff8674fc HTTP/1.1" status: 204 len: 168 time: 2.8100636
Dec 22 12:59:09.104871 dv-neutron-822668-1-hyperv neutron-server[87569]: DEBUG neutron.wsgi [-] (87569) accepted ('10.222.0.24', 41972) {{(pid=87569) server /usr/local/lib/python3.8/dist-packages/eventlet/wsgi.py:992}}
Dec 22 12:59:09.105191 dv-neutron-822668-1-hyperv neutron-server[87569]: DEBUG neutron.wsgi [-] (87569) accepted ('10.222.0.24', 41974) {{(pid=87569) server /usr/local/lib/python3.8/dist-packages/eventlet/wsgi.py:992}}
Dec 22 12:59:09.126453 dv-neutron-822668-1-hyperv neutron-server[87570]: DEBUG neutron.db.provisioning_blocks [None req-9d9fc9fa-e703-4043-b781-941ee8d87057 None None] Provisioning for port a57ba47f-c5d5-459d-a08b-bc1918826e77 completed by entity L2. {{(pid=87570) provisioning_complete /opt/stack/neutron/neutron/db/provisioning_blocks.py:133}}
Dec 22 12:59:09.164327 dv-neutron-822668-1-hyperv neutron-server[87569]: DEBUG neutron.api.rpc.agentnotifiers.l3_rpc_agent_api [None req-8bdfb9ae-d7ed-443d-895a-d26eb1160ee6 admin admin] Notify agent at l3_agent.dv-neutron-822668-1-hyperv the message routers_updated {{(pid=87569) _agent_notification /opt/stack/neutron/neutron/api/rpc/agentnotifiers/l3_rpc_agent_api.py:68}}
Dec 22 12:59:09.171373 dv-neutron-822668-1-hyperv neutron-server[87568]: DEBUG neutron_lib.callbacks.manager [None req-7db312da-f8d2-4946-9c07-3326412fab31 tempest-ServersTestManualDisk-1077311463 tempest-ServersTestManualDisk-1077311463-project] Notify callbacks [] for security_group_rule, precommit_create {{(pid=87568) _notify_loop /usr/local/lib/python3.8/dist-packages/neutron_lib/callbacks/manager.py:192}}
Dec 22 12:59:09.180871 dv-neutron-822668-1-hyperv neutron-server[87571]: DEBUG neutron.api.rpc.handlers.l3_rpc [None req-9f1e9d20-b26a-46cb-a0fe-0ec4ff79c306 None None] Sync routers for ids ['e39cac93-3db5-4d8a-a7ea-ef8dbef4f452'] in dv-neutron-822668-1-hyperv {{(pid=87571) sync_routers /opt/stack/neutron/neutron/api/rpc/handlers/l3_rpc.py:125}}
Dec 22 12:59:09.190488 dv-neutron-822668-1-hyperv neutron-server[87571]: DEBUG neutron.db.l3_dvrscheduler_db [None req-9f1e9d20-b26a-46cb-a0fe-0ec4ff79c306 None None] Routers {'e39cac93-3db5-4d8a-a7ea-ef8dbef4f452'} bound to L3 agent in host dv-neutron-822668-1-hyperv {{(pid=87571) _get_router_ids_for_agent /opt/stack/neutron/neutron/db/l3_dvrscheduler_db.py:422}}
Dec 22 12:59:09.191525 dv-neutron-822668-1-hyperv neutron-server[87571]: DEBUG neutron.db.l3_hamode_db [None req-9f1e9d20-b26a-46cb-a0fe-0ec4ff79c306 None None] neutron.services.l3_router.l3_router_plugin.L3RouterPlugin method get_ha_sync_data_for_host called with arguments (, 'dv-neutron-822668-1-hyperv', Agent(admin_state_up=True,agent_type='L3 agent',availability_zone='nova',binary='neutron-l3-agent',configurations={"agent_mode": "legacy", "ex_gw_ports": 2, "extensions": [], "floating_ips": 0, "handle_internal_only_routers": true, "interface_driver": "openvswitch", "interfaces": 1, "log_agent_heartbeats": false, "routers": 2},created_at=2021-12-22T12:51:00Z,description=,heartbeat_timestamp=2021-12-22T12:59:00Z,host='dv-neutron-822668-1-hyperv',id=2ddcb8a2-e5c9-47d5-875e-fbe5a78a4541,load=0,resource_versions=,resources_synced=,started_at=2021-12-22T12:51:00Z,topic='l3_agent')) {'router_ids': ['e39cac93-3db5-4d8a-a7ea-ef8dbef4f452'], 'active': True} {{(pid=87571) wrapper /usr/local/lib/python3.8/dist-packages/oslo_log/helpers.py:65}}
Dec 22 12:59:09.237998 dv-neutron-822668-1-hyperv neutron-server[87568]: DEBUG neutron_lib.callbacks.manager [None req-7db312da-f8d2-4946-9c07-3326412fab31 tempest-ServersTestManualDisk-1077311463 tempest-ServersTestManualDisk-1077311463-project] Notify callbacks ['neutron.plugins.ml2.ovo_rpc._ObjectChangeHandler.handle_event-879465'] for security_group_rule, after_create {{(pid=87568) _notify_loop /usr/local/lib/python3.8/dist-packages/neutron_lib/callbacks/manager.py:192}}
Dec 22 12:59:09.263417 dv-neutron-822668-1-hyperv neutron-server[87570]: DEBUG neutron.db.provisioning_blocks [None req-9d9fc9fa-e703-4043-b781-941ee8d87057 None None] Provisioning complete for port a57ba47f-c5d5-459d-a08b-bc1918826e77 triggered by entity L2. {{(pid=87570) provisioning_complete /opt/stack/neutron/neutron/db/provisioning_blocks.py:139}}
Dec 22 12:59:09.264070 dv-neutron-822668-1-hyperv neutron-server[87570]: DEBUG neutron_lib.callbacks.manager [None req-9d9fc9fa-e703-4043-b781-941ee8d87057 None None] Notify callbacks ['neutron.plugins.ml2.plugin.Ml2Plugin._port_provisioned-4188814'] for port, provisioning_complete {{(pid=87570) _notify_loop /usr/local/lib/python3.8/dist-packages/neutron_lib/callbacks/manager.py:192}}
Dec 22 12:59:09.281096 dv-neutron-822668-1-hyperv neutron-server[87568]: DEBUG oslo_concurrency.lockutils [None req-ba7a7ffb-20f7-4e5c-b2d2-3d8a93b4a4db tempest-ServersTestManualDisk-1077311463 tempest-ServersTestManualDisk-1077311463-project] Lock "event-dispatch" acquired by "neutron.plugins.ml2.ovo_rpc._ObjectChangeHandler.dispatch_events" :: waited 0.000s {{(pid=87568) inner /usr/local/lib/python3.8/dist-packages/oslo_concurrency/lockutils.py:355}}
Dec 22 12:59:09.293280 dv-neutron-822668-1-hyperv neutron-server[87569]: INFO neutron.pecan_wsgi.hooks.translation [None req-17f82c77-c16c-4292-8193-ba253fcf9e63 tempest-PortsAdminExtendedAttrsIpV6TestJSON-1395266560 tempest-PortsAdminExtendedAttrsIpV6TestJSON-1395266560-project-admin] GET failed (client error): The resource could not be found.
Dec 22 12:59:09.294560 dv-neutron-822668-1-hyperv neutron-server[87569]: DEBUG neutron.quota.resource [None req-17f82c77-c16c-4292-8193-ba253fcf9e63 tempest-PortsAdminExtendedAttrsIpV6TestJSON-1395266560 tempest-PortsAdminExtendedAttrsIpV6TestJSON-1395266560-project-admin] Synchronizing usage tracker for tenant:a4cd511c5bcc4b958a57820494f9a5f7 on resource:port {{(pid=87569) resync /opt/stack/neutron/neutron/quota/resource.py:241}}
Dec 22 12:59:09.302817 dv-neutron-822668-1-hyperv neutron-server[87570]: DEBUG neutron.api.rpc.handlers.resources_rpc [None req-347391d3-3e68-4edd-91f1-c6e720a1bf39 None None] Pushing event updated for resources: {'Port': ['ID=2fd12083-d44e-4676-a525-ab5e40ea20e5,revision_number=3']} {{(pid=87570) push /opt/stack/neutron/neutron/api/rpc/handlers/resources_rpc.py:237}}
Dec 22 12:59:09.319883 dv-neutron-822668-1-hyperv neutron-server[87568]: DEBUG neutron.api.rpc.handlers.resources_rpc [None req-7db312da-f8d2-4946-9c07-3326412fab31 tempest-ServersTestManualDisk-1077311463 tempest-ServersTestManualDisk-1077311463-project] Pushing event updated for resources: {'SecurityGroupRule': ['ID=32c038df-1a48-470e-8b20-73229e86f298,revision_number=0']} {{(pid=87568) push /opt/stack/neutron/neutron/api/rpc/handlers/resources_rpc.py:237}}
Dec 22 12:59:09.324112 dv-neutron-822668-1-hyperv neutron-server[87570]: DEBUG oslo_concurrency.lockutils [None req-347391d3-3e68-4edd-91f1-c6e720a1bf39 None None] Lock "event-dispatch" released by "neutron.plugins.ml2.ovo_rpc._ObjectChangeHandler.dispatch_events" :: held 0.239s {{(pid=87570) inner /usr/local/lib/python3.8/dist-packages/oslo_concurrency/lockutils.py:367}}
Dec 22 12:59:09.329972 dv-neutron-822668-1-hyperv neutron-server[87568]: DEBUG oslo_concurrency.lockutils [None req-7db312da-f8d2-4946-9c07-3326412fab31 tempest-ServersTestManualDisk-1077311463 tempest-ServersTestManualDisk-1077311463-project] Lock "event-dispatch" released by "neutron.plugins.ml2.ovo_rpc._ObjectChangeHandler.dispatch_events" :: held 0.049s {{(pid=87568) inner /usr/local/lib/python3.8/dist-packages/oslo_concurrency/lockutils.py:367}}
Dec 22 12:59:09.373273 dv-neutron-822668-1-hyperv neutron-server[87569]: INFO neutron.wsgi [None req-8bdfb9ae-d7ed-443d-895a-d26eb1160ee6 admin admin] 10.222.0.24 "PUT /v2.0/routers/e39cac93-3db5-4d8a-a7ea-ef8dbef4f452/add_router_interface HTTP/1.1" status: 200 len: 503 time: 13.7278540
Dec 22 12:59:09.431379 dv-neutron-822668-1-hyperv neutron-server[87569]: DEBUG neutron_lib.callbacks.manager [None req-a211022d-f979-400f-ab17-d33294966a64 tempest-DHCPAgentSchedulersTestJSON-2122693407 tempest-DHCPAgentSchedulersTestJSON-2122693407-project] Notify callbacks ['neutron.plugins.ml2.plugin.External_net_db_mixin._before_network_delete_handler-4095388'] for network, before_delete {{(pid=87569) _notify_loop /usr/local/lib/python3.8/dist-packages/neutron_lib/callbacks/manager.py:192}}
Dec 22 12:59:09.451181 dv-neutron-822668-1-hyperv neutron-server[87569]: DEBUG neutron_lib.callbacks.manager [None req-caf9447b-32e5-4cf3-9f49-d552e6e00f0d tempest-ServersTestJSON-1393811877 tempest-ServersTestJSON-1393811877-project] Notify callbacks [] for security_group, precommit_create {{(pid=87569) _notify_loop /usr/local/lib/python3.8/dist-packages/neutron_lib/callbacks/manager.py:192}}
Dec 22 12:59:09.488104 dv-neutron-822668-1-hyperv neutron-server[87569]: DEBUG neutron_lib.callbacks.manager [None req-caf9447b-32e5-4cf3-9f49-d552e6e00f0d tempest-ServersTestJSON-1393811877 tempest-ServersTestJSON-1393811877-project] Notify callbacks ['neutron.plugins.ml2.ovo_rpc._ObjectChangeHandler.handle_event-879447'] for security_group, after_create {{(pid=87569) _notify_loop /usr/local/lib/python3.8/dist-packages/neutron_lib/callbacks/manager.py:192}}
Dec 22 12:59:09.498597 dv-neutron-822668-1-hyperv neutron-server[87569]: DEBUG oslo_concurrency.lockutils [None req-ed0e609d-b5ff-4c37-a76f-045856b43ba9 tempest-ExternalNetworksTestJSON-633056203 tempest-ExternalNetworksTestJSON-633056203-project-admin] Lock "event-dispatch" acquired by "neutron.plugins.ml2.ovo_rpc._ObjectChangeHandler.dispatch_events" :: waited 0.000s {{(pid=87569) inner /usr/local/lib/python3.8/dist-packages/oslo_concurrency/lockutils.py:355}}
Dec 22 12:59:09.502032 dv-neutron-822668-1-hyperv neutron-server[87570]: DEBUG neutron.plugins.ml2.managers [None req-53c03ad3-978e-4404-8fe4-7748abecf6e7 None None] Attempting to bind port 2fd12083-d44e-4676-a525-ab5e40ea20e5 on host dv-neutron-822668-1-hyperv for vnic_type normal with profile {{(pid=87570) bind_port /opt/stack/neutron/neutron/plugins/ml2/managers.py:790}}
Dec 22 12:59:09.507348 dv-neutron-822668-1-hyperv neutron-server[87570]: DEBUG neutron.plugins.ml2.managers [None req-53c03ad3-978e-4404-8fe4-7748abecf6e7 None None] Attempting to bind port 2fd12083-d44e-4676-a525-ab5e40ea20e5 by drivers openvswitch,hyperv on host dv-neutron-822668-1-hyperv at level 0 using segments [{'id': '93e21159-fc30-44fc-8388-798f46adf90e', 'network_type': 'vlan', 'physical_network': 'physnet1', 'segmentation_id': 157, 'network_id': '91b12b74-efcc-4a89-a606-2b317c2af70a'}] {{(pid=87570) _bind_port_level /opt/stack/neutron/neutron/plugins/ml2/managers.py:815}}
Dec 22 12:59:09.508040 dv-neutron-822668-1-hyperv neutron-server[87570]: DEBUG neutron.plugins.ml2.drivers.mech_agent [None req-53c03ad3-978e-4404-8fe4-7748abecf6e7 None None] Attempting to bind port 2fd12083-d44e-4676-a525-ab5e40ea20e5 on network 91b12b74-efcc-4a89-a606-2b317c2af70a {{(pid=87570) bind_port /opt/stack/neutron/neutron/plugins/ml2/drivers/mech_agent.py:86}}
Dec 22 12:59:09.514297 dv-neutron-822668-1-hyperv neutron-server[87568]: DEBUG neutron_lib.callbacks.manager [None req-9bc20358-68b5-4dec-b0e0-b2cdc04a61f8 tempest-RoutersAdminTest-252374498 tempest-RoutersAdminTest-252374498-project-admin] Notify callbacks [] for security_group, precommit_create {{(pid=87568) _notify_loop /usr/local/lib/python3.8/dist-packages/neutron_lib/callbacks/manager.py:192}}
