Dec 22 03:35:24.114265 dv-neutron-822573-1-hyperv devstack@n-api.service[109572]: DEBUG nova.context [None req-5d1741f5-85fd-4924-a3be-119fd17305b1 None None] Found 2 cells: 00000000-0000-0000-0000-000000000000(cell0),8b2637cc-9fea-4f35-98cf-7db451712319(cell1) {{(pid=109572) load_cells /opt/stack/nova/nova/context.py:464}}
Dec 22 03:35:24.118473 dv-neutron-822573-1-hyperv devstack@n-api.service[109572]: DEBUG oslo_concurrency.lockutils [None req-5d1741f5-85fd-4924-a3be-119fd17305b1 None None] Lock "00000000-0000-0000-0000-000000000000" acquired by "nova.context.set_target_cell..get_or_set_cached_cell_and_set_connections" :: waited 0.000s {{(pid=109572) inner /usr/local/lib/python3.8/dist-packages/oslo_concurrency/lockutils.py:386}}
Dec 22 03:35:24.120044 dv-neutron-822573-1-hyperv devstack@n-api.service[109572]: DEBUG oslo_concurrency.lockutils [None req-5d1741f5-85fd-4924-a3be-119fd17305b1 None None] Lock "00000000-0000-0000-0000-000000000000" "released" by "nova.context.set_target_cell..get_or_set_cached_cell_and_set_connections" :: held 0.002s {{(pid=109572) inner /usr/local/lib/python3.8/dist-packages/oslo_concurrency/lockutils.py:400}}
Dec 22 03:35:24.120849 dv-neutron-822573-1-hyperv devstack@n-api.service[109572]: DEBUG oslo_concurrency.lockutils [None req-5d1741f5-85fd-4924-a3be-119fd17305b1 None None] Lock "8b2637cc-9fea-4f35-98cf-7db451712319" acquired by "nova.context.set_target_cell..get_or_set_cached_cell_and_set_connections" :: waited 0.000s {{(pid=109572) inner /usr/local/lib/python3.8/dist-packages/oslo_concurrency/lockutils.py:386}}
Dec 22 03:35:24.122791 dv-neutron-822573-1-hyperv devstack@n-api.service[109572]: DEBUG oslo_concurrency.lockutils [None req-5d1741f5-85fd-4924-a3be-119fd17305b1 None None] Lock "8b2637cc-9fea-4f35-98cf-7db451712319" "released" by "nova.context.set_target_cell..get_or_set_cached_cell_and_set_connections" :: held 0.002s {{(pid=109572) inner /usr/local/lib/python3.8/dist-packages/oslo_concurrency/lockutils.py:400}}
Dec 22 03:35:24.126369 dv-neutron-822573-1-hyperv devstack@n-api.service[109571]: DEBUG nova.context [None req-149ef2c0-b46e-4eb7-93d3-a08e557d1b33 None None] Found 2 cells: 00000000-0000-0000-0000-000000000000(cell0),8b2637cc-9fea-4f35-98cf-7db451712319(cell1) {{(pid=109571) load_cells /opt/stack/nova/nova/context.py:464}}
Dec 22 03:35:24.131279 dv-neutron-822573-1-hyperv devstack@n-api.service[109571]: DEBUG oslo_concurrency.lockutils [None req-149ef2c0-b46e-4eb7-93d3-a08e557d1b33 None None] Lock "00000000-0000-0000-0000-000000000000" acquired by "nova.context.set_target_cell..get_or_set_cached_cell_and_set_connections" :: waited 0.000s {{(pid=109571) inner /usr/local/lib/python3.8/dist-packages/oslo_concurrency/lockutils.py:386}}
Dec 22 03:35:24.132896 dv-neutron-822573-1-hyperv devstack@n-api.service[109571]: DEBUG oslo_concurrency.lockutils [None req-149ef2c0-b46e-4eb7-93d3-a08e557d1b33 None None] Lock "00000000-0000-0000-0000-000000000000" "released" by "nova.context.set_target_cell..get_or_set_cached_cell_and_set_connections" :: held 0.002s {{(pid=109571) inner /usr/local/lib/python3.8/dist-packages/oslo_concurrency/lockutils.py:400}}
Dec 22 03:35:24.133475 dv-neutron-822573-1-hyperv devstack@n-api.service[109572]: DEBUG oslo_db.sqlalchemy.engines [None req-5d1741f5-85fd-4924-a3be-119fd17305b1 None None] MySQL server mode set to STRICT_TRANS_TABLES,STRICT_ALL_TABLES,NO_ZERO_IN_DATE,NO_ZERO_DATE,ERROR_FOR_DIVISION_BY_ZERO,TRADITIONAL,NO_ENGINE_SUBSTITUTION {{(pid=109572) _check_effective_sql_mode /usr/local/lib/python3.8/dist-packages/oslo_db/sqlalchemy/engines.py:314}}
Dec 22 03:35:24.133760 dv-neutron-822573-1-hyperv devstack@n-api.service[109571]: DEBUG oslo_concurrency.lockutils [None req-149ef2c0-b46e-4eb7-93d3-a08e557d1b33 None None] Lock "8b2637cc-9fea-4f35-98cf-7db451712319" acquired by "nova.context.set_target_cell..get_or_set_cached_cell_and_set_connections" :: waited 0.000s {{(pid=109571) inner /usr/local/lib/python3.8/dist-packages/oslo_concurrency/lockutils.py:386}}
Dec 22 03:35:24.135756 dv-neutron-822573-1-hyperv devstack@n-api.service[109571]: DEBUG oslo_concurrency.lockutils [None req-149ef2c0-b46e-4eb7-93d3-a08e557d1b33 None None] Lock "8b2637cc-9fea-4f35-98cf-7db451712319" "released" by "nova.context.set_target_cell..get_or_set_cached_cell_and_set_connections" :: held 0.002s {{(pid=109571) inner /usr/local/lib/python3.8/dist-packages/oslo_concurrency/lockutils.py:400}}
Dec 22 03:35:24.135963 dv-neutron-822573-1-hyperv devstack@n-api.service[109572]: DEBUG oslo_db.sqlalchemy.engines [None req-5d1741f5-85fd-4924-a3be-119fd17305b1 None None] MySQL server mode set to STRICT_TRANS_TABLES,STRICT_ALL_TABLES,NO_ZERO_IN_DATE,NO_ZERO_DATE,ERROR_FOR_DIVISION_BY_ZERO,TRADITIONAL,NO_ENGINE_SUBSTITUTION {{(pid=109572) _check_effective_sql_mode /usr/local/lib/python3.8/dist-packages/oslo_db/sqlalchemy/engines.py:314}}
Dec 22 03:35:24.148557 dv-neutron-822573-1-hyperv devstack@n-api.service[109571]: DEBUG oslo_db.sqlalchemy.engines [None req-149ef2c0-b46e-4eb7-93d3-a08e557d1b33 None None] MySQL server mode set to STRICT_TRANS_TABLES,STRICT_ALL_TABLES,NO_ZERO_IN_DATE,NO_ZERO_DATE,ERROR_FOR_DIVISION_BY_ZERO,TRADITIONAL,NO_ENGINE_SUBSTITUTION {{(pid=109571) _check_effective_sql_mode /usr/local/lib/python3.8/dist-packages/oslo_db/sqlalchemy/engines.py:314}}
Dec 22 03:35:24.151056 dv-neutron-822573-1-hyperv devstack@n-api.service[109571]: DEBUG oslo_db.sqlalchemy.engines [None req-149ef2c0-b46e-4eb7-93d3-a08e557d1b33 None None] MySQL server mode set to STRICT_TRANS_TABLES,STRICT_ALL_TABLES,NO_ZERO_IN_DATE,NO_ZERO_DATE,ERROR_FOR_DIVISION_BY_ZERO,TRADITIONAL,NO_ENGINE_SUBSTITUTION {{(pid=109571) _check_effective_sql_mode /usr/local/lib/python3.8/dist-packages/oslo_db/sqlalchemy/engines.py:314}}
Dec 22 03:35:24.297028 dv-neutron-822573-1-hyperv devstack@n-api.service[109572]: DEBUG oslo_db.sqlalchemy.engines [None req-5d1741f5-85fd-4924-a3be-119fd17305b1 None None] MySQL server mode set to STRICT_TRANS_TABLES,STRICT_ALL_TABLES,NO_ZERO_IN_DATE,NO_ZERO_DATE,ERROR_FOR_DIVISION_BY_ZERO,TRADITIONAL,NO_ENGINE_SUBSTITUTION {{(pid=109572) _check_effective_sql_mode /usr/local/lib/python3.8/dist-packages/oslo_db/sqlalchemy/engines.py:314}}
Dec 22 03:35:24.316628 dv-neutron-822573-1-hyperv devstack@n-api.service[109571]: DEBUG oslo_db.sqlalchemy.engines [None req-149ef2c0-b46e-4eb7-93d3-a08e557d1b33 None None] MySQL server mode set to STRICT_TRANS_TABLES,STRICT_ALL_TABLES,NO_ZERO_IN_DATE,NO_ZERO_DATE,ERROR_FOR_DIVISION_BY_ZERO,TRADITIONAL,NO_ENGINE_SUBSTITUTION {{(pid=109571) _check_effective_sql_mode /usr/local/lib/python3.8/dist-packages/oslo_db/sqlalchemy/engines.py:314}}
Dec 22 03:35:24.738439 dv-neutron-822573-1-hyperv devstack@n-api.service[109572]: WARNING keystonemiddleware.auth_token [None req-5d1741f5-85fd-4924-a3be-119fd17305b1 None None] AuthToken middleware is set with keystone_authtoken.service_token_roles_required set to False. This is backwards compatible but deprecated behaviour. Please set this to True.
Dec 22 03:35:24.745061 dv-neutron-822573-1-hyperv devstack@n-api.service[109572]: WARNING keystonemiddleware.auth_token [None req-5d1741f5-85fd-4924-a3be-119fd17305b1 None None] Configuring www_authenticate_uri to point to the public identity endpoint is required; clients may not be able to authenticate against an admin endpoint
Dec 22 03:35:24.758317 dv-neutron-822573-1-hyperv devstack@n-api.service[109571]: WARNING keystonemiddleware.auth_token [None req-149ef2c0-b46e-4eb7-93d3-a08e557d1b33 None None] AuthToken middleware is set with keystone_authtoken.service_token_roles_required set to False. This is backwards compatible but deprecated behaviour. Please set this to True.
Dec 22 03:35:24.764875 dv-neutron-822573-1-hyperv devstack@n-api.service[109571]: WARNING keystonemiddleware.auth_token [None req-149ef2c0-b46e-4eb7-93d3-a08e557d1b33 None None] Configuring www_authenticate_uri to point to the public identity endpoint is required; clients may not be able to authenticate against an admin endpoint
Dec 22 03:35:25.087163 dv-neutron-822573-1-hyperv devstack@n-api.service[109572]: WARNING keystonemiddleware.auth_token [None req-5d1741f5-85fd-4924-a3be-119fd17305b1 None None] AuthToken middleware is set with keystone_authtoken.service_token_roles_required set to False. This is backwards compatible but deprecated behaviour. Please set this to True.
Dec 22 03:35:25.092466 dv-neutron-822573-1-hyperv devstack@n-api.service[109572]: WARNING keystonemiddleware.auth_token [None req-5d1741f5-85fd-4924-a3be-119fd17305b1 None None] Configuring www_authenticate_uri to point to the public identity endpoint is required; clients may not be able to authenticate against an admin endpoint
Dec 22 03:35:25.097717 dv-neutron-822573-1-hyperv devstack@n-api.service[109572]: WSGI app 0 (mountpoint='') ready in 6 seconds on interpreter 0x562266a189c0 pid: 109572 (default app)
Dec 22 03:35:25.099799 dv-neutron-822573-1-hyperv devstack@n-api.service[109572]: DEBUG nova.api.openstack.wsgi [None req-5d1741f5-85fd-4924-a3be-119fd17305b1 None None] Calling method '>' {{(pid=109572) _process_stack /opt/stack/nova/nova/api/openstack/wsgi.py:513}}
Dec 22 03:35:25.100966 dv-neutron-822573-1-hyperv devstack@n-api.service[109572]: INFO nova.api.openstack.requestlog [None req-5d1741f5-85fd-4924-a3be-119fd17305b1 None None] 10.222.0.46 "GET /compute/v2.1/" status: 200 len: 388 microversion: 2.1 time: 0.001711
Dec 22 03:35:25.101411 dv-neutron-822573-1-hyperv devstack@n-api.service[109572]: [pid: 109572|app: 0|req: 1/1] 10.222.0.46 () {50 vars in 788 bytes} [Wed Dec 22 03:35:25 2021] GET /compute/v2.1/ => generated 388 bytes in 3 msecs (HTTP/1.1 200) 9 headers in 357 bytes (1 switches on core 0)
Dec 22 03:35:25.109840 dv-neutron-822573-1-hyperv devstack@n-api.service[109571]: WARNING keystonemiddleware.auth_token [None req-149ef2c0-b46e-4eb7-93d3-a08e557d1b33 None None] AuthToken middleware is set with keystone_authtoken.service_token_roles_required set to False. This is backwards compatible but deprecated behaviour. Please set this to True.
Dec 22 03:35:25.115977 dv-neutron-822573-1-hyperv devstack@n-api.service[109571]: WARNING keystonemiddleware.auth_token [None req-149ef2c0-b46e-4eb7-93d3-a08e557d1b33 None None] Configuring www_authenticate_uri to point to the public identity endpoint is required; clients may not be able to authenticate against an admin endpoint
Dec 22 03:35:25.121284 dv-neutron-822573-1-hyperv devstack@n-api.service[109571]: WSGI app 0 (mountpoint='') ready in 6 seconds on interpreter 0x562266a189c0 pid: 109571 (default app)
Dec 22 03:36:49.306377 dv-neutron-822573-1-hyperv devstack@n-api.service[109572]: DEBUG nova.api.openstack.wsgi [None req-5d1741f5-85fd-4924-a3be-119fd17305b1 None None] Calling method '>' {{(pid=109572) _process_stack /opt/stack/nova/nova/api/openstack/wsgi.py:513}}
Dec 22 03:36:49.307380 dv-neutron-822573-1-hyperv devstack@n-api.service[109572]: INFO nova.api.openstack.requestlog [None req-5d1741f5-85fd-4924-a3be-119fd17305b1 None None] 10.222.0.46 "GET /compute/v2.1" status: 200 len: 388 microversion: 2.1 time: 0.001450
Dec 22 03:36:49.307789 dv-neutron-822573-1-hyperv devstack@n-api.service[109572]: [pid: 109572|app: 0|req: 2/2] 10.222.0.46 () {54 vars in 930 bytes} [Wed Dec 22 03:36:49 2021] GET /compute/v2.1 => generated 388 bytes in 2 msecs (HTTP/1.1 200) 9 headers in 357 bytes (1 switches on core 0)
Dec 22 03:36:49.739858 dv-neutron-822573-1-hyperv devstack@n-api.service[109571]: DEBUG nova.api.openstack.wsgi [None req-4c06491b-72f1-4a6b-b52f-e206f36076f5 admin admin] Calling method '>' {{(pid=109571) _process_stack /opt/stack/nova/nova/api/openstack/wsgi.py:513}}
Dec 22 03:36:49.769456 dv-neutron-822573-1-hyperv devstack@n-api.service[109571]: INFO nova.api.openstack.requestlog [None req-4c06491b-72f1-4a6b-b52f-e206f36076f5 admin admin] 10.222.0.46 "GET /compute/v2.1/flavors/detail?is_public=True" status: 200 len: 15 microversion: 2.61 time: 0.453783
Dec 22 03:36:49.770271 dv-neutron-822573-1-hyperv devstack@n-api.service[109571]: [pid: 109571|app: 0|req: 1/3] 10.222.0.46 () {60 vars in 1291 bytes} [Wed Dec 22 03:36:49 2021] GET /compute/v2.1/flavors/detail?is_public=True => generated 15 bytes in 456 msecs (HTTP/1.1 200) 9 headers in 358 bytes (1 switches on core 0)
Dec 22 03:36:52.212316 dv-neutron-822573-1-hyperv devstack@n-api.service[109572]: DEBUG nova.api.openstack.wsgi [None req-5d1741f5-85fd-4924-a3be-119fd17305b1 None None] Calling method '>' {{(pid=109572) _process_stack /opt/stack/nova/nova/api/openstack/wsgi.py:513}}
Dec 22 03:36:52.213385 dv-neutron-822573-1-hyperv devstack@n-api.service[109572]: INFO nova.api.openstack.requestlog [None req-5d1741f5-85fd-4924-a3be-119fd17305b1 None None] 10.222.0.46 "GET /compute/v2.1" status: 200 len: 388 microversion: 2.1 time: 0.001429
Dec 22 03:36:52.213795 dv-neutron-822573-1-hyperv devstack@n-api.service[109572]: [pid: 109572|app: 0|req: 3/4] 10.222.0.46 () {54 vars in 930 bytes} [Wed Dec 22 03:36:52 2021] GET /compute/v2.1 => generated 388 bytes in 2 msecs (HTTP/1.1 200) 9 headers in 357 bytes (1 switches on core 0)
Dec 22 03:36:52.278193 dv-neutron-822573-1-hyperv devstack@n-api.service[109571]: DEBUG nova.api.openstack.wsgi [None req-6aae8d84-5db3-4dc6-b2d0-be63fe9527b4 admin admin] Action: 'create', calling method: >, body: {"flavor": {"id": "c1", "disk": 1, "os-flavor-access:is_public": true, "OS-FLV-EXT-DATA:ephemeral": 0, "swap": 0, "vcpus": 1, "ram": 256, "name": "cirros256", "rxtx_factor": 1.0}} {{(pid=109571) _process_stack /opt/stack/nova/nova/api/openstack/wsgi.py:511}}
Dec 22 03:36:52.297574 dv-neutron-822573-1-hyperv devstack@n-api.service[109571]: /usr/local/lib/python3.8/dist-packages/oslo_policy/policy.py:1119: UserWarning: Policy "os_compute_api:os-flavor-manage:create": "rule:system_admin_api" failed scope check. The token used to make the request was project scoped but the policy requires ['system'] scope. This behavior may change in the future where using the intended scope is required
Dec 22 03:36:52.297574 dv-neutron-822573-1-hyperv devstack@n-api.service[109571]: warnings.warn(msg)
Dec 22 03:36:52.392773 dv-neutron-822573-1-hyperv devstack@n-api.service[109571]: INFO nova.api.openstack.requestlog [None req-6aae8d84-5db3-4dc6-b2d0-be63fe9527b4 admin admin] 10.222.0.46 "POST /compute/v2.1/flavors" status: 200 len: 407 microversion: 2.61 time: 0.171111
Dec 22 03:36:52.393359 dv-neutron-822573-1-hyperv devstack@n-api.service[109571]: [pid: 109571|app: 0|req: 2/5] 10.222.0.46 () {64 vars in 1282 bytes} [Wed Dec 22 03:36:52 2021] POST /compute/v2.1/flavors => generated 407 bytes in 172 msecs (HTTP/1.1 200) 9 headers in 359 bytes (1 switches on core 0)
Dec 22 03:36:52.644477 dv-neutron-822573-1-hyperv devstack@n-api.service[109572]: DEBUG nova.api.openstack.wsgi [None req-e233901b-9df9-41af-ad5a-13b60917c5b8 admin admin] Action: 'create', calling method: >, body: {"extra_specs": {"hw_rng:allowed": "True"}} {{(pid=109572) _process_stack /opt/stack/nova/nova/api/openstack/wsgi.py:511}}
Dec 22 03:36:52.647075 dv-neutron-822573-1-hyperv devstack@n-api.service[109572]: /usr/local/lib/python3.8/dist-packages/oslo_policy/policy.py:1119: UserWarning: Policy "os_compute_api:os-flavor-extra-specs:create": "rule:system_admin_api" failed scope check. The token used to make the request was project scoped but the policy requires ['system'] scope. This behavior may change in the future where using the intended scope is required
Dec 22 03:36:52.647075 dv-neutron-822573-1-hyperv devstack@n-api.service[109572]: warnings.warn(msg)
Dec 22 03:36:52.768490 dv-neutron-822573-1-hyperv devstack@n-api.service[109572]: INFO nova.api.openstack.requestlog [None req-e233901b-9df9-41af-ad5a-13b60917c5b8 admin admin] 10.222.0.46 "POST /compute/v2.1/flavors/c1/os-extra_specs" status: 200 len: 43 microversion: 2.61 time: 0.366459
Dec 22 03:36:52.769291 dv-neutron-822573-1-hyperv devstack@n-api.service[109572]: [pid: 109572|app: 0|req: 4/6] 10.222.0.46 () {64 vars in 1335 bytes} [Wed Dec 22 03:36:52 2021] POST /compute/v2.1/flavors/c1/os-extra_specs => generated 43 bytes in 368 msecs (HTTP/1.1 200) 9 headers in 358 bytes (2 switches on core 0)
Dec 22 03:36:55.210030 dv-neutron-822573-1-hyperv devstack@n-api.service[109571]: DEBUG nova.api.openstack.wsgi [None req-6aae8d84-5db3-4dc6-b2d0-be63fe9527b4 admin admin] Calling method '>' {{(pid=109571) _process_stack /opt/stack/nova/nova/api/openstack/wsgi.py:513}}
Dec 22 03:36:55.211054 dv-neutron-822573-1-hyperv devstack@n-api.service[109571]: INFO nova.api.openstack.requestlog [None req-6aae8d84-5db3-4dc6-b2d0-be63fe9527b4 admin admin] 10.222.0.46 "GET /compute/v2.1" status: 200 len: 388 microversion: 2.1 time: 0.001518
Dec 22 03:36:55.211468 dv-neutron-822573-1-hyperv devstack@n-api.service[109571]: [pid: 109571|app: 0|req: 3/7] 10.222.0.46 () {54 vars in 930 bytes} [Wed Dec 22 03:36:55 2021] GET /compute/v2.1 => generated 388 bytes in 2 msecs (HTTP/1.1 200) 9 headers in 357 bytes (2 switches on core 0)
Dec 22 03:36:55.358711 dv-neutron-822573-1-hyperv devstack@n-api.service[109572]: DEBUG nova.api.openstack.wsgi [None req-eb43e54a-7a50-42b4-82fc-728be85cf98c admin admin] Action: 'create', calling method: >, body: {"flavor": {"vcpus": 1, "rxtx_factor": 1.0, "ram": 512, "swap": 0, "disk": 5, "os-flavor-access:is_public": true, "id": "d1", "OS-FLV-EXT-DATA:ephemeral": 0, "name": "ds512M"}} {{(pid=109572) _process_stack /opt/stack/nova/nova/api/openstack/wsgi.py:511}}
Dec 22 03:36:55.381456 dv-neutron-822573-1-hyperv devstack@n-api.service[109572]: /usr/local/lib/python3.8/dist-packages/oslo_policy/policy.py:1119: UserWarning: Policy "os_compute_api:os-flavor-manage:create": "rule:system_admin_api" failed scope check. The token used to make the request was project scoped but the policy requires ['system'] scope. This behavior may change in the future where using the intended scope is required
Dec 22 03:36:55.381456 dv-neutron-822573-1-hyperv devstack@n-api.service[109572]: warnings.warn(msg)
Dec 22 03:36:55.521513 dv-neutron-822573-1-hyperv devstack@n-api.service[109572]: INFO nova.api.openstack.requestlog [None req-eb43e54a-7a50-42b4-82fc-728be85cf98c admin admin] 10.222.0.46 "POST /compute/v2.1/flavors" status: 200 len: 404 microversion: 2.61 time: 0.302047
Dec 22 03:36:55.529854 dv-neutron-822573-1-hyperv devstack@n-api.service[109572]: [pid: 109572|app: 0|req: 5/8] 10.222.0.46 () {64 vars in 1282 bytes} [Wed Dec 22 03:36:55 2021] POST /compute/v2.1/flavors => generated 404 bytes in 310 msecs (HTTP/1.1 200) 9 headers in 359 bytes (1 switches on core 0)
Dec 22 03:36:55.541688 dv-neutron-822573-1-hyperv devstack@n-api.service[109571]: DEBUG nova.api.openstack.wsgi [None req-5e3485fb-8f2a-41d1-91fb-c48476571a84 admin admin] Action: 'create', calling method: >, body: {"extra_specs": {"hw_rng:allowed": "True"}} {{(pid=109571) _process_stack /opt/stack/nova/nova/api/openstack/wsgi.py:511}}
Dec 22 03:36:55.543172 dv-neutron-822573-1-hyperv devstack@n-api.service[109571]: /usr/local/lib/python3.8/dist-packages/oslo_policy/policy.py:1119: UserWarning: Policy "os_compute_api:os-flavor-extra-specs:create": "rule:system_admin_api" failed scope check. The token used to make the request was project scoped but the policy requires ['system'] scope. This behavior may change in the future where using the intended scope is required
Dec 22 03:36:55.543172 dv-neutron-822573-1-hyperv devstack@n-api.service[109571]: warnings.warn(msg)
Dec 22 03:36:55.660806 dv-neutron-822573-1-hyperv devstack@n-api.service[109571]: INFO nova.api.openstack.requestlog [None req-5e3485fb-8f2a-41d1-91fb-c48476571a84 admin admin] 10.222.0.46 "POST /compute/v2.1/flavors/d1/os-extra_specs" status: 200 len: 43 microversion: 2.61 time: 0.122565
Dec 22 03:36:55.661561 dv-neutron-822573-1-hyperv devstack@n-api.service[109571]: [pid: 109571|app: 0|req: 4/9] 10.222.0.46 () {64 vars in 1335 bytes} [Wed Dec 22 03:36:55 2021] POST /compute/v2.1/flavors/d1/os-extra_specs => generated 43 bytes in 124 msecs (HTTP/1.1 200) 9 headers in 358 bytes (1 switches on core 0)
Dec 22 03:36:58.174598 dv-neutron-822573-1-hyperv devstack@n-api.service[109572]: DEBUG nova.api.openstack.wsgi [None req-eb43e54a-7a50-42b4-82fc-728be85cf98c admin admin] Calling method '>' {{(pid=109572) _process_stack /opt/stack/nova/nova/api/openstack/wsgi.py:513}}
Dec 22 03:36:58.175456 dv-neutron-822573-1-hyperv devstack@n-api.service[109572]: INFO nova.api.openstack.requestlog [None req-eb43e54a-7a50-42b4-82fc-728be85cf98c admin admin] 10.222.0.46 "GET /compute/v2.1" status: 200 len: 388 microversion: 2.1 time: 0.001440
Dec 22 03:36:58.176072 dv-neutron-822573-1-hyperv devstack@n-api.service[109572]: [pid: 109572|app: 0|req: 6/10] 10.222.0.46 () {54 vars in 930 bytes} [Wed Dec 22 03:36:58 2021] GET /compute/v2.1 => generated 388 bytes in 2 msecs (HTTP/1.1 200) 9 headers in 357 bytes (1 switches on core 0)
Dec 22 03:36:58.256594 dv-neutron-822573-1-hyperv devstack@n-api.service[109571]: DEBUG nova.api.openstack.wsgi [None req-a6abb184-333e-4907-9878-0eae2fa6a888 admin admin] Action: 'create', calling method: >, body: {"flavor": {"rxtx_factor": 1.0, "ram": 1024, "swap": 0, "OS-FLV-EXT-DATA:ephemeral": 0, "disk": 10, "name": "ds1G", "vcpus": 1, "id": "d2", "os-flavor-access:is_public": true}} {{(pid=109571) _process_stack /opt/stack/nova/nova/api/openstack/wsgi.py:511}}
Dec 22 03:36:58.439608 dv-neutron-822573-1-hyperv devstack@n-api.service[109571]: INFO nova.api.openstack.requestlog [None req-a6abb184-333e-4907-9878-0eae2fa6a888 admin admin] 10.222.0.46 "POST /compute/v2.1/flavors" status: 200 len: 404 microversion: 2.61 time: 0.251664
Dec 22 03:36:58.440232 dv-neutron-822573-1-hyperv devstack@n-api.service[109571]: [pid: 109571|app: 0|req: 5/11] 10.222.0.46 () {64 vars in 1282 bytes} [Wed Dec 22 03:36:58 2021] POST /compute/v2.1/flavors => generated 404 bytes in 257 msecs (HTTP/1.1 200) 9 headers in 359 bytes (1 switches on core 0)
Dec 22 03:36:58.453267 dv-neutron-822573-1-hyperv devstack@n-api.service[109572]: DEBUG nova.api.openstack.wsgi [None req-3217063a-14d8-45c0-907b-2d836dca3ca2 admin admin] Action: 'create', calling method: >, body: {"extra_specs": {"hw_rng:allowed": "True"}} {{(pid=109572) _process_stack /opt/stack/nova/nova/api/openstack/wsgi.py:511}}
Dec 22 03:36:58.565139 dv-neutron-822573-1-hyperv devstack@n-api.service[109572]: INFO nova.api.openstack.requestlog [None req-3217063a-14d8-45c0-907b-2d836dca3ca2 admin admin] 10.222.0.46 "POST /compute/v2.1/flavors/d2/os-extra_specs" status: 200 len: 43 microversion: 2.61 time: 0.115795
Dec 22 03:36:58.573666 dv-neutron-822573-1-hyperv devstack@n-api.service[109572]: [pid: 109572|app: 0|req: 7/12] 10.222.0.46 () {64 vars in 1335 bytes} [Wed Dec 22 03:36:58 2021] POST /compute/v2.1/flavors/d2/os-extra_specs => generated 43 bytes in 125 msecs (HTTP/1.1 200) 9 headers in 358 bytes (1 switches on core 0)
Dec 22 03:37:01.218427 dv-neutron-822573-1-hyperv devstack@n-api.service[109571]: DEBUG nova.api.openstack.wsgi [None req-a6abb184-333e-4907-9878-0eae2fa6a888 admin admin] Calling method '>' {{(pid=109571) _process_stack /opt/stack/nova/nova/api/openstack/wsgi.py:513}}
Dec 22 03:37:01.219436 dv-neutron-822573-1-hyperv devstack@n-api.service[109571]: INFO nova.api.openstack.requestlog [None req-a6abb184-333e-4907-9878-0eae2fa6a888 admin admin] 10.222.0.46 "GET /compute/v2.1" status: 200 len: 388 microversion: 2.1 time: 0.001444
Dec 22 03:37:01.219837 dv-neutron-822573-1-hyperv devstack@n-api.service[109571]: [pid: 109571|app: 0|req: 6/13] 10.222.0.46 () {54 vars in 930 bytes} [Wed Dec 22 03:37:01 2021] GET /compute/v2.1 => generated 388 bytes in 2 msecs (HTTP/1.1 200) 9 headers in 357 bytes (1 switches on core 0)
Dec 22 03:37:01.279923 dv-neutron-822573-1-hyperv devstack@n-api.service[109572]: DEBUG nova.api.openstack.wsgi [None req-c4940eff-39c1-4d2f-820d-9006b1fbe797 admin admin] Action: 'create', calling method: >, body: {"flavor": {"rxtx_factor": 1.0, "OS-FLV-EXT-DATA:ephemeral": 0, "name": "ds2G", "vcpus": 2, "swap": 0, "os-flavor-access:is_public": true, "ram": 2048, "id": "d3", "disk": 10}} {{(pid=109572) _process_stack /opt/stack/nova/nova/api/openstack/wsgi.py:511}}
Dec 22 03:37:01.360275 dv-neutron-822573-1-hyperv devstack@n-api.service[109572]: INFO nova.api.openstack.requestlog [None req-c4940eff-39c1-4d2f-820d-9006b1fbe797 admin admin] 10.222.0.46 "POST /compute/v2.1/flavors" status: 200 len: 404 microversion: 2.61 time: 0.133600
Dec 22 03:37:01.360835 dv-neutron-822573-1-hyperv devstack@n-api.service[109572]: [pid: 109572|app: 0|req: 8/14] 10.222.0.46 () {64 vars in 1282 bytes} [Wed Dec 22 03:37:01 2021] POST /compute/v2.1/flavors => generated 404 bytes in 135 msecs (HTTP/1.1 200) 9 headers in 359 bytes (2 switches on core 0)
Dec 22 03:37:01.374149 dv-neutron-822573-1-hyperv devstack@n-api.service[109571]: DEBUG nova.api.openstack.wsgi [None req-8e9eff56-4f0e-4eba-b459-74649231dcfc admin admin] Action: 'create', calling method: >, body: {"extra_specs": {"hw_rng:allowed": "True"}} {{(pid=109571) _process_stack /opt/stack/nova/nova/api/openstack/wsgi.py:511}}
Dec 22 03:37:01.494485 dv-neutron-822573-1-hyperv devstack@n-api.service[109571]: INFO nova.api.openstack.requestlog [None req-8e9eff56-4f0e-4eba-b459-74649231dcfc admin admin] 10.222.0.46 "POST /compute/v2.1/flavors/d3/os-extra_specs" status: 200 len: 43 microversion: 2.61 time: 0.123955
Dec 22 03:37:01.495552 dv-neutron-822573-1-hyperv devstack@n-api.service[109571]: [pid: 109571|app: 0|req: 7/15] 10.222.0.46 () {64 vars in 1335 bytes} [Wed Dec 22 03:37:01 2021] POST /compute/v2.1/flavors/d3/os-extra_specs => generated 43 bytes in 126 msecs (HTTP/1.1 200) 9 headers in 358 bytes (2 switches on core 0)
Dec 22 03:37:03.986797 dv-neutron-822573-1-hyperv devstack@n-api.service[109572]: DEBUG nova.api.openstack.wsgi [None req-c4940eff-39c1-4d2f-820d-9006b1fbe797 admin admin] Calling method '>' {{(pid=109572) _process_stack /opt/stack/nova/nova/api/openstack/wsgi.py:513}}
Dec 22 03:37:03.987801 dv-neutron-822573-1-hyperv devstack@n-api.service[109572]: INFO nova.api.openstack.requestlog [None req-c4940eff-39c1-4d2f-820d-9006b1fbe797 admin admin] 10.222.0.46 "GET /compute/v2.1" status: 200 len: 388 microversion: 2.1 time: 0.001437
Dec 22 03:37:03.988201 dv-neutron-822573-1-hyperv devstack@n-api.service[109572]: [pid: 109572|app: 0|req: 9/16] 10.222.0.46 () {54 vars in 930 bytes} [Wed Dec 22 03:37:03 2021] GET /compute/v2.1 => generated 388 bytes in 2 msecs (HTTP/1.1 200) 9 headers in 357 bytes (1 switches on core 0)
Dec 22 03:37:04.046531 dv-neutron-822573-1-hyperv devstack@n-api.service[109571]: DEBUG nova.api.openstack.wsgi [None req-f7712803-e9e4-415c-bf2b-7cba9bed25e1 admin admin] Action: 'create', calling method: >, body: {"flavor": {"OS-FLV-EXT-DATA:ephemeral": 0, "disk": 20, "ram": 4096, "swap": 0, "rxtx_factor": 1.0, "name": "ds4G", "os-flavor-access:is_public": true, "id": "d4", "vcpus": 4}} {{(pid=109571) _process_stack /opt/stack/nova/nova/api/openstack/wsgi.py:511}}
Dec 22 03:37:04.149581 dv-neutron-822573-1-hyperv devstack@n-api.service[109571]: INFO nova.api.openstack.requestlog [None req-f7712803-e9e4-415c-bf2b-7cba9bed25e1 admin admin] 10.222.0.46 "POST /compute/v2.1/flavors" status: 200 len: 404 microversion: 2.61 time: 0.155056
Dec 22 03:37:04.150542 dv-neutron-822573-1-hyperv devstack@n-api.service[109571]: [pid: 109571|app: 0|req: 8/17] 10.222.0.46 () {64 vars in 1282 bytes} [Wed Dec 22 03:37:03 2021] POST /compute/v2.1/flavors => generated 404 bytes in 157 msecs (HTTP/1.1 200) 9 headers in 359 bytes (1 switches on core 0)
Dec 22 03:37:04.170078 dv-neutron-822573-1-hyperv devstack@n-api.service[109572]: DEBUG nova.api.openstack.wsgi [None req-20fbf6e9-9c54-4272-8c0f-ecff2abd761d admin admin] Action: 'create', calling method: >, body: {"extra_specs": {"hw_rng:allowed": "True"}} {{(pid=109572) _process_stack /opt/stack/nova/nova/api/openstack/wsgi.py:511}}
Dec 22 03:37:04.243726 dv-neutron-822573-1-hyperv devstack@n-api.service[109572]: INFO nova.api.openstack.requestlog [None req-20fbf6e9-9c54-4272-8c0f-ecff2abd761d admin admin] 10.222.0.46 "POST /compute/v2.1/flavors/d4/os-extra_specs" status: 200 len: 43 microversion: 2.61 time: 0.084272
Dec 22 03:37:04.244312 dv-neutron-822573-1-hyperv devstack@n-api.service[109572]: [pid: 109572|app: 0|req: 10/18] 10.222.0.46 () {64 vars in 1335 bytes} [Wed Dec 22 03:37:04 2021] POST /compute/v2.1/flavors/d4/os-extra_specs => generated 43 bytes in 86 msecs (HTTP/1.1 200) 9 headers in 358 bytes (1 switches on core 0)
Dec 22 03:37:06.729578 dv-neutron-822573-1-hyperv devstack@n-api.service[109571]: DEBUG nova.api.openstack.wsgi [None req-f7712803-e9e4-415c-bf2b-7cba9bed25e1 admin admin] Calling method '>' {{(pid=109571) _process_stack /opt/stack/nova/nova/api/openstack/wsgi.py:513}}
Dec 22 03:37:06.731754 dv-neutron-822573-1-hyperv devstack@n-api.service[109571]: INFO nova.api.openstack.requestlog [None req-f7712803-e9e4-415c-bf2b-7cba9bed25e1 admin admin] 10.222.0.46 "GET /compute/v2.1" status: 200 len: 388 microversion: 2.1 time: 0.002534
Dec 22 03:37:06.733553 dv-neutron-822573-1-hyperv devstack@n-api.service[109571]: [pid: 109571|app: 0|req: 9/19] 10.222.0.46 () {54 vars in 930 bytes} [Wed Dec 22 03:37:06 2021] GET /compute/v2.1 => generated 388 bytes in 5 msecs (HTTP/1.1 200) 9 headers in 357 bytes (1 switches on core 0)
Dec 22 03:37:06.797090 dv-neutron-822573-1-hyperv devstack@n-api.service[109572]: DEBUG nova.api.openstack.wsgi [None req-f863901b-d011-43ab-a8e2-4aa98f33d2b2 admin admin] Calling method '>' {{(pid=109572) _process_stack /opt/stack/nova/nova/api/openstack/wsgi.py:513}}
Dec 22 03:37:06.822112 dv-neutron-822573-1-hyperv devstack@n-api.service[109572]: INFO nova.api.openstack.requestlog [None req-f863901b-d011-43ab-a8e2-4aa98f33d2b2 admin admin] 10.222.0.46 "GET /compute/v2.1/flavors/detail?is_public=True" status: 200 len: 2106 microversion: 2.61 time: 0.082654
Dec 22 03:37:06.838090 dv-neutron-822573-1-hyperv devstack@n-api.service[109572]: [pid: 109572|app: 0|req: 11/20] 10.222.0.46 () {60 vars in 1291 bytes} [Wed Dec 22 03:37:06 2021] GET /compute/v2.1/flavors/detail?is_public=True => generated 2106 bytes in 99 msecs (HTTP/1.1 200) 9 headers in 360 bytes (1 switches on core 0)
Dec 22 03:37:09.299740 dv-neutron-822573-1-hyperv devstack@n-api.service[109571]: DEBUG nova.api.openstack.wsgi [None req-f7712803-e9e4-415c-bf2b-7cba9bed25e1 admin admin] Calling method '>' {{(pid=109571) _process_stack /opt/stack/nova/nova/api/openstack/wsgi.py:513}}
Dec 22 03:37:09.300973 dv-neutron-822573-1-hyperv devstack@n-api.service[109571]: INFO nova.api.openstack.requestlog [None req-f7712803-e9e4-415c-bf2b-7cba9bed25e1 admin admin] 10.222.0.46 "GET /compute/v2.1" status: 200 len: 388 microversion: 2.1 time: 0.001871
Dec 22 03:37:09.301569 dv-neutron-822573-1-hyperv devstack@n-api.service[109571]: [pid: 109571|app: 0|req: 10/21] 10.222.0.46 () {54 vars in 930 bytes} [Wed Dec 22 03:37:09 2021] GET /compute/v2.1 => generated 388 bytes in 3 msecs (HTTP/1.1 200) 9 headers in 357 bytes (1 switches on core 0)
Dec 22 03:37:09.367185 dv-neutron-822573-1-hyperv devstack@n-api.service[109572]: DEBUG nova.api.openstack.wsgi [None req-349ea431-d6b2-4e5b-ae2a-b39ede8d8870 admin admin] Action: 'create', calling method: >, body: {"flavor": {"ram": 512, "id": "1", "OS-FLV-EXT-DATA:ephemeral": 0, "name": "m1.tiny", "os-flavor-access:is_public": true, "rxtx_factor": 1.0, "swap": 0, "vcpus": 1, "disk": 1}} {{(pid=109572) _process_stack /opt/stack/nova/nova/api/openstack/wsgi.py:511}}
Dec 22 03:37:09.463647 dv-neutron-822573-1-hyperv devstack@n-api.service[109572]: INFO nova.api.openstack.requestlog [None req-349ea431-d6b2-4e5b-ae2a-b39ede8d8870 admin admin] 10.222.0.46 "POST /compute/v2.1/flavors" status: 200 len: 402 microversion: 2.61 time: 0.154328
Dec 22 03:37:09.464785 dv-neutron-822573-1-hyperv devstack@n-api.service[109572]: [pid: 109572|app: 0|req: 12/22] 10.222.0.46 () {64 vars in 1282 bytes} [Wed Dec 22 03:37:09 2021] POST /compute/v2.1/flavors => generated 402 bytes in 156 msecs (HTTP/1.1 200) 9 headers in 359 bytes (1 switches on core 0)
Dec 22 03:37:09.479209 dv-neutron-822573-1-hyperv devstack@n-api.service[109571]: DEBUG nova.api.openstack.wsgi [None req-262d0c1b-893b-4966-8d96-0d1b51e01a76 admin admin] Action: 'create', calling method: >, body: {"extra_specs": {"hw_rng:allowed": "True"}} {{(pid=109571) _process_stack /opt/stack/nova/nova/api/openstack/wsgi.py:511}}
Dec 22 03:37:09.573981 dv-neutron-822573-1-hyperv devstack@n-api.service[109571]: INFO nova.api.openstack.requestlog [None req-262d0c1b-893b-4966-8d96-0d1b51e01a76 admin admin] 10.222.0.46 "POST /compute/v2.1/flavors/1/os-extra_specs" status: 200 len: 43 microversion: 2.61 time: 0.098484
Dec 22 03:37:09.574579 dv-neutron-822573-1-hyperv devstack@n-api.service[109571]: [pid: 109571|app: 0|req: 11/23] 10.222.0.46 () {64 vars in 1332 bytes} [Wed Dec 22 03:37:09 2021] POST /compute/v2.1/flavors/1/os-extra_specs => generated 43 bytes in 100 msecs (HTTP/1.1 200) 9 headers in 358 bytes (1 switches on core 0)
Dec 22 03:37:12.017726 dv-neutron-822573-1-hyperv devstack@n-api.service[109572]: DEBUG nova.api.openstack.wsgi [None req-349ea431-d6b2-4e5b-ae2a-b39ede8d8870 admin admin] Calling method '>' {{(pid=109572) _process_stack /opt/stack/nova/nova/api/openstack/wsgi.py:513}}
Dec 22 03:37:12.018724 dv-neutron-822573-1-hyperv devstack@n-api.service[109572]: INFO nova.api.openstack.requestlog [None req-349ea431-d6b2-4e5b-ae2a-b39ede8d8870 admin admin] 10.222.0.46 "GET /compute/v2.1" status: 200 len: 388 microversion: 2.1 time: 0.001578
Dec 22 03:37:12.019130 dv-neutron-822573-1-hyperv devstack@n-api.service[109572]: [pid: 109572|app: 0|req: 13/24] 10.222.0.46 () {54 vars in 930 bytes} [Wed Dec 22 03:37:12 2021] GET /compute/v2.1 => generated 388 bytes in 3 msecs (HTTP/1.1 200) 9 headers in 357 bytes (1 switches on core 0)
Dec 22 03:37:12.088756 dv-neutron-822573-1-hyperv devstack@n-api.service[109571]: DEBUG nova.api.openstack.wsgi [None req-a92e0b05-8adc-4f22-8fb4-63be1927b9a5 admin admin] Action: 'create', calling method: >, body: {"flavor": {"swap": 0, "vcpus": 1, "id": "2", "OS-FLV-EXT-DATA:ephemeral": 0, "name": "m1.small", "disk": 20, "ram": 2048, "rxtx_factor": 1.0, "os-flavor-access:is_public": true}} {{(pid=109571) _process_stack /opt/stack/nova/nova/api/openstack/wsgi.py:511}}
Dec 22 03:37:12.188576 dv-neutron-822573-1-hyperv devstack@n-api.service[109571]: INFO nova.api.openstack.requestlog [None req-a92e0b05-8adc-4f22-8fb4-63be1927b9a5 admin admin] 10.222.0.46 "POST /compute/v2.1/flavors" status: 200 len: 405 microversion: 2.61 time: 0.162662
Dec 22 03:37:12.189065 dv-neutron-822573-1-hyperv devstack@n-api.service[109571]: [pid: 109571|app: 0|req: 12/25] 10.222.0.46 () {64 vars in 1282 bytes} [Wed Dec 22 03:37:12 2021] POST /compute/v2.1/flavors => generated 405 bytes in 164 msecs (HTTP/1.1 200) 9 headers in 359 bytes (2 switches on core 0)
Dec 22 03:37:12.202694 dv-neutron-822573-1-hyperv devstack@n-api.service[109572]: DEBUG nova.api.openstack.wsgi [None req-5bb85388-628a-4cad-9dc3-b066c6bd1ddd admin admin] Action: 'create', calling method: >, body: {"extra_specs": {"hw_rng:allowed": "True"}} {{(pid=109572) _process_stack /opt/stack/nova/nova/api/openstack/wsgi.py:511}}
Dec 22 03:37:12.283407 dv-neutron-822573-1-hyperv devstack@n-api.service[109572]: INFO nova.api.openstack.requestlog [None req-5bb85388-628a-4cad-9dc3-b066c6bd1ddd admin admin] 10.222.0.46 "POST /compute/v2.1/flavors/2/os-extra_specs" status: 200 len: 43 microversion: 2.61 time: 0.085373
Dec 22 03:37:12.284154 dv-neutron-822573-1-hyperv devstack@n-api.service[109572]: [pid: 109572|app: 0|req: 14/26] 10.222.0.46 () {64 vars in 1332 bytes} [Wed Dec 22 03:37:12 2021] POST /compute/v2.1/flavors/2/os-extra_specs => generated 43 bytes in 87 msecs (HTTP/1.1 200) 9 headers in 358 bytes (1 switches on core 0)
Dec 22 03:37:14.940914 dv-neutron-822573-1-hyperv devstack@n-api.service[109571]: DEBUG nova.api.openstack.wsgi [None req-a92e0b05-8adc-4f22-8fb4-63be1927b9a5 admin admin] Calling method '>' {{(pid=109571) _process_stack /opt/stack/nova/nova/api/openstack/wsgi.py:513}}
Dec 22 03:37:14.941985 dv-neutron-822573-1-hyperv devstack@n-api.service[109571]: INFO nova.api.openstack.requestlog [None req-a92e0b05-8adc-4f22-8fb4-63be1927b9a5 admin admin] 10.222.0.46 "GET /compute/v2.1" status: 200 len: 388 microversion: 2.1 time: 0.001558
Dec 22 03:37:14.942405 dv-neutron-822573-1-hyperv devstack@n-api.service[109571]: [pid: 109571|app: 0|req: 13/27] 10.222.0.46 () {54 vars in 930 bytes} [Wed Dec 22 03:37:14 2021] GET /compute/v2.1 => generated 388 bytes in 3 msecs (HTTP/1.1 200) 9 headers in 357 bytes (1 switches on core 0)
Dec 22 03:37:15.010112 dv-neutron-822573-1-hyperv devstack@n-api.service[109572]: DEBUG nova.api.openstack.wsgi [None req-4cdd8646-4174-4e0f-8dfd-ab5f2e8d3d43 admin admin] Action: 'create', calling method: >, body: {"flavor": {"id": "3", "os-flavor-access:is_public": true, "swap": 0, "vcpus": 2, "OS-FLV-EXT-DATA:ephemeral": 0, "name": "m1.medium", "ram": 4096, "disk": 40, "rxtx_factor": 1.0}} {{(pid=109572) _process_stack /opt/stack/nova/nova/api/openstack/wsgi.py:511}}
Dec 22 03:37:15.227364 dv-neutron-822573-1-hyperv devstack@n-api.service[109572]: INFO nova.api.openstack.requestlog [None req-4cdd8646-4174-4e0f-8dfd-ab5f2e8d3d43 admin admin] 10.222.0.46 "POST /compute/v2.1/flavors" status: 200 len: 406 microversion: 2.61 time: 0.278171
Dec 22 03:37:15.227859 dv-neutron-822573-1-hyperv devstack@n-api.service[109572]: [pid: 109572|app: 0|req: 15/28] 10.222.0.46 () {64 vars in 1282 bytes} [Wed Dec 22 03:37:14 2021] POST /compute/v2.1/flavors => generated 406 bytes in 279 msecs (HTTP/1.1 200) 9 headers in 359 bytes (1 switches on core 0)
Dec 22 03:37:15.241264 dv-neutron-822573-1-hyperv devstack@n-api.service[109571]: DEBUG nova.api.openstack.wsgi [None req-199db92f-e22f-498d-8966-927f2dcd72cf admin admin] Action: 'create', calling method: >, body: {"extra_specs": {"hw_rng:allowed": "True"}} {{(pid=109571) _process_stack /opt/stack/nova/nova/api/openstack/wsgi.py:511}}
Dec 22 03:37:15.327798 dv-neutron-822573-1-hyperv devstack@n-api.service[109571]: INFO nova.api.openstack.requestlog [None req-199db92f-e22f-498d-8966-927f2dcd72cf admin admin] 10.222.0.46 "POST /compute/v2.1/flavors/3/os-extra_specs" status: 200 len: 43 microversion: 2.61 time: 0.090269
Dec 22 03:37:15.328408 dv-neutron-822573-1-hyperv devstack@n-api.service[109571]: [pid: 109571|app: 0|req: 14/29] 10.222.0.46 () {64 vars in 1332 bytes} [Wed Dec 22 03:37:15 2021] POST /compute/v2.1/flavors/3/os-extra_specs => generated 43 bytes in 92 msecs (HTTP/1.1 200) 9 headers in 358 bytes (2 switches on core 0)
Dec 22 03:37:17.748439 dv-neutron-822573-1-hyperv devstack@n-api.service[109572]: DEBUG nova.api.openstack.wsgi [None req-4cdd8646-4174-4e0f-8dfd-ab5f2e8d3d43 admin admin] Calling method '>' {{(pid=109572) _process_stack /opt/stack/nova/nova/api/openstack/wsgi.py:513}}
Dec 22 03:37:17.749585 dv-neutron-822573-1-hyperv devstack@n-api.service[109572]: INFO nova.api.openstack.requestlog [None req-4cdd8646-4174-4e0f-8dfd-ab5f2e8d3d43 admin admin] 10.222.0.46 "GET /compute/v2.1" status: 200 len: 388 microversion: 2.1 time: 0.001558
Dec 22 03:37:17.750069 dv-neutron-822573-1-hyperv devstack@n-api.service[109572]: [pid: 109572|app: 0|req: 16/30] 10.222.0.46 () {54 vars in 930 bytes} [Wed Dec 22 03:37:17 2021] GET /compute/v2.1 => generated 388 bytes in 3 msecs (HTTP/1.1 200) 9 headers in 357 bytes (1 switches on core 0)
Dec 22 03:37:17.810099 dv-neutron-822573-1-hyperv devstack@n-api.service[109571]: DEBUG nova.api.openstack.wsgi [None req-cdd7faf6-2057-4754-a2bf-32c242566904 admin admin] Action: 'create', calling method: >, body: {"flavor": {"swap": 0, "vcpus": 4, "os-flavor-access:is_public": true, "ram": 8192, "rxtx_factor": 1.0, "disk": 80, "OS-FLV-EXT-DATA:ephemeral": 0, "id": "4", "name": "m1.large"}} {{(pid=109571) _process_stack /opt/stack/nova/nova/api/openstack/wsgi.py:511}}
Dec 22 03:37:17.873597 dv-neutron-822573-1-hyperv devstack@n-api.service[109571]: INFO nova.api.openstack.requestlog [None req-cdd7faf6-2057-4754-a2bf-32c242566904 admin admin] 10.222.0.46 "POST /compute/v2.1/flavors" status: 200 len: 405 microversion: 2.61 time: 0.116752
Dec 22 03:37:17.874155 dv-neutron-822573-1-hyperv devstack@n-api.service[109571]: [pid: 109571|app: 0|req: 15/31] 10.222.0.46 () {64 vars in 1282 bytes} [Wed Dec 22 03:37:17 2021] POST /compute/v2.1/flavors => generated 405 bytes in 118 msecs (HTTP/1.1 200) 9 headers in 359 bytes (1 switches on core 0)
Dec 22 03:37:17.886315 dv-neutron-822573-1-hyperv devstack@n-api.service[109572]: DEBUG nova.api.openstack.wsgi [None req-96326900-0963-40ba-9bcc-88080cf8d7d4 admin admin] Action: 'create', calling method: >, body: {"extra_specs": {"hw_rng:allowed": "True"}} {{(pid=109572) _process_stack /opt/stack/nova/nova/api/openstack/wsgi.py:511}}
Dec 22 03:37:17.950455 dv-neutron-822573-1-hyperv devstack@n-api.service[109572]: INFO nova.api.openstack.requestlog [None req-96326900-0963-40ba-9bcc-88080cf8d7d4 admin admin] 10.222.0.46 "POST /compute/v2.1/flavors/4/os-extra_specs" status: 200 len: 43 microversion: 2.61 time: 0.067775
Dec 22 03:37:17.951043 dv-neutron-822573-1-hyperv devstack@n-api.service[109572]: [pid: 109572|app: 0|req: 17/32] 10.222.0.46 () {64 vars in 1332 bytes} [Wed Dec 22 03:37:17 2021] POST /compute/v2.1/flavors/4/os-extra_specs => generated 43 bytes in 69 msecs (HTTP/1.1 200) 9 headers in 358 bytes (1 switches on core 0)
Dec 22 03:37:20.469223 dv-neutron-822573-1-hyperv devstack@n-api.service[109571]: DEBUG nova.api.openstack.wsgi [None req-cdd7faf6-2057-4754-a2bf-32c242566904 admin admin] Calling method '>' {{(pid=109571) _process_stack /opt/stack/nova/nova/api/openstack/wsgi.py:513}}
Dec 22 03:37:20.469223 dv-neutron-822573-1-hyperv devstack@n-api.service[109571]: INFO nova.api.openstack.requestlog [None req-cdd7faf6-2057-4754-a2bf-32c242566904 admin admin] 10.222.0.46 "GET /compute/v2.1" status: 200 len: 388 microversion: 2.1 time: 0.001428
Dec 22 03:37:20.469223 dv-neutron-822573-1-hyperv devstack@n-api.service[109571]: [pid: 109571|app: 0|req: 16/33] 10.222.0.46 () {54 vars in 930 bytes} [Wed Dec 22 03:37:20 2021] GET /compute/v2.1 => generated 388 bytes in 3 msecs (HTTP/1.1 200) 9 headers in 357 bytes (1 switches on core 0)
Dec 22 03:37:20.497544 dv-neutron-822573-1-hyperv devstack@n-api.service[109572]: DEBUG nova.api.openstack.wsgi [None req-23677ce5-b4b2-4799-ae66-4d56f0474f4b admin admin] Action: 'create', calling method: >, body: {"flavor": {"os-flavor-access:is_public": true, "disk": 160, "swap": 0, "vcpus": 8, "id": "5", "name": "m1.xlarge", "rxtx_factor": 1.0, "ram": 16384, "OS-FLV-EXT-DATA:ephemeral": 0}} {{(pid=109572) _process_stack /opt/stack/nova/nova/api/openstack/wsgi.py:511}}
Dec 22 03:37:21.222574 dv-neutron-822573-1-hyperv devstack@n-api.service[109572]: INFO nova.api.openstack.requestlog [None req-23677ce5-b4b2-4799-ae66-4d56f0474f4b admin admin] 10.222.0.46 "POST /compute/v2.1/flavors" status: 200 len: 408 microversion: 2.61 time: 0.800936
Dec 22 03:37:21.223140 dv-neutron-822573-1-hyperv devstack@n-api.service[109572]: [pid: 109572|app: 0|req: 18/34] 10.222.0.46 () {64 vars in 1282 bytes} [Wed Dec 22 03:37:20 2021] POST /compute/v2.1/flavors => generated 408 bytes in 802 msecs (HTTP/1.1 200) 9 headers in 359 bytes (1 switches on core 0)
Dec 22 03:37:21.235870 dv-neutron-822573-1-hyperv devstack@n-api.service[109571]: DEBUG nova.api.openstack.wsgi [None req-2e1e90ca-5171-4cfa-a008-ce33368bd586 admin admin] Action: 'create', calling method: >, body: {"extra_specs": {"hw_rng:allowed": "True"}} {{(pid=109571) _process_stack /opt/stack/nova/nova/api/openstack/wsgi.py:511}}
Dec 22 03:37:21.351192 dv-neutron-822573-1-hyperv devstack@n-api.service[109571]: INFO nova.api.openstack.requestlog [None req-2e1e90ca-5171-4cfa-a008-ce33368bd586 admin admin] 10.222.0.46 "POST /compute/v2.1/flavors/5/os-extra_specs" status: 200 len: 43 microversion: 2.61 time: 0.119195
Dec 22 03:37:21.351894 dv-neutron-822573-1-hyperv devstack@n-api.service[109571]: [pid: 109571|app: 0|req: 17/35] 10.222.0.46 () {64 vars in 1332 bytes} [Wed Dec 22 03:37:21 2021] POST /compute/v2.1/flavors/5/os-extra_specs => generated 43 bytes in 121 msecs (HTTP/1.1 200) 9 headers in 358 bytes (1 switches on core 0)
Dec 22 03:37:45.498480 dv-neutron-822573-1-hyperv devstack@n-api.service[109572]: DEBUG nova.api.openstack.wsgi [None req-23677ce5-b4b2-4799-ae66-4d56f0474f4b admin admin] Calling method '>' {{(pid=109572) _process_stack /opt/stack/nova/nova/api/openstack/wsgi.py:513}}
Dec 22 03:37:45.499480 dv-neutron-822573-1-hyperv devstack@n-api.service[109572]: INFO nova.api.openstack.requestlog [None req-23677ce5-b4b2-4799-ae66-4d56f0474f4b admin admin] 10.222.0.46 "GET /compute/v2.1" status: 200 len: 388 microversion: 2.1 time: 0.001426
Dec 22 03:37:45.499910 dv-neutron-822573-1-hyperv devstack@n-api.service[109572]: [pid: 109572|app: 0|req: 19/36] 10.222.0.46 () {54 vars in 930 bytes} [Wed Dec 22 03:37:45 2021] GET /compute/v2.1 => generated 388 bytes in 2 msecs (HTTP/1.1 200) 9 headers in 357 bytes (1 switches on core 0)
Dec 22 03:37:45.559210 dv-neutron-822573-1-hyperv devstack@n-api.service[109571]: DEBUG nova.api.openstack.wsgi [None req-b48d5ef7-685c-4c22-a0a5-51aa3db84da6 admin admin] Calling method '>' {{(pid=109571) _process_stack /opt/stack/nova/nova/api/openstack/wsgi.py:513}}
Dec 22 03:37:45.580406 dv-neutron-822573-1-hyperv devstack@n-api.service[109571]: INFO nova.api.openstack.requestlog [None req-b48d5ef7-685c-4c22-a0a5-51aa3db84da6 admin admin] 10.222.0.46 "GET /compute/v2.1/flavors/detail?is_public=True" status: 200 len: 4202 microversion: 2.61 time: 0.073576
Dec 22 03:37:45.581169 dv-neutron-822573-1-hyperv devstack@n-api.service[109571]: [pid: 109571|app: 0|req: 18/37] 10.222.0.46 () {60 vars in 1291 bytes} [Wed Dec 22 03:37:45 2021] GET /compute/v2.1/flavors/detail?is_public=True => generated 4202 bytes in 75 msecs (HTTP/1.1 200) 9 headers in 360 bytes (1 switches on core 0)
Dec 22 03:37:47.187192 dv-neutron-822573-1-hyperv devstack@n-api.service[109572]: DEBUG nova.api.openstack.wsgi [None req-23677ce5-b4b2-4799-ae66-4d56f0474f4b admin admin] Calling method '>' {{(pid=109572) _process_stack /opt/stack/nova/nova/api/openstack/wsgi.py:513}}
Dec 22 03:37:47.188310 dv-neutron-822573-1-hyperv devstack@n-api.service[109572]: INFO nova.api.openstack.requestlog [None req-23677ce5-b4b2-4799-ae66-4d56f0474f4b admin admin] 10.222.0.46 "GET /compute/v2.1" status: 200 len: 388 microversion: 2.1 time: 0.001399
Dec 22 03:37:47.188720 dv-neutron-822573-1-hyperv devstack@n-api.service[109572]: [pid: 109572|app: 0|req: 20/38] 10.222.0.46 () {56 vars in 1074 bytes} [Wed Dec 22 03:37:47 2021] GET /compute/v2.1 => generated 388 bytes in 2 msecs (HTTP/1.1 200) 9 headers in 357 bytes (1 switches on core 0)
Dec 22 03:37:47.394602 dv-neutron-822573-1-hyperv devstack@n-api.service[109571]: DEBUG nova.api.openstack.wsgi [None req-526495c3-a9bf-476c-a008-e5d30defd299 admin admin] Calling method '>' {{(pid=109571) _process_stack /opt/stack/nova/nova/api/openstack/wsgi.py:513}}
Dec 22 03:37:47.399970 dv-neutron-822573-1-hyperv devstack@n-api.service[109571]: INFO nova.api.openstack.wsgi [None req-526495c3-a9bf-476c-a008-e5d30defd299 admin admin] HTTP exception thrown: Flavor 42 could not be found.
Dec 22 03:37:47.400540 dv-neutron-822573-1-hyperv devstack@n-api.service[109571]: DEBUG nova.api.openstack.wsgi [None req-526495c3-a9bf-476c-a008-e5d30defd299 admin admin] Returning 404 to user: Flavor 42 could not be found. {{(pid=109571) __call__ /opt/stack/nova/nova/api/openstack/wsgi.py:936}}
Dec 22 03:37:47.401355 dv-neutron-822573-1-hyperv devstack@n-api.service[109571]: INFO nova.api.openstack.requestlog [None req-526495c3-a9bf-476c-a008-e5d30defd299 admin admin] 10.222.0.46 "GET /compute/v2.1/flavors/42" status: 404 len: 75 microversion: 2.90 time: 0.058793
Dec 22 03:37:47.401853 dv-neutron-822573-1-hyperv devstack@n-api.service[109571]: [pid: 109571|app: 0|req: 19/39] 10.222.0.46 () {60 vars in 1190 bytes} [Wed Dec 22 03:37:47 2021] GET /compute/v2.1/flavors/42 => generated 75 bytes in 60 msecs (HTTP/1.1 404) 9 headers in 380 bytes (1 switches on core 0)
Dec 22 03:37:47.411533 dv-neutron-822573-1-hyperv devstack@n-api.service[109572]: DEBUG nova.api.openstack.wsgi [None req-56be1d04-0658-43ea-8865-776bd8de8139 admin admin] Calling method '>' {{(pid=109572) _process_stack /opt/stack/nova/nova/api/openstack/wsgi.py:513}}
Dec 22 03:37:47.432326 dv-neutron-822573-1-hyperv devstack@n-api.service[109572]: INFO nova.api.openstack.requestlog [None req-56be1d04-0658-43ea-8865-776bd8de8139 admin admin] 10.222.0.46 "GET /compute/v2.1/flavors?is_public=None" status: 200 len: 2056 microversion: 2.90 time: 0.024271
Dec 22 03:37:47.432838 dv-neutron-822573-1-hyperv devstack@n-api.service[109572]: [pid: 109572|app: 0|req: 21/40] 10.222.0.46 () {60 vars in 1210 bytes} [Wed Dec 22 03:37:47 2021] GET /compute/v2.1/flavors?is_public=None => generated 2056 bytes in 25 msecs (HTTP/1.1 200) 9 headers in 360 bytes (1 switches on core 0)
Dec 22 03:37:47.443419 dv-neutron-822573-1-hyperv devstack@n-api.service[109571]: DEBUG nova.api.openstack.wsgi [None req-02ac63db-e1be-4b1c-b144-17f33cd34019 admin admin] Calling method '>' {{(pid=109571) _process_stack /opt/stack/nova/nova/api/openstack/wsgi.py:513}}
Dec 22 03:37:47.464013 dv-neutron-822573-1-hyperv devstack@n-api.service[109571]: INFO nova.api.openstack.requestlog [None req-02ac63db-e1be-4b1c-b144-17f33cd34019 admin admin] 10.222.0.46 "GET /compute/v2.1/flavors?is_public=None" status: 200 len: 2056 microversion: 2.90 time: 0.024101
Dec 22 03:37:47.464545 dv-neutron-822573-1-hyperv devstack@n-api.service[109571]: [pid: 109571|app: 0|req: 20/41] 10.222.0.46 () {60 vars in 1210 bytes} [Wed Dec 22 03:37:47 2021] GET /compute/v2.1/flavors?is_public=None => generated 2056 bytes in 25 msecs (HTTP/1.1 200) 9 headers in 360 bytes (2 switches on core 0)
