Jan 11 19:10:50.018645 dv-neutron-822096-6-hyperv neutron-server[103912]: INFO neutron.wsgi [req-ff9f9ff7-4755-42c3-92a9-d20e52dc91a0 req-11f27583-62ce-4f4e-8d8f-8ce21f1320c9 tempest-ServersTestManualDisk-1040402668 tempest-ServersTestManualDisk-1040402668-project] 10.222.0.47 "GET /v2.0/ports?device_id=12588adb-8a34-4185-a1a3-bfb677c82495 HTTP/1.1" status: 200 len: 210 time: 0.0630498
Jan 11 19:10:50.073658 dv-neutron-822096-6-hyperv neutron-server[103913]: DEBUG neutron.pecan_wsgi.hooks.policy_enforcement [req-f8816ebe-64d7-4795-a36d-5a8293cd9a51 req-cf6ef89c-1a77-4f63-8bfd-da95f30e8f31 tempest-ServerActionsTestJSON-221780014 tempest-ServerActionsTestJSON-221780014-project] Attributes excluded by policy engine: ['standard_attr_id', 'vlan_transparent', 'provider:network_type', 'provider:physical_network', 'provider:segmentation_id'] {{(pid=103913) _exclude_attributes_by_policy /opt/stack/neutron/neutron/pecan_wsgi/hooks/policy_enforcement.py:255}}
Jan 11 19:10:50.075464 dv-neutron-822096-6-hyperv neutron-server[103913]: INFO neutron.wsgi [req-f8816ebe-64d7-4795-a36d-5a8293cd9a51 req-cf6ef89c-1a77-4f63-8bfd-da95f30e8f31 tempest-ServerActionsTestJSON-221780014 tempest-ServerActionsTestJSON-221780014-project] 10.222.0.47 "GET /v2.0/networks?id=95229c99-c6d1-448c-9857-fdd05064ebbd HTTP/1.1" status: 200 len: 811 time: 0.3561254
Jan 11 19:10:50.076053 dv-neutron-822096-6-hyperv neutron-server[103913]: DEBUG neutron.wsgi [-] (103913) accepted ('10.222.0.47', 44600) {{(pid=103913) server /usr/local/lib/python3.8/dist-packages/eventlet/wsgi.py:1004}}
Jan 11 19:10:50.130194 dv-neutron-822096-6-hyperv neutron-server[103912]: INFO neutron.wsgi [None req-6c52cb88-f601-4d49-8169-67ed39693a16 admin admin] 10.222.0.47 "GET /v2.0/security-groups?tenant_id=c6ba47a606aa4c638e3cc43b27ca4a86&name=default HTTP/1.1" status: 200 len: 2992 time: 0.4695923
Jan 11 19:10:50.134836 dv-neutron-822096-6-hyperv neutron-server[103912]: DEBUG neutron.wsgi [-] (103912) accepted ('10.222.0.47', 44604) {{(pid=103912) server /usr/local/lib/python3.8/dist-packages/eventlet/wsgi.py:1004}}
Jan 11 19:10:50.137642 dv-neutron-822096-6-hyperv neutron-server[103913]: INFO neutron.wsgi [req-f8816ebe-64d7-4795-a36d-5a8293cd9a51 req-2c4ec5ad-ed66-413e-b7e0-da12c28d8121 tempest-ServerActionsTestJSON-221780014 tempest-ServerActionsTestJSON-221780014-project] 10.222.0.47 "GET /v2.0/quotas/7df800b9d9b143ce80deef83dc759392 HTTP/1.1" status: 200 len: 375 time: 0.0477407
Jan 11 19:10:50.149958 dv-neutron-822096-6-hyperv neutron-server[103914]: DEBUG neutron.db.provisioning_blocks [None req-af91bf63-0cd8-4776-ae70-d83d4129376a None None] Provisioning complete for port 69de952e-c57f-4787-bca8-b19a3321990d triggered by entity DHCP. {{(pid=103914) provisioning_complete /opt/stack/neutron/neutron/db/provisioning_blocks.py:139}}
Jan 11 19:10:50.150497 dv-neutron-822096-6-hyperv neutron-server[103914]: DEBUG neutron_lib.callbacks.manager [None req-af91bf63-0cd8-4776-ae70-d83d4129376a None None] Publish callbacks ['neutron.plugins.ml2.plugin.Ml2Plugin._port_provisioned-921210'] for port (69de952e-c57f-4787-bca8-b19a3321990d), provisioning_complete {{(pid=103914) _notify_loop /usr/local/lib/python3.8/dist-packages/neutron_lib/callbacks/manager.py:176}}
Jan 11 19:10:50.208763 dv-neutron-822096-6-hyperv neutron-server[103913]: DEBUG neutron_lib.callbacks.manager [None req-d94873bd-6a2e-4b50-9542-03f003b3154e admin admin] Publish callbacks [] for security_group (None), before_create {{(pid=103913) _notify_loop /usr/local/lib/python3.8/dist-packages/neutron_lib/callbacks/manager.py:176}}
Jan 11 19:10:50.222101 dv-neutron-822096-6-hyperv neutron-server[103912]: DEBUG neutron_lib.callbacks.manager [None req-517d1e74-5466-42af-b1f1-6e09ed0ea5a7 tempest-FloatingIPAdminTestJSON-1101345017 tempest-FloatingIPAdminTestJSON-1101345017-project] Publish callbacks [] for port (e3a2f30e-bc1b-4127-9935-51995f712a26), precommit_create {{(pid=103912) _notify_loop /usr/local/lib/python3.8/dist-packages/neutron_lib/callbacks/manager.py:176}}
Jan 11 19:10:50.224993 dv-neutron-822096-6-hyperv neutron-server[103914]: DEBUG neutron.plugins.ml2.plugin [None req-af91bf63-0cd8-4776-ae70-d83d4129376a None None] Port 69de952e-c57f-4787-bca8-b19a3321990d cannot update to ACTIVE because it is not bound. {{(pid=103914) _port_provisioned /opt/stack/neutron/neutron/plugins/ml2/plugin.py:342}}
Jan 11 19:10:50.246076 dv-neutron-822096-6-hyperv neutron-server[103912]: DEBUG neutron_lib.callbacks.manager [None req-1c345c9d-d1eb-4032-b817-52a2ff580cd8 tempest-AllowedAddressPairIpV6TestJSON-1278556727 tempest-AllowedAddressPairIpV6TestJSON-1278556727-project] Publish callbacks ['neutron.plugins.ml2.plugin.SecurityGroupDbMixin._ensure_default_security_group_handler-972505'] for port (69de952e-c57f-4787-bca8-b19a3321990d), before_update {{(pid=103912) _notify_loop /usr/local/lib/python3.8/dist-packages/neutron_lib/callbacks/manager.py:176}}
Jan 11 19:10:50.277622 dv-neutron-822096-6-hyperv neutron-server[103912]: DEBUG neutron_lib.callbacks.manager [None req-6311fca3-302e-41ae-9c20-0bd5c0c80689 admin admin] Publish callbacks [] for security_group (1410962f-af64-425f-8ca5-e3405d5e2cb4), before_delete {{(pid=103912) _notify_loop /usr/local/lib/python3.8/dist-packages/neutron_lib/callbacks/manager.py:176}}
Jan 11 19:10:50.282749 dv-neutron-822096-6-hyperv neutron-server[103913]: DEBUG neutron.pecan_wsgi.hooks.policy_enforcement [req-25978cd8-6c1b-435c-b805-4335823f4ce8 req-7126d052-bbbe-43ba-a34a-ff6c2bb39a57 tempest-ServersTestManualDisk-1040402668 tempest-ServersTestManualDisk-1040402668-project] Attributes excluded by policy engine: ['standard_attr_id', 'vlan_transparent', 'provider:network_type', 'provider:physical_network', 'provider:segmentation_id'] {{(pid=103913) _exclude_attributes_by_policy /opt/stack/neutron/neutron/pecan_wsgi/hooks/policy_enforcement.py:255}}
Jan 11 19:10:50.284293 dv-neutron-822096-6-hyperv neutron-server[103913]: INFO neutron.wsgi [req-25978cd8-6c1b-435c-b805-4335823f4ce8 req-7126d052-bbbe-43ba-a34a-ff6c2bb39a57 tempest-ServersTestManualDisk-1040402668 tempest-ServersTestManualDisk-1040402668-project] 10.222.0.31 "GET /v2.0/networks?id=84beefd1-1506-4e1e-8ecf-bdd5e692586a HTTP/1.1" status: 200 len: 812 time: 0.3989816
Jan 11 19:10:50.338629 dv-neutron-822096-6-hyperv neutron-server[103912]: DEBUG neutron_lib.callbacks.manager [None req-6311fca3-302e-41ae-9c20-0bd5c0c80689 admin admin] Publish callbacks [] for security_group (1410962f-af64-425f-8ca5-e3405d5e2cb4), precommit_delete {{(pid=103912) _notify_loop /usr/local/lib/python3.8/dist-packages/neutron_lib/callbacks/manager.py:176}}
Jan 11 19:10:50.361438 dv-neutron-822096-6-hyperv neutron-server[103913]: INFO neutron.wsgi [req-f8816ebe-64d7-4795-a36d-5a8293cd9a51 req-03050c8f-6c3a-4724-a1b8-292da71d4bf8 tempest-ServerActionsTestJSON-221780014 tempest-ServerActionsTestJSON-221780014-project] 10.222.0.47 "GET /v2.0/ports?tenant_id=7df800b9d9b143ce80deef83dc759392&fields=id HTTP/1.1" status: 200 len: 302 time: 0.2197661
Jan 11 19:10:50.466317 dv-neutron-822096-6-hyperv neutron-server[103912]: DEBUG neutron_lib.callbacks.manager [None req-517d1e74-5466-42af-b1f1-6e09ed0ea5a7 tempest-FloatingIPAdminTestJSON-1101345017 tempest-FloatingIPAdminTestJSON-1101345017-project] Publish callbacks ['neutron.plugins.ml2.plugin.SecurityGroupServerNotifierRpcMixin._notify_sg_on_port_change-972440', 'neutron.plugins.ml2.ovo_rpc._ObjectChangeHandler.handle_event-11525', 'neutron.api.rpc.agentnotifiers.dhcp_rpc_agent_api.DhcpAgentNotifyAPI._native_event_send_dhcp_notification-4166302', 'neutron.db.l3_dvrscheduler_db._notify_l3_agent_new_port-8751937165294', 'neutron.services.segments.plugin.NovaSegmentNotifier._notify_port_created_or_deleted-260348546'] for port (e3a2f30e-bc1b-4127-9935-51995f712a26), after_create {{(pid=103912) _notify_loop /usr/local/lib/python3.8/dist-packages/neutron_lib/callbacks/manager.py:176}}
Jan 11 19:10:50.479182 dv-neutron-822096-6-hyperv neutron-server[103913]: INFO neutron.wsgi [req-25978cd8-6c1b-435c-b805-4335823f4ce8 req-5659c3e5-38e9-4672-85e1-20f753758d85 tempest-ServersTestManualDisk-1040402668 tempest-ServersTestManualDisk-1040402668-project] 10.222.0.31 "GET /v2.0/security-groups?fields=id&fields=name&tenant_id=4b1f7f1e7e4b4d748dab67e517992e41 HTTP/1.1" status: 200 len: 379 time: 0.1819854
Jan 11 19:10:50.530168 dv-neutron-822096-6-hyperv neutron-server[103913]: DEBUG neutron.api.v2.base [req-25978cd8-6c1b-435c-b805-4335823f4ce8 req-add3b826-6781-462e-9a23-4f3fbd64c20a tempest-ServersTestManualDisk-1040402668 tempest-ServersTestManualDisk-1040402668-project] Request body: {'port': {'device_id': '12588adb-8a34-4185-a1a3-bfb677c82495', 'network_id': '84beefd1-1506-4e1e-8ecf-bdd5e692586a', 'admin_state_up': True, 'tenant_id': '4b1f7f1e7e4b4d748dab67e517992e41', 'security_groups': ['9451a9f5-a14c-459c-b570-76592f720321']}} {{(pid=103913) prepare_request_body /opt/stack/neutron/neutron/api/v2/base.py:729}}
Jan 11 19:10:50.547205 dv-neutron-822096-6-hyperv neutron-server[103913]: DEBUG neutron_lib.callbacks.manager [req-0135fff6-d177-4469-a820-14310437e56c req-83010acb-1308-47de-a5db-4fc7c4bc4b09 tempest-ServersTestJSON-1744142569 tempest-ServersTestJSON-1744142569-project] Publish callbacks [] for port (aa7bd80c-b258-4ae3-9fb2-3d24b8fded60), precommit_create {{(pid=103913) _notify_loop /usr/local/lib/python3.8/dist-packages/neutron_lib/callbacks/manager.py:176}}
Jan 11 19:10:50.548551 dv-neutron-822096-6-hyperv neutron-server[103913]: DEBUG neutron.wsgi [-] (103913) accepted ('10.222.0.47', 44612) {{(pid=103913) server /usr/local/lib/python3.8/dist-packages/eventlet/wsgi.py:1004}}
Jan 11 19:10:50.580693 dv-neutron-822096-6-hyperv neutron-server[103912]: DEBUG neutron.api.rpc.handlers.resources_rpc [None req-517d1e74-5466-42af-b1f1-6e09ed0ea5a7 tempest-FloatingIPAdminTestJSON-1101345017 tempest-FloatingIPAdminTestJSON-1101345017-project] Pushing event updated for resources: {'Port': ['ID=e3a2f30e-bc1b-4127-9935-51995f712a26,revision_number=1']} {{(pid=103912) push /opt/stack/neutron/neutron/api/rpc/handlers/resources_rpc.py:237}}
Jan 11 19:10:50.585055 dv-neutron-822096-6-hyperv neutron-server[103912]: DEBUG neutron.scheduler.dhcp_agent_scheduler [None req-517d1e74-5466-42af-b1f1-6e09ed0ea5a7 tempest-FloatingIPAdminTestJSON-1101345017 tempest-FloatingIPAdminTestJSON-1101345017-project] Network 34bed25d-123d-4cd1-bfdc-6626a92830d5 is already hosted by enough agents. {{(pid=103912) _get_dhcp_agents_hosting_network /opt/stack/neutron/neutron/scheduler/dhcp_agent_scheduler.py:275}}
Jan 11 19:10:50.598674 dv-neutron-822096-6-hyperv neutron-server[103912]: DEBUG neutron.scheduler.base_scheduler [None req-517d1e74-5466-42af-b1f1-6e09ed0ea5a7 tempest-FloatingIPAdminTestJSON-1101345017 tempest-FloatingIPAdminTestJSON-1101345017-project] Resources bound (agent type, host, resource id): {{(pid=103912) schedule /opt/stack/neutron/neutron/scheduler/base_scheduler.py:57}}
Jan 11 19:10:50.602087 dv-neutron-822096-6-hyperv neutron-server[103912]: DEBUG neutron.db.l3_dvrscheduler_db [None req-517d1e74-5466-42af-b1f1-6e09ed0ea5a7 tempest-FloatingIPAdminTestJSON-1101345017 tempest-FloatingIPAdminTestJSON-1101345017-project] Received port after_create {{(pid=103912) _notify_l3_agent_new_port /opt/stack/neutron/neutron/db/l3_dvrscheduler_db.py:535}}
Jan 11 19:10:50.667802 dv-neutron-822096-6-hyperv neutron-server[103912]: DEBUG neutron.pecan_wsgi.hooks.policy_enforcement [None req-517d1e74-5466-42af-b1f1-6e09ed0ea5a7 tempest-FloatingIPAdminTestJSON-1101345017 tempest-FloatingIPAdminTestJSON-1101345017-project] Attributes excluded by policy engine: ['standard_attr_id', 'binding:profile', 'binding:host_id', 'binding:vif_type', 'binding:vif_details', 'network'] {{(pid=103912) _exclude_attributes_by_policy /opt/stack/neutron/neutron/pecan_wsgi/hooks/policy_enforcement.py:255}}
Jan 11 19:10:50.668642 dv-neutron-822096-6-hyperv neutron-server[103912]: DEBUG neutron_lib.callbacks.manager [None req-517d1e74-5466-42af-b1f1-6e09ed0ea5a7 tempest-FloatingIPAdminTestJSON-1101345017 tempest-FloatingIPAdminTestJSON-1101345017-project] Publish callbacks ['neutron.notifiers.nova.Notifier._send_nova_notification-90411'] for port (None), before_response {{(pid=103912) _notify_loop /usr/local/lib/python3.8/dist-packages/neutron_lib/callbacks/manager.py:176}}
Jan 11 19:10:50.677871 dv-neutron-822096-6-hyperv neutron-server[103912]: DEBUG neutron_lib.callbacks.manager [None req-6311fca3-302e-41ae-9c20-0bd5c0c80689 admin admin] Publish callbacks ['neutron.plugins.ml2.ovo_rpc._ObjectChangeHandler.handle_event-3849558'] for security_group (1410962f-af64-425f-8ca5-e3405d5e2cb4), after_delete {{(pid=103912) _notify_loop /usr/local/lib/python3.8/dist-packages/neutron_lib/callbacks/manager.py:176}}
Jan 11 19:10:50.680861 dv-neutron-822096-6-hyperv neutron-server[103912]: DEBUG neutron_lib.callbacks.manager [None req-6311fca3-302e-41ae-9c20-0bd5c0c80689 admin admin] Publish callbacks [] for security_group (None), before_response {{(pid=103912) _notify_loop /usr/local/lib/python3.8/dist-packages/neutron_lib/callbacks/manager.py:176}}
Jan 11 19:10:50.682445 dv-neutron-822096-6-hyperv neutron-server[103912]: INFO neutron.wsgi [None req-6311fca3-302e-41ae-9c20-0bd5c0c80689 admin admin] 10.222.0.47 "DELETE /v2.0/security-groups/1410962f-af64-425f-8ca5-e3405d5e2cb4 HTTP/1.1" status: 204 len: 168 time: 0.5434718
Jan 11 19:10:50.690070 dv-neutron-822096-6-hyperv neutron-server[103913]: DEBUG neutron_lib.callbacks.manager [None req-d94873bd-6a2e-4b50-9542-03f003b3154e admin admin] Publish callbacks [] for security_group (5d326274-35c6-4783-94db-0113ad444239), precommit_create {{(pid=103913) _notify_loop /usr/local/lib/python3.8/dist-packages/neutron_lib/callbacks/manager.py:176}}
Jan 11 19:10:50.761251 dv-neutron-822096-6-hyperv neutron-server[103912]: DEBUG neutron.api.rpc.handlers.resources_rpc [None req-6311fca3-302e-41ae-9c20-0bd5c0c80689 admin admin] Pushing event deleted for resources: {'SecurityGroup': ['ID=1410962f-af64-425f-8ca5-e3405d5e2cb4,revision_number=None']} {{(pid=103912) push /opt/stack/neutron/neutron/api/rpc/handlers/resources_rpc.py:237}}
Jan 11 19:10:50.817669 dv-neutron-822096-6-hyperv neutron-server[103912]: INFO neutron.wsgi [None req-517d1e74-5466-42af-b1f1-6e09ed0ea5a7 tempest-FloatingIPAdminTestJSON-1101345017 tempest-FloatingIPAdminTestJSON-1101345017-project] 10.222.0.47 "POST /v2.0/ports HTTP/1.1" status: 201 len: 935 time: 2.0356693
Jan 11 19:10:50.830304 dv-neutron-822096-6-hyperv neutron-server[103912]: DEBUG neutron.wsgi [-] (103912) accepted ('10.222.0.47', 44618) {{(pid=103912) server /usr/local/lib/python3.8/dist-packages/eventlet/wsgi.py:1004}}
Jan 11 19:10:50.874315 dv-neutron-822096-6-hyperv neutron-server[103913]: INFO neutron.wsgi [req-f8816ebe-64d7-4795-a36d-5a8293cd9a51 req-12ab6ba5-0699-468f-8d36-00c827339fb9 service neutron] 10.222.0.47 "GET /v2.0/networks/95229c99-c6d1-448c-9857-fdd05064ebbd?fields=segments HTTP/1.1" status: 200 len: 212 time: 0.4616561
Jan 11 19:10:50.877418 dv-neutron-822096-6-hyperv neutron-server[103913]: DEBUG neutron_lib.callbacks.manager [None req-d94873bd-6a2e-4b50-9542-03f003b3154e admin admin] Publish callbacks ['neutron.plugins.ml2.ovo_rpc._ObjectChangeHandler.handle_event-3849558'] for security_group (5d326274-35c6-4783-94db-0113ad444239), after_create {{(pid=103913) _notify_loop /usr/local/lib/python3.8/dist-packages/neutron_lib/callbacks/manager.py:176}}
Jan 11 19:10:50.930858 dv-neutron-822096-6-hyperv neutron-server[103912]: DEBUG neutron_lib.callbacks.manager [None req-1c345c9d-d1eb-4032-b817-52a2ff580cd8 tempest-AllowedAddressPairIpV6TestJSON-1278556727 tempest-AllowedAddressPairIpV6TestJSON-1278556727-project] Publish callbacks [] for port (69de952e-c57f-4787-bca8-b19a3321990d), precommit_update {{(pid=103912) _notify_loop /usr/local/lib/python3.8/dist-packages/neutron_lib/callbacks/manager.py:176}}
Jan 11 19:10:50.981647 dv-neutron-822096-6-hyperv neutron-server[103913]: DEBUG neutron_lib.callbacks.manager [req-0135fff6-d177-4469-a820-14310437e56c req-83010acb-1308-47de-a5db-4fc7c4bc4b09 tempest-ServersTestJSON-1744142569 tempest-ServersTestJSON-1744142569-project] Publish callbacks ['neutron.plugins.ml2.plugin.SecurityGroupServerNotifierRpcMixin._notify_sg_on_port_change-972440', 'neutron.plugins.ml2.ovo_rpc._ObjectChangeHandler.handle_event-11525', 'neutron.api.rpc.agentnotifiers.dhcp_rpc_agent_api.DhcpAgentNotifyAPI._native_event_send_dhcp_notification-4166302', 'neutron.db.l3_dvrscheduler_db._notify_l3_agent_new_port-8751937165294', 'neutron.services.segments.plugin.NovaSegmentNotifier._notify_port_created_or_deleted-260879495'] for port (aa7bd80c-b258-4ae3-9fb2-3d24b8fded60), after_create {{(pid=103913) _notify_loop /usr/local/lib/python3.8/dist-packages/neutron_lib/callbacks/manager.py:176}}
Jan 11 19:10:51.099427 dv-neutron-822096-6-hyperv neutron-server[103913]: INFO neutron.wsgi [None req-d94873bd-6a2e-4b50-9542-03f003b3154e admin admin] 10.222.0.47 "GET /v2.0/security-groups?tenant_id=92dd24b076fd497b9169da7a1fa7e3d8&name=default HTTP/1.1" status: 200 len: 2996 time: 0.8978608
Jan 11 19:10:51.100189 dv-neutron-822096-6-hyperv neutron-server[103912]: DEBUG neutron.pecan_wsgi.hooks.policy_enforcement [req-0f503174-db2e-40bf-99cd-9c10acd6345d req-f6b83ff0-e464-4b02-b7c8-08cdb1be6a46 tempest-ServersTestJSON-1744142569 tempest-ServersTestJSON-1744142569-project] Attributes excluded by policy engine: ['standard_attr_id', 'binding:profile', 'binding:host_id', 'binding:vif_type', 'binding:vif_details'] {{(pid=103912) _exclude_attributes_by_policy /opt/stack/neutron/neutron/pecan_wsgi/hooks/policy_enforcement.py:255}}
Jan 11 19:10:51.100189 dv-neutron-822096-6-hyperv neutron-server[103912]: INFO neutron.wsgi [req-0f503174-db2e-40bf-99cd-9c10acd6345d req-f6b83ff0-e464-4b02-b7c8-08cdb1be6a46 tempest-ServersTestJSON-1744142569 tempest-ServersTestJSON-1744142569-project] 10.222.0.47 "GET /v2.0/ports?device_id=280264f8-7aa8-4449-9c18-4fcaac995df4 HTTP/1.1" status: 200 len: 931 time: 0.0945930
Jan 11 19:10:51.100594 dv-neutron-822096-6-hyperv neutron-server[103913]: DEBUG neutron.api.rpc.handlers.resources_rpc [None req-d94873bd-6a2e-4b50-9542-03f003b3154e admin admin] Pushing event updated for resources: {'SecurityGroup': ['ID=5d326274-35c6-4783-94db-0113ad444239,revision_number=1']} {{(pid=103913) push /opt/stack/neutron/neutron/api/rpc/handlers/resources_rpc.py:237}}
Jan 11 19:10:51.100900 dv-neutron-822096-6-hyperv neutron-server[103914]: DEBUG neutron.db.provisioning_blocks [None req-08374939-9672-437e-908b-ea74c398c70a None None] Provisioning complete for port e3a2f30e-bc1b-4127-9935-51995f712a26 triggered by entity DHCP. {{(pid=103914) provisioning_complete /opt/stack/neutron/neutron/db/provisioning_blocks.py:139}}
Jan 11 19:10:51.100900 dv-neutron-822096-6-hyperv neutron-server[103914]: DEBUG neutron_lib.callbacks.manager [None req-08374939-9672-437e-908b-ea74c398c70a None None] Publish callbacks ['neutron.plugins.ml2.plugin.Ml2Plugin._port_provisioned-921210'] for port (e3a2f30e-bc1b-4127-9935-51995f712a26), provisioning_complete {{(pid=103914) _notify_loop /usr/local/lib/python3.8/dist-packages/neutron_lib/callbacks/manager.py:176}}
Jan 11 19:10:51.101042 dv-neutron-822096-6-hyperv neutron-server[103912]: DEBUG neutron.wsgi [-] (103912) accepted ('10.222.0.47', 44626) {{(pid=103912) server /usr/local/lib/python3.8/dist-packages/eventlet/wsgi.py:1004}}
Jan 11 19:10:51.158848 dv-neutron-822096-6-hyperv neutron-server[103913]: INFO neutron.wsgi [req-f8816ebe-64d7-4795-a36d-5a8293cd9a51 req-2640994d-dec8-4ccd-9ee9-2fb2c56d89a4 service neutron] 10.222.0.47 "GET /v2.0/networks/95229c99-c6d1-448c-9857-fdd05064ebbd?fields=provider%3Aphysical_network&fields=provider%3Anetwork_type HTTP/1.1" status: 200 len: 281 time: 0.2735150
Jan 11 19:10:51.169714 dv-neutron-822096-6-hyperv neutron-server[103913]: DEBUG neutron.api.v2.base [None req-aff7bce1-15c8-43d7-a474-46c9385a9797 tempest-RoutersAdminTest-1647545220 tempest-RoutersAdminTest-1647545220-project] Request body: {'router': {'name': 'tempest-RoutersAdminTest-router-7103504', 'external_gateway_info': {'network_id': 'd8f1703b-56f3-434c-8be1-bfba98e890ef'}, 'admin_state_up': False}} {{(pid=103913) prepare_request_body /opt/stack/neutron/neutron/api/v2/base.py:729}}
Jan 11 19:10:51.196734 dv-neutron-822096-6-hyperv neutron-server[103913]: DEBUG neutron.scheduler.dhcp_agent_scheduler [req-0135fff6-d177-4469-a820-14310437e56c req-83010acb-1308-47de-a5db-4fc7c4bc4b09 tempest-ServersTestJSON-1744142569 tempest-ServersTestJSON-1744142569-project] Network 77747c20-bdc3-4679-a7c0-5e2103688843 is already hosted by enough agents. {{(pid=103913) _get_dhcp_agents_hosting_network /opt/stack/neutron/neutron/scheduler/dhcp_agent_scheduler.py:275}}
Jan 11 19:10:51.203482 dv-neutron-822096-6-hyperv neutron-server[103913]: DEBUG neutron.scheduler.base_scheduler [req-0135fff6-d177-4469-a820-14310437e56c req-83010acb-1308-47de-a5db-4fc7c4bc4b09 tempest-ServersTestJSON-1744142569 tempest-ServersTestJSON-1744142569-project] Resources bound (agent type, host, resource id): {{(pid=103913) schedule /opt/stack/neutron/neutron/scheduler/base_scheduler.py:57}}
Jan 11 19:10:51.205960 dv-neutron-822096-6-hyperv neutron-server[103913]: DEBUG neutron.api.rpc.handlers.resources_rpc [None req-83010acb-1308-47de-a5db-4fc7c4bc4b09 tempest-ServersTestJSON-1744142569 tempest-ServersTestJSON-1744142569-project] Pushing event updated for resources: {'Port': ['ID=aa7bd80c-b258-4ae3-9fb2-3d24b8fded60,revision_number=1']} {{(pid=103913) push /opt/stack/neutron/neutron/api/rpc/handlers/resources_rpc.py:237}}
Jan 11 19:10:51.209471 dv-neutron-822096-6-hyperv neutron-server[103913]: DEBUG neutron.db.l3_dvrscheduler_db [req-0135fff6-d177-4469-a820-14310437e56c req-83010acb-1308-47de-a5db-4fc7c4bc4b09 tempest-ServersTestJSON-1744142569 tempest-ServersTestJSON-1744142569-project] Received port after_create {{(pid=103913) _notify_l3_agent_new_port /opt/stack/neutron/neutron/db/l3_dvrscheduler_db.py:535}}
Jan 11 19:10:51.268438 dv-neutron-822096-6-hyperv neutron-server[103912]: DEBUG neutron_lib.callbacks.manager [None req-4493f21b-4be7-4a79-874c-543342a1f006 admin admin] Publish callbacks [] for security_group (5d326274-35c6-4783-94db-0113ad444239), before_delete {{(pid=103912) _notify_loop /usr/local/lib/python3.8/dist-packages/neutron_lib/callbacks/manager.py:176}}
Jan 11 19:10:51.284839 dv-neutron-822096-6-hyperv neutron-server[103912]: INFO neutron.wsgi [req-0f503174-db2e-40bf-99cd-9c10acd6345d req-66fa91d7-00e7-4c61-b060-2fb009e86fa4 tempest-ServersTestJSON-1744142569 tempest-ServersTestJSON-1744142569-project] 10.222.0.47 "GET /v2.0/security-groups?id=fffd7b09-41e0-4bdc-afa2-473f353a4c63&fields=id&fields=name HTTP/1.1" status: 200 len: 313 time: 0.2403545
Jan 11 19:10:51.292405 dv-neutron-822096-6-hyperv neutron-server[103913]: DEBUG neutron.pecan_wsgi.hooks.policy_enforcement [req-0135fff6-d177-4469-a820-14310437e56c req-83010acb-1308-47de-a5db-4fc7c4bc4b09 tempest-ServersTestJSON-1744142569 tempest-ServersTestJSON-1744142569-project] Attributes excluded by policy engine: ['standard_attr_id', 'binding:profile', 'binding:host_id', 'binding:vif_type', 'binding:vif_details', 'network'] {{(pid=103913) _exclude_attributes_by_policy /opt/stack/neutron/neutron/pecan_wsgi/hooks/policy_enforcement.py:255}}
Jan 11 19:10:51.294171 dv-neutron-822096-6-hyperv neutron-server[103913]: DEBUG neutron_lib.callbacks.manager [req-0135fff6-d177-4469-a820-14310437e56c req-83010acb-1308-47de-a5db-4fc7c4bc4b09 tempest-ServersTestJSON-1744142569 tempest-ServersTestJSON-1744142569-project] Publish callbacks ['neutron.notifiers.nova.Notifier._send_nova_notification-90411'] for port (None), before_response {{(pid=103913) _notify_loop /usr/local/lib/python3.8/dist-packages/neutron_lib/callbacks/manager.py:176}}
Jan 11 19:10:51.366558 dv-neutron-822096-6-hyperv neutron-server[103914]: DEBUG neutron.plugins.ml2.plugin [None req-08374939-9672-437e-908b-ea74c398c70a None None] Port e3a2f30e-bc1b-4127-9935-51995f712a26 cannot update to ACTIVE because it is not bound. {{(pid=103914) _port_provisioned /opt/stack/neutron/neutron/plugins/ml2/plugin.py:342}}
Jan 11 19:10:51.367128 dv-neutron-822096-6-hyperv neutron-server[103912]: DEBUG neutron_lib.callbacks.manager [None req-4493f21b-4be7-4a79-874c-543342a1f006 admin admin] Publish callbacks [] for security_group (5d326274-35c6-4783-94db-0113ad444239), precommit_delete {{(pid=103912) _notify_loop /usr/local/lib/python3.8/dist-packages/neutron_lib/callbacks/manager.py:176}}
Jan 11 19:10:51.382382 dv-neutron-822096-6-hyperv neutron-server[103912]: DEBUG neutron.api.v2.base [None req-f01b788a-b7fd-43a6-ae0a-9e8b3398f816 tempest-FloatingIPAdminTestJSON-1193269963 tempest-FloatingIPAdminTestJSON-1193269963-project-admin] Request body: {'floatingip': {'floating_network_id': 'd8f1703b-56f3-434c-8be1-bfba98e890ef', 'project_id': 'f949a34ee6ca4f128c0f4965aca67383', 'port_id': 'e3a2f30e-bc1b-4127-9935-51995f712a26'}} {{(pid=103912) prepare_request_body /opt/stack/neutron/neutron/api/v2/base.py:729}}
Jan 11 19:10:51.462983 dv-neutron-822096-6-hyperv neutron-server[103912]: INFO neutron.wsgi [req-bd080824-7d0f-40c2-81de-f2079c232001 req-d645ff38-b8d0-4c95-a2d5-679014cd3058 tempest-ServersTestManualDisk-1040402668 tempest-ServersTestManualDisk-1040402668-project] 10.222.0.47 "GET /v2.0/ports?device_id=12588adb-8a34-4185-a1a3-bfb677c82495 HTTP/1.1" status: 200 len: 210 time: 0.0313585
Jan 11 19:10:51.592535 dv-neutron-822096-6-hyperv neutron-server[103914]: DEBUG neutron.db.provisioning_blocks [None req-ef7d8d3b-9d91-4764-b482-33775c3084a7 None None] Provisioning complete for port aa7bd80c-b258-4ae3-9fb2-3d24b8fded60 triggered by entity DHCP. {{(pid=103914) provisioning_complete /opt/stack/neutron/neutron/db/provisioning_blocks.py:139}}
Jan 11 19:10:51.592993 dv-neutron-822096-6-hyperv neutron-server[103914]: DEBUG neutron_lib.callbacks.manager [None req-ef7d8d3b-9d91-4764-b482-33775c3084a7 None None] Publish callbacks ['neutron.plugins.ml2.plugin.Ml2Plugin._port_provisioned-921210'] for port (aa7bd80c-b258-4ae3-9fb2-3d24b8fded60), provisioning_complete {{(pid=103914) _notify_loop /usr/local/lib/python3.8/dist-packages/neutron_lib/callbacks/manager.py:176}}
Jan 11 19:10:51.633860 dv-neutron-822096-6-hyperv neutron-server[103914]: DEBUG neutron.plugins.ml2.plugin [None req-ef7d8d3b-9d91-4764-b482-33775c3084a7 None None] Port aa7bd80c-b258-4ae3-9fb2-3d24b8fded60 cannot update to ACTIVE because it is not bound. {{(pid=103914) _port_provisioned /opt/stack/neutron/neutron/plugins/ml2/plugin.py:342}}
Jan 11 19:10:52.419896 dv-neutron-822096-6-hyperv neutron-server[103912]: DEBUG neutron.pecan_wsgi.hooks.policy_enforcement [req-7165d1b4-aff2-4267-ad67-6003b1f6ee9c req-4643738f-a988-4756-a052-b2f5b4163646 tempest-ServersTestJSON-1744142569 tempest-ServersTestJSON-1744142569-project] Attributes excluded by policy engine: ['standard_attr_id', 'binding:profile', 'binding:host_id', 'binding:vif_type', 'binding:vif_details'] {{(pid=103912) _exclude_attributes_by_policy /opt/stack/neutron/neutron/pecan_wsgi/hooks/policy_enforcement.py:255}}
Jan 11 19:10:52.421615 dv-neutron-822096-6-hyperv neutron-server[103912]: INFO neutron.wsgi [req-7165d1b4-aff2-4267-ad67-6003b1f6ee9c req-4643738f-a988-4756-a052-b2f5b4163646 tempest-ServersTestJSON-1744142569 tempest-ServersTestJSON-1744142569-project] 10.222.0.47 "GET /v2.0/ports?device_id=280264f8-7aa8-4449-9c18-4fcaac995df4 HTTP/1.1" status: 200 len: 931 time: 0.0537004
Jan 11 19:10:52.475730 dv-neutron-822096-6-hyperv neutron-server[103912]: INFO neutron.wsgi [req-7165d1b4-aff2-4267-ad67-6003b1f6ee9c req-5d83e889-a90f-419e-bb4c-13c013466393 tempest-ServersTestJSON-1744142569 tempest-ServersTestJSON-1744142569-project] 10.222.0.47 "GET /v2.0/security-groups?id=fffd7b09-41e0-4bdc-afa2-473f353a4c63&fields=id&fields=name HTTP/1.1" status: 200 len: 313 time: 0.0475702
Jan 11 19:10:52.568423 dv-neutron-822096-6-hyperv neutron-server[103912]: INFO neutron.wsgi [req-1a755975-4907-4771-8d1a-190ddb5c426a req-4b01513c-8cd3-4a4f-afaa-951e91a1281c tempest-ServersTestManualDisk-1040402668 tempest-ServersTestManualDisk-1040402668-project] 10.222.0.47 "GET /v2.0/ports?device_id=12588adb-8a34-4185-a1a3-bfb677c82495 HTTP/1.1" status: 200 len: 210 time: 0.0299263
Jan 11 19:10:53.007778 dv-neutron-822096-6-hyperv neutron-server[103912]: DEBUG neutron_lib.callbacks.manager [None req-1c345c9d-d1eb-4032-b817-52a2ff580cd8 tempest-AllowedAddressPairIpV6TestJSON-1278556727 tempest-AllowedAddressPairIpV6TestJSON-1278556727-project] Publish callbacks ['neutron.plugins.ml2.plugin.SecurityGroupServerNotifierRpcMixin._notify_sg_on_port_change-972440', 'neutron.plugins.ml2.ovo_rpc._ObjectChangeHandler.handle_event-11525', 'neutron.api.rpc.agentnotifiers.dhcp_rpc_agent_api.DhcpAgentNotifyAPI._native_event_send_dhcp_notification-4166302', 'neutron.db.l3_db.L3RpcNotifierMixin._notify_gateway_port_ip_changed-8751937666582', 'neutron.db.l3_dvrscheduler_db._notify_l3_agent_port_update-8751937161220', 'neutron.db.l3_hascheduler_db._notify_l3_agent_ha_port_update-8751937161238', 'neutron.services.segments.plugin.NovaSegmentNotifier._notify_port_updated-260348557'] for port (69de952e-c57f-4787-bca8-b19a3321990d), after_update {{(pid=103912) _notify_loop /usr/local/lib/python3.8/dist-packages/neutron_lib/callbacks/manager.py:176}}
Jan 11 19:10:53.048978 dv-neutron-822096-6-hyperv neutron-server[103912]: DEBUG neutron.plugins.ml2.plugin [None req-1c345c9d-d1eb-4032-b817-52a2ff580cd8 tempest-AllowedAddressPairIpV6TestJSON-1278556727 tempest-AllowedAddressPairIpV6TestJSON-1278556727-project] In _notify_port_updated(), no bound segment for port 69de952e-c57f-4787-bca8-b19a3321990d on network 67e66c92-37f0-4fb2-bad7-7fbd4ff19f6b {{(pid=103912) _notify_port_updated /opt/stack/neutron/neutron/plugins/ml2/plugin.py:877}}
Jan 11 19:10:53.055286 dv-neutron-822096-6-hyperv neutron-server[103912]: DEBUG neutron.pecan_wsgi.hooks.policy_enforcement [None req-1c345c9d-d1eb-4032-b817-52a2ff580cd8 tempest-AllowedAddressPairIpV6TestJSON-1278556727 tempest-AllowedAddressPairIpV6TestJSON-1278556727-project] Attributes excluded by policy engine: ['standard_attr_id', 'binding:profile', 'binding:host_id', 'binding:vif_type', 'binding:vif_details'] {{(pid=103912) _exclude_attributes_by_policy /opt/stack/neutron/neutron/pecan_wsgi/hooks/policy_enforcement.py:255}}
Jan 11 19:10:53.056101 dv-neutron-822096-6-hyperv neutron-server[103912]: DEBUG neutron_lib.callbacks.manager [None req-1c345c9d-d1eb-4032-b817-52a2ff580cd8 tempest-AllowedAddressPairIpV6TestJSON-1278556727 tempest-AllowedAddressPairIpV6TestJSON-1278556727-project] Publish callbacks ['neutron.notifiers.nova.Notifier._send_nova_notification-90411'] for port (None), before_response {{(pid=103912) _notify_loop /usr/local/lib/python3.8/dist-packages/neutron_lib/callbacks/manager.py:176}}
Jan 11 19:10:53.057554 dv-neutron-822096-6-hyperv neutron-server[103912]: INFO neutron.wsgi [None req-1c345c9d-d1eb-4032-b817-52a2ff580cd8 tempest-AllowedAddressPairIpV6TestJSON-1278556727 tempest-AllowedAddressPairIpV6TestJSON-1278556727-project] 10.222.0.47 "PUT /v2.0/ports/69de952e-c57f-4787-bca8-b19a3321990d HTTP/1.1" status: 200 len: 1001 time: 3.2684991
Jan 11 19:10:53.060565 dv-neutron-822096-6-hyperv neutron-server[103913]: DEBUG neutron.wsgi [-] (103913) accepted ('10.222.0.47', 44632) {{(pid=103913) server /usr/local/lib/python3.8/dist-packages/eventlet/wsgi.py:1004}}
Jan 11 19:10:53.072009 dv-neutron-822096-6-hyperv neutron-server[103913]: DEBUG neutron.pecan_wsgi.hooks.quota_enforcement [req-25978cd8-6c1b-435c-b805-4335823f4ce8 req-add3b826-6781-462e-9a23-4f3fbd64c20a tempest-ServersTestManualDisk-1040402668 tempest-ServersTestManualDisk-1040402668-project] Made reservation on behalf of 4b1f7f1e7e4b4d748dab67e517992e41 for: {'port': 1} {{(pid=103913) before /opt/stack/neutron/neutron/pecan_wsgi/hooks/quota_enforcement.py:53}}
Jan 11 19:10:53.085137 dv-neutron-822096-6-hyperv neutron-server[103913]: DEBUG neutron_lib.callbacks.manager [req-25978cd8-6c1b-435c-b805-4335823f4ce8 req-add3b826-6781-462e-9a23-4f3fbd64c20a tempest-ServersTestManualDisk-1040402668 tempest-ServersTestManualDisk-1040402668-project] Publish callbacks ['neutron.plugins.ml2.plugin.SecurityGroupDbMixin._ensure_default_security_group_handler-972505'] for port (None), before_create {{(pid=103913) _notify_loop /usr/local/lib/python3.8/dist-packages/neutron_lib/callbacks/manager.py:176}}
Jan 11 19:10:53.085264 dv-neutron-822096-6-hyperv neutron-server[103912]: DEBUG neutron_lib.callbacks.manager [None req-4493f21b-4be7-4a79-874c-543342a1f006 admin admin] Publish callbacks ['neutron.plugins.ml2.ovo_rpc._ObjectChangeHandler.handle_event-3849558'] for security_group (5d326274-35c6-4783-94db-0113ad444239), after_delete {{(pid=103912) _notify_loop /usr/local/lib/python3.8/dist-packages/neutron_lib/callbacks/manager.py:176}}
Jan 11 19:10:53.086358 dv-neutron-822096-6-hyperv neutron-server[103912]: DEBUG neutron_lib.callbacks.manager [None req-4493f21b-4be7-4a79-874c-543342a1f006 admin admin] Publish callbacks [] for security_group (None), before_response {{(pid=103912) _notify_loop /usr/local/lib/python3.8/dist-packages/neutron_lib/callbacks/manager.py:176}}
Jan 11 19:10:53.087674 dv-neutron-822096-6-hyperv neutron-server[103912]: INFO neutron.wsgi [None req-4493f21b-4be7-4a79-874c-543342a1f006 admin admin] 10.222.0.47 "DELETE /v2.0/security-groups/5d326274-35c6-4783-94db-0113ad444239 HTTP/1.1" status: 204 len: 168 time: 2.0018258
Jan 11 19:10:53.116959 dv-neutron-822096-6-hyperv neutron-server[103913]: INFO neutron.wsgi [req-0135fff6-d177-4469-a820-14310437e56c req-83010acb-1308-47de-a5db-4fc7c4bc4b09 tempest-ServersTestJSON-1744142569 tempest-ServersTestJSON-1744142569-project] 10.222.0.31 "POST /v2.0/ports HTTP/1.1" status: 201 len: 933 time: 3.9185109
Jan 11 19:10:53.118217 dv-neutron-822096-6-hyperv neutron-server[103912]: DEBUG neutron.api.rpc.handlers.resources_rpc [None req-1c345c9d-d1eb-4032-b817-52a2ff580cd8 tempest-AllowedAddressPairIpV6TestJSON-1278556727 tempest-AllowedAddressPairIpV6TestJSON-1278556727-project] Pushing event updated for resources: {'Port': ['ID=69de952e-c57f-4787-bca8-b19a3321990d,revision_number=2']} {{(pid=103912) push /opt/stack/neutron/neutron/api/rpc/handlers/resources_rpc.py:237}}
Jan 11 19:10:53.121059 dv-neutron-822096-6-hyperv neutron-server[103912]: DEBUG neutron.api.rpc.handlers.resources_rpc [None req-4493f21b-4be7-4a79-874c-543342a1f006 admin admin] Pushing event deleted for resources: {'SecurityGroup': ['ID=5d326274-35c6-4783-94db-0113ad444239,revision_number=None']} {{(pid=103912) push /opt/stack/neutron/neutron/api/rpc/handlers/resources_rpc.py:237}}
Jan 11 19:10:53.169073 dv-neutron-822096-6-hyperv neutron-server[103912]: DEBUG neutron_lib.callbacks.manager [None req-f01b788a-b7fd-43a6-ae0a-9e8b3398f816 tempest-FloatingIPAdminTestJSON-1193269963 tempest-FloatingIPAdminTestJSON-1193269963-project-admin] Publish callbacks [] for floatingip (None), before_create {{(pid=103912) _notify_loop /usr/local/lib/python3.8/dist-packages/neutron_lib/callbacks/manager.py:176}}
Jan 11 19:10:53.254609 dv-neutron-822096-6-hyperv neutron-server[103912]: INFO neutron.wsgi [req-98e03d4f-75b4-4056-8334-1d6891778488 req-155a2d50-a297-4ed8-af05-232bef1de547 tempest-ServerActionsTestJSON-221780014 tempest-ServerActionsTestJSON-221780014-project] 10.222.0.47 "GET /v2.0/ports?device_id=939105a8-38d4-4254-8d37-30e209ff6999 HTTP/1.1" status: 200 len: 210 time: 0.0563955
Jan 11 19:10:53.354722 dv-neutron-822096-6-hyperv neutron-server[103913]: DEBUG neutron_lib.callbacks.manager [None req-aff7bce1-15c8-43d7-a474-46c9385a9797 tempest-RoutersAdminTest-1647545220 tempest-RoutersAdminTest-1647545220-project] Publish callbacks ['neutron.services.l3_router.l3_router_plugin.L3_HA_NAT_db_mixin._before_router_create_handler-3759033', 'neutron.services.l3_router.service_providers.driver_controller.DriverController._check_router_request-31317'] for router (9879fb44-b668-4cdd-9deb-facdb15fa3f9), before_create {{(pid=103913) _notify_loop /usr/local/lib/python3.8/dist-packages/neutron_lib/callbacks/manager.py:176}}
Jan 11 19:10:53.356010 dv-neutron-822096-6-hyperv neutron-server[103913]: DEBUG neutron_lib.callbacks.manager [None req-aff7bce1-15c8-43d7-a474-46c9385a9797 tempest-RoutersAdminTest-1647545220 tempest-RoutersAdminTest-1647545220-project] Publish callbacks ['neutron.services.l3_router.l3_router_plugin.L3_HA_NAT_db_mixin._precommit_router_create-3758893', 'neutron.services.l3_router.l3_router_plugin.DVRResourceOperationHandler._set_distributed_flag-3745395', 'neutron.services.l3_router.l3_router_plugin.RouterAvailabilityZoneMixin._process_az_request-3853413', 'neutron.services.l3_router.service_providers.driver_controller.DriverController._set_router_provider-31322'] for router (9879fb44-b668-4cdd-9deb-facdb15fa3f9), precommit_create {{(pid=103913) _notify_loop /usr/local/lib/python3.8/dist-packages/neutron_lib/callbacks/manager.py:176}}
Jan 11 19:10:53.446370 dv-neutron-822096-6-hyperv neutron-server[103912]: DEBUG neutron_lib.callbacks.manager [None req-f01b788a-b7fd-43a6-ae0a-9e8b3398f816 tempest-FloatingIPAdminTestJSON-1193269963 tempest-FloatingIPAdminTestJSON-1193269963-project-admin] Publish callbacks ['neutron.plugins.ml2.plugin.SecurityGroupDbMixin._ensure_default_security_group_handler-972505'] for port (None), before_create {{(pid=103912) _notify_loop /usr/local/lib/python3.8/dist-packages/neutron_lib/callbacks/manager.py:176}}
Jan 11 19:10:53.491906 dv-neutron-822096-6-hyperv neutron-server[103913]: DEBUG neutron.wsgi [req-0135fff6-d177-4469-a820-14310437e56c req-b5202257-ae1d-4653-b46a-b2a0885cd296 tempest-ServersTestJSON-1744142569 tempest-ServersTestJSON-1744142569-project] http://10.222.0.47:9696/v2.0/extensions returned with HTTP 200 {{(pid=103913) __call__ /opt/stack/neutron/neutron/wsgi.py:729}}
Jan 11 19:10:53.494651 dv-neutron-822096-6-hyperv neutron-server[103913]: INFO neutron.wsgi [req-0135fff6-d177-4469-a820-14310437e56c req-b5202257-ae1d-4653-b46a-b2a0885cd296 tempest-ServersTestJSON-1744142569 tempest-ServersTestJSON-1744142569-project] 10.222.0.31 "GET /v2.0/extensions HTTP/1.1" status: 200 len: 14082 time: 0.0218580
Jan 11 19:10:53.571017 dv-neutron-822096-6-hyperv neutron-server[103913]: DEBUG neutron.plugins.ml2.plugin [None req-9a3d2ff9-7f2a-4ed7-a3aa-805fe1d3f579 tempest-AllowedAddressPairIpV6TestJSON-1278556727 tempest-AllowedAddressPairIpV6TestJSON-1278556727-project] Deleting port 69de952e-c57f-4787-bca8-b19a3321990d {{(pid=103913) _pre_delete_port /opt/stack/neutron/neutron/plugins/ml2/plugin.py:1959}}
Jan 11 19:10:53.571367 dv-neutron-822096-6-hyperv neutron-server[103913]: DEBUG neutron_lib.callbacks.manager [None req-9a3d2ff9-7f2a-4ed7-a3aa-805fe1d3f579 tempest-AllowedAddressPairIpV6TestJSON-1278556727 tempest-AllowedAddressPairIpV6TestJSON-1278556727-project] Publish callbacks ['neutron.db.l3_db.L3_NAT_dbonly_mixin._prevent_l3_port_delete_callback-8751937660775'] for port (69de952e-c57f-4787-bca8-b19a3321990d), before_delete {{(pid=103913) _notify_loop /usr/local/lib/python3.8/dist-packages/neutron_lib/callbacks/manager.py:176}}
Jan 11 19:10:53.578040 dv-neutron-822096-6-hyperv neutron-server[103913]: DEBUG neutron_lib.callbacks.manager [None req-aff7bce1-15c8-43d7-a474-46c9385a9797 tempest-RoutersAdminTest-1647545220 tempest-RoutersAdminTest-1647545220-project] Publish callbacks [] for router_controller (9879fb44-b668-4cdd-9deb-facdb15fa3f9), precommit_add_association {{(pid=103913) _notify_loop /usr/local/lib/python3.8/dist-packages/neutron_lib/callbacks/manager.py:176}}
Jan 11 19:10:53.688874 dv-neutron-822096-6-hyperv neutron-server[103914]: DEBUG neutron.db.provisioning_blocks [None req-652ecf2a-897f-4277-a2fa-5164f0536d88 None None] Provisioning complete for port 69de952e-c57f-4787-bca8-b19a3321990d triggered by entity DHCP. {{(pid=103914) provisioning_complete /opt/stack/neutron/neutron/db/provisioning_blocks.py:139}}
Jan 11 19:10:53.691658 dv-neutron-822096-6-hyperv neutron-server[103914]: DEBUG neutron_lib.callbacks.manager [None req-652ecf2a-897f-4277-a2fa-5164f0536d88 None None] Publish callbacks ['neutron.plugins.ml2.plugin.Ml2Plugin._port_provisioned-921210'] for port (69de952e-c57f-4787-bca8-b19a3321990d), provisioning_complete {{(pid=103914) _notify_loop /usr/local/lib/python3.8/dist-packages/neutron_lib/callbacks/manager.py:176}}
Jan 11 19:10:53.740150 dv-neutron-822096-6-hyperv neutron-server[103912]: DEBUG neutron.db.db_base_plugin_common [None req-f01b788a-b7fd-43a6-ae0a-9e8b3398f816 tempest-FloatingIPAdminTestJSON-1193269963 tempest-FloatingIPAdminTestJSON-1193269963-project-admin] Allocated IP 172.26.7.88 (d8f1703b-56f3-434c-8be1-bfba98e890ef/0d6b863e-d734-4b23-9511-a40a741b66c5/32859c5f-4555-48cb-a0a0-3eb62a05e784) {{(pid=103912) _store_ip_allocation /opt/stack/neutron/neutron/db/db_base_plugin_common.py:131}}
Jan 11 19:10:53.751949 dv-neutron-822096-6-hyperv neutron-server[103913]: DEBUG neutron.db.db_base_plugin_common [req-25978cd8-6c1b-435c-b805-4335823f4ce8 req-add3b826-6781-462e-9a23-4f3fbd64c20a tempest-ServersTestManualDisk-1040402668 tempest-ServersTestManualDisk-1040402668-project] Allocated IP 172.20.0.4 (84beefd1-1506-4e1e-8ecf-bdd5e692586a/5dfa6a37-81fc-4cd5-a371-58c5628c03b8/db8962cb-809a-432b-9e36-7da1cc097fc2) {{(pid=103913) _store_ip_allocation /opt/stack/neutron/neutron/db/db_base_plugin_common.py:131}}
Jan 11 19:10:53.819997 dv-neutron-822096-6-hyperv neutron-server[103914]: DEBUG neutron.plugins.ml2.plugin [None req-652ecf2a-897f-4277-a2fa-5164f0536d88 None None] Port 69de952e-c57f-4787-bca8-b19a3321990d cannot update to ACTIVE because it is not bound. {{(pid=103914) _port_provisioned /opt/stack/neutron/neutron/plugins/ml2/plugin.py:342}}
Jan 11 19:10:53.834245 dv-neutron-822096-6-hyperv neutron-server[103912]: INFO neutron.wsgi [req-0dae5319-4ff5-4d47-9f33-e75934f602ad req-adf18266-d9ba-4fee-8e45-04b0f8d7bb35 tempest-ServersTestManualDisk-1040402668 tempest-ServersTestManualDisk-1040402668-project] 10.222.0.47 "GET /v2.0/ports?device_id=12588adb-8a34-4185-a1a3-bfb677c82495 HTTP/1.1" status: 200 len: 210 time: 0.1196766
Jan 11 19:10:53.834712 dv-neutron-822096-6-hyperv neutron-server[103912]: DEBUG neutron.wsgi [-] (103912) accepted ('10.222.0.47', 44652) {{(pid=103912) server /usr/local/lib/python3.8/dist-packages/eventlet/wsgi.py:1004}}
Jan 11 19:10:53.949834 dv-neutron-822096-6-hyperv neutron-server[103913]: DEBUG neutron_lib.callbacks.manager [None req-9a3d2ff9-7f2a-4ed7-a3aa-805fe1d3f579 tempest-AllowedAddressPairIpV6TestJSON-1278556727 tempest-AllowedAddressPairIpV6TestJSON-1278556727-project] Publish callbacks ['neutron.services.l3_router.l3_router_plugin.L3_NAT_dbonly_mixin._precommit_delete_port_callback-3748909'] for port (69de952e-c57f-4787-bca8-b19a3321990d), precommit_delete {{(pid=103913) _notify_loop /usr/local/lib/python3.8/dist-packages/neutron_lib/callbacks/manager.py:176}}
Jan 11 19:10:53.995100 dv-neutron-822096-6-hyperv neutron-server[103913]: DEBUG neutron.pecan_wsgi.hooks.policy_enforcement [req-414e2214-f857-43dd-8829-5295628b3375 req-f55bdc40-d1b0-4737-8c88-0f327d905772 tempest-ServersTestJSON-1744142569 tempest-ServersTestJSON-1744142569-project] Attributes excluded by policy engine: ['standard_attr_id', 'binding:profile', 'binding:host_id', 'binding:vif_type', 'binding:vif_details'] {{(pid=103913) _exclude_attributes_by_policy /opt/stack/neutron/neutron/pecan_wsgi/hooks/policy_enforcement.py:255}}
Jan 11 19:10:53.997077 dv-neutron-822096-6-hyperv neutron-server[103913]: INFO neutron.wsgi [req-414e2214-f857-43dd-8829-5295628b3375 req-f55bdc40-d1b0-4737-8c88-0f327d905772 tempest-ServersTestJSON-1744142569 tempest-ServersTestJSON-1744142569-project] 10.222.0.47 "GET /v2.0/ports?device_id=280264f8-7aa8-4449-9c18-4fcaac995df4 HTTP/1.1" status: 200 len: 931 time: 0.3871238
Jan 11 19:10:54.104570 dv-neutron-822096-6-hyperv neutron-server[103912]: INFO neutron.wsgi [None req-c53f8525-2989-4c9c-9f82-daa5405018a7 admin admin] 10.222.0.47 "GET /v2.0/security-groups?tenant_id=d134ba48555441149c6b2df1b9f3fab9&name=default HTTP/1.1" status: 200 len: 2995 time: 0.2591770
Jan 11 19:10:54.107033 dv-neutron-822096-6-hyperv neutron-server[103912]: DEBUG neutron.wsgi [-] (103912) accepted ('10.222.0.47', 44660) {{(pid=103912) server /usr/local/lib/python3.8/dist-packages/eventlet/wsgi.py:1004}}
Jan 11 19:10:54.186438 dv-neutron-822096-6-hyperv neutron-server[103912]: DEBUG neutron_lib.callbacks.manager [None req-f01b788a-b7fd-43a6-ae0a-9e8b3398f816 tempest-FloatingIPAdminTestJSON-1193269963 tempest-FloatingIPAdminTestJSON-1193269963-project-admin] Publish callbacks [] for port (32859c5f-4555-48cb-a0a0-3eb62a05e784), precommit_create {{(pid=103912) _notify_loop /usr/local/lib/python3.8/dist-packages/neutron_lib/callbacks/manager.py:176}}
Jan 11 19:10:54.190171 dv-neutron-822096-6-hyperv neutron-server[103912]: DEBUG neutron_lib.callbacks.manager [None req-100723d1-d662-4c21-990a-906b44ce8442 admin admin] Publish callbacks [] for security_group (f87e932d-7e20-4ded-98e7-3e732580e6e6), before_delete {{(pid=103912) _notify_loop /usr/local/lib/python3.8/dist-packages/neutron_lib/callbacks/manager.py:176}}
Jan 11 19:10:54.220409 dv-neutron-822096-6-hyperv neutron-server[103912]: DEBUG neutron_lib.callbacks.manager [None req-100723d1-d662-4c21-990a-906b44ce8442 admin admin] Publish callbacks [] for security_group (f87e932d-7e20-4ded-98e7-3e732580e6e6), precommit_delete {{(pid=103912) _notify_loop /usr/local/lib/python3.8/dist-packages/neutron_lib/callbacks/manager.py:176}}
Jan 11 19:10:54.352265 dv-neutron-822096-6-hyperv neutron-server[103912]: DEBUG neutron_lib.callbacks.manager [None req-f01b788a-b7fd-43a6-ae0a-9e8b3398f816 tempest-FloatingIPAdminTestJSON-1193269963 tempest-FloatingIPAdminTestJSON-1193269963-project-admin] Publish callbacks ['neutron.plugins.ml2.plugin.SecurityGroupServerNotifierRpcMixin._notify_sg_on_port_change-972440', 'neutron.plugins.ml2.ovo_rpc._ObjectChangeHandler.handle_event-11525', 'neutron.api.rpc.agentnotifiers.dhcp_rpc_agent_api.DhcpAgentNotifyAPI._native_event_send_dhcp_notification-4166302', 'neutron.db.l3_dvrscheduler_db._notify_l3_agent_new_port-8751937165294', 'neutron.services.segments.plugin.NovaSegmentNotifier._notify_port_created_or_deleted-260348546'] for port (32859c5f-4555-48cb-a0a0-3eb62a05e784), after_create {{(pid=103912) _notify_loop /usr/local/lib/python3.8/dist-packages/neutron_lib/callbacks/manager.py:176}}
Jan 11 19:10:54.377478 dv-neutron-822096-6-hyperv neutron-server[103913]: DEBUG neutron_lib.callbacks.manager [None req-aff7bce1-15c8-43d7-a474-46c9385a9797 tempest-RoutersAdminTest-1647545220 tempest-RoutersAdminTest-1647545220-project] Publish callbacks [] for router_gateway (9879fb44-b668-4cdd-9deb-facdb15fa3f9), precommit_update {{(pid=103913) _notify_loop /usr/local/lib/python3.8/dist-packages/neutron_lib/callbacks/manager.py:176}}
Jan 11 19:10:54.401904 dv-neutron-822096-6-hyperv neutron-server[103912]: DEBUG neutron_lib.callbacks.manager [None req-100723d1-d662-4c21-990a-906b44ce8442 admin admin] Publish callbacks ['neutron.plugins.ml2.ovo_rpc._ObjectChangeHandler.handle_event-3849558'] for security_group (f87e932d-7e20-4ded-98e7-3e732580e6e6), after_delete {{(pid=103912) _notify_loop /usr/local/lib/python3.8/dist-packages/neutron_lib/callbacks/manager.py:176}}
Jan 11 19:10:54.405408 dv-neutron-822096-6-hyperv neutron-server[103912]: DEBUG neutron_lib.callbacks.manager [None req-100723d1-d662-4c21-990a-906b44ce8442 admin admin] Publish callbacks [] for security_group (None), before_response {{(pid=103912) _notify_loop /usr/local/lib/python3.8/dist-packages/neutron_lib/callbacks/manager.py:176}}
Jan 11 19:10:54.408821 dv-neutron-822096-6-hyperv neutron-server[103912]: INFO neutron.wsgi [None req-100723d1-d662-4c21-990a-906b44ce8442 admin admin] 10.222.0.47 "DELETE /v2.0/security-groups/f87e932d-7e20-4ded-98e7-3e732580e6e6 HTTP/1.1" status: 204 len: 168 time: 0.3008070
Jan 11 19:10:54.414259 dv-neutron-822096-6-hyperv neutron-server[103913]: DEBUG neutron.api.v2.base [req-0135fff6-d177-4469-a820-14310437e56c req-b547a2b0-a235-452a-8d80-cc91302537b9 service neutron] Request body: {'port': {'device_id': '280264f8-7aa8-4449-9c18-4fcaac995df4', 'device_owner': 'compute:nova', 'binding:host_id': 'hv-neutron-8220'}} {{(pid=103913) prepare_request_body /opt/stack/neutron/neutron/api/v2/base.py:729}}
Jan 11 19:10:54.426550 dv-neutron-822096-6-hyperv neutron-server[103913]: DEBUG neutron.plugins.ml2.plugin [None req-9a3d2ff9-7f2a-4ed7-a3aa-805fe1d3f579 tempest-AllowedAddressPairIpV6TestJSON-1278556727 tempest-AllowedAddressPairIpV6TestJSON-1278556727-project] Calling delete_port for 69de952e-c57f-4787-bca8-b19a3321990d owned by {{(pid=103913) delete_port /opt/stack/neutron/neutron/plugins/ml2/plugin.py:2037}}
Jan 11 19:10:54.447554 dv-neutron-822096-6-hyperv neutron-server[103912]: DEBUG neutron.scheduler.dhcp_agent_scheduler [None req-f01b788a-b7fd-43a6-ae0a-9e8b3398f816 tempest-FloatingIPAdminTestJSON-1193269963 tempest-FloatingIPAdminTestJSON-1193269963-project-admin] Network d8f1703b-56f3-434c-8be1-bfba98e890ef is already hosted by enough agents. {{(pid=103912) _get_dhcp_agents_hosting_network /opt/stack/neutron/neutron/scheduler/dhcp_agent_scheduler.py:275}}
Jan 11 19:10:54.454234 dv-neutron-822096-6-hyperv neutron-server[103912]: DEBUG neutron.scheduler.base_scheduler [None req-f01b788a-b7fd-43a6-ae0a-9e8b3398f816 tempest-FloatingIPAdminTestJSON-1193269963 tempest-FloatingIPAdminTestJSON-1193269963-project-admin] Resources bound (agent type, host, resource id): {{(pid=103912) schedule /opt/stack/neutron/neutron/scheduler/base_scheduler.py:57}}
