Dec 24 17:40:20.236264 dv-neutron-822096-4-hyperv neutron-server[109844]: DEBUG neutron.api.v2.base [None req-fbb98132-95dd-4011-8d7b-5c112dd2525b tempest-ExternalNetworksTestJSON-562799913 tempest-ExternalNetworksTestJSON-562799913-project-admin] Request body: {'subnet': {'network_id': '87817d70-4b67-4168-99a4-a2003c4f7e09', 'cidr': '172.20.0.0/28', 'ip_version': 4, 'gateway_ip': '172.20.0.1', 'enable_dhcp': False}} {{(pid=109844) prepare_request_body /opt/stack/neutron/neutron/api/v2/base.py:729}}
Dec 24 17:40:20.247596 dv-neutron-822096-4-hyperv neutron-server[109844]: DEBUG neutron.api.rpc.handlers.resources_rpc [None req-d758f637-0de7-4991-9bd4-e35dec9dbe0b tempest-ExternalNetworksTestJSON-562799913 tempest-ExternalNetworksTestJSON-562799913-project-admin] Pushing event updated for resources: {'Network': ['ID=87817d70-4b67-4168-99a4-a2003c4f7e09,revision_number=1']} {{(pid=109844) push /opt/stack/neutron/neutron/api/rpc/handlers/resources_rpc.py:237}}
Dec 24 17:40:20.288103 dv-neutron-822096-4-hyperv neutron-server[109845]: DEBUG neutron.plugins.ml2.rpc [None req-fd9760d8-b269-427e-bc74-5ba9ce62e445 None None] Network 87817d70-4b67-4168-99a4-a2003c4f7e09 details requested by agent ovs-agent-dv-neutron-822096-4-hyperv with host dv-neutron-822096-4-hyperv {{(pid=109845) get_network_details /opt/stack/neutron/neutron/plugins/ml2/rpc.py:248}}
Dec 24 17:40:20.334957 dv-neutron-822096-4-hyperv neutron-server[109845]: DEBUG neutron.db.provisioning_blocks [None req-dd5bedb4-9bde-47e2-8a0f-a73bb86fd1fc None None] Provisioning complete for port 672c8c4d-6ee5-44fc-9835-da9d994509f9 triggered by entity DHCP. {{(pid=109845) provisioning_complete /opt/stack/neutron/neutron/db/provisioning_blocks.py:139}}
Dec 24 17:40:20.335331 dv-neutron-822096-4-hyperv neutron-server[109845]: DEBUG neutron_lib.callbacks.manager [None req-dd5bedb4-9bde-47e2-8a0f-a73bb86fd1fc None None] Publish callbacks ['neutron.plugins.ml2.plugin.Ml2Plugin._port_provisioned-33250601'] for port, provisioning_complete {{(pid=109845) _notify_loop /usr/local/lib/python3.8/dist-packages/neutron_lib/callbacks/manager.py:175}}
Dec 24 17:40:20.364210 dv-neutron-822096-4-hyperv neutron-server[109843]: DEBUG neutron.wsgi [-] (109843) accepted ('10.222.0.47', 43752) {{(pid=109843) server /usr/local/lib/python3.8/dist-packages/eventlet/wsgi.py:1004}}
Dec 24 17:40:20.386083 dv-neutron-822096-4-hyperv neutron-server[109845]: DEBUG neutron.plugins.ml2.plugin [None req-dd5bedb4-9bde-47e2-8a0f-a73bb86fd1fc None None] Port 672c8c4d-6ee5-44fc-9835-da9d994509f9 cannot update to ACTIVE because it is not bound. {{(pid=109845) _port_provisioned /opt/stack/neutron/neutron/plugins/ml2/plugin.py:342}}
Dec 24 17:40:20.495301 dv-neutron-822096-4-hyperv neutron-server[109844]: DEBUG neutron_lib.callbacks.manager [None req-c879013a-95bf-4977-a53d-4abeb01a51ba admin admin] Publish callbacks [] for port, precommit_update {{(pid=109844) _notify_loop /usr/local/lib/python3.8/dist-packages/neutron_lib/callbacks/manager.py:175}}
Dec 24 17:40:20.505348 dv-neutron-822096-4-hyperv neutron-server[109844]: DEBUG neutron_lib.callbacks.manager [None req-c879013a-95bf-4977-a53d-4abeb01a51ba admin admin] Publish callbacks ['neutron.plugins.ml2.plugin.SecurityGroupServerNotifierRpcMixin._notify_sg_on_port_change-33095083', 'neutron.plugins.ml2.ovo_rpc._ObjectChangeHandler.handle_event-370711', 'neutron.api.rpc.agentnotifiers.dhcp_rpc_agent_api.DhcpAgentNotifyAPI._native_event_send_dhcp_notification-560646', 'neutron.db.l3_db.L3RpcNotifierMixin._notify_gateway_port_ip_changed-8729034395185', 'neutron.db.l3_dvrscheduler_db._notify_l3_agent_port_update-8729033824386', 'neutron.db.l3_hascheduler_db._notify_l3_agent_ha_port_update-8729033824404', 'neutron.services.segments.plugin.NovaSegmentNotifier._notify_port_updated-3893500'] for port, after_update {{(pid=109844) _notify_loop /usr/local/lib/python3.8/dist-packages/neutron_lib/callbacks/manager.py:175}}
Dec 24 17:40:20.514823 dv-neutron-822096-4-hyperv neutron-server[109844]: DEBUG neutron.pecan_wsgi.hooks.quota_enforcement [None req-fbb98132-95dd-4011-8d7b-5c112dd2525b tempest-ExternalNetworksTestJSON-562799913 tempest-ExternalNetworksTestJSON-562799913-project-admin] Made reservation on behalf of db0e5ab127224aaa8486a9f2630be9b8 for: {'subnet': 1} {{(pid=109844) before /opt/stack/neutron/neutron/pecan_wsgi/hooks/quota_enforcement.py:53}}
Dec 24 17:40:20.517169 dv-neutron-822096-4-hyperv neutron-server[109844]: DEBUG neutron_lib.callbacks.manager [None req-fbb98132-95dd-4011-8d7b-5c112dd2525b tempest-ExternalNetworksTestJSON-562799913 tempest-ExternalNetworksTestJSON-562799913-project-admin] Publish callbacks ['neutron.services.segments.plugin.SegmentHostRoutes.host_routes_before_create-3421796'] for subnet, before_create {{(pid=109844) _notify_loop /usr/local/lib/python3.8/dist-packages/neutron_lib/callbacks/manager.py:175}}
Dec 24 17:40:20.544138 dv-neutron-822096-4-hyperv neutron-server[109845]: DEBUG neutron.db.provisioning_blocks [None req-dd5bedb4-9bde-47e2-8a0f-a73bb86fd1fc None None] Provisioning complete for port 1faddbdb-01ac-4356-8f47-edf7ca359955 triggered by entity DHCP. {{(pid=109845) provisioning_complete /opt/stack/neutron/neutron/db/provisioning_blocks.py:139}}
Dec 24 17:40:20.545408 dv-neutron-822096-4-hyperv neutron-server[109845]: DEBUG neutron_lib.callbacks.manager [None req-dd5bedb4-9bde-47e2-8a0f-a73bb86fd1fc None None] Publish callbacks ['neutron.plugins.ml2.plugin.Ml2Plugin._port_provisioned-33250601'] for port, provisioning_complete {{(pid=109845) _notify_loop /usr/local/lib/python3.8/dist-packages/neutron_lib/callbacks/manager.py:175}}
Dec 24 17:40:20.584332 dv-neutron-822096-4-hyperv neutron-server[109845]: DEBUG neutron.plugins.ml2.rpc [None req-fd9760d8-b269-427e-bc74-5ba9ce62e445 None None] Device 804e9e89-d669-4e9c-bf0d-d2a7cfa1d08c up at agent ovs-agent-dv-neutron-822096-4-hyperv {{(pid=109845) update_device_up /opt/stack/neutron/neutron/plugins/ml2/rpc.py:296}}
Dec 24 17:40:20.647191 dv-neutron-822096-4-hyperv neutron-server[109845]: DEBUG neutron.db.l3_hamode_db [None req-e88c4ebf-4b16-4e9f-b423-56d73030ee6c None None] neutron.services.l3_router.l3_router_plugin.L3RouterPlugin method _process_sync_ha_data called with arguments (, [{'id': '863a32be-b2cc-4178-b4c6-3c158a19691c', 'name': 'tempest-ServersTestManualDisk-686312167-router', 'tenant_id': 'e9d8cfb04bba4ae0879dcd47dc2fe97c', 'admin_state_up': True, 'status': 'ACTIVE', 'external_gateway_info': {'network_id': '9d5402e2-1b0d-4e60-80a0-c96f3678e15b', 'external_fixed_ips': [{'subnet_id': 'd695e46b-fa18-4971-9dae-ee6ebce8126e', 'ip_address': '172.26.8.108'}], 'enable_snat': True}, 'gw_port_id': '01ec5e0f-5e68-4e56-b454-4bcaecd8f2db', 'description': '', 'availability_zones': ['nova'], 'distributed': False, 'ha': False, 'ha_vr_id': 0, 'availability_zone_hints': [], 'routes': [], 'flavor_id': None, 'tags': [], 'created_at': '2021-12-24T17:40:12Z', 'updated_at': '2021-12-24T17:40:15Z', 'revision_number': 3, 'project_id': 'e9d8cfb04bba4ae0879dcd47dc2fe97c', 'gw_port': {'id': '01ec5e0f-5e68-4e56-b454-4bcaecd8f2db', 'name': '', 'network_id': '9d5402e2-1b0d-4e60-80a0-c96f3678e15b', 'tenant_id': '', 'mac_address': 'fa:16:3e:f0:cd:79', 'admin_state_up': True, 'status': 'DOWN', 'device_id': '863a32be-b2cc-4178-b4c6-3c158a19691c', 'device_owner': 'network:router_gateway', 'standard_attr_id': 75, 'fixed_ips': [{'subnet_id': 'd695e46b-fa18-4971-9dae-ee6ebce8126e', 'ip_address': '172.26.8.108', 'prefixlen': 24}], 'allowed_address_pairs': [], 'extra_dhcp_opts': [], 'security_groups': [], 'description': '', 'binding:vnic_type': 'normal', 'binding:profile': {}, 'binding:host_id': 'dv-neutron-822096-4-hyperv', 'binding:vif_type': 'ovs', 'binding:vif_details': {'connectivity': 'l2', 'port_filter': True, 'ovs_hybrid_plug': False, 'datapath_type': 'system', 'bridge_name': 'br-int'}, 'port_security_enabled': False, 'tags': [], 'created_at': '2021-12-24T17:40:13Z', 'updated_at': '2021-12-24T17:40:19Z', 'revision_number': 3, 'project_id': '', 'subnets': [{'id': 'd695e46b-fa18-4971-9dae-ee6ebce8126e', 'cidr': '172.26.8.0/24', 'gateway_ip': '172.26.8.1', 'dns_nameservers': [], 'ipv6_ra_mode': None, 'subnetpool_id': None}], 'extra_subnets': [], 'address_scopes': {4: None, 6: None}, 'mtu': 1500}, 'enable_snat': True, 'gw_port_host': 'dv-neutron-822096-4-hyperv'}], 'dv-neutron-822096-4-hyperv', False) {} {{(pid=109845) wrapper /usr/local/lib/python3.8/dist-packages/oslo_log/helpers.py:65}}
Dec 24 17:40:20.659857 dv-neutron-822096-4-hyperv neutron-server[109843]: DEBUG neutron_lib.callbacks.manager [None req-ef8faaac-ba64-44e2-8bef-8fefa6d935b2 tempest-DHCPAgentSchedulersTestJSON-210918118 tempest-DHCPAgentSchedulersTestJSON-210918118-project] Publish callbacks [] for port, precommit_create {{(pid=109843) _notify_loop /usr/local/lib/python3.8/dist-packages/neutron_lib/callbacks/manager.py:175}}
Dec 24 17:40:20.662386 dv-neutron-822096-4-hyperv neutron-server[109843]: DEBUG neutron_lib.callbacks.manager [None req-3435a645-487e-4d0b-92f6-e0b5dd3ce73c admin admin] Publish callbacks [] for security_group, before_create {{(pid=109843) _notify_loop /usr/local/lib/python3.8/dist-packages/neutron_lib/callbacks/manager.py:175}}
Dec 24 17:40:20.679750 dv-neutron-822096-4-hyperv neutron-server[109844]: DEBUG neutron.api.rpc.handlers.resources_rpc [None req-c879013a-95bf-4977-a53d-4abeb01a51ba admin admin] Pushing event updated for resources: {'Port': ['ID=672c8c4d-6ee5-44fc-9835-da9d994509f9,revision_number=2']} {{(pid=109844) push /opt/stack/neutron/neutron/api/rpc/handlers/resources_rpc.py:237}}
Dec 24 17:40:20.687204 dv-neutron-822096-4-hyperv neutron-server[109845]: DEBUG neutron.api.rpc.handlers.l3_rpc [None req-e88c4ebf-4b16-4e9f-b423-56d73030ee6c None None] The sync data for ids ['863a32be-b2cc-4178-b4c6-3c158a19691c'] in dv-neutron-822096-4-hyperv is: [{'id': '863a32be-b2cc-4178-b4c6-3c158a19691c', 'name': 'tempest-ServersTestManualDisk-686312167-router', 'tenant_id': 'e9d8cfb04bba4ae0879dcd47dc2fe97c', 'admin_state_up': True, 'status': 'ACTIVE', 'external_gateway_info': {'network_id': '9d5402e2-1b0d-4e60-80a0-c96f3678e15b', 'external_fixed_ips': [{'subnet_id': 'd695e46b-fa18-4971-9dae-ee6ebce8126e', 'ip_address': '172.26.8.108'}], 'enable_snat': True}, 'gw_port_id': '01ec5e0f-5e68-4e56-b454-4bcaecd8f2db', 'description': '', 'availability_zones': ['nova'], 'distributed': False, 'ha': False, 'ha_vr_id': 0, 'availability_zone_hints': [], 'routes': [], 'flavor_id': None, 'tags': [], 'created_at': '2021-12-24T17:40:12Z', 'updated_at': '2021-12-24T17:40:15Z', 'revision_number': 3, 'project_id': 'e9d8cfb04bba4ae0879dcd47dc2fe97c', 'gw_port': {'id': '01ec5e0f-5e68-4e56-b454-4bcaecd8f2db', 'name': '', 'network_id': '9d5402e2-1b0d-4e60-80a0-c96f3678e15b', 'tenant_id': '', 'mac_address': 'fa:16:3e:f0:cd:79', 'admin_state_up': True, 'status': 'DOWN', 'device_id': '863a32be-b2cc-4178-b4c6-3c158a19691c', 'device_owner': 'network:router_gateway', 'standard_attr_id': 75, 'fixed_ips': [{'subnet_id': 'd695e46b-fa18-4971-9dae-ee6ebce8126e', 'ip_address': '172.26.8.108', 'prefixlen': 24}], 'allowed_address_pairs': [], 'extra_dhcp_opts': [], 'security_groups': [], 'description': '', 'binding:vnic_type': 'normal', 'binding:profile': {}, 'binding:host_id': 'dv-neutron-822096-4-hyperv', 'binding:vif_type': 'ovs', 'binding:vif_details': {'connectivity': 'l2', 'port_filter': True, 'ovs_hybrid_plug': False, 'datapath_type': 'system', 'bridge_name': 'br-int'}, 'port_security_enabled': False, 'tags': [], 'created_at': '2021-12-24T17:40:13Z', 'updated_at': '2021-12-24T17:40:19Z', 'revision_number': 3, 'project_id': '', 'subnets': [{'id': 'd695e46b-fa18-4971-9dae-ee6ebce8126e', 'cidr': '172.26.8.0/24', 'gateway_ip': '172.26.8.1', 'dns_nameservers': [], 'ipv6_ra_mode': None, 'subnetpool_id': None}], 'extra_subnets': [], 'address_scopes': {4: None, 6: None}, 'mtu': 1500}, 'enable_snat': True, 'gw_port_host': 'dv-neutron-822096-4-hyperv'}] {{(pid=109845) sync_routers /opt/stack/neutron/neutron/api/rpc/handlers/l3_rpc.py:137}}
Dec 24 17:40:20.690285 dv-neutron-822096-4-hyperv neutron-server[109844]: DEBUG neutron_lib.callbacks.manager [None req-c879013a-95bf-4977-a53d-4abeb01a51ba admin admin] Publish callbacks ['neutron.api.rpc.agentnotifiers.dhcp_rpc_agent_api.DhcpAgentNotifyAPI._after_router_interface_created-560664', 'neutron.services.l3_router.l3_router_plugin.DVRResourceOperationHandler._update_snat_v6_addrs_after_intf_update-580083'] for router_interface, after_create {{(pid=109844) _notify_loop /usr/local/lib/python3.8/dist-packages/neutron_lib/callbacks/manager.py:175}}
Dec 24 17:40:20.717127 dv-neutron-822096-4-hyperv neutron-server[109843]: DEBUG neutron.pecan_wsgi.hooks.quota_enforcement [None req-3d1e9705-bee8-492f-8846-ca939b182ee8 tempest-BulkNetworkOpsTest-1341944513 tempest-BulkNetworkOpsTest-1341944513-project] Made reservation on behalf of ab093036ce12475d8ea9217b127821cb for: {'port': 2} {{(pid=109843) before /opt/stack/neutron/neutron/pecan_wsgi/hooks/quota_enforcement.py:53}}
Dec 24 17:40:20.721952 dv-neutron-822096-4-hyperv neutron-server[109843]: DEBUG neutron_lib.callbacks.manager [None req-3d1e9705-bee8-492f-8846-ca939b182ee8 tempest-BulkNetworkOpsTest-1341944513 tempest-BulkNetworkOpsTest-1341944513-project] Publish callbacks ['neutron.plugins.ml2.plugin.SecurityGroupDbMixin._ensure_default_security_group_handler-33095148'] for port, before_create {{(pid=109843) _notify_loop /usr/local/lib/python3.8/dist-packages/neutron_lib/callbacks/manager.py:175}}
Dec 24 17:40:20.751227 dv-neutron-822096-4-hyperv neutron-server[109845]: DEBUG neutron_lib.callbacks.manager [None req-dd5bedb4-9bde-47e2-8a0f-a73bb86fd1fc None None] Publish callbacks ['neutron.plugins.ml2.plugin.SecurityGroupDbMixin._ensure_default_security_group_handler-33095148'] for port, before_update {{(pid=109845) _notify_loop /usr/local/lib/python3.8/dist-packages/neutron_lib/callbacks/manager.py:175}}
Dec 24 17:40:20.752856 dv-neutron-822096-4-hyperv neutron-server[109845]: DEBUG neutron.db.provisioning_blocks [None req-fd9760d8-b269-427e-bc74-5ba9ce62e445 None None] Provisioning complete for port 804e9e89-d669-4e9c-bf0d-d2a7cfa1d08c triggered by entity L2. {{(pid=109845) provisioning_complete /opt/stack/neutron/neutron/db/provisioning_blocks.py:139}}
Dec 24 17:40:20.753288 dv-neutron-822096-4-hyperv neutron-server[109845]: DEBUG neutron_lib.callbacks.manager [None req-fd9760d8-b269-427e-bc74-5ba9ce62e445 None None] Publish callbacks ['neutron.plugins.ml2.plugin.Ml2Plugin._port_provisioned-33250601'] for port, provisioning_complete {{(pid=109845) _notify_loop /usr/local/lib/python3.8/dist-packages/neutron_lib/callbacks/manager.py:175}}
Dec 24 17:40:20.789964 dv-neutron-822096-4-hyperv neutron-server[109843]: DEBUG neutron_lib.callbacks.manager [None req-3d1e9705-bee8-492f-8846-ca939b182ee8 tempest-BulkNetworkOpsTest-1341944513 tempest-BulkNetworkOpsTest-1341944513-project] Publish callbacks ['neutron.plugins.ml2.plugin.SecurityGroupDbMixin._ensure_default_security_group_handler-33095148'] for port, before_create {{(pid=109843) _notify_loop /usr/local/lib/python3.8/dist-packages/neutron_lib/callbacks/manager.py:175}}
Dec 24 17:40:20.853927 dv-neutron-822096-4-hyperv neutron-server[109845]: DEBUG neutron.plugins.ml2.db [None req-dd5bedb4-9bde-47e2-8a0f-a73bb86fd1fc None None] For port 1faddbdb-01ac-4356-8f47-edf7ca359955, host dv-neutron-822096-4-hyperv, got binding levels [PortBindingLevel(driver='openvswitch',host='dv-neutron-822096-4-hyperv',level=0,port_id=1faddbdb-01ac-4356-8f47-edf7ca359955,segment=NetworkSegment(d030da8c-19c7-46e7-99d1-2c85669a6d38),segment_id=d030da8c-19c7-46e7-99d1-2c85669a6d38)] {{(pid=109845) get_binding_level_objs /opt/stack/neutron/neutron/plugins/ml2/db.py:74}}
Dec 24 17:40:20.866351 dv-neutron-822096-4-hyperv neutron-server[109845]: DEBUG neutron_lib.callbacks.manager [None req-dd5bedb4-9bde-47e2-8a0f-a73bb86fd1fc None None] Publish callbacks ['neutron.plugins.ml2.plugin.SecurityGroupServerNotifierRpcMixin._notify_sg_on_port_change-33095083', 'neutron.plugins.ml2.ovo_rpc._ObjectChangeHandler.handle_event-370711', 'neutron.api.rpc.agentnotifiers.dhcp_rpc_agent_api.DhcpAgentNotifyAPI._native_event_send_dhcp_notification-560646', 'neutron.db.l3_db.L3RpcNotifierMixin._notify_gateway_port_ip_changed-8729034395185', 'neutron.db.l3_dvrscheduler_db._notify_l3_agent_port_update-8729033824386', 'neutron.db.l3_hascheduler_db._notify_l3_agent_ha_port_update-8729033824404'] for port, after_update {{(pid=109845) _notify_loop /usr/local/lib/python3.8/dist-packages/neutron_lib/callbacks/manager.py:175}}
Dec 24 17:40:20.888107 dv-neutron-822096-4-hyperv neutron-server[109844]: DEBUG neutron.scheduler.dhcp_agent_scheduler [None req-c879013a-95bf-4977-a53d-4abeb01a51ba admin admin] Network 4dfbf7c1-a610-4e83-bed8-814bcfbca0e4 is already hosted by enough agents. {{(pid=109844) _get_dhcp_agents_hosting_network /opt/stack/neutron/neutron/scheduler/dhcp_agent_scheduler.py:275}}
Dec 24 17:40:20.897260 dv-neutron-822096-4-hyperv neutron-server[109844]: DEBUG neutron.scheduler.base_scheduler [None req-c879013a-95bf-4977-a53d-4abeb01a51ba admin admin] Resources bound (agent type, host, resource id): {{(pid=109844) schedule /opt/stack/neutron/neutron/scheduler/base_scheduler.py:57}}
Dec 24 17:40:20.977945 dv-neutron-822096-4-hyperv neutron-server[109845]: DEBUG neutron.api.rpc.handlers.resources_rpc [None req-dd5bedb4-9bde-47e2-8a0f-a73bb86fd1fc None None] Pushing event updated for resources: {'Port': ['ID=1faddbdb-01ac-4356-8f47-edf7ca359955,revision_number=3']} {{(pid=109845) push /opt/stack/neutron/neutron/api/rpc/handlers/resources_rpc.py:237}}
Dec 24 17:40:20.993936 dv-neutron-822096-4-hyperv neutron-server[109845]: DEBUG neutron_lib.callbacks.manager [None req-fd9760d8-b269-427e-bc74-5ba9ce62e445 None None] Publish callbacks ['neutron.plugins.ml2.plugin.SecurityGroupDbMixin._ensure_default_security_group_handler-33095148'] for port, before_update {{(pid=109845) _notify_loop /usr/local/lib/python3.8/dist-packages/neutron_lib/callbacks/manager.py:175}}
Dec 24 17:40:21.013526 dv-neutron-822096-4-hyperv neutron-server[109843]: DEBUG neutron_lib.callbacks.manager [None req-87f05915-529a-448c-93cb-ff45ac3676e5 admin admin] Publish callbacks ['neutron.plugins.ml2.plugin.SecurityGroupDbMixin._ensure_default_security_group_handler-33095148'] for port, before_update {{(pid=109843) _notify_loop /usr/local/lib/python3.8/dist-packages/neutron_lib/callbacks/manager.py:175}}
Dec 24 17:40:21.040918 dv-neutron-822096-4-hyperv neutron-server[109845]: DEBUG neutron.plugins.ml2.db [None req-fd9760d8-b269-427e-bc74-5ba9ce62e445 None None] For port 804e9e89-d669-4e9c-bf0d-d2a7cfa1d08c, host dv-neutron-822096-4-hyperv, got binding levels [PortBindingLevel(driver='openvswitch',host='dv-neutron-822096-4-hyperv',level=0,port_id=804e9e89-d669-4e9c-bf0d-d2a7cfa1d08c,segment=NetworkSegment(2c8ca6e0-5d35-499e-907b-b7e5da55c4da),segment_id=2c8ca6e0-5d35-499e-907b-b7e5da55c4da)] {{(pid=109845) get_binding_level_objs /opt/stack/neutron/neutron/plugins/ml2/db.py:74}}
Dec 24 17:40:21.061886 dv-neutron-822096-4-hyperv neutron-server[109845]: DEBUG neutron_lib.callbacks.manager [None req-fd9760d8-b269-427e-bc74-5ba9ce62e445 None None] Publish callbacks ['neutron.plugins.ml2.plugin.SecurityGroupServerNotifierRpcMixin._notify_sg_on_port_change-33095083', 'neutron.plugins.ml2.ovo_rpc._ObjectChangeHandler.handle_event-370711', 'neutron.api.rpc.agentnotifiers.dhcp_rpc_agent_api.DhcpAgentNotifyAPI._native_event_send_dhcp_notification-560646', 'neutron.db.l3_db.L3RpcNotifierMixin._notify_gateway_port_ip_changed-8729034395185', 'neutron.db.l3_dvrscheduler_db._notify_l3_agent_port_update-8729033824386', 'neutron.db.l3_hascheduler_db._notify_l3_agent_ha_port_update-8729033824404'] for port, after_update {{(pid=109845) _notify_loop /usr/local/lib/python3.8/dist-packages/neutron_lib/callbacks/manager.py:175}}
Dec 24 17:40:21.068501 dv-neutron-822096-4-hyperv neutron-server[109845]: DEBUG neutron.plugins.ml2.rpc [None req-fd9760d8-b269-427e-bc74-5ba9ce62e445 None None] Device 1faddbdb-01ac-4356-8f47-edf7ca359955 up at agent ovs-agent-dv-neutron-822096-4-hyperv {{(pid=109845) update_device_up /opt/stack/neutron/neutron/plugins/ml2/rpc.py:296}}
Dec 24 17:40:21.120490 dv-neutron-822096-4-hyperv neutron-server[109843]: INFO neutron.pecan_wsgi.hooks.translation [None req-94a07b30-d125-4833-b601-6f682bc4004d tempest-ExternalNetworksAdminNegativeTestJSON-1627087267 tempest-ExternalNetworksAdminNegativeTestJSON-1627087267-project-admin] POST failed (client error): There was a conflict when trying to complete your request.
Dec 24 17:40:21.121068 dv-neutron-822096-4-hyperv neutron-server[109843]: DEBUG neutron.pecan_wsgi.hooks.notifier [None req-94a07b30-d125-4833-b601-6f682bc4004d tempest-ExternalNetworksAdminNegativeTestJSON-1627087267 tempest-ExternalNetworksAdminNegativeTestJSON-1627087267-project-admin] No notification will be sent due to unsuccessful status code: 409 {{(pid=109843) after /opt/stack/neutron/neutron/pecan_wsgi/hooks/notifier.py:78}}
Dec 24 17:40:21.197563 dv-neutron-822096-4-hyperv neutron-server[109844]: DEBUG neutron.scheduler.l3_agent_scheduler [None req-c879013a-95bf-4977-a53d-4abeb01a51ba admin admin] Router 863a32be-b2cc-4178-b4c6-3c158a19691c has already been hosted by L3 agent 11632627-c9ac-4d58-a43a-0b437a709224 {{(pid=109844) _get_candidates /opt/stack/neutron/neutron/scheduler/l3_agent_scheduler.py:126}}
Dec 24 17:40:21.224662 dv-neutron-822096-4-hyperv neutron-server[109845]: DEBUG neutron.db.provisioning_blocks [None req-1c58f9ce-5988-4129-a8e0-6932a78f03a7 None None] Provisioning complete for port 1faddbdb-01ac-4356-8f47-edf7ca359955 triggered by entity DHCP. {{(pid=109845) provisioning_complete /opt/stack/neutron/neutron/db/provisioning_blocks.py:139}}
Dec 24 17:40:21.225030 dv-neutron-822096-4-hyperv neutron-server[109845]: DEBUG neutron_lib.callbacks.manager [None req-1c58f9ce-5988-4129-a8e0-6932a78f03a7 None None] Publish callbacks ['neutron.plugins.ml2.plugin.Ml2Plugin._port_provisioned-33250601'] for port, provisioning_complete {{(pid=109845) _notify_loop /usr/local/lib/python3.8/dist-packages/neutron_lib/callbacks/manager.py:175}}
Dec 24 17:40:21.293759 dv-neutron-822096-4-hyperv neutron-server[109843]: DEBUG neutron_lib.callbacks.manager [None req-ef8faaac-ba64-44e2-8bef-8fefa6d935b2 tempest-DHCPAgentSchedulersTestJSON-210918118 tempest-DHCPAgentSchedulersTestJSON-210918118-project] Publish callbacks ['neutron.plugins.ml2.plugin.SecurityGroupServerNotifierRpcMixin._notify_sg_on_port_change-33095083', 'neutron.plugins.ml2.ovo_rpc._ObjectChangeHandler.handle_event-370711', 'neutron.api.rpc.agentnotifiers.dhcp_rpc_agent_api.DhcpAgentNotifyAPI._native_event_send_dhcp_notification-560646', 'neutron.db.l3_dvrscheduler_db._notify_l3_agent_new_port-8729033824368', 'neutron.services.segments.plugin.NovaSegmentNotifier._notify_port_created_or_deleted-3372154'] for port, after_create {{(pid=109843) _notify_loop /usr/local/lib/python3.8/dist-packages/neutron_lib/callbacks/manager.py:175}}
Dec 24 17:40:21.309433 dv-neutron-822096-4-hyperv neutron-server[109845]: DEBUG neutron.api.rpc.handlers.resources_rpc [None req-fd9760d8-b269-427e-bc74-5ba9ce62e445 None None] Pushing event updated for resources: {'Port': ['ID=804e9e89-d669-4e9c-bf0d-d2a7cfa1d08c,revision_number=4']} {{(pid=109845) push /opt/stack/neutron/neutron/api/rpc/handlers/resources_rpc.py:237}}
Dec 24 17:40:21.333427 dv-neutron-822096-4-hyperv neutron-server[109843]: INFO neutron.wsgi [None req-94a07b30-d125-4833-b601-6f682bc4004d tempest-ExternalNetworksAdminNegativeTestJSON-1627087267 tempest-ExternalNetworksAdminNegativeTestJSON-1627087267-project-admin] 10.222.0.47 "POST /v2.0/ports HTTP/1.1" status: 409 len: 372 time: 3.7121596
Dec 24 17:40:21.334719 dv-neutron-822096-4-hyperv neutron-server[109845]: DEBUG neutron.db.provisioning_blocks [None req-fd9760d8-b269-427e-bc74-5ba9ce62e445 None None] Provisioning complete for port 1faddbdb-01ac-4356-8f47-edf7ca359955 triggered by entity L2. {{(pid=109845) provisioning_complete /opt/stack/neutron/neutron/db/provisioning_blocks.py:139}}
Dec 24 17:40:21.335277 dv-neutron-822096-4-hyperv neutron-server[109845]: DEBUG neutron_lib.callbacks.manager [None req-fd9760d8-b269-427e-bc74-5ba9ce62e445 None None] Publish callbacks ['neutron.plugins.ml2.plugin.Ml2Plugin._port_provisioned-33250601'] for port, provisioning_complete {{(pid=109845) _notify_loop /usr/local/lib/python3.8/dist-packages/neutron_lib/callbacks/manager.py:175}}
Dec 24 17:40:21.353713 dv-neutron-822096-4-hyperv neutron-server[109843]: DEBUG neutron.wsgi [-] (109843) accepted ('10.222.0.47', 43754) {{(pid=109843) server /usr/local/lib/python3.8/dist-packages/eventlet/wsgi.py:1004}}
Dec 24 17:40:21.395341 dv-neutron-822096-4-hyperv neutron-server[109844]: DEBUG neutron.api.rpc.agentnotifiers.l3_rpc_agent_api [None req-c879013a-95bf-4977-a53d-4abeb01a51ba admin admin] Notify agent at l3_agent.dv-neutron-822096-4-hyperv the message routers_updated {{(pid=109844) _agent_notification /opt/stack/neutron/neutron/api/rpc/agentnotifiers/l3_rpc_agent_api.py:65}}
Dec 24 17:40:21.409318 dv-neutron-822096-4-hyperv neutron-server[109844]: INFO neutron.wsgi [None req-c879013a-95bf-4977-a53d-4abeb01a51ba admin admin] 10.222.0.47 "PUT /v2.0/routers/863a32be-b2cc-4178-b4c6-3c158a19691c/add_router_interface HTTP/1.1" status: 200 len: 503 time: 4.1302161
Dec 24 17:40:21.451597 dv-neutron-822096-4-hyperv neutron-server[109844]: DEBUG neutron.objects.ports [None req-fbb98132-95dd-4011-8d7b-5c112dd2525b tempest-ExternalNetworksTestJSON-562799913 tempest-ExternalNetworksTestJSON-562799913-project-admin] Time-cost: Fetching 0 ports in 0 security groups {{(pid=109844) get_objects /opt/stack/neutron/neutron/objects/ports.py:462}}
Dec 24 17:40:21.452122 dv-neutron-822096-4-hyperv neutron-server[109844]: DEBUG neutron_lib.callbacks.manager [None req-fbb98132-95dd-4011-8d7b-5c112dd2525b tempest-ExternalNetworksTestJSON-562799913 tempest-ExternalNetworksTestJSON-562799913-project-admin] Publish callbacks ['neutron.plugins.ml2.ovo_rpc._ObjectChangeHandler.handle_event-552870', 'neutron.api.rpc.agentnotifiers.dhcp_rpc_agent_api.DhcpAgentNotifyAPI._native_event_send_dhcp_notification-560646', 'neutron.services.segments.plugin.NovaSegmentNotifier._notify_subnet_created-3893353', 'neutron.services.segments.plugin.SegmentHostRoutes.host_routes_after_create-3421814'] for subnet, after_create {{(pid=109844) _notify_loop /usr/local/lib/python3.8/dist-packages/neutron_lib/callbacks/manager.py:175}}
Dec 24 17:40:21.516963 dv-neutron-822096-4-hyperv neutron-server[109844]: DEBUG neutron.api.rpc.handlers.resources_rpc [None req-fbb98132-95dd-4011-8d7b-5c112dd2525b tempest-ExternalNetworksTestJSON-562799913 tempest-ExternalNetworksTestJSON-562799913-project-admin] Pushing event updated for resources: {'Subnet': ['ID=cc7f29bd-1e64-4477-9c0a-754d1494e1d3,revision_number=0']} {{(pid=109844) push /opt/stack/neutron/neutron/api/rpc/handlers/resources_rpc.py:237}}
Dec 24 17:40:21.524797 dv-neutron-822096-4-hyperv neutron-server[109844]: DEBUG neutron.plugins.ml2.drivers.mech_agent [None req-fbb98132-95dd-4011-8d7b-5c112dd2525b tempest-ExternalNetworksTestJSON-562799913 tempest-ExternalNetworksTestJSON-562799913-project-admin] Checking segment: {'id': 'dd46fccb-7788-43e7-bb08-aac93e763129', 'network_type': 'vlan', 'physical_network': 'physnet1', 'segmentation_id': 219, 'network_id': '87817d70-4b67-4168-99a4-a2003c4f7e09'} for mappings: {'physnet1': 'br-data'} with network types: ['local', 'flat', 'vlan'] {{(pid=109844) check_segment_for_agent /opt/stack/neutron/neutron/plugins/ml2/drivers/mech_agent.py:371}}
Dec 24 17:40:21.525147 dv-neutron-822096-4-hyperv neutron-server[109844]: DEBUG neutron.scheduler.dhcp_agent_scheduler [None req-fbb98132-95dd-4011-8d7b-5c112dd2525b tempest-ExternalNetworksTestJSON-562799913 tempest-ExternalNetworksTestJSON-562799913-project-admin] Network hostable DHCP agents. Network: 87817d70-4b67-4168-99a4-a2003c4f7e09, hostable agents: ['10247b98-a41a-4a12-b21d-ebc007375eab'], hosted agents: [] {{(pid=109844) _get_network_hostable_dhcp_agents /opt/stack/neutron/neutron/scheduler/dhcp_agent_scheduler.py:329}}
Dec 24 17:40:21.559656 dv-neutron-822096-4-hyperv neutron-server[109844]: DEBUG neutron.scheduler.dhcp_agent_scheduler [None req-fbb98132-95dd-4011-8d7b-5c112dd2525b tempest-ExternalNetworksTestJSON-562799913 tempest-ExternalNetworksTestJSON-562799913-project-admin] Network 87817d70-4b67-4168-99a4-a2003c4f7e09 is scheduled to be hosted by DHCP agent 10247b98-a41a-4a12-b21d-ebc007375eab with binding_index 1 {{(pid=109844) bind /opt/stack/neutron/neutron/scheduler/dhcp_agent_scheduler.py:227}}
Dec 24 17:40:21.576080 dv-neutron-822096-4-hyperv neutron-server[109844]: DEBUG neutron.scheduler.base_scheduler [None req-fbb98132-95dd-4011-8d7b-5c112dd2525b tempest-ExternalNetworksTestJSON-562799913 tempest-ExternalNetworksTestJSON-562799913-project-admin] Resources bound (agent type, host, resource id): (DHCP agent, dv-neutron-822096-4-hyperv, 87817d70-4b67-4168-99a4-a2003c4f7e09) {{(pid=109844) schedule /opt/stack/neutron/neutron/scheduler/base_scheduler.py:57}}
Dec 24 17:40:21.579952 dv-neutron-822096-4-hyperv neutron-server[109845]: DEBUG neutron.db.provisioning_blocks [None req-c0a52263-3453-4c51-902b-e9ed43160716 None None] Provisioning complete for port 672c8c4d-6ee5-44fc-9835-da9d994509f9 triggered by entity DHCP. {{(pid=109845) provisioning_complete /opt/stack/neutron/neutron/db/provisioning_blocks.py:139}}
Dec 24 17:40:21.580292 dv-neutron-822096-4-hyperv neutron-server[109845]: DEBUG neutron_lib.callbacks.manager [None req-c0a52263-3453-4c51-902b-e9ed43160716 None None] Publish callbacks ['neutron.plugins.ml2.plugin.Ml2Plugin._port_provisioned-33250601'] for port, provisioning_complete {{(pid=109845) _notify_loop /usr/local/lib/python3.8/dist-packages/neutron_lib/callbacks/manager.py:175}}
Dec 24 17:40:21.580885 dv-neutron-822096-4-hyperv neutron-server[109844]: DEBUG neutron.pecan_wsgi.hooks.policy_enforcement [None req-fbb98132-95dd-4011-8d7b-5c112dd2525b tempest-ExternalNetworksTestJSON-562799913 tempest-ExternalNetworksTestJSON-562799913-project-admin] Attributes excluded by policy engine: ['standard_attr_id', 'shared', 'segment_id', 'network'] {{(pid=109844) _exclude_attributes_by_policy /opt/stack/neutron/neutron/pecan_wsgi/hooks/policy_enforcement.py:255}}
Dec 24 17:40:21.581641 dv-neutron-822096-4-hyperv neutron-server[109844]: DEBUG neutron_lib.callbacks.manager [None req-fbb98132-95dd-4011-8d7b-5c112dd2525b tempest-ExternalNetworksTestJSON-562799913 tempest-ExternalNetworksTestJSON-562799913-project-admin] Publish callbacks ['neutron.api.rpc.agentnotifiers.dhcp_rpc_agent_api.DhcpAgentNotifyAPI._send_dhcp_notification-560884'] for subnet, before_response {{(pid=109844) _notify_loop /usr/local/lib/python3.8/dist-packages/neutron_lib/callbacks/manager.py:175}}
Dec 24 17:40:21.610265 dv-neutron-822096-4-hyperv neutron-server[109844]: INFO neutron.wsgi [None req-fbb98132-95dd-4011-8d7b-5c112dd2525b tempest-ExternalNetworksTestJSON-562799913 tempest-ExternalNetworksTestJSON-562799913-project-admin] 10.222.0.47 "POST /v2.0/subnets HTTP/1.1" status: 201 len: 802 time: 1.3799918
Dec 24 17:40:21.610721 dv-neutron-822096-4-hyperv neutron-server[109844]: DEBUG neutron.wsgi [-] (109844) accepted ('10.222.0.47', 43758) {{(pid=109844) server /usr/local/lib/python3.8/dist-packages/eventlet/wsgi.py:1004}}
Dec 24 17:40:21.615584 dv-neutron-822096-4-hyperv neutron-server[109844]: DEBUG neutron.api.v2.base [None req-e6b77b4b-4750-44b2-bb85-59404879500c tempest-ExternalNetworksTestJSON-562799913 tempest-ExternalNetworksTestJSON-562799913-project-admin] Request body: {'floatingip': {'floating_network_id': '87817d70-4b67-4168-99a4-a2003c4f7e09'}} {{(pid=109844) prepare_request_body /opt/stack/neutron/neutron/api/v2/base.py:729}}
Dec 24 17:40:21.620812 dv-neutron-822096-4-hyperv neutron-server[109845]: DEBUG neutron.api.rpc.handlers.dhcp_rpc [None req-e1f77350-bdc9-4dc8-94ed-d6293998a3cc None None] Network 87817d70-4b67-4168-99a4-a2003c4f7e09 requested from dv-neutron-822096-4-hyperv {{(pid=109845) get_network_info /opt/stack/neutron/neutron/api/rpc/handlers/dhcp_rpc.py:219}}
Dec 24 17:40:21.669303 dv-neutron-822096-4-hyperv neutron-server[109844]: DEBUG neutron_lib.callbacks.manager [None req-e6b77b4b-4750-44b2-bb85-59404879500c tempest-ExternalNetworksTestJSON-562799913 tempest-ExternalNetworksTestJSON-562799913-project-admin] Publish callbacks [] for floatingip, before_create {{(pid=109844) _notify_loop /usr/local/lib/python3.8/dist-packages/neutron_lib/callbacks/manager.py:175}}
Dec 24 17:40:21.705961 dv-neutron-822096-4-hyperv neutron-server[109843]: DEBUG neutron.scheduler.dhcp_agent_scheduler [None req-ef8faaac-ba64-44e2-8bef-8fefa6d935b2 tempest-DHCPAgentSchedulersTestJSON-210918118 tempest-DHCPAgentSchedulersTestJSON-210918118-project] Network 7b4a1865-32ed-427d-b4c6-29074bccc4c1 is already hosted by enough agents. {{(pid=109843) _get_dhcp_agents_hosting_network /opt/stack/neutron/neutron/scheduler/dhcp_agent_scheduler.py:275}}
Dec 24 17:40:21.725707 dv-neutron-822096-4-hyperv neutron-server[109843]: DEBUG neutron_lib.callbacks.manager [None req-4dba1e9b-c26d-4e73-9670-d631fd1b3c1f admin admin] Publish callbacks ['neutron.services.l3_router.l3_router_plugin.L3_HA_NAT_db_mixin._after_router_create-578285', 'neutron.services.l3_router.l3_router_plugin.DVRResourceOperationHandler._create_snat_interfaces_after_change-580284'] for router, after_create {{(pid=109843) _notify_loop /usr/local/lib/python3.8/dist-packages/neutron_lib/callbacks/manager.py:175}}
Dec 24 17:40:21.732780 dv-neutron-822096-4-hyperv neutron-server[109845]: DEBUG neutron.plugins.ml2.plugin [None req-c0a52263-3453-4c51-902b-e9ed43160716 None None] Port 672c8c4d-6ee5-44fc-9835-da9d994509f9 cannot update to ACTIVE because it is not bound. {{(pid=109845) _port_provisioned /opt/stack/neutron/neutron/plugins/ml2/plugin.py:342}}
Dec 24 17:40:21.744712 dv-neutron-822096-4-hyperv neutron-server[109843]: DEBUG neutron.scheduler.base_scheduler [None req-ef8faaac-ba64-44e2-8bef-8fefa6d935b2 tempest-DHCPAgentSchedulersTestJSON-210918118 tempest-DHCPAgentSchedulersTestJSON-210918118-project] Resources bound (agent type, host, resource id): {{(pid=109843) schedule /opt/stack/neutron/neutron/scheduler/base_scheduler.py:57}}
Dec 24 17:40:21.751975 dv-neutron-822096-4-hyperv neutron-server[109843]: DEBUG neutron.notifiers.nova [None req-3d1e9705-bee8-492f-8846-ca939b182ee8 tempest-BulkNetworkOpsTest-1341944513 tempest-BulkNetworkOpsTest-1341944513-project] device_id is not set on port 6ef564d3-050f-4aa4-9b5e-4d1a1dab70bc yet. {{(pid=109843) _can_notify /opt/stack/neutron/neutron/notifiers/nova.py:190}}
Dec 24 17:40:21.793084 dv-neutron-822096-4-hyperv neutron-server[109843]: DEBUG neutron.db.l3_dvrscheduler_db [None req-ef8faaac-ba64-44e2-8bef-8fefa6d935b2 tempest-DHCPAgentSchedulersTestJSON-210918118 tempest-DHCPAgentSchedulersTestJSON-210918118-project] Received port after_create {{(pid=109843) _notify_l3_agent_new_port /opt/stack/neutron/neutron/db/l3_dvrscheduler_db.py:535}}
Dec 24 17:40:21.808198 dv-neutron-822096-4-hyperv neutron-server[109845]: DEBUG neutron.api.rpc.handlers.dhcp_rpc [None req-9c8b7bfd-245d-4a6c-ba2e-1b8c71d27ead None None] Network 87817d70-4b67-4168-99a4-a2003c4f7e09 requested from dv-neutron-822096-4-hyperv {{(pid=109845) get_network_info /opt/stack/neutron/neutron/api/rpc/handlers/dhcp_rpc.py:219}}
Dec 24 17:40:21.834876 dv-neutron-822096-4-hyperv neutron-server[109843]: DEBUG neutron.api.rpc.handlers.resources_rpc [None req-ef8faaac-ba64-44e2-8bef-8fefa6d935b2 tempest-DHCPAgentSchedulersTestJSON-210918118 tempest-DHCPAgentSchedulersTestJSON-210918118-project] Pushing event updated for resources: {'Port': ['ID=3b4bd650-6607-4d32-a231-4699ee9c91c2,revision_number=1']} {{(pid=109843) push /opt/stack/neutron/neutron/api/rpc/handlers/resources_rpc.py:237}}
Dec 24 17:40:21.846789 dv-neutron-822096-4-hyperv neutron-server[109843]: DEBUG neutron_lib.callbacks.manager [None req-3435a645-487e-4d0b-92f6-e0b5dd3ce73c admin admin] Publish callbacks [] for security_group, precommit_create {{(pid=109843) _notify_loop /usr/local/lib/python3.8/dist-packages/neutron_lib/callbacks/manager.py:175}}
Dec 24 17:40:21.928495 dv-neutron-822096-4-hyperv neutron-server[109844]: DEBUG neutron_lib.callbacks.manager [None req-e6b77b4b-4750-44b2-bb85-59404879500c tempest-ExternalNetworksTestJSON-562799913 tempest-ExternalNetworksTestJSON-562799913-project-admin] Publish callbacks ['neutron.plugins.ml2.plugin.SecurityGroupDbMixin._ensure_default_security_group_handler-33095148'] for port, before_create {{(pid=109844) _notify_loop /usr/local/lib/python3.8/dist-packages/neutron_lib/callbacks/manager.py:175}}
Dec 24 17:40:21.969331 dv-neutron-822096-4-hyperv neutron-server[109843]: DEBUG neutron_lib.callbacks.manager [None req-3435a645-487e-4d0b-92f6-e0b5dd3ce73c admin admin] Publish callbacks ['neutron.plugins.ml2.ovo_rpc._ObjectChangeHandler.handle_event-551177'] for security_group, after_create {{(pid=109843) _notify_loop /usr/local/lib/python3.8/dist-packages/neutron_lib/callbacks/manager.py:175}}
Dec 24 17:40:22.082168 dv-neutron-822096-4-hyperv neutron-server[109844]: DEBUG neutron.db.db_base_plugin_common [None req-e6b77b4b-4750-44b2-bb85-59404879500c tempest-ExternalNetworksTestJSON-562799913 tempest-ExternalNetworksTestJSON-562799913-project-admin] Allocated IP 172.20.0.13 (87817d70-4b67-4168-99a4-a2003c4f7e09/cc7f29bd-1e64-4477-9c0a-754d1494e1d3/3c5e71e1-bfde-4bf4-a4f2-7593822d2191) {{(pid=109844) _store_ip_allocation /opt/stack/neutron/neutron/db/db_base_plugin_common.py:131}}
Dec 24 17:40:22.158331 dv-neutron-822096-4-hyperv neutron-server[109845]: DEBUG neutron.db.provisioning_blocks [None req-f52aaae6-b8f1-4478-bcda-4662bdf8cd9e None None] Provisioning complete for port 3b4bd650-6607-4d32-a231-4699ee9c91c2 triggered by entity DHCP. {{(pid=109845) provisioning_complete /opt/stack/neutron/neutron/db/provisioning_blocks.py:139}}
Dec 24 17:40:22.159352 dv-neutron-822096-4-hyperv neutron-server[109845]: DEBUG neutron_lib.callbacks.manager [None req-f52aaae6-b8f1-4478-bcda-4662bdf8cd9e None None] Publish callbacks ['neutron.plugins.ml2.plugin.Ml2Plugin._port_provisioned-33250601'] for port, provisioning_complete {{(pid=109845) _notify_loop /usr/local/lib/python3.8/dist-packages/neutron_lib/callbacks/manager.py:175}}
Dec 24 17:40:22.173228 dv-neutron-822096-4-hyperv neutron-server[109843]: DEBUG neutron.pecan_wsgi.hooks.policy_enforcement [None req-ef8faaac-ba64-44e2-8bef-8fefa6d935b2 tempest-DHCPAgentSchedulersTestJSON-210918118 tempest-DHCPAgentSchedulersTestJSON-210918118-project] Attributes excluded by policy engine: ['standard_attr_id', 'binding:profile', 'binding:host_id', 'binding:vif_type', 'binding:vif_details', 'network'] {{(pid=109843) _exclude_attributes_by_policy /opt/stack/neutron/neutron/pecan_wsgi/hooks/policy_enforcement.py:255}}
Dec 24 17:40:22.174220 dv-neutron-822096-4-hyperv neutron-server[109843]: DEBUG neutron_lib.callbacks.manager [None req-ef8faaac-ba64-44e2-8bef-8fefa6d935b2 tempest-DHCPAgentSchedulersTestJSON-210918118 tempest-DHCPAgentSchedulersTestJSON-210918118-project] Publish callbacks ['neutron.notifiers.nova.Notifier._send_nova_notification-402603', 'neutron.api.rpc.agentnotifiers.dhcp_rpc_agent_api.DhcpAgentNotifyAPI._send_dhcp_notification-560884'] for port, before_response {{(pid=109843) _notify_loop /usr/local/lib/python3.8/dist-packages/neutron_lib/callbacks/manager.py:175}}
Dec 24 17:40:22.186207 dv-neutron-822096-4-hyperv neutron-server[109843]: DEBUG neutron.api.rpc.handlers.resources_rpc [None req-3435a645-487e-4d0b-92f6-e0b5dd3ce73c admin admin] Pushing event updated for resources: {'SecurityGroup': ['ID=2ae08f46-dfb6-48d9-89f0-8d75e20f8fcb,revision_number=1']} {{(pid=109843) push /opt/stack/neutron/neutron/api/rpc/handlers/resources_rpc.py:237}}
Dec 24 17:40:22.203815 dv-neutron-822096-4-hyperv neutron-server[109845]: DEBUG neutron.plugins.ml2.plugin [None req-f52aaae6-b8f1-4478-bcda-4662bdf8cd9e None None] Port 3b4bd650-6607-4d32-a231-4699ee9c91c2 cannot update to ACTIVE because it is not bound. {{(pid=109845) _port_provisioned /opt/stack/neutron/neutron/plugins/ml2/plugin.py:342}}
Dec 24 17:40:22.209328 dv-neutron-822096-4-hyperv neutron-server[109843]: INFO neutron.wsgi [None req-3435a645-487e-4d0b-92f6-e0b5dd3ce73c admin admin] 10.222.0.47 "GET /v2.0/security-groups?tenant_id=efa2797107634f37ac00080fc58109ba&name=default HTTP/1.1" status: 200 len: 2996 time: 1.7712975
Dec 24 17:40:22.220983 dv-neutron-822096-4-hyperv neutron-server[109844]: DEBUG neutron.wsgi [-] (109844) accepted ('10.222.0.47', 43770) {{(pid=109844) server /usr/local/lib/python3.8/dist-packages/eventlet/wsgi.py:1004}}
Dec 24 17:40:22.254645 dv-neutron-822096-4-hyperv neutron-server[109844]: DEBUG neutron_lib.callbacks.manager [None req-e6b77b4b-4750-44b2-bb85-59404879500c tempest-ExternalNetworksTestJSON-562799913 tempest-ExternalNetworksTestJSON-562799913-project-admin] Publish callbacks [] for port, precommit_create {{(pid=109844) _notify_loop /usr/local/lib/python3.8/dist-packages/neutron_lib/callbacks/manager.py:175}}
Dec 24 17:40:22.321239 dv-neutron-822096-4-hyperv neutron-server[109844]: DEBUG neutron_lib.callbacks.manager [None req-b961b3b2-3ba5-4cfe-a1bf-735880375993 admin admin] Publish callbacks [] for security_group, before_delete {{(pid=109844) _notify_loop /usr/local/lib/python3.8/dist-packages/neutron_lib/callbacks/manager.py:175}}
Dec 24 17:40:22.346376 dv-neutron-822096-4-hyperv neutron-server[109844]: DEBUG neutron_lib.callbacks.manager [None req-b961b3b2-3ba5-4cfe-a1bf-735880375993 admin admin] Publish callbacks [] for security_group, precommit_delete {{(pid=109844) _notify_loop /usr/local/lib/python3.8/dist-packages/neutron_lib/callbacks/manager.py:175}}
Dec 24 17:40:22.367645 dv-neutron-822096-4-hyperv neutron-server[109844]: DEBUG neutron_lib.callbacks.manager [None req-e6b77b4b-4750-44b2-bb85-59404879500c tempest-ExternalNetworksTestJSON-562799913 tempest-ExternalNetworksTestJSON-562799913-project-admin] Publish callbacks ['neutron.plugins.ml2.plugin.SecurityGroupServerNotifierRpcMixin._notify_sg_on_port_change-33095083', 'neutron.plugins.ml2.ovo_rpc._ObjectChangeHandler.handle_event-370711', 'neutron.api.rpc.agentnotifiers.dhcp_rpc_agent_api.DhcpAgentNotifyAPI._native_event_send_dhcp_notification-560646', 'neutron.db.l3_dvrscheduler_db._notify_l3_agent_new_port-8729033824368', 'neutron.services.segments.plugin.NovaSegmentNotifier._notify_port_created_or_deleted-3893445'] for port, after_create {{(pid=109844) _notify_loop /usr/local/lib/python3.8/dist-packages/neutron_lib/callbacks/manager.py:175}}
Dec 24 17:40:22.442380 dv-neutron-822096-4-hyperv neutron-server[109844]: DEBUG neutron.scheduler.dhcp_agent_scheduler [None req-e6b77b4b-4750-44b2-bb85-59404879500c tempest-ExternalNetworksTestJSON-562799913 tempest-ExternalNetworksTestJSON-562799913-project-admin] Network 87817d70-4b67-4168-99a4-a2003c4f7e09 is already hosted by enough agents. {{(pid=109844) _get_dhcp_agents_hosting_network /opt/stack/neutron/neutron/scheduler/dhcp_agent_scheduler.py:275}}
Dec 24 17:40:22.448194 dv-neutron-822096-4-hyperv neutron-server[109844]: DEBUG neutron.scheduler.base_scheduler [None req-e6b77b4b-4750-44b2-bb85-59404879500c tempest-ExternalNetworksTestJSON-562799913 tempest-ExternalNetworksTestJSON-562799913-project-admin] Resources bound (agent type, host, resource id): {{(pid=109844) schedule /opt/stack/neutron/neutron/scheduler/base_scheduler.py:57}}
Dec 24 17:40:22.455079 dv-neutron-822096-4-hyperv neutron-server[109844]: DEBUG neutron.db.l3_dvrscheduler_db [None req-e6b77b4b-4750-44b2-bb85-59404879500c tempest-ExternalNetworksTestJSON-562799913 tempest-ExternalNetworksTestJSON-562799913-project-admin] Received port after_create {{(pid=109844) _notify_l3_agent_new_port /opt/stack/neutron/neutron/db/l3_dvrscheduler_db.py:535}}
Dec 24 17:40:22.495682 dv-neutron-822096-4-hyperv neutron-server[109844]: DEBUG neutron.api.rpc.handlers.resources_rpc [None req-e6b77b4b-4750-44b2-bb85-59404879500c tempest-ExternalNetworksTestJSON-562799913 tempest-ExternalNetworksTestJSON-562799913-project-admin] Pushing event updated for resources: {'Port': ['ID=3c5e71e1-bfde-4bf4-a4f2-7593822d2191,revision_number=1']} {{(pid=109844) push /opt/stack/neutron/neutron/api/rpc/handlers/resources_rpc.py:237}}
Dec 24 17:40:22.497069 dv-neutron-822096-4-hyperv neutron-server[109843]: INFO neutron.wsgi [None req-ef8faaac-ba64-44e2-8bef-8fefa6d935b2 tempest-DHCPAgentSchedulersTestJSON-210918118 tempest-DHCPAgentSchedulersTestJSON-210918118-project] 10.222.0.47 "POST /v2.0/ports HTTP/1.1" status: 201 len: 938 time: 5.5362749
Dec 24 17:40:22.498581 dv-neutron-822096-4-hyperv neutron-server[109843]: DEBUG neutron.plugins.ml2.plugin [None req-9d385bab-8cc7-44a4-9388-53e0ae0bd79b tempest-ExternalNetworksAdminNegativeTestJSON-1627087267 tempest-ExternalNetworksAdminNegativeTestJSON-1627087267-project-admin] Deleting port f04821cd-1bb5-46a2-8b86-25ce4e103176 {{(pid=109843) _pre_delete_port /opt/stack/neutron/neutron/plugins/ml2/plugin.py:1959}}
Dec 24 17:40:22.498938 dv-neutron-822096-4-hyperv neutron-server[109843]: DEBUG neutron_lib.callbacks.manager [None req-9d385bab-8cc7-44a4-9388-53e0ae0bd79b tempest-ExternalNetworksAdminNegativeTestJSON-1627087267 tempest-ExternalNetworksAdminNegativeTestJSON-1627087267-project-admin] Publish callbacks ['neutron.db.l3_db.L3_NAT_dbonly_mixin._prevent_l3_port_delete_callback-8729034238796'] for port, before_delete {{(pid=109843) _notify_loop /usr/local/lib/python3.8/dist-packages/neutron_lib/callbacks/manager.py:175}}
Dec 24 17:40:22.502623 dv-neutron-822096-4-hyperv neutron-server[109843]: DEBUG neutron.wsgi [-] (109843) accepted ('10.222.0.47', 43774) {{(pid=109843) server /usr/local/lib/python3.8/dist-packages/eventlet/wsgi.py:1004}}
Dec 24 17:40:22.601009 dv-neutron-822096-4-hyperv neutron-server[109844]: DEBUG neutron_lib.callbacks.manager [None req-b961b3b2-3ba5-4cfe-a1bf-735880375993 admin admin] Publish callbacks ['neutron.plugins.ml2.ovo_rpc._ObjectChangeHandler.handle_event-551177'] for security_group, after_delete {{(pid=109844) _notify_loop /usr/local/lib/python3.8/dist-packages/neutron_lib/callbacks/manager.py:175}}
Dec 24 17:40:22.605430 dv-neutron-822096-4-hyperv neutron-server[109844]: DEBUG neutron_lib.callbacks.manager [None req-b961b3b2-3ba5-4cfe-a1bf-735880375993 admin admin] Publish callbacks [] for security_group, before_response {{(pid=109844) _notify_loop /usr/local/lib/python3.8/dist-packages/neutron_lib/callbacks/manager.py:175}}
Dec 24 17:40:22.610932 dv-neutron-822096-4-hyperv neutron-server[109844]: INFO neutron.wsgi [None req-b961b3b2-3ba5-4cfe-a1bf-735880375993 admin admin] 10.222.0.47 "DELETE /v2.0/security-groups/2ae08f46-dfb6-48d9-89f0-8d75e20f8fcb HTTP/1.1" status: 204 len: 168 time: 0.3862803
Dec 24 17:40:22.637090 dv-neutron-822096-4-hyperv neutron-server[109844]: DEBUG neutron.api.rpc.handlers.resources_rpc [None req-b961b3b2-3ba5-4cfe-a1bf-735880375993 admin admin] Pushing event deleted for resources: {'SecurityGroup': ['ID=2ae08f46-dfb6-48d9-89f0-8d75e20f8fcb,revision_number=None']} {{(pid=109844) push /opt/stack/neutron/neutron/api/rpc/handlers/resources_rpc.py:237}}
Dec 24 17:40:22.660620 dv-neutron-822096-4-hyperv neutron-server[109845]: DEBUG neutron.plugins.ml2.rpc [None req-fd9760d8-b269-427e-bc74-5ba9ce62e445 None None] Device 01ec5e0f-5e68-4e56-b454-4bcaecd8f2db up at agent ovs-agent-dv-neutron-822096-4-hyperv {{(pid=109845) update_device_up /opt/stack/neutron/neutron/plugins/ml2/rpc.py:296}}
Dec 24 17:40:22.672552 dv-neutron-822096-4-hyperv neutron-server[109844]: DEBUG neutron_lib.callbacks.manager [None req-e6b77b4b-4750-44b2-bb85-59404879500c tempest-ExternalNetworksTestJSON-562799913 tempest-ExternalNetworksTestJSON-562799913-project-admin] Publish callbacks [] for floatingip, precommit_create {{(pid=109844) _notify_loop /usr/local/lib/python3.8/dist-packages/neutron_lib/callbacks/manager.py:175}}
Dec 24 17:40:22.720951 dv-neutron-822096-4-hyperv neutron-server[109845]: DEBUG neutron.db.provisioning_blocks [None req-fd9760d8-b269-427e-bc74-5ba9ce62e445 None None] Provisioning complete for port 01ec5e0f-5e68-4e56-b454-4bcaecd8f2db triggered by entity L2. {{(pid=109845) provisioning_complete /opt/stack/neutron/neutron/db/provisioning_blocks.py:139}}
Dec 24 17:40:22.721378 dv-neutron-822096-4-hyperv neutron-server[109845]: DEBUG neutron_lib.callbacks.manager [None req-fd9760d8-b269-427e-bc74-5ba9ce62e445 None None] Publish callbacks ['neutron.plugins.ml2.plugin.Ml2Plugin._port_provisioned-33250601'] for port, provisioning_complete {{(pid=109845) _notify_loop /usr/local/lib/python3.8/dist-packages/neutron_lib/callbacks/manager.py:175}}
Dec 24 17:40:22.729453 dv-neutron-822096-4-hyperv neutron-server[109843]: DEBUG neutron_lib.callbacks.manager [None req-87f05915-529a-448c-93cb-ff45ac3676e5 admin admin] Publish callbacks [] for port, precommit_update {{(pid=109843) _notify_loop /usr/local/lib/python3.8/dist-packages/neutron_lib/callbacks/manager.py:175}}
Dec 24 17:40:22.740706 dv-neutron-822096-4-hyperv neutron-server[109844]: DEBUG neutron_lib.callbacks.manager [None req-e6b77b4b-4750-44b2-bb85-59404879500c tempest-ExternalNetworksTestJSON-562799913 tempest-ExternalNetworksTestJSON-562799913-project-admin] Publish callbacks ['neutron.plugins.ml2.plugin.SecurityGroupDbMixin._ensure_default_security_group_handler-33095148'] for port, before_update {{(pid=109844) _notify_loop /usr/local/lib/python3.8/dist-packages/neutron_lib/callbacks/manager.py:175}}
Dec 24 17:40:22.775191 dv-neutron-822096-4-hyperv neutron-server[109843]: DEBUG neutron.wsgi [-] (109843) accepted ('10.222.0.47', 43778) {{(pid=109843) server /usr/local/lib/python3.8/dist-packages/eventlet/wsgi.py:1004}}
