Jan 28 14:02:49.172950 dv-neutron-822096-11-hyperv neutron-server[103005]: DEBUG neutron.api.v2.base [None req-4628579a-1672-4f85-a2ce-c3c9c5aafbd9 tempest-ServersTestJSON-1697095181 tempest-ServersTestJSON-1697095181-project] Request body: {'security_group': {'name': 'tempest-securitygroup--681136569', 'description': 'tempest-description--499307185'}} {{(pid=103005) prepare_request_body /opt/stack/neutron/neutron/api/v2/base.py:729}}
Jan 28 14:02:49.229210 dv-neutron-822096-11-hyperv neutron-server[103005]: DEBUG neutron.notifiers.nova [None req-7fab9897-3d31-471f-9026-8619bc84d9cc tempest-PortsAdminExtendedAttrsIpV6TestJSON-1668875506 tempest-PortsAdminExtendedAttrsIpV6TestJSON-1668875506-project-admin] device_id is not set on port c7082aa0-9169-4f31-ba77-7ab5d85f57f8 yet. {{(pid=103005) _can_notify /opt/stack/neutron/neutron/notifiers/nova.py:194}}
Jan 28 14:02:49.247014 dv-neutron-822096-11-hyperv neutron-server[103006]: DEBUG neutron.services.segments.db [None req-00730d50-9fce-4762-9c0a-c5bd9f9724ef tempest-ExternalNetworksTestJSON-19673527 tempest-ExternalNetworksTestJSON-19673527-project-admin] neutron.services.segments.plugin.Plugin method delete_segment called with arguments (, 'c6e266b7-1f91-4458-ab51-3c7785a3576f') {'for_net_delete': True} {{(pid=103006) wrapper /usr/local/lib/python3.8/dist-packages/oslo_log/helpers.py:65}}
Jan 28 14:02:49.247709 dv-neutron-822096-11-hyperv neutron-server[103006]: DEBUG neutron.services.segments.db [None req-00730d50-9fce-4762-9c0a-c5bd9f9724ef tempest-ExternalNetworksTestJSON-19673527 tempest-ExternalNetworksTestJSON-19673527-project-admin] neutron.services.segments.plugin.Plugin method get_segment called with arguments (, 'c6e266b7-1f91-4458-ab51-3c7785a3576f') {} {{(pid=103006) wrapper /usr/local/lib/python3.8/dist-packages/oslo_log/helpers.py:65}}
Jan 28 14:02:49.250430 dv-neutron-822096-11-hyperv neutron-server[103005]: DEBUG neutron_lib.callbacks.manager [None req-7fab9897-3d31-471f-9026-8619bc84d9cc tempest-PortsAdminExtendedAttrsIpV6TestJSON-1668875506 tempest-PortsAdminExtendedAttrsIpV6TestJSON-1668875506-project-admin] Publish callbacks [] for port (c7082aa0-9169-4f31-ba77-7ab5d85f57f8), precommit_update {{(pid=103005) _notify_loop /usr/local/lib/python3.8/dist-packages/neutron_lib/callbacks/manager.py:176}}
Jan 28 14:02:49.263184 dv-neutron-822096-11-hyperv neutron-server[103005]: DEBUG neutron_lib.callbacks.manager [None req-7fab9897-3d31-471f-9026-8619bc84d9cc tempest-PortsAdminExtendedAttrsIpV6TestJSON-1668875506 tempest-PortsAdminExtendedAttrsIpV6TestJSON-1668875506-project-admin] Publish callbacks ['neutron.plugins.ml2.plugin.SecurityGroupServerNotifierRpcMixin._notify_sg_on_port_change-16427608', 'neutron.plugins.ml2.ovo_rpc._ObjectChangeHandler.handle_event-896895', 'neutron.api.rpc.agentnotifiers.dhcp_rpc_agent_api.DhcpAgentNotifyAPI._native_event_send_dhcp_notification-590553', 'neutron.db.l3_db.L3RpcNotifierMixin._notify_gateway_port_ip_changed-8793467071196', 'neutron.db.l3_dvrscheduler_db._notify_l3_agent_port_update-8793466511656', 'neutron.db.l3_hascheduler_db._notify_l3_agent_ha_port_update-8793466511674', 'neutron.services.segments.plugin.NovaSegmentNotifier._notify_port_updated-3651533'] for port (c7082aa0-9169-4f31-ba77-7ab5d85f57f8), after_update {{(pid=103005) _notify_loop /usr/local/lib/python3.8/dist-packages/neutron_lib/callbacks/manager.py:176}}
Jan 28 14:02:49.265881 dv-neutron-822096-11-hyperv neutron-server[103005]: DEBUG neutron_lib.callbacks.manager [None req-4628579a-1672-4f85-a2ce-c3c9c5aafbd9 tempest-ServersTestJSON-1697095181 tempest-ServersTestJSON-1697095181-project] Publish callbacks [] for security_group (None), before_create {{(pid=103005) _notify_loop /usr/local/lib/python3.8/dist-packages/neutron_lib/callbacks/manager.py:176}}
Jan 28 14:02:49.323620 dv-neutron-822096-11-hyperv neutron-server[103006]: DEBUG neutron_lib.callbacks.manager [None req-00730d50-9fce-4762-9c0a-c5bd9f9724ef tempest-ExternalNetworksTestJSON-19673527 tempest-ExternalNetworksTestJSON-19673527-project-admin] Publish callbacks ['neutron.plugins.ml2.db._prevent_segment_delete_with_port_bound-8793467025309', 'neutron.services.segments.plugin.Plugin._prevent_segment_delete_with_subnet_associated-2677904'] for segment (c6e266b7-1f91-4458-ab51-3c7785a3576f), before_delete {{(pid=103006) _notify_loop /usr/local/lib/python3.8/dist-packages/neutron_lib/callbacks/manager.py:176}}
Jan 28 14:02:49.398926 dv-neutron-822096-11-hyperv neutron-server[103005]: DEBUG neutron.wsgi [-] (103005) accepted ('10.222.0.62', 42942) {{(pid=103005) server /usr/local/lib/python3.8/dist-packages/eventlet/wsgi.py:1004}}
Jan 28 14:02:49.404972 dv-neutron-822096-11-hyperv neutron-server[103005]: DEBUG neutron.api.rpc.handlers.resources_rpc [None req-7fab9897-3d31-471f-9026-8619bc84d9cc tempest-PortsAdminExtendedAttrsIpV6TestJSON-1668875506 tempest-PortsAdminExtendedAttrsIpV6TestJSON-1668875506-project-admin] Pushing event updated for resources: {'Port': ['ID=c7082aa0-9169-4f31-ba77-7ab5d85f57f8,revision_number=2']} {{(pid=103005) push /opt/stack/neutron/neutron/api/rpc/handlers/resources_rpc.py:237}}
Jan 28 14:02:49.432515 dv-neutron-822096-11-hyperv neutron-server[103005]: DEBUG neutron_lib.callbacks.manager [None req-71f98f3f-1eeb-4548-b507-337afb375deb admin admin] Publish callbacks [] for security_group (None), before_create {{(pid=103005) _notify_loop /usr/local/lib/python3.8/dist-packages/neutron_lib/callbacks/manager.py:176}}
Jan 28 14:02:49.522605 dv-neutron-822096-11-hyperv neutron-server[103005]: DEBUG neutron.plugins.ml2.managers [None req-7fab9897-3d31-471f-9026-8619bc84d9cc tempest-PortsAdminExtendedAttrsIpV6TestJSON-1668875506 tempest-PortsAdminExtendedAttrsIpV6TestJSON-1668875506-project-admin] Attempting to bind port c7082aa0-9169-4f31-ba77-7ab5d85f57f8 on host hv-neutron-8220 for vnic_type normal with profile {{(pid=103005) bind_port /opt/stack/neutron/neutron/plugins/ml2/managers.py:795}}
Jan 28 14:02:49.522956 dv-neutron-822096-11-hyperv neutron-server[103005]: DEBUG neutron.plugins.ml2.managers [None req-7fab9897-3d31-471f-9026-8619bc84d9cc tempest-PortsAdminExtendedAttrsIpV6TestJSON-1668875506 tempest-PortsAdminExtendedAttrsIpV6TestJSON-1668875506-project-admin] Attempting to bind port c7082aa0-9169-4f31-ba77-7ab5d85f57f8 by drivers openvswitch,hyperv on host hv-neutron-8220 at level 0 using segments [{'id': 'c795de49-b967-41ed-be34-ce005c8b6483', 'network_type': 'vlan', 'physical_network': 'physnet1', 'segmentation_id': 157, 'network_id': 'ccf914b0-d5d8-468b-8600-fa8107d4a882'}] {{(pid=103005) _bind_port_level /opt/stack/neutron/neutron/plugins/ml2/managers.py:820}}
Jan 28 14:02:49.523280 dv-neutron-822096-11-hyperv neutron-server[103005]: DEBUG neutron.plugins.ml2.drivers.mech_agent [None req-7fab9897-3d31-471f-9026-8619bc84d9cc tempest-PortsAdminExtendedAttrsIpV6TestJSON-1668875506 tempest-PortsAdminExtendedAttrsIpV6TestJSON-1668875506-project-admin] Attempting to bind port c7082aa0-9169-4f31-ba77-7ab5d85f57f8 on network ccf914b0-d5d8-468b-8600-fa8107d4a882 {{(pid=103005) bind_port /opt/stack/neutron/neutron/plugins/ml2/drivers/mech_agent.py:91}}
Jan 28 14:02:49.531485 dv-neutron-822096-11-hyperv neutron-server[103005]: DEBUG neutron.plugins.ml2.drivers.mech_agent [None req-7fab9897-3d31-471f-9026-8619bc84d9cc tempest-PortsAdminExtendedAttrsIpV6TestJSON-1668875506 tempest-PortsAdminExtendedAttrsIpV6TestJSON-1668875506-project-admin] Port c7082aa0-9169-4f31-ba77-7ab5d85f57f8 on network ccf914b0-d5d8-468b-8600-fa8107d4a882 not bound, no agent of type Open vSwitch agent registered on host hv-neutron-8220 {{(pid=103005) bind_port /opt/stack/neutron/neutron/plugins/ml2/drivers/mech_agent.py:103}}
Jan 28 14:02:49.531817 dv-neutron-822096-11-hyperv neutron-server[103005]: ERROR neutron.plugins.ml2.managers [None req-7fab9897-3d31-471f-9026-8619bc84d9cc tempest-PortsAdminExtendedAttrsIpV6TestJSON-1668875506 tempest-PortsAdminExtendedAttrsIpV6TestJSON-1668875506-project-admin] Failed to bind port c7082aa0-9169-4f31-ba77-7ab5d85f57f8 on host hv-neutron-8220 for vnic_type normal using segments [{'id': 'c795de49-b967-41ed-be34-ce005c8b6483', 'network_type': 'vlan', 'physical_network': 'physnet1', 'segmentation_id': 157, 'network_id': 'ccf914b0-d5d8-468b-8600-fa8107d4a882'}]
Jan 28 14:02:49.534815 dv-neutron-822096-11-hyperv neutron-server[103005]: INFO neutron.plugins.ml2.plugin [None req-7fab9897-3d31-471f-9026-8619bc84d9cc tempest-PortsAdminExtendedAttrsIpV6TestJSON-1668875506 tempest-PortsAdminExtendedAttrsIpV6TestJSON-1668875506-project-admin] Attempt 2 to bind port c7082aa0-9169-4f31-ba77-7ab5d85f57f8
Jan 28 14:02:49.583899 dv-neutron-822096-11-hyperv neutron-server[103005]: DEBUG neutron_lib.callbacks.manager [None req-4628579a-1672-4f85-a2ce-c3c9c5aafbd9 tempest-ServersTestJSON-1697095181 tempest-ServersTestJSON-1697095181-project] Publish callbacks [] for security_group (cf398516-35d1-4b25-80df-160cc3784e4b), precommit_create {{(pid=103005) _notify_loop /usr/local/lib/python3.8/dist-packages/neutron_lib/callbacks/manager.py:176}}
Jan 28 14:02:49.586662 dv-neutron-822096-11-hyperv neutron-server[103005]: DEBUG neutron.plugins.ml2.managers [None req-7fab9897-3d31-471f-9026-8619bc84d9cc tempest-PortsAdminExtendedAttrsIpV6TestJSON-1668875506 tempest-PortsAdminExtendedAttrsIpV6TestJSON-1668875506-project-admin] Attempting to bind port c7082aa0-9169-4f31-ba77-7ab5d85f57f8 on host hv-neutron-8220 for vnic_type normal with profile {{(pid=103005) bind_port /opt/stack/neutron/neutron/plugins/ml2/managers.py:795}}
Jan 28 14:02:49.586978 dv-neutron-822096-11-hyperv neutron-server[103005]: DEBUG neutron.plugins.ml2.managers [None req-7fab9897-3d31-471f-9026-8619bc84d9cc tempest-PortsAdminExtendedAttrsIpV6TestJSON-1668875506 tempest-PortsAdminExtendedAttrsIpV6TestJSON-1668875506-project-admin] Attempting to bind port c7082aa0-9169-4f31-ba77-7ab5d85f57f8 by drivers openvswitch,hyperv on host hv-neutron-8220 at level 0 using segments [{'id': 'c795de49-b967-41ed-be34-ce005c8b6483', 'network_type': 'vlan', 'physical_network': 'physnet1', 'segmentation_id': 157, 'network_id': 'ccf914b0-d5d8-468b-8600-fa8107d4a882'}] {{(pid=103005) _bind_port_level /opt/stack/neutron/neutron/plugins/ml2/managers.py:820}}
Jan 28 14:02:49.587463 dv-neutron-822096-11-hyperv neutron-server[103005]: DEBUG neutron.plugins.ml2.drivers.mech_agent [None req-7fab9897-3d31-471f-9026-8619bc84d9cc tempest-PortsAdminExtendedAttrsIpV6TestJSON-1668875506 tempest-PortsAdminExtendedAttrsIpV6TestJSON-1668875506-project-admin] Attempting to bind port c7082aa0-9169-4f31-ba77-7ab5d85f57f8 on network ccf914b0-d5d8-468b-8600-fa8107d4a882 {{(pid=103005) bind_port /opt/stack/neutron/neutron/plugins/ml2/drivers/mech_agent.py:91}}
Jan 28 14:02:49.593523 dv-neutron-822096-11-hyperv neutron-server[103005]: DEBUG neutron_lib.callbacks.manager [None req-4628579a-1672-4f85-a2ce-c3c9c5aafbd9 tempest-ServersTestJSON-1697095181 tempest-ServersTestJSON-1697095181-project] Publish callbacks ['neutron.plugins.ml2.ovo_rpc._ObjectChangeHandler.handle_event-383885'] for security_group (cf398516-35d1-4b25-80df-160cc3784e4b), after_create {{(pid=103005) _notify_loop /usr/local/lib/python3.8/dist-packages/neutron_lib/callbacks/manager.py:176}}
Jan 28 14:02:49.634696 dv-neutron-822096-11-hyperv neutron-server[103005]: DEBUG neutron.api.rpc.handlers.resources_rpc [None req-4628579a-1672-4f85-a2ce-c3c9c5aafbd9 tempest-ServersTestJSON-1697095181 tempest-ServersTestJSON-1697095181-project] Pushing event updated for resources: {'SecurityGroup': ['ID=cf398516-35d1-4b25-80df-160cc3784e4b,revision_number=1']} {{(pid=103005) push /opt/stack/neutron/neutron/api/rpc/handlers/resources_rpc.py:237}}
Jan 28 14:02:49.643943 dv-neutron-822096-11-hyperv neutron-server[103005]: DEBUG neutron.plugins.ml2.drivers.mech_agent [None req-7fab9897-3d31-471f-9026-8619bc84d9cc tempest-PortsAdminExtendedAttrsIpV6TestJSON-1668875506 tempest-PortsAdminExtendedAttrsIpV6TestJSON-1668875506-project-admin] Port c7082aa0-9169-4f31-ba77-7ab5d85f57f8 on network ccf914b0-d5d8-468b-8600-fa8107d4a882 not bound, no agent of type Open vSwitch agent registered on host hv-neutron-8220 {{(pid=103005) bind_port /opt/stack/neutron/neutron/plugins/ml2/drivers/mech_agent.py:103}}
Jan 28 14:02:49.644543 dv-neutron-822096-11-hyperv neutron-server[103005]: ERROR neutron.plugins.ml2.managers [None req-7fab9897-3d31-471f-9026-8619bc84d9cc tempest-PortsAdminExtendedAttrsIpV6TestJSON-1668875506 tempest-PortsAdminExtendedAttrsIpV6TestJSON-1668875506-project-admin] Failed to bind port c7082aa0-9169-4f31-ba77-7ab5d85f57f8 on host hv-neutron-8220 for vnic_type normal using segments [{'id': 'c795de49-b967-41ed-be34-ce005c8b6483', 'network_type': 'vlan', 'physical_network': 'physnet1', 'segmentation_id': 157, 'network_id': 'ccf914b0-d5d8-468b-8600-fa8107d4a882'}]
Jan 28 14:02:49.653020 dv-neutron-822096-11-hyperv neutron-server[103005]: INFO neutron.plugins.ml2.plugin [None req-7fab9897-3d31-471f-9026-8619bc84d9cc tempest-PortsAdminExtendedAttrsIpV6TestJSON-1668875506 tempest-PortsAdminExtendedAttrsIpV6TestJSON-1668875506-project-admin] Attempt 3 to bind port c7082aa0-9169-4f31-ba77-7ab5d85f57f8
Jan 28 14:02:49.683397 dv-neutron-822096-11-hyperv neutron-server[103005]: DEBUG neutron_lib.callbacks.manager [None req-4628579a-1672-4f85-a2ce-c3c9c5aafbd9 tempest-ServersTestJSON-1697095181 tempest-ServersTestJSON-1697095181-project] Publish callbacks [] for security_group (None), before_response {{(pid=103005) _notify_loop /usr/local/lib/python3.8/dist-packages/neutron_lib/callbacks/manager.py:176}}
Jan 28 14:02:49.688149 dv-neutron-822096-11-hyperv neutron-server[103005]: INFO neutron.wsgi [None req-4628579a-1672-4f85-a2ce-c3c9c5aafbd9 tempest-ServersTestJSON-1697095181 tempest-ServersTestJSON-1697095181-project] 10.222.0.62 "POST /v2.0/security-groups HTTP/1.1" status: 201 len: 1795 time: 0.5191927
Jan 28 14:02:49.688875 dv-neutron-822096-11-hyperv neutron-server[103005]: DEBUG neutron.wsgi [-] (103005) accepted ('10.222.0.62', 42944) {{(pid=103005) server /usr/local/lib/python3.8/dist-packages/eventlet/wsgi.py:1004}}
Jan 28 14:02:49.702143 dv-neutron-822096-11-hyperv neutron-server[103005]: DEBUG neutron.api.v2.base [None req-17042a65-14db-4773-b93b-1f4d4754b2ef tempest-ServersTestJSON-1697095181 tempest-ServersTestJSON-1697095181-project] Request body: {'security_group_rule': {'security_group_id': 'cf398516-35d1-4b25-80df-160cc3784e4b', 'protocol': 'tcp', 'ethertype': 'IPv4', 'port_range_min': 22, 'port_range_max': 22, 'direction': 'ingress'}} {{(pid=103005) prepare_request_body /opt/stack/neutron/neutron/api/v2/base.py:729}}
Jan 28 14:02:49.724030 dv-neutron-822096-11-hyperv neutron-server[103005]: DEBUG neutron_lib.callbacks.manager [None req-71f98f3f-1eeb-4548-b507-337afb375deb admin admin] Publish callbacks [] for security_group (f55dd488-fce4-40b2-bf36-869642baa732), precommit_create {{(pid=103005) _notify_loop /usr/local/lib/python3.8/dist-packages/neutron_lib/callbacks/manager.py:176}}
Jan 28 14:02:49.725898 dv-neutron-822096-11-hyperv neutron-server[103005]: DEBUG neutron.plugins.ml2.managers [None req-7fab9897-3d31-471f-9026-8619bc84d9cc tempest-PortsAdminExtendedAttrsIpV6TestJSON-1668875506 tempest-PortsAdminExtendedAttrsIpV6TestJSON-1668875506-project-admin] Attempting to bind port c7082aa0-9169-4f31-ba77-7ab5d85f57f8 on host hv-neutron-8220 for vnic_type normal with profile {{(pid=103005) bind_port /opt/stack/neutron/neutron/plugins/ml2/managers.py:795}}
Jan 28 14:02:49.726247 dv-neutron-822096-11-hyperv neutron-server[103005]: DEBUG neutron.plugins.ml2.managers [None req-7fab9897-3d31-471f-9026-8619bc84d9cc tempest-PortsAdminExtendedAttrsIpV6TestJSON-1668875506 tempest-PortsAdminExtendedAttrsIpV6TestJSON-1668875506-project-admin] Attempting to bind port c7082aa0-9169-4f31-ba77-7ab5d85f57f8 by drivers openvswitch,hyperv on host hv-neutron-8220 at level 0 using segments [{'id': 'c795de49-b967-41ed-be34-ce005c8b6483', 'network_type': 'vlan', 'physical_network': 'physnet1', 'segmentation_id': 157, 'network_id': 'ccf914b0-d5d8-468b-8600-fa8107d4a882'}] {{(pid=103005) _bind_port_level /opt/stack/neutron/neutron/plugins/ml2/managers.py:820}}
Jan 28 14:02:49.726807 dv-neutron-822096-11-hyperv neutron-server[103005]: DEBUG neutron.plugins.ml2.drivers.mech_agent [None req-7fab9897-3d31-471f-9026-8619bc84d9cc tempest-PortsAdminExtendedAttrsIpV6TestJSON-1668875506 tempest-PortsAdminExtendedAttrsIpV6TestJSON-1668875506-project-admin] Attempting to bind port c7082aa0-9169-4f31-ba77-7ab5d85f57f8 on network ccf914b0-d5d8-468b-8600-fa8107d4a882 {{(pid=103005) bind_port /opt/stack/neutron/neutron/plugins/ml2/drivers/mech_agent.py:91}}
Jan 28 14:02:49.734371 dv-neutron-822096-11-hyperv neutron-server[103005]: DEBUG neutron.plugins.ml2.drivers.mech_agent [None req-7fab9897-3d31-471f-9026-8619bc84d9cc tempest-PortsAdminExtendedAttrsIpV6TestJSON-1668875506 tempest-PortsAdminExtendedAttrsIpV6TestJSON-1668875506-project-admin] Port c7082aa0-9169-4f31-ba77-7ab5d85f57f8 on network ccf914b0-d5d8-468b-8600-fa8107d4a882 not bound, no agent of type Open vSwitch agent registered on host hv-neutron-8220 {{(pid=103005) bind_port /opt/stack/neutron/neutron/plugins/ml2/drivers/mech_agent.py:103}}
Jan 28 14:02:49.734726 dv-neutron-822096-11-hyperv neutron-server[103005]: ERROR neutron.plugins.ml2.managers [None req-7fab9897-3d31-471f-9026-8619bc84d9cc tempest-PortsAdminExtendedAttrsIpV6TestJSON-1668875506 tempest-PortsAdminExtendedAttrsIpV6TestJSON-1668875506-project-admin] Failed to bind port c7082aa0-9169-4f31-ba77-7ab5d85f57f8 on host hv-neutron-8220 for vnic_type normal using segments [{'id': 'c795de49-b967-41ed-be34-ce005c8b6483', 'network_type': 'vlan', 'physical_network': 'physnet1', 'segmentation_id': 157, 'network_id': 'ccf914b0-d5d8-468b-8600-fa8107d4a882'}]
Jan 28 14:02:49.738213 dv-neutron-822096-11-hyperv neutron-server[103005]: DEBUG neutron_lib.callbacks.manager [None req-71f98f3f-1eeb-4548-b507-337afb375deb admin admin] Publish callbacks ['neutron.plugins.ml2.ovo_rpc._ObjectChangeHandler.handle_event-383885'] for security_group (f55dd488-fce4-40b2-bf36-869642baa732), after_create {{(pid=103005) _notify_loop /usr/local/lib/python3.8/dist-packages/neutron_lib/callbacks/manager.py:176}}
Jan 28 14:02:49.742781 dv-neutron-822096-11-hyperv neutron-server[103005]: INFO neutron.plugins.ml2.plugin [None req-7fab9897-3d31-471f-9026-8619bc84d9cc tempest-PortsAdminExtendedAttrsIpV6TestJSON-1668875506 tempest-PortsAdminExtendedAttrsIpV6TestJSON-1668875506-project-admin] Attempt 4 to bind port c7082aa0-9169-4f31-ba77-7ab5d85f57f8
Jan 28 14:02:49.778480 dv-neutron-822096-11-hyperv neutron-server[103005]: DEBUG neutron.api.rpc.handlers.resources_rpc [None req-71f98f3f-1eeb-4548-b507-337afb375deb admin admin] Pushing event updated for resources: {'SecurityGroup': ['ID=f55dd488-fce4-40b2-bf36-869642baa732,revision_number=1']} {{(pid=103005) push /opt/stack/neutron/neutron/api/rpc/handlers/resources_rpc.py:237}}
Jan 28 14:02:49.787942 dv-neutron-822096-11-hyperv neutron-server[103005]: DEBUG neutron_lib.callbacks.manager [None req-17042a65-14db-4773-b93b-1f4d4754b2ef tempest-ServersTestJSON-1697095181 tempest-ServersTestJSON-1697095181-project] Publish callbacks [] for security_group_rule (5b3f04d0-964a-44b7-bb14-b0e5bd7a8cae), before_create {{(pid=103005) _notify_loop /usr/local/lib/python3.8/dist-packages/neutron_lib/callbacks/manager.py:176}}
Jan 28 14:02:49.850387 dv-neutron-822096-11-hyperv neutron-server[103008]: DEBUG neutron_lib.callbacks.manager [None req-3980ba1c-392a-4f1e-9a4f-6119891ab219 None None] Publish callbacks [] for port (4bdf0534-e75a-4341-bc81-dbdccc47d6ad), precommit_update {{(pid=103008) _notify_loop /usr/local/lib/python3.8/dist-packages/neutron_lib/callbacks/manager.py:176}}
Jan 28 14:02:49.862183 dv-neutron-822096-11-hyperv neutron-server[103005]: DEBUG neutron_lib.callbacks.manager [None req-17042a65-14db-4773-b93b-1f4d4754b2ef tempest-ServersTestJSON-1697095181 tempest-ServersTestJSON-1697095181-project] Publish callbacks [] for security_group_rule (5b3f04d0-964a-44b7-bb14-b0e5bd7a8cae), precommit_create {{(pid=103005) _notify_loop /usr/local/lib/python3.8/dist-packages/neutron_lib/callbacks/manager.py:176}}
Jan 28 14:02:49.871049 dv-neutron-822096-11-hyperv neutron-server[103008]: DEBUG neutron_lib.callbacks.manager [None req-3980ba1c-392a-4f1e-9a4f-6119891ab219 None None] Publish callbacks ['neutron.plugins.ml2.plugin.SecurityGroupServerNotifierRpcMixin._notify_sg_on_port_change-16427608', 'neutron.plugins.ml2.ovo_rpc._ObjectChangeHandler.handle_event-896895', 'neutron.api.rpc.agentnotifiers.dhcp_rpc_agent_api.DhcpAgentNotifyAPI._native_event_send_dhcp_notification-590553', 'neutron.db.l3_db.L3RpcNotifierMixin._notify_gateway_port_ip_changed-8793467071196', 'neutron.db.l3_dvrscheduler_db._notify_l3_agent_port_update-8793466511656', 'neutron.db.l3_hascheduler_db._notify_l3_agent_ha_port_update-8793466511674'] for port (4bdf0534-e75a-4341-bc81-dbdccc47d6ad), after_update {{(pid=103008) _notify_loop /usr/local/lib/python3.8/dist-packages/neutron_lib/callbacks/manager.py:176}}
Jan 28 14:02:49.878504 dv-neutron-822096-11-hyperv neutron-server[103005]: DEBUG neutron_lib.callbacks.manager [None req-17042a65-14db-4773-b93b-1f4d4754b2ef tempest-ServersTestJSON-1697095181 tempest-ServersTestJSON-1697095181-project] Publish callbacks ['neutron.plugins.ml2.ovo_rpc._ObjectChangeHandler.handle_event-307073'] for security_group_rule (5b3f04d0-964a-44b7-bb14-b0e5bd7a8cae), after_create {{(pid=103005) _notify_loop /usr/local/lib/python3.8/dist-packages/neutron_lib/callbacks/manager.py:176}}
Jan 28 14:02:49.903496 dv-neutron-822096-11-hyperv neutron-server[103005]: DEBUG neutron.plugins.ml2.managers [None req-7fab9897-3d31-471f-9026-8619bc84d9cc tempest-PortsAdminExtendedAttrsIpV6TestJSON-1668875506 tempest-PortsAdminExtendedAttrsIpV6TestJSON-1668875506-project-admin] Attempting to bind port c7082aa0-9169-4f31-ba77-7ab5d85f57f8 on host hv-neutron-8220 for vnic_type normal with profile {{(pid=103005) bind_port /opt/stack/neutron/neutron/plugins/ml2/managers.py:795}}
Jan 28 14:02:49.904001 dv-neutron-822096-11-hyperv neutron-server[103005]: DEBUG neutron.plugins.ml2.managers [None req-7fab9897-3d31-471f-9026-8619bc84d9cc tempest-PortsAdminExtendedAttrsIpV6TestJSON-1668875506 tempest-PortsAdminExtendedAttrsIpV6TestJSON-1668875506-project-admin] Attempting to bind port c7082aa0-9169-4f31-ba77-7ab5d85f57f8 by drivers openvswitch,hyperv on host hv-neutron-8220 at level 0 using segments [{'id': 'c795de49-b967-41ed-be34-ce005c8b6483', 'network_type': 'vlan', 'physical_network': 'physnet1', 'segmentation_id': 157, 'network_id': 'ccf914b0-d5d8-468b-8600-fa8107d4a882'}] {{(pid=103005) _bind_port_level /opt/stack/neutron/neutron/plugins/ml2/managers.py:820}}
Jan 28 14:02:49.904264 dv-neutron-822096-11-hyperv neutron-server[103005]: DEBUG neutron.plugins.ml2.drivers.mech_agent [None req-7fab9897-3d31-471f-9026-8619bc84d9cc tempest-PortsAdminExtendedAttrsIpV6TestJSON-1668875506 tempest-PortsAdminExtendedAttrsIpV6TestJSON-1668875506-project-admin] Attempting to bind port c7082aa0-9169-4f31-ba77-7ab5d85f57f8 on network ccf914b0-d5d8-468b-8600-fa8107d4a882 {{(pid=103005) bind_port /opt/stack/neutron/neutron/plugins/ml2/drivers/mech_agent.py:91}}
Jan 28 14:02:49.925037 dv-neutron-822096-11-hyperv neutron-server[103005]: DEBUG neutron.api.rpc.handlers.resources_rpc [None req-17042a65-14db-4773-b93b-1f4d4754b2ef tempest-ServersTestJSON-1697095181 tempest-ServersTestJSON-1697095181-project] Pushing event updated for resources: {'SecurityGroupRule': ['ID=5b3f04d0-964a-44b7-bb14-b0e5bd7a8cae,revision_number=0']} {{(pid=103005) push /opt/stack/neutron/neutron/api/rpc/handlers/resources_rpc.py:237}}
Jan 28 14:02:49.937253 dv-neutron-822096-11-hyperv neutron-server[103005]: DEBUG neutron_lib.callbacks.manager [None req-17042a65-14db-4773-b93b-1f4d4754b2ef tempest-ServersTestJSON-1697095181 tempest-ServersTestJSON-1697095181-project] Publish callbacks [] for security_group_rule (None), before_response {{(pid=103005) _notify_loop /usr/local/lib/python3.8/dist-packages/neutron_lib/callbacks/manager.py:176}}
Jan 28 14:02:49.940647 dv-neutron-822096-11-hyperv neutron-server[103008]: DEBUG neutron.api.rpc.handlers.resources_rpc [None req-4e8d7ad0-aa80-461d-b9f3-fc8a5458d4b3 None None] Pushing event updated for resources: {'Port': ['ID=4bdf0534-e75a-4341-bc81-dbdccc47d6ad,revision_number=3']} {{(pid=103008) push /opt/stack/neutron/neutron/api/rpc/handlers/resources_rpc.py:237}}
Jan 28 14:02:49.941212 dv-neutron-822096-11-hyperv neutron-server[103005]: INFO neutron.wsgi [None req-17042a65-14db-4773-b93b-1f4d4754b2ef tempest-ServersTestJSON-1697095181 tempest-ServersTestJSON-1697095181-project] 10.222.0.62 "POST /v2.0/security-group-rules HTTP/1.1" status: 201 len: 764 time: 0.2457309
Jan 28 14:02:49.944100 dv-neutron-822096-11-hyperv neutron-server[103005]: INFO neutron.wsgi [None req-71f98f3f-1eeb-4548-b507-337afb375deb admin admin] 10.222.0.62 "GET /v2.0/security-groups?tenant_id=27f7bd29188b4faca923a72b3993bc24&name=default HTTP/1.1" status: 200 len: 2996 time: 0.5365129
Jan 28 14:02:49.945283 dv-neutron-822096-11-hyperv neutron-server[103005]: DEBUG neutron.wsgi [-] (103005) accepted ('10.222.0.62', 42948) {{(pid=103005) server /usr/local/lib/python3.8/dist-packages/eventlet/wsgi.py:1004}}
Jan 28 14:02:49.947441 dv-neutron-822096-11-hyperv neutron-server[103005]: DEBUG neutron.plugins.ml2.drivers.mech_agent [None req-7fab9897-3d31-471f-9026-8619bc84d9cc tempest-PortsAdminExtendedAttrsIpV6TestJSON-1668875506 tempest-PortsAdminExtendedAttrsIpV6TestJSON-1668875506-project-admin] Port c7082aa0-9169-4f31-ba77-7ab5d85f57f8 on network ccf914b0-d5d8-468b-8600-fa8107d4a882 not bound, no agent of type Open vSwitch agent registered on host hv-neutron-8220 {{(pid=103005) bind_port /opt/stack/neutron/neutron/plugins/ml2/drivers/mech_agent.py:103}}
Jan 28 14:02:49.947800 dv-neutron-822096-11-hyperv neutron-server[103005]: ERROR neutron.plugins.ml2.managers [None req-7fab9897-3d31-471f-9026-8619bc84d9cc tempest-PortsAdminExtendedAttrsIpV6TestJSON-1668875506 tempest-PortsAdminExtendedAttrsIpV6TestJSON-1668875506-project-admin] Failed to bind port c7082aa0-9169-4f31-ba77-7ab5d85f57f8 on host hv-neutron-8220 for vnic_type normal using segments [{'id': 'c795de49-b967-41ed-be34-ce005c8b6483', 'network_type': 'vlan', 'physical_network': 'physnet1', 'segmentation_id': 157, 'network_id': 'ccf914b0-d5d8-468b-8600-fa8107d4a882'}]
Jan 28 14:02:49.950249 dv-neutron-822096-11-hyperv neutron-server[103005]: DEBUG neutron.wsgi [-] (103005) accepted ('10.222.0.62', 42950) {{(pid=103005) server /usr/local/lib/python3.8/dist-packages/eventlet/wsgi.py:1004}}
Jan 28 14:02:49.965044 dv-neutron-822096-11-hyperv neutron-server[103005]: INFO neutron.plugins.ml2.plugin [None req-7fab9897-3d31-471f-9026-8619bc84d9cc tempest-PortsAdminExtendedAttrsIpV6TestJSON-1668875506 tempest-PortsAdminExtendedAttrsIpV6TestJSON-1668875506-project-admin] Attempt 5 to bind port c7082aa0-9169-4f31-ba77-7ab5d85f57f8
Jan 28 14:02:49.971866 dv-neutron-822096-11-hyperv neutron-server[103006]: DEBUG neutron_lib.callbacks.manager [None req-00730d50-9fce-4762-9c0a-c5bd9f9724ef tempest-ExternalNetworksTestJSON-19673527 tempest-ExternalNetworksTestJSON-19673527-project-admin] Publish callbacks ['neutron.plugins.ml2.plugin.Ml2Plugin._handle_segment_change-16321323'] for segment (c6e266b7-1f91-4458-ab51-3c7785a3576f), precommit_delete {{(pid=103006) _notify_loop /usr/local/lib/python3.8/dist-packages/neutron_lib/callbacks/manager.py:176}}
Jan 28 14:02:49.972179 dv-neutron-822096-11-hyperv neutron-server[103005]: DEBUG neutron.api.v2.base [None req-1220a095-0a8e-47c2-8489-9be22187d23f tempest-ServersTestJSON-1697095181 tempest-ServersTestJSON-1697095181-project] Request body: {'security_group_rule': {'security_group_id': 'cf398516-35d1-4b25-80df-160cc3784e4b', 'protocol': 'icmp', 'ethertype': 'IPv4', 'direction': 'ingress'}} {{(pid=103005) prepare_request_body /opt/stack/neutron/neutron/api/v2/base.py:729}}
Jan 28 14:02:49.995953 dv-neutron-822096-11-hyperv neutron-server[103006]: DEBUG neutron.plugins.ml2.drivers.type_vlan [None req-00730d50-9fce-4762-9c0a-c5bd9f9724ef tempest-ExternalNetworksTestJSON-19673527 tempest-ExternalNetworksTestJSON-19673527-project-admin] Releasing vlan 151 on physical network physnet1 to pool {{(pid=103006) release_segment /opt/stack/neutron/neutron/plugins/ml2/drivers/type_vlan.py:304}}
Jan 28 14:02:49.997895 dv-neutron-822096-11-hyperv neutron-server[103006]: DEBUG neutron_lib.callbacks.manager [None req-00730d50-9fce-4762-9c0a-c5bd9f9724ef tempest-ExternalNetworksTestJSON-19673527 tempest-ExternalNetworksTestJSON-19673527-project-admin] Publish callbacks ['neutron.plugins.ml2.plugin.Ml2Plugin._handle_segment_change-16321323', 'neutron.services.segments.plugin.NovaSegmentNotifier._notify_segment_deleted-25796842'] for segment (c6e266b7-1f91-4458-ab51-3c7785a3576f), after_delete {{(pid=103006) _notify_loop /usr/local/lib/python3.8/dist-packages/neutron_lib/callbacks/manager.py:176}}
Jan 28 14:02:50.053151 dv-neutron-822096-11-hyperv neutron-server[103005]: INFO neutron.wsgi [req-f7eac7b4-e438-4340-a98b-02473b4dd9d4 req-7c3fc911-8276-46a0-9ac7-9c273173ad66 tempest-ServersTestManualDisk-245959135 tempest-ServersTestManualDisk-245959135-project] 10.222.0.62 "GET /v2.0/ports?device_id=2c9318aa-69e9-4916-96fc-a02fe76a403d HTTP/1.1" status: 200 len: 210 time: 0.1459396
Jan 28 14:02:50.097571 dv-neutron-822096-11-hyperv neutron-server[103006]: /usr/lib/python3/dist-packages/secretstorage/dhcrypto.py:15: CryptographyDeprecationWarning: int_from_bytes is deprecated, use int.from_bytes instead
Jan 28 14:02:50.097571 dv-neutron-822096-11-hyperv neutron-server[103006]: from cryptography.utils import int_from_bytes
Jan 28 14:02:50.097571 dv-neutron-822096-11-hyperv neutron-server[103006]: /usr/lib/python3/dist-packages/secretstorage/util.py:19: CryptographyDeprecationWarning: int_from_bytes is deprecated, use int.from_bytes instead
Jan 28 14:02:50.097571 dv-neutron-822096-11-hyperv neutron-server[103006]: from cryptography.utils import int_from_bytes
Jan 28 14:02:50.097571 dv-neutron-822096-11-hyperv neutron-server[103006]: Traceback (most recent call last):
Jan 28 14:02:50.097571 dv-neutron-822096-11-hyperv neutron-server[103006]: File "/usr/local/lib/python3.8/dist-packages/eventlet/hubs/hub.py", line 476, in fire_timers
Jan 28 14:02:50.097571 dv-neutron-822096-11-hyperv neutron-server[103006]: timer()
Jan 28 14:02:50.097571 dv-neutron-822096-11-hyperv neutron-server[103006]: File "/usr/local/lib/python3.8/dist-packages/eventlet/hubs/timer.py", line 59, in __call__
Jan 28 14:02:50.097571 dv-neutron-822096-11-hyperv neutron-server[103006]: cb(*args, **kw)
Jan 28 14:02:50.097571 dv-neutron-822096-11-hyperv neutron-server[103006]: File "/opt/stack/neutron/neutron/common/utils.py", line 921, in wrapper
Jan 28 14:02:50.097571 dv-neutron-822096-11-hyperv neutron-server[103006]: return func(*args, **kwargs)
Jan 28 14:02:50.097571 dv-neutron-822096-11-hyperv neutron-server[103006]: File "/opt/stack/neutron/neutron/notifiers/batch_notifier.py", line 58, in synced_send
Jan 28 14:02:50.097571 dv-neutron-822096-11-hyperv neutron-server[103006]: self._notify()
Jan 28 14:02:50.097571 dv-neutron-822096-11-hyperv neutron-server[103006]: File "/opt/stack/neutron/neutron/notifiers/batch_notifier.py", line 69, in _notify
Jan 28 14:02:50.097571 dv-neutron-822096-11-hyperv neutron-server[103006]: self.callback(batched_events)
Jan 28 14:02:50.097571 dv-neutron-822096-11-hyperv neutron-server[103006]: File "/opt/stack/neutron/neutron/services/segments/plugin.py", line 211, in _send_notifications
Jan 28 14:02:50.097571 dv-neutron-822096-11-hyperv neutron-server[103006]: event.method(event)
Jan 28 14:02:50.097571 dv-neutron-822096-11-hyperv neutron-server[103006]: File "/opt/stack/neutron/neutron/services/segments/plugin.py", line 383, in _delete_nova_inventory
Jan 28 14:02:50.097571 dv-neutron-822096-11-hyperv neutron-server[103006]: aggregate_id = self._get_aggregate_id(event.segment_id)
Jan 28 14:02:50.097571 dv-neutron-822096-11-hyperv neutron-server[103006]: File "/opt/stack/neutron/neutron/services/segments/plugin.py", line 370, in _get_aggregate_id
Jan 28 14:02:50.097571 dv-neutron-822096-11-hyperv neutron-server[103006]: aggregate_uuid = self.p_client.list_aggregates(
Jan 28 14:02:50.097571 dv-neutron-822096-11-hyperv neutron-server[103006]: File "/usr/local/lib/python3.8/dist-packages/neutron_lib/placement/client.py", line 58, in wrapper
Jan 28 14:02:50.097571 dv-neutron-822096-11-hyperv neutron-server[103006]: return f(self, *a, **k)
Jan 28 14:02:50.097571 dv-neutron-822096-11-hyperv neutron-server[103006]: File "/usr/local/lib/python3.8/dist-packages/neutron_lib/placement/client.py", line 554, in list_aggregates
Jan 28 14:02:50.097571 dv-neutron-822096-11-hyperv neutron-server[103006]: return self._get(url).json()
Jan 28 14:02:50.097571 dv-neutron-822096-11-hyperv neutron-server[103006]: File "/usr/local/lib/python3.8/dist-packages/neutron_lib/placement/client.py", line 190, in _get
Jan 28 14:02:50.097571 dv-neutron-822096-11-hyperv neutron-server[103006]: return self._client.get(url, endpoint_filter=self._ks_filter,
Jan 28 14:02:50.097571 dv-neutron-822096-11-hyperv neutron-server[103006]: File "/usr/local/lib/python3.8/dist-packages/keystoneauth1/session.py", line 1141, in get
Jan 28 14:02:50.097571 dv-neutron-822096-11-hyperv neutron-server[103006]: return self.request(url, 'GET', **kwargs)
Jan 28 14:02:50.097571 dv-neutron-822096-11-hyperv neutron-server[103006]: File "/usr/local/lib/python3.8/dist-packages/keystoneauth1/session.py", line 811, in request
Jan 28 14:02:50.097571 dv-neutron-822096-11-hyperv neutron-server[103006]: base_url = self.get_endpoint(auth, allow=allow,
Jan 28 14:02:50.097571 dv-neutron-822096-11-hyperv neutron-server[103006]: File "/usr/local/lib/python3.8/dist-packages/keystoneauth1/session.py", line 1241, in get_endpoint
Jan 28 14:02:50.097571 dv-neutron-822096-11-hyperv neutron-server[103006]: auth = self._auth_required(auth, 'determine endpoint URL')
Jan 28 14:02:50.097571 dv-neutron-822096-11-hyperv neutron-server[103006]: File "/usr/local/lib/python3.8/dist-packages/keystoneauth1/session.py", line 1181, in _auth_required
Jan 28 14:02:50.097571 dv-neutron-822096-11-hyperv neutron-server[103006]: raise exceptions.MissingAuthPlugin(msg_fmt % msg)
Jan 28 14:02:50.097571 dv-neutron-822096-11-hyperv neutron-server[103006]: keystoneauth1.exceptions.auth_plugins.MissingAuthPlugin: An auth plugin is required to determine endpoint URL
Jan 28 14:02:50.107454 dv-neutron-822096-11-hyperv neutron-server[103008]: DEBUG neutron.plugins.ml2.managers [None req-3980ba1c-392a-4f1e-9a4f-6119891ab219 None None] Attempting to bind port 4bdf0534-e75a-4341-bc81-dbdccc47d6ad on host dv-neutron-822096-11-hyperv for vnic_type normal with profile {{(pid=103008) bind_port /opt/stack/neutron/neutron/plugins/ml2/managers.py:795}}
Jan 28 14:02:50.107836 dv-neutron-822096-11-hyperv neutron-server[103008]: DEBUG neutron.plugins.ml2.managers [None req-3980ba1c-392a-4f1e-9a4f-6119891ab219 None None] Attempting to bind port 4bdf0534-e75a-4341-bc81-dbdccc47d6ad by drivers openvswitch,hyperv on host dv-neutron-822096-11-hyperv at level 0 using segments [{'id': '53c031eb-7a3c-41d6-b1d4-64a610424eba', 'network_type': 'vlan', 'physical_network': 'physnet1', 'segmentation_id': 191, 'network_id': '8daef945-d07d-4f5e-9d0a-610f093f0dd4'}] {{(pid=103008) _bind_port_level /opt/stack/neutron/neutron/plugins/ml2/managers.py:820}}
Jan 28 14:02:50.108221 dv-neutron-822096-11-hyperv neutron-server[103008]: DEBUG neutron.plugins.ml2.drivers.mech_agent [None req-3980ba1c-392a-4f1e-9a4f-6119891ab219 None None] Attempting to bind port 4bdf0534-e75a-4341-bc81-dbdccc47d6ad on network 8daef945-d07d-4f5e-9d0a-610f093f0dd4 {{(pid=103008) bind_port /opt/stack/neutron/neutron/plugins/ml2/drivers/mech_agent.py:91}}
Jan 28 14:02:50.108569 dv-neutron-822096-11-hyperv neutron-server[103005]: DEBUG neutron.plugins.ml2.managers [None req-7fab9897-3d31-471f-9026-8619bc84d9cc tempest-PortsAdminExtendedAttrsIpV6TestJSON-1668875506 tempest-PortsAdminExtendedAttrsIpV6TestJSON-1668875506-project-admin] Attempting to bind port c7082aa0-9169-4f31-ba77-7ab5d85f57f8 on host hv-neutron-8220 for vnic_type normal with profile {{(pid=103005) bind_port /opt/stack/neutron/neutron/plugins/ml2/managers.py:795}}
Jan 28 14:02:50.108905 dv-neutron-822096-11-hyperv neutron-server[103005]: DEBUG neutron.plugins.ml2.managers [None req-7fab9897-3d31-471f-9026-8619bc84d9cc tempest-PortsAdminExtendedAttrsIpV6TestJSON-1668875506 tempest-PortsAdminExtendedAttrsIpV6TestJSON-1668875506-project-admin] Attempting to bind port c7082aa0-9169-4f31-ba77-7ab5d85f57f8 by drivers openvswitch,hyperv on host hv-neutron-8220 at level 0 using segments [{'id': 'c795de49-b967-41ed-be34-ce005c8b6483', 'network_type': 'vlan', 'physical_network': 'physnet1', 'segmentation_id': 157, 'network_id': 'ccf914b0-d5d8-468b-8600-fa8107d4a882'}] {{(pid=103005) _bind_port_level /opt/stack/neutron/neutron/plugins/ml2/managers.py:820}}
Jan 28 14:02:50.109244 dv-neutron-822096-11-hyperv neutron-server[103005]: DEBUG neutron.plugins.ml2.drivers.mech_agent [None req-7fab9897-3d31-471f-9026-8619bc84d9cc tempest-PortsAdminExtendedAttrsIpV6TestJSON-1668875506 tempest-PortsAdminExtendedAttrsIpV6TestJSON-1668875506-project-admin] Attempting to bind port c7082aa0-9169-4f31-ba77-7ab5d85f57f8 on network ccf914b0-d5d8-468b-8600-fa8107d4a882 {{(pid=103005) bind_port /opt/stack/neutron/neutron/plugins/ml2/drivers/mech_agent.py:91}}
Jan 28 14:02:50.121205 dv-neutron-822096-11-hyperv neutron-server[103008]: DEBUG neutron.plugins.ml2.drivers.mech_agent [None req-3980ba1c-392a-4f1e-9a4f-6119891ab219 None None] Checking agent: {'id': '2b427df5-61e2-43f8-bf81-732e37cbcd3a', 'agent_type': 'Open vSwitch agent', 'binary': 'neutron-openvswitch-agent', 'topic': 'N/A', 'host': 'dv-neutron-822096-11-hyperv', 'admin_state_up': True, 'created_at': datetime.datetime(2022, 1, 28, 13, 55, 5), 'started_at': datetime.datetime(2022, 1, 28, 13, 55, 35), 'heartbeat_timestamp': datetime.datetime(2022, 1, 28, 14, 2, 35), 'description': None, 'resources_synced': None, 'availability_zone': None, 'alive': True, 'configurations': {'arp_responder_enabled': False, 'baremetal_smartnic': False, 'bridge_mappings': {'physnet1': 'br-data'}, 'datapath_type': 'system', 'devices': 0, 'enable_distributed_routing': False, 'extensions': [], 'in_distributed_mode': False, 'integration_bridge': 'br-int', 'l2_population': False, 'log_agent_heartbeats': False, 'ovs_capabilities': {'datapath_types': ['netdev', 'system'], 'iface_types': ['erspan', 'geneve', 'gre', 'internal', 'ip6erspan', 'ip6gre', 'lisp', 'patch', 'stt', 'system', 'tap', 'vxlan']}, 'ovs_hybrid_plug': False, 'resource_provider_bandwidths': {}, 'resource_provider_hypervisors': {'br-data': 'dv-neutron-822096-11-hyperv'}, 'resource_provider_inventory_defaults': {'allocation_ratio': 1.0, 'min_unit': 1, 'step_size': 1, 'reserved': 0}, 'resource_provider_packet_processing_inventory_defaults': {'allocation_ratio': 1.0, 'min_unit': 1, 'step_size': 1, 'reserved': 0}, 'resource_provider_packet_processing_with_direction': {}, 'resource_provider_packet_processing_without_direction': {}, 'tunnel_types': [], 'tunneling_ip': None, 'vhostuser_socket_dir': '/var/run/openvswitch'}, 'resource_versions': {'AddressGroup': '1.2', 'ConntrackHelper': '1.0', 'LocalIPAssociation': '1.0', 'Log': '1.0', 'Network': '1.1', 'Port': '1.7', 'PortForwarding': '1.2', 'QosPolicy': '1.10', 'SecurityGroup': '1.5', 'SecurityGroupRule': '1.2', 'SubPort': '1.0', 'Subnet': '1.1', 'Trunk': '1.1'}} {{(pid=103008) bind_port /opt/stack/neutron/neutron/plugins/ml2/drivers/mech_agent.py:110}}
Jan 28 14:02:50.121640 dv-neutron-822096-11-hyperv neutron-server[103008]: DEBUG neutron.plugins.ml2.drivers.mech_agent [None req-3980ba1c-392a-4f1e-9a4f-6119891ab219 None None] Checking segment: {'id': '53c031eb-7a3c-41d6-b1d4-64a610424eba', 'network_type': 'vlan', 'physical_network': 'physnet1', 'segmentation_id': 191, 'network_id': '8daef945-d07d-4f5e-9d0a-610f093f0dd4'} for mappings: {'physnet1': 'br-data'} with network types: ['local', 'flat', 'vlan'] {{(pid=103008) check_segment_for_agent /opt/stack/neutron/neutron/plugins/ml2/drivers/mech_agent.py:373}}
Jan 28 14:02:50.122050 dv-neutron-822096-11-hyperv neutron-server[103008]: DEBUG neutron_lib.callbacks.manager [None req-3980ba1c-392a-4f1e-9a4f-6119891ab219 None None] Publish callbacks [] for ovs_bridge_name (None), before_read {{(pid=103008) _notify_loop /usr/local/lib/python3.8/dist-packages/neutron_lib/callbacks/manager.py:176}}
Jan 28 14:02:50.124873 dv-neutron-822096-11-hyperv neutron-server[103008]: DEBUG neutron.plugins.ml2.drivers.mech_agent [None req-3980ba1c-392a-4f1e-9a4f-6119891ab219 None None] Bound using segment: {'id': '53c031eb-7a3c-41d6-b1d4-64a610424eba', 'network_type': 'vlan', 'physical_network': 'physnet1', 'segmentation_id': 191, 'network_id': '8daef945-d07d-4f5e-9d0a-610f093f0dd4'} {{(pid=103008) bind_port /opt/stack/neutron/neutron/plugins/ml2/drivers/mech_agent.py:120}}
Jan 28 14:02:50.125513 dv-neutron-822096-11-hyperv neutron-server[103008]: DEBUG neutron.plugins.ml2.managers [None req-3980ba1c-392a-4f1e-9a4f-6119891ab219 None None] Bound port: 4bdf0534-e75a-4341-bc81-dbdccc47d6ad, host: dv-neutron-822096-11-hyperv, vif_type: ovs, vif_details: {"connectivity": "l2", "port_filter": true, "ovs_hybrid_plug": false, "datapath_type": "system", "bridge_name": "br-int"}, binding_levels: [{'bound_driver': 'openvswitch', 'bound_segment': {'id': '53c031eb-7a3c-41d6-b1d4-64a610424eba', 'network_type': 'vlan', 'physical_network': 'physnet1', 'segmentation_id': 191, 'network_id': '8daef945-d07d-4f5e-9d0a-610f093f0dd4'}}] {{(pid=103008) _bind_port_level /opt/stack/neutron/neutron/plugins/ml2/managers.py:932}}
Jan 28 14:02:50.125769 dv-neutron-822096-11-hyperv neutron-server[103005]: DEBUG neutron_lib.callbacks.manager [None req-1220a095-0a8e-47c2-8489-9be22187d23f tempest-ServersTestJSON-1697095181 tempest-ServersTestJSON-1697095181-project] Publish callbacks [] for security_group_rule (d6128fea-f696-48ca-8faa-db0e8eb87ca5), before_create {{(pid=103005) _notify_loop /usr/local/lib/python3.8/dist-packages/neutron_lib/callbacks/manager.py:176}}
Jan 28 14:02:50.125910 dv-neutron-822096-11-hyperv neutron-server[103008]: DEBUG neutron_lib.callbacks.manager [None req-3980ba1c-392a-4f1e-9a4f-6119891ab219 None None] Publish callbacks ['neutron.plugins.ml2.plugin.SecurityGroupDbMixin._ensure_default_security_group_handler-16428149'] for port (4bdf0534-e75a-4341-bc81-dbdccc47d6ad), before_update {{(pid=103008) _notify_loop /usr/local/lib/python3.8/dist-packages/neutron_lib/callbacks/manager.py:176}}
Jan 28 14:02:50.140232 dv-neutron-822096-11-hyperv neutron-server[103005]: DEBUG neutron.plugins.ml2.drivers.mech_agent [None req-7fab9897-3d31-471f-9026-8619bc84d9cc tempest-PortsAdminExtendedAttrsIpV6TestJSON-1668875506 tempest-PortsAdminExtendedAttrsIpV6TestJSON-1668875506-project-admin] Port c7082aa0-9169-4f31-ba77-7ab5d85f57f8 on network ccf914b0-d5d8-468b-8600-fa8107d4a882 not bound, no agent of type Open vSwitch agent registered on host hv-neutron-8220 {{(pid=103005) bind_port /opt/stack/neutron/neutron/plugins/ml2/drivers/mech_agent.py:103}}
Jan 28 14:02:50.140464 dv-neutron-822096-11-hyperv neutron-server[103005]: ERROR neutron.plugins.ml2.managers [None req-7fab9897-3d31-471f-9026-8619bc84d9cc tempest-PortsAdminExtendedAttrsIpV6TestJSON-1668875506 tempest-PortsAdminExtendedAttrsIpV6TestJSON-1668875506-project-admin] Failed to bind port c7082aa0-9169-4f31-ba77-7ab5d85f57f8 on host hv-neutron-8220 for vnic_type normal using segments [{'id': 'c795de49-b967-41ed-be34-ce005c8b6483', 'network_type': 'vlan', 'physical_network': 'physnet1', 'segmentation_id': 157, 'network_id': 'ccf914b0-d5d8-468b-8600-fa8107d4a882'}]
Jan 28 14:02:50.144075 dv-neutron-822096-11-hyperv neutron-server[103005]: INFO neutron.plugins.ml2.plugin [None req-7fab9897-3d31-471f-9026-8619bc84d9cc tempest-PortsAdminExtendedAttrsIpV6TestJSON-1668875506 tempest-PortsAdminExtendedAttrsIpV6TestJSON-1668875506-project-admin] Attempt 6 to bind port c7082aa0-9169-4f31-ba77-7ab5d85f57f8
Jan 28 14:02:50.218766 dv-neutron-822096-11-hyperv neutron-server[103006]: DEBUG neutron.pecan_wsgi.hooks.quota_enforcement [req-dea0b90f-a2f3-4fa1-acd1-68fb9aa2b604 req-dbf584c5-34b6-4c40-bb6d-986859711725 tempest-ServersTestManualDisk-245959135 tempest-ServersTestManualDisk-245959135-project] Made reservation on behalf of 980c8394708a4a03bb26a46e8a97ec41 for: {'port': 1} {{(pid=103006) before /opt/stack/neutron/neutron/pecan_wsgi/hooks/quota_enforcement.py:53}}
Jan 28 14:02:50.224087 dv-neutron-822096-11-hyperv neutron-server[103006]: DEBUG neutron_lib.callbacks.manager [req-dea0b90f-a2f3-4fa1-acd1-68fb9aa2b604 req-dbf584c5-34b6-4c40-bb6d-986859711725 tempest-ServersTestManualDisk-245959135 tempest-ServersTestManualDisk-245959135-project] Publish callbacks ['neutron.plugins.ml2.plugin.SecurityGroupDbMixin._ensure_default_security_group_handler-16428149'] for port (None), before_create {{(pid=103006) _notify_loop /usr/local/lib/python3.8/dist-packages/neutron_lib/callbacks/manager.py:176}}
Jan 28 14:02:50.240344 dv-neutron-822096-11-hyperv neutron-server[103005]: DEBUG neutron_lib.callbacks.manager [None req-d2382560-0add-4778-b40e-7611d9cfd5ca admin admin] Publish callbacks [] for security_group (f55dd488-fce4-40b2-bf36-869642baa732), before_delete {{(pid=103005) _notify_loop /usr/local/lib/python3.8/dist-packages/neutron_lib/callbacks/manager.py:176}}
Jan 28 14:02:50.242184 dv-neutron-822096-11-hyperv neutron-server[103005]: DEBUG neutron.plugins.ml2.managers [None req-7fab9897-3d31-471f-9026-8619bc84d9cc tempest-PortsAdminExtendedAttrsIpV6TestJSON-1668875506 tempest-PortsAdminExtendedAttrsIpV6TestJSON-1668875506-project-admin] Attempting to bind port c7082aa0-9169-4f31-ba77-7ab5d85f57f8 on host hv-neutron-8220 for vnic_type normal with profile {{(pid=103005) bind_port /opt/stack/neutron/neutron/plugins/ml2/managers.py:795}}
Jan 28 14:02:50.242500 dv-neutron-822096-11-hyperv neutron-server[103005]: DEBUG neutron.plugins.ml2.managers [None req-7fab9897-3d31-471f-9026-8619bc84d9cc tempest-PortsAdminExtendedAttrsIpV6TestJSON-1668875506 tempest-PortsAdminExtendedAttrsIpV6TestJSON-1668875506-project-admin] Attempting to bind port c7082aa0-9169-4f31-ba77-7ab5d85f57f8 by drivers openvswitch,hyperv on host hv-neutron-8220 at level 0 using segments [{'id': 'c795de49-b967-41ed-be34-ce005c8b6483', 'network_type': 'vlan', 'physical_network': 'physnet1', 'segmentation_id': 157, 'network_id': 'ccf914b0-d5d8-468b-8600-fa8107d4a882'}] {{(pid=103005) _bind_port_level /opt/stack/neutron/neutron/plugins/ml2/managers.py:820}}
Jan 28 14:02:50.242844 dv-neutron-822096-11-hyperv neutron-server[103005]: DEBUG neutron.plugins.ml2.drivers.mech_agent [None req-7fab9897-3d31-471f-9026-8619bc84d9cc tempest-PortsAdminExtendedAttrsIpV6TestJSON-1668875506 tempest-PortsAdminExtendedAttrsIpV6TestJSON-1668875506-project-admin] Attempting to bind port c7082aa0-9169-4f31-ba77-7ab5d85f57f8 on network ccf914b0-d5d8-468b-8600-fa8107d4a882 {{(pid=103005) bind_port /opt/stack/neutron/neutron/plugins/ml2/drivers/mech_agent.py:91}}
Jan 28 14:02:50.259709 dv-neutron-822096-11-hyperv neutron-server[103008]: DEBUG neutron.plugins.ml2.db [None req-3980ba1c-392a-4f1e-9a4f-6119891ab219 None None] For port 4bdf0534-e75a-4341-bc81-dbdccc47d6ad, host dv-neutron-822096-11-hyperv, cleared binding levels {{(pid=103008) clear_binding_levels /opt/stack/neutron/neutron/plugins/ml2/db.py:87}}
Jan 28 14:02:50.263574 dv-neutron-822096-11-hyperv neutron-server[103008]: DEBUG neutron.plugins.ml2.db [None req-3980ba1c-392a-4f1e-9a4f-6119891ab219 None None] For port 4bdf0534-e75a-4341-bc81-dbdccc47d6ad, host dv-neutron-822096-11-hyperv, set binding levels [PortBindingLevel(driver='openvswitch',host='dv-neutron-822096-11-hyperv',level=0,port_id=4bdf0534-e75a-4341-bc81-dbdccc47d6ad,segment=NetworkSegment(53c031eb-7a3c-41d6-b1d4-64a610424eba),segment_id=53c031eb-7a3c-41d6-b1d4-64a610424eba)] {{(pid=103008) set_binding_levels /opt/stack/neutron/neutron/plugins/ml2/db.py:59}}
Jan 28 14:02:50.270373 dv-neutron-822096-11-hyperv neutron-server[103008]: DEBUG neutron_lib.callbacks.manager [None req-3980ba1c-392a-4f1e-9a4f-6119891ab219 None None] Publish callbacks ['neutron.plugins.ml2.plugin.SecurityGroupServerNotifierRpcMixin._notify_sg_on_port_change-16427608', 'neutron.plugins.ml2.ovo_rpc._ObjectChangeHandler.handle_event-896895', 'neutron.api.rpc.agentnotifiers.dhcp_rpc_agent_api.DhcpAgentNotifyAPI._native_event_send_dhcp_notification-590553', 'neutron.db.l3_db.L3RpcNotifierMixin._notify_gateway_port_ip_changed-8793467071196', 'neutron.db.l3_dvrscheduler_db._notify_l3_agent_port_update-8793466511656', 'neutron.db.l3_hascheduler_db._notify_l3_agent_ha_port_update-8793466511674'] for port (4bdf0534-e75a-4341-bc81-dbdccc47d6ad), after_update {{(pid=103008) _notify_loop /usr/local/lib/python3.8/dist-packages/neutron_lib/callbacks/manager.py:176}}
Jan 28 14:02:50.276134 dv-neutron-822096-11-hyperv neutron-server[103005]: DEBUG neutron_lib.callbacks.manager [None req-1220a095-0a8e-47c2-8489-9be22187d23f tempest-ServersTestJSON-1697095181 tempest-ServersTestJSON-1697095181-project] Publish callbacks [] for security_group_rule (d6128fea-f696-48ca-8faa-db0e8eb87ca5), precommit_create {{(pid=103005) _notify_loop /usr/local/lib/python3.8/dist-packages/neutron_lib/callbacks/manager.py:176}}
