Dec 16 21:40:38.540871 dv-neutron-821998-2-hyperv neutron-server[109817]: INFO neutron.wsgi [None req-3d2fd825-9383-45b7-ac2c-d6226501d590 tempest-MeteringIpV6TestJSON-1139614924 tempest-MeteringIpV6TestJSON-1139614924-project-admin] 10.222.0.61 "DELETE /v2.0/metering/metering-label-rules/471b5495-fed1-4e90-9d75-16da61124f16 HTTP/1.1" status: 204 len: 168 time: 0.4265912
Dec 16 21:40:38.542974 dv-neutron-821998-2-hyperv neutron-server[109817]: DEBUG neutron.wsgi [-] (109817) accepted ('10.222.0.61', 45088) {{(pid=109817) server /usr/local/lib/python3.8/dist-packages/eventlet/wsgi.py:1004}}
Dec 16 21:40:38.554390 dv-neutron-821998-2-hyperv neutron-server[109818]: DEBUG neutron.plugins.ml2.drivers.helpers [None req-85c00735-df63-42c7-9961-3338b4bd1e6e tempest-DHCPAgentSchedulersTestJSON-954587763 tempest-DHCPAgentSchedulersTestJSON-954587763-project] vlan segment allocate from pool success with {'vlan_id': 516, 'physical_network': 'physnet1'} {{(pid=109818) allocate_partially_specified_segment /opt/stack/neutron/neutron/plugins/ml2/drivers/helpers.py:153}}
Dec 16 21:40:38.557300 dv-neutron-821998-2-hyperv neutron-server[109818]: DEBUG neutron_lib.callbacks.manager [None req-e76234ca-95ef-4705-9032-266b36827dca admin admin] Publish callbacks [] for router_gateway, after_create {{(pid=109818) _notify_loop /usr/local/lib/python3.8/dist-packages/neutron_lib/callbacks/manager.py:175}}
Dec 16 21:40:38.619495 dv-neutron-821998-2-hyperv neutron-server[109818]: DEBUG neutron.api.rpc.handlers.resources_rpc [None req-85c00735-df63-42c7-9961-3338b4bd1e6e tempest-DHCPAgentSchedulersTestJSON-954587763 tempest-DHCPAgentSchedulersTestJSON-954587763-project] Pushing event updated for resources: {'SecurityGroup': ['ID=c191c24e-3862-4ccb-87a0-84f9ba69f114,revision_number=1']} {{(pid=109818) push /opt/stack/neutron/neutron/api/rpc/handlers/resources_rpc.py:237}}
Dec 16 21:40:38.650454 dv-neutron-821998-2-hyperv neutron-server[109819]: DEBUG neutron.scheduler.dhcp_agent_scheduler [None req-d810b318-4b39-4af0-a14c-bda3eeb0cc47 None None] Network cb2f2225-9add-45f1-8189-0336da49b9ff is already hosted by enough agents. {{(pid=109819) _get_dhcp_agents_hosting_network /opt/stack/neutron/neutron/scheduler/dhcp_agent_scheduler.py:275}}
Dec 16 21:40:38.655958 dv-neutron-821998-2-hyperv neutron-server[109818]: DEBUG neutron_lib.callbacks.manager [None req-85c00735-df63-42c7-9961-3338b4bd1e6e tempest-DHCPAgentSchedulersTestJSON-954587763 tempest-DHCPAgentSchedulersTestJSON-954587763-project] Publish callbacks ['neutron.plugins.ml2.plugin.Ml2Plugin._handle_segment_change-948812'] for segment, precommit_create {{(pid=109818) _notify_loop /usr/local/lib/python3.8/dist-packages/neutron_lib/callbacks/manager.py:175}}
Dec 16 21:40:38.656309 dv-neutron-821998-2-hyperv neutron-server[109818]: INFO neutron.db.segments_db [None req-85c00735-df63-42c7-9961-3338b4bd1e6e tempest-DHCPAgentSchedulersTestJSON-954587763 tempest-DHCPAgentSchedulersTestJSON-954587763-project] Added segment 9f1b8079-d664-4234-85ea-adb8e2d5ffab of type vlan for network 87b938bf-2677-40e2-8364-bbd01faba3ca
Dec 16 21:40:38.663715 dv-neutron-821998-2-hyperv neutron-server[109819]: DEBUG neutron.scheduler.base_scheduler [None req-d810b318-4b39-4af0-a14c-bda3eeb0cc47 None None] Resources bound (agent type, host, resource id): {{(pid=109819) schedule /opt/stack/neutron/neutron/scheduler/base_scheduler.py:57}}
Dec 16 21:40:38.670303 dv-neutron-821998-2-hyperv neutron-server[109819]: DEBUG neutron.api.rpc.handlers.resources_rpc [None req-d810b318-4b39-4af0-a14c-bda3eeb0cc47 None None] Pushing event updated for resources: {'Port': ['ID=878afe81-f7b6-4412-b8b4-142df151ac2d,revision_number=1']} {{(pid=109819) push /opt/stack/neutron/neutron/api/rpc/handlers/resources_rpc.py:237}}
Dec 16 21:40:38.674611 dv-neutron-821998-2-hyperv neutron-server[109819]: DEBUG neutron.db.l3_dvrscheduler_db [None req-d810b318-4b39-4af0-a14c-bda3eeb0cc47 None None] Received port after_create {{(pid=109819) _notify_l3_agent_new_port /opt/stack/neutron/neutron/db/l3_dvrscheduler_db.py:535}}
Dec 16 21:40:38.686958 dv-neutron-821998-2-hyperv neutron-server[109818]: DEBUG neutron.db.db_base_plugin_common [None req-90264e66-668f-416b-8f3d-a7ae6f183142 tempest-RoutersAdminNegativeIpV6Test-585083243 tempest-RoutersAdminNegativeIpV6Test-585083243-project-admin] Allocated IP 172.26.6.131 (5ab0de80-e3e1-43d0-93ff-2289ee212f34/6bc76788-0db5-41a1-9217-dddac94b3413/0d4987da-7dfc-45e3-941b-ac27de3663b7) {{(pid=109818) _store_ip_allocation /opt/stack/neutron/neutron/db/db_base_plugin_common.py:131}}
Dec 16 21:40:38.799673 dv-neutron-821998-2-hyperv neutron-server[109818]: DEBUG neutron_lib.callbacks.manager [None req-85c00735-df63-42c7-9961-3338b4bd1e6e tempest-DHCPAgentSchedulersTestJSON-954587763 tempest-DHCPAgentSchedulersTestJSON-954587763-project] Publish callbacks ['neutron.services.auto_allocate.db._ensure_external_network_default_value_callback-8730579881000'] for network, precommit_create {{(pid=109818) _notify_loop /usr/local/lib/python3.8/dist-packages/neutron_lib/callbacks/manager.py:175}}
Dec 16 21:40:38.823662 dv-neutron-821998-2-hyperv neutron-server[109819]: DEBUG neutron.plugins.ml2.managers [None req-d810b318-4b39-4af0-a14c-bda3eeb0cc47 None None] Attempting to bind port 878afe81-f7b6-4412-b8b4-142df151ac2d on host dv-neutron-821998-2-hyperv for vnic_type normal with profile {{(pid=109819) bind_port /opt/stack/neutron/neutron/plugins/ml2/managers.py:795}}
Dec 16 21:40:38.824223 dv-neutron-821998-2-hyperv neutron-server[109819]: DEBUG neutron.plugins.ml2.managers [None req-d810b318-4b39-4af0-a14c-bda3eeb0cc47 None None] Attempting to bind port 878afe81-f7b6-4412-b8b4-142df151ac2d by drivers openvswitch,hyperv on host dv-neutron-821998-2-hyperv at level 0 using segments [{'id': '474e9630-878c-41b7-9580-3b3d82a373bd', 'network_type': 'vlan', 'physical_network': 'physnet1', 'segmentation_id': 534, 'network_id': 'cb2f2225-9add-45f1-8189-0336da49b9ff'}] {{(pid=109819) _bind_port_level /opt/stack/neutron/neutron/plugins/ml2/managers.py:820}}
Dec 16 21:40:38.824820 dv-neutron-821998-2-hyperv neutron-server[109819]: DEBUG neutron.plugins.ml2.drivers.mech_agent [None req-d810b318-4b39-4af0-a14c-bda3eeb0cc47 None None] Attempting to bind port 878afe81-f7b6-4412-b8b4-142df151ac2d on network cb2f2225-9add-45f1-8189-0336da49b9ff {{(pid=109819) bind_port /opt/stack/neutron/neutron/plugins/ml2/drivers/mech_agent.py:91}}
Dec 16 21:40:38.834480 dv-neutron-821998-2-hyperv neutron-server[109819]: DEBUG neutron.plugins.ml2.drivers.mech_agent [None req-d810b318-4b39-4af0-a14c-bda3eeb0cc47 None None] Checking agent: {'id': '11c0a889-5f34-4e55-8303-e90b81e43400', 'agent_type': 'Open vSwitch agent', 'binary': 'neutron-openvswitch-agent', 'topic': 'N/A', 'host': 'dv-neutron-821998-2-hyperv', 'admin_state_up': True, 'created_at': datetime.datetime(2021, 12, 16, 21, 32, 56), 'started_at': datetime.datetime(2021, 12, 16, 21, 33, 26), 'heartbeat_timestamp': datetime.datetime(2021, 12, 16, 21, 40, 26), 'description': None, 'resources_synced': None, 'availability_zone': None, 'alive': True, 'configurations': {'arp_responder_enabled': False, 'baremetal_smartnic': False, 'bridge_mappings': {'physnet1': 'br-data'}, 'datapath_type': 'system', 'devices': 0, 'enable_distributed_routing': False, 'extensions': [], 'in_distributed_mode': False, 'integration_bridge': 'br-int', 'l2_population': False, 'log_agent_heartbeats': False, 'ovs_capabilities': {'datapath_types': ['netdev', 'system'], 'iface_types': ['erspan', 'geneve', 'gre', 'internal', 'ip6erspan', 'ip6gre', 'lisp', 'patch', 'stt', 'system', 'tap', 'vxlan']}, 'ovs_hybrid_plug': False, 'resource_provider_bandwidths': {}, 'resource_provider_hypervisors': {'br-data': 'dv-neutron-821998-2-hyperv'}, 'resource_provider_inventory_defaults': {'allocation_ratio': 1.0, 'min_unit': 1, 'step_size': 1, 'reserved': 0}, 'resource_provider_packet_processing_inventory_defaults': {'allocation_ratio': 1.0, 'min_unit': 1, 'step_size': 1, 'reserved': 0}, 'resource_provider_packet_processing_with_direction': {}, 'resource_provider_packet_processing_without_direction': {}, 'tunnel_types': [], 'tunneling_ip': None, 'vhostuser_socket_dir': '/var/run/openvswitch'}, 'resource_versions': {'AddressGroup': '1.2', 'ConntrackHelper': '1.0', 'LocalIPAssociation': '1.0', 'Log': '1.0', 'Network': '1.1', 'Port': '1.7', 'PortForwarding': '1.2', 'QosPolicy': '1.10', 'SecurityGroup': '1.5', 'SecurityGroupRule': '1.2', 'SubPort': '1.0', 'Subnet': '1.1', 'Trunk': '1.1'}} {{(pid=109819) bind_port /opt/stack/neutron/neutron/plugins/ml2/drivers/mech_agent.py:110}}
Dec 16 21:40:38.835461 dv-neutron-821998-2-hyperv neutron-server[109819]: DEBUG neutron.plugins.ml2.drivers.mech_agent [None req-d810b318-4b39-4af0-a14c-bda3eeb0cc47 None None] Checking segment: {'id': '474e9630-878c-41b7-9580-3b3d82a373bd', 'network_type': 'vlan', 'physical_network': 'physnet1', 'segmentation_id': 534, 'network_id': 'cb2f2225-9add-45f1-8189-0336da49b9ff'} for mappings: {'physnet1': 'br-data'} with network types: ['local', 'flat', 'vlan'] {{(pid=109819) check_segment_for_agent /opt/stack/neutron/neutron/plugins/ml2/drivers/mech_agent.py:371}}
Dec 16 21:40:38.835779 dv-neutron-821998-2-hyperv neutron-server[109819]: DEBUG neutron_lib.callbacks.manager [None req-d810b318-4b39-4af0-a14c-bda3eeb0cc47 None None] Publish callbacks [] for ovs_bridge_name, before_read {{(pid=109819) _notify_loop /usr/local/lib/python3.8/dist-packages/neutron_lib/callbacks/manager.py:175}}
Dec 16 21:40:38.836435 dv-neutron-821998-2-hyperv neutron-server[109819]: DEBUG neutron.plugins.ml2.drivers.mech_agent [None req-d810b318-4b39-4af0-a14c-bda3eeb0cc47 None None] Bound using segment: {'id': '474e9630-878c-41b7-9580-3b3d82a373bd', 'network_type': 'vlan', 'physical_network': 'physnet1', 'segmentation_id': 534, 'network_id': 'cb2f2225-9add-45f1-8189-0336da49b9ff'} {{(pid=109819) bind_port /opt/stack/neutron/neutron/plugins/ml2/drivers/mech_agent.py:120}}
Dec 16 21:40:38.837290 dv-neutron-821998-2-hyperv neutron-server[109819]: DEBUG neutron.plugins.ml2.managers [None req-d810b318-4b39-4af0-a14c-bda3eeb0cc47 None None] Bound port: 878afe81-f7b6-4412-b8b4-142df151ac2d, host: dv-neutron-821998-2-hyperv, vif_type: ovs, vif_details: {"connectivity": "l2", "port_filter": true, "ovs_hybrid_plug": false, "datapath_type": "system", "bridge_name": "br-int"}, binding_levels: [{'bound_driver': 'openvswitch', 'bound_segment': {'id': '474e9630-878c-41b7-9580-3b3d82a373bd', 'network_type': 'vlan', 'physical_network': 'physnet1', 'segmentation_id': 534, 'network_id': 'cb2f2225-9add-45f1-8189-0336da49b9ff'}}] {{(pid=109819) _bind_port_level /opt/stack/neutron/neutron/plugins/ml2/managers.py:932}}
Dec 16 21:40:38.837984 dv-neutron-821998-2-hyperv neutron-server[109819]: DEBUG neutron_lib.callbacks.manager [None req-d810b318-4b39-4af0-a14c-bda3eeb0cc47 None None] Publish callbacks ['neutron.plugins.ml2.plugin.SecurityGroupDbMixin._ensure_default_security_group_handler-570138'] for port, before_update {{(pid=109819) _notify_loop /usr/local/lib/python3.8/dist-packages/neutron_lib/callbacks/manager.py:175}}
Dec 16 21:40:38.885730 dv-neutron-821998-2-hyperv neutron-server[109818]: DEBUG neutron_lib.callbacks.manager [None req-ad207306-9241-4ae9-b3e3-aacf00a1daa3 tempest-RoutersIpV6AdminTest-1758561142 tempest-RoutersIpV6AdminTest-1758561142-project-admin] Publish callbacks [] for security_group, precommit_create {{(pid=109818) _notify_loop /usr/local/lib/python3.8/dist-packages/neutron_lib/callbacks/manager.py:175}}
Dec 16 21:40:38.916294 dv-neutron-821998-2-hyperv neutron-server[109818]: DEBUG neutron_lib.callbacks.manager [None req-fea7b795-3e51-46c3-b935-148e4d55eb5b tempest-ExternalNetworksAdminNegativeTestJSON-419906680 tempest-ExternalNetworksAdminNegativeTestJSON-419906680-project-admin] Publish callbacks ['neutron.plugins.ml2.plugin.SecurityGroupDbMixin._ensure_default_security_group_handler-570138'] for port, before_create {{(pid=109818) _notify_loop /usr/local/lib/python3.8/dist-packages/neutron_lib/callbacks/manager.py:175}}
Dec 16 21:40:38.925906 dv-neutron-821998-2-hyperv neutron-server[109818]: DEBUG neutron_lib.callbacks.manager [None req-ad207306-9241-4ae9-b3e3-aacf00a1daa3 tempest-RoutersIpV6AdminTest-1758561142 tempest-RoutersIpV6AdminTest-1758561142-project-admin] Publish callbacks ['neutron.plugins.ml2.ovo_rpc._ObjectChangeHandler.handle_event-4104345'] for security_group, after_create {{(pid=109818) _notify_loop /usr/local/lib/python3.8/dist-packages/neutron_lib/callbacks/manager.py:175}}
Dec 16 21:40:38.933500 dv-neutron-821998-2-hyperv neutron-server[109817]: DEBUG neutron_lib.callbacks.manager [None req-8d45c118-c2b2-429b-8166-de4d24b8f0fb tempest-MeteringIpV6TestJSON-1139614924 tempest-MeteringIpV6TestJSON-1139614924-project-admin] Publish callbacks [] for metering_label, before_response {{(pid=109817) _notify_loop /usr/local/lib/python3.8/dist-packages/neutron_lib/callbacks/manager.py:175}}
Dec 16 21:40:38.937119 dv-neutron-821998-2-hyperv neutron-server[109817]: INFO neutron.wsgi [None req-8d45c118-c2b2-429b-8166-de4d24b8f0fb tempest-MeteringIpV6TestJSON-1139614924 tempest-MeteringIpV6TestJSON-1139614924-project-admin] 10.222.0.61 "DELETE /v2.0/metering/metering-labels/accdf1b3-37f4-408b-a478-c30c5c5cbfbd HTTP/1.1" status: 204 len: 168 time: 0.3894398
Dec 16 21:40:38.960397 dv-neutron-821998-2-hyperv neutron-server[109819]: DEBUG neutron.plugins.ml2.db [None req-d810b318-4b39-4af0-a14c-bda3eeb0cc47 None None] For port 878afe81-f7b6-4412-b8b4-142df151ac2d, host dv-neutron-821998-2-hyperv, cleared binding levels {{(pid=109819) clear_binding_levels /opt/stack/neutron/neutron/plugins/ml2/db.py:87}}
Dec 16 21:40:38.973461 dv-neutron-821998-2-hyperv neutron-server[109819]: DEBUG neutron.plugins.ml2.db [None req-d810b318-4b39-4af0-a14c-bda3eeb0cc47 None None] For port 878afe81-f7b6-4412-b8b4-142df151ac2d, host dv-neutron-821998-2-hyperv, set binding levels [PortBindingLevel(driver='openvswitch',host='dv-neutron-821998-2-hyperv',level=0,port_id=878afe81-f7b6-4412-b8b4-142df151ac2d,segment=NetworkSegment(474e9630-878c-41b7-9580-3b3d82a373bd),segment_id=474e9630-878c-41b7-9580-3b3d82a373bd)] {{(pid=109819) set_binding_levels /opt/stack/neutron/neutron/plugins/ml2/db.py:59}}
Dec 16 21:40:38.983341 dv-neutron-821998-2-hyperv neutron-server[109819]: DEBUG neutron_lib.callbacks.manager [None req-d810b318-4b39-4af0-a14c-bda3eeb0cc47 None None] Publish callbacks ['neutron.plugins.ml2.plugin.SecurityGroupServerNotifierRpcMixin._notify_sg_on_port_change-569029', 'neutron.plugins.ml2.ovo_rpc._ObjectChangeHandler.handle_event-82042', 'neutron.api.rpc.agentnotifiers.dhcp_rpc_agent_api.DhcpAgentNotifyAPI._native_event_send_dhcp_notification-3701826', 'neutron.db.l3_db.L3RpcNotifierMixin._notify_gateway_port_ip_changed-8730580394981', 'neutron.db.l3_dvrscheduler_db._notify_l3_agent_port_update-8730579895004', 'neutron.db.l3_hascheduler_db._notify_l3_agent_ha_port_update-8730579895022'] for port, after_update {{(pid=109819) _notify_loop /usr/local/lib/python3.8/dist-packages/neutron_lib/callbacks/manager.py:175}}
Dec 16 21:40:39.056593 dv-neutron-821998-2-hyperv neutron-server[109818]: DEBUG neutron_lib.callbacks.manager [None req-85c00735-df63-42c7-9961-3338b4bd1e6e tempest-DHCPAgentSchedulersTestJSON-954587763 tempest-DHCPAgentSchedulersTestJSON-954587763-project] Publish callbacks ['neutron.plugins.ml2.ovo_rpc._ObjectChangeHandler.handle_event-4082735', 'neutron.api.rpc.agentnotifiers.dhcp_rpc_agent_api.DhcpAgentNotifyAPI._native_event_send_dhcp_notification-3701826'] for network, after_create {{(pid=109818) _notify_loop /usr/local/lib/python3.8/dist-packages/neutron_lib/callbacks/manager.py:175}}
Dec 16 21:40:39.063669 dv-neutron-821998-2-hyperv neutron-server[109818]: DEBUG neutron.pecan_wsgi.hooks.policy_enforcement [None req-85c00735-df63-42c7-9961-3338b4bd1e6e tempest-DHCPAgentSchedulersTestJSON-954587763 tempest-DHCPAgentSchedulersTestJSON-954587763-project] Attributes excluded by policy engine: ['standard_attr_id', 'provider:network_type', 'provider:physical_network', 'provider:segmentation_id', 'vlan_transparent'] {{(pid=109818) _exclude_attributes_by_policy /opt/stack/neutron/neutron/pecan_wsgi/hooks/policy_enforcement.py:255}}
Dec 16 21:40:39.064319 dv-neutron-821998-2-hyperv neutron-server[109818]: DEBUG neutron_lib.callbacks.manager [None req-85c00735-df63-42c7-9961-3338b4bd1e6e tempest-DHCPAgentSchedulersTestJSON-954587763 tempest-DHCPAgentSchedulersTestJSON-954587763-project] Publish callbacks ['neutron.api.rpc.agentnotifiers.dhcp_rpc_agent_api.DhcpAgentNotifyAPI._send_dhcp_notification-3701852'] for network, before_response {{(pid=109818) _notify_loop /usr/local/lib/python3.8/dist-packages/neutron_lib/callbacks/manager.py:175}}
Dec 16 21:40:39.116998 dv-neutron-821998-2-hyperv neutron-server[109819]: DEBUG neutron.api.rpc.handlers.resources_rpc [None req-d810b318-4b39-4af0-a14c-bda3eeb0cc47 None None] Pushing event updated for resources: {'Port': ['ID=878afe81-f7b6-4412-b8b4-142df151ac2d,revision_number=2']} {{(pid=109819) push /opt/stack/neutron/neutron/api/rpc/handlers/resources_rpc.py:237}}
Dec 16 21:40:39.166745 dv-neutron-821998-2-hyperv neutron-server[109817]: DEBUG neutron.wsgi [-] (109817) accepted ('10.222.0.61', 45094) {{(pid=109817) server /usr/local/lib/python3.8/dist-packages/eventlet/wsgi.py:1004}}
Dec 16 21:40:39.173328 dv-neutron-821998-2-hyperv neutron-server[109817]: DEBUG neutron.api.v2.base [None req-21a651ac-d695-4e0b-bfe1-b8faa77b0228 tempest-PortsAdminExtendedAttrsTestJSON-1775250589 tempest-PortsAdminExtendedAttrsTestJSON-1775250589-project-admin] Request body: {'port': {'network_id': '60f4f1a6-d973-4ab5-a19e-d99e84bb6e84', 'binding:host_id': 'hv-neutron-8219', 'name': 'tempest-PortsAdminExtendedAttrsTestJSON-985882725'}} {{(pid=109817) prepare_request_body /opt/stack/neutron/neutron/api/v2/base.py:729}}
Dec 16 21:40:39.212164 dv-neutron-821998-2-hyperv neutron-server[109817]: DEBUG neutron.pecan_wsgi.hooks.quota_enforcement [None req-21a651ac-d695-4e0b-bfe1-b8faa77b0228 tempest-PortsAdminExtendedAttrsTestJSON-1775250589 tempest-PortsAdminExtendedAttrsTestJSON-1775250589-project-admin] Made reservation on behalf of f225bfb9c1444572900683f9daf08a54 for: {'port': 1} {{(pid=109817) before /opt/stack/neutron/neutron/pecan_wsgi/hooks/quota_enforcement.py:53}}
Dec 16 21:40:39.215031 dv-neutron-821998-2-hyperv neutron-server[109817]: DEBUG neutron_lib.callbacks.manager [None req-21a651ac-d695-4e0b-bfe1-b8faa77b0228 tempest-PortsAdminExtendedAttrsTestJSON-1775250589 tempest-PortsAdminExtendedAttrsTestJSON-1775250589-project-admin] Publish callbacks ['neutron.plugins.ml2.plugin.SecurityGroupDbMixin._ensure_default_security_group_handler-570138'] for port, before_create {{(pid=109817) _notify_loop /usr/local/lib/python3.8/dist-packages/neutron_lib/callbacks/manager.py:175}}
Dec 16 21:40:39.226402 dv-neutron-821998-2-hyperv neutron-server[109817]: DEBUG neutron_lib.callbacks.manager [None req-21a651ac-d695-4e0b-bfe1-b8faa77b0228 tempest-PortsAdminExtendedAttrsTestJSON-1775250589 tempest-PortsAdminExtendedAttrsTestJSON-1775250589-project-admin] Publish callbacks [] for security_group, before_create {{(pid=109817) _notify_loop /usr/local/lib/python3.8/dist-packages/neutron_lib/callbacks/manager.py:175}}
Dec 16 21:40:39.251218 dv-neutron-821998-2-hyperv neutron-server[109818]: DEBUG neutron.plugins.ml2.drivers.helpers [None req-ad207306-9241-4ae9-b3e3-aacf00a1daa3 tempest-RoutersIpV6AdminTest-1758561142 tempest-RoutersIpV6AdminTest-1758561142-project-admin] vlan segment allocate from pool success with {'vlan_id': 509, 'physical_network': 'physnet1'} {{(pid=109818) allocate_partially_specified_segment /opt/stack/neutron/neutron/plugins/ml2/drivers/helpers.py:153}}
Dec 16 21:40:39.384125 dv-neutron-821998-2-hyperv neutron-server[109818]: DEBUG neutron.api.rpc.handlers.resources_rpc [None req-ad207306-9241-4ae9-b3e3-aacf00a1daa3 tempest-RoutersIpV6AdminTest-1758561142 tempest-RoutersIpV6AdminTest-1758561142-project-admin] Pushing event updated for resources: {'SecurityGroup': ['ID=455d2311-a4fc-47db-a546-d2e0fdbb5b5e,revision_number=1']} {{(pid=109818) push /opt/stack/neutron/neutron/api/rpc/handlers/resources_rpc.py:237}}
Dec 16 21:40:39.386593 dv-neutron-821998-2-hyperv neutron-server[109817]: DEBUG neutron_lib.callbacks.manager [None req-21a651ac-d695-4e0b-bfe1-b8faa77b0228 tempest-PortsAdminExtendedAttrsTestJSON-1775250589 tempest-PortsAdminExtendedAttrsTestJSON-1775250589-project-admin] Publish callbacks [] for security_group, precommit_create {{(pid=109817) _notify_loop /usr/local/lib/python3.8/dist-packages/neutron_lib/callbacks/manager.py:175}}
Dec 16 21:40:39.393087 dv-neutron-821998-2-hyperv neutron-server[109817]: DEBUG neutron_lib.callbacks.manager [None req-21a651ac-d695-4e0b-bfe1-b8faa77b0228 tempest-PortsAdminExtendedAttrsTestJSON-1775250589 tempest-PortsAdminExtendedAttrsTestJSON-1775250589-project-admin] Publish callbacks ['neutron.plugins.ml2.ovo_rpc._ObjectChangeHandler.handle_event-4104345'] for security_group, after_create {{(pid=109817) _notify_loop /usr/local/lib/python3.8/dist-packages/neutron_lib/callbacks/manager.py:175}}
Dec 16 21:40:39.399822 dv-neutron-821998-2-hyperv neutron-server[109817]: DEBUG neutron.notifiers.nova [None req-21a651ac-d695-4e0b-bfe1-b8faa77b0228 tempest-PortsAdminExtendedAttrsTestJSON-1775250589 tempest-PortsAdminExtendedAttrsTestJSON-1775250589-project-admin] device_id is not set on port 304f1e9d-811a-496c-ba81-0b9af3af1751 yet. {{(pid=109817) _can_notify /opt/stack/neutron/neutron/notifiers/nova.py:190}}
Dec 16 21:40:39.403077 dv-neutron-821998-2-hyperv neutron-server[109818]: DEBUG neutron_lib.callbacks.manager [None req-ad207306-9241-4ae9-b3e3-aacf00a1daa3 tempest-RoutersIpV6AdminTest-1758561142 tempest-RoutersIpV6AdminTest-1758561142-project-admin] Publish callbacks ['neutron.plugins.ml2.plugin.Ml2Plugin._handle_segment_change-948812'] for segment, precommit_create {{(pid=109818) _notify_loop /usr/local/lib/python3.8/dist-packages/neutron_lib/callbacks/manager.py:175}}
Dec 16 21:40:39.403792 dv-neutron-821998-2-hyperv neutron-server[109818]: INFO neutron.db.segments_db [None req-ad207306-9241-4ae9-b3e3-aacf00a1daa3 tempest-RoutersIpV6AdminTest-1758561142 tempest-RoutersIpV6AdminTest-1758561142-project-admin] Added segment 571f7556-9d78-4b62-b4b9-a81fa5068adc of type vlan for network b7a548b9-c17d-4b8e-9e7f-c13269ac1d7f
Dec 16 21:40:39.434085 dv-neutron-821998-2-hyperv neutron-server[109818]: DEBUG neutron.wsgi [-] (109818) accepted ('10.222.0.61', 45100) {{(pid=109818) server /usr/local/lib/python3.8/dist-packages/eventlet/wsgi.py:1004}}
Dec 16 21:40:39.444768 dv-neutron-821998-2-hyperv neutron-server[109818]: INFO neutron.wsgi [None req-85c00735-df63-42c7-9961-3338b4bd1e6e tempest-DHCPAgentSchedulersTestJSON-954587763 tempest-DHCPAgentSchedulersTestJSON-954587763-project] 10.222.0.61 "POST /v2.0/networks HTTP/1.1" status: 201 len: 794 time: 3.0323424
Dec 16 21:40:39.491506 dv-neutron-821998-2-hyperv neutron-server[109817]: DEBUG neutron.wsgi [-] (109817) accepted ('10.222.0.61', 45102) {{(pid=109817) server /usr/local/lib/python3.8/dist-packages/eventlet/wsgi.py:1004}}
Dec 16 21:40:39.506381 dv-neutron-821998-2-hyperv neutron-server[109817]: DEBUG neutron.api.v2.base [None req-a66d6ac8-bb80-4a83-aae3-48803fb15034 tempest-DHCPAgentSchedulersTestJSON-954587763 tempest-DHCPAgentSchedulersTestJSON-954587763-project] Request body: {'subnet': {'network_id': '87b938bf-2677-40e2-8364-bbd01faba3ca', 'cidr': '172.20.0.0/28', 'ip_version': 4, 'gateway_ip': '172.20.0.1'}} {{(pid=109817) prepare_request_body /opt/stack/neutron/neutron/api/v2/base.py:729}}
Dec 16 21:40:39.541673 dv-neutron-821998-2-hyperv neutron-server[109817]: DEBUG neutron.api.rpc.handlers.resources_rpc [None req-21a651ac-d695-4e0b-bfe1-b8faa77b0228 tempest-PortsAdminExtendedAttrsTestJSON-1775250589 tempest-PortsAdminExtendedAttrsTestJSON-1775250589-project-admin] Pushing event updated for resources: {'SecurityGroup': ['ID=37ddee9a-3249-46c6-83bf-da446d5f8d79,revision_number=1']} {{(pid=109817) push /opt/stack/neutron/neutron/api/rpc/handlers/resources_rpc.py:237}}
Dec 16 21:40:39.624634 dv-neutron-821998-2-hyperv neutron-server[109820]: DEBUG neutron.db.agents_db [None req-c9cc294e-92ab-4405-9a53-08774c3ec228 None None] Agent healthcheck: found 6 active agents {{(pid=109820) agent_health_check /opt/stack/neutron/neutron/db/agents_db.py:317}}
Dec 16 21:40:39.732993 dv-neutron-821998-2-hyperv neutron-server[109818]: DEBUG neutron_lib.callbacks.manager [None req-ad207306-9241-4ae9-b3e3-aacf00a1daa3 tempest-RoutersIpV6AdminTest-1758561142 tempest-RoutersIpV6AdminTest-1758561142-project-admin] Publish callbacks ['neutron.services.auto_allocate.db._ensure_external_network_default_value_callback-8730579881000'] for network, precommit_create {{(pid=109818) _notify_loop /usr/local/lib/python3.8/dist-packages/neutron_lib/callbacks/manager.py:175}}
Dec 16 21:40:39.745898 dv-neutron-821998-2-hyperv neutron-server[109818]: DEBUG neutron.api.rpc.handlers.resources_rpc [None req-85c00735-df63-42c7-9961-3338b4bd1e6e tempest-DHCPAgentSchedulersTestJSON-954587763 tempest-DHCPAgentSchedulersTestJSON-954587763-project] Pushing event updated for resources: {'Network': ['ID=87b938bf-2677-40e2-8364-bbd01faba3ca,revision_number=1']} {{(pid=109818) push /opt/stack/neutron/neutron/api/rpc/handlers/resources_rpc.py:237}}
Dec 16 21:40:39.751000 dv-neutron-821998-2-hyperv neutron-server[109817]: DEBUG neutron.pecan_wsgi.hooks.quota_enforcement [None req-a66d6ac8-bb80-4a83-aae3-48803fb15034 tempest-DHCPAgentSchedulersTestJSON-954587763 tempest-DHCPAgentSchedulersTestJSON-954587763-project] Made reservation on behalf of 34a1eb8aa2dd472582fe4cae3848f272 for: {'subnet': 1} {{(pid=109817) before /opt/stack/neutron/neutron/pecan_wsgi/hooks/quota_enforcement.py:53}}
Dec 16 21:40:39.754677 dv-neutron-821998-2-hyperv neutron-server[109817]: DEBUG neutron_lib.callbacks.manager [None req-a66d6ac8-bb80-4a83-aae3-48803fb15034 tempest-DHCPAgentSchedulersTestJSON-954587763 tempest-DHCPAgentSchedulersTestJSON-954587763-project] Publish callbacks [] for subnet, before_create {{(pid=109817) _notify_loop /usr/local/lib/python3.8/dist-packages/neutron_lib/callbacks/manager.py:175}}
Dec 16 21:40:39.758025 dv-neutron-821998-2-hyperv neutron-server[109818]: DEBUG neutron_lib.callbacks.manager [None req-be7bf31b-e65e-4471-ac34-4aa4d21dfa37 admin admin] Publish callbacks [] for security_group, before_create {{(pid=109818) _notify_loop /usr/local/lib/python3.8/dist-packages/neutron_lib/callbacks/manager.py:175}}
Dec 16 21:40:39.765275 dv-neutron-821998-2-hyperv neutron-server[109819]: DEBUG neutron.plugins.ml2.rpc [None req-65b99070-88d5-4f73-a2e5-0ef5f3de65c7 None None] Network 87b938bf-2677-40e2-8364-bbd01faba3ca details requested by agent ovs-agent-dv-neutron-821998-2-hyperv with host dv-neutron-821998-2-hyperv {{(pid=109819) get_network_details /opt/stack/neutron/neutron/plugins/ml2/rpc.py:248}}
Dec 16 21:40:39.776892 dv-neutron-821998-2-hyperv neutron-server[109818]: DEBUG neutron_lib.callbacks.manager [None req-e76234ca-95ef-4705-9032-266b36827dca admin admin] Publish callbacks ['neutron.services.l3_router.l3_router_plugin.L3_HA_NAT_db_mixin._after_router_create-3745117', 'neutron.services.l3_router.l3_router_plugin.DVRResourceOperationHandler._create_snat_interfaces_after_change-3744742'] for router, after_create {{(pid=109818) _notify_loop /usr/local/lib/python3.8/dist-packages/neutron_lib/callbacks/manager.py:175}}
Dec 16 21:40:39.811351 dv-neutron-821998-2-hyperv neutron-server[109818]: DEBUG neutron_lib.callbacks.manager [None req-90264e66-668f-416b-8f3d-a7ae6f183142 tempest-RoutersAdminNegativeIpV6Test-585083243 tempest-RoutersAdminNegativeIpV6Test-585083243-project-admin] Publish callbacks [] for port, precommit_create {{(pid=109818) _notify_loop /usr/local/lib/python3.8/dist-packages/neutron_lib/callbacks/manager.py:175}}
Dec 16 21:40:39.926329 dv-neutron-821998-2-hyperv neutron-server[109817]: DEBUG neutron.notifiers.nova [None req-21a651ac-d695-4e0b-bfe1-b8faa77b0228 tempest-PortsAdminExtendedAttrsTestJSON-1775250589 tempest-PortsAdminExtendedAttrsTestJSON-1775250589-project-admin] device_id is not set on port 304f1e9d-811a-496c-ba81-0b9af3af1751 yet. {{(pid=109817) _can_notify /opt/stack/neutron/neutron/notifiers/nova.py:190}}
Dec 16 21:40:39.970286 dv-neutron-821998-2-hyperv neutron-server[109817]: DEBUG neutron_lib.callbacks.manager [None req-21a651ac-d695-4e0b-bfe1-b8faa77b0228 tempest-PortsAdminExtendedAttrsTestJSON-1775250589 tempest-PortsAdminExtendedAttrsTestJSON-1775250589-project-admin] Publish callbacks [] for port, precommit_create {{(pid=109817) _notify_loop /usr/local/lib/python3.8/dist-packages/neutron_lib/callbacks/manager.py:175}}
Dec 16 21:40:39.989272 dv-neutron-821998-2-hyperv neutron-server[109817]: DEBUG neutron_lib.callbacks.manager [None req-21a651ac-d695-4e0b-bfe1-b8faa77b0228 tempest-PortsAdminExtendedAttrsTestJSON-1775250589 tempest-PortsAdminExtendedAttrsTestJSON-1775250589-project-admin] Publish callbacks ['neutron.plugins.ml2.plugin.SecurityGroupServerNotifierRpcMixin._notify_sg_on_port_change-569029', 'neutron.plugins.ml2.ovo_rpc._ObjectChangeHandler.handle_event-82042', 'neutron.api.rpc.agentnotifiers.dhcp_rpc_agent_api.DhcpAgentNotifyAPI._native_event_send_dhcp_notification-3701826', 'neutron.db.l3_dvrscheduler_db._notify_l3_agent_new_port-8730579894986'] for port, after_create {{(pid=109817) _notify_loop /usr/local/lib/python3.8/dist-packages/neutron_lib/callbacks/manager.py:175}}
Dec 16 21:40:40.010265 dv-neutron-821998-2-hyperv neutron-server[109819]: DEBUG neutron.plugins.ml2.rpc [None req-65b99070-88d5-4f73-a2e5-0ef5f3de65c7 None None] Device 878afe81-f7b6-4412-b8b4-142df151ac2d up at agent ovs-agent-dv-neutron-821998-2-hyperv {{(pid=109819) update_device_up /opt/stack/neutron/neutron/plugins/ml2/rpc.py:296}}
Dec 16 21:40:40.037781 dv-neutron-821998-2-hyperv neutron-server[109818]: DEBUG neutron_lib.callbacks.manager [None req-6bb70df6-f055-47c9-bc2b-3c831b61d800 admin admin] Publish callbacks [] for router_gateway, before_create {{(pid=109818) _notify_loop /usr/local/lib/python3.8/dist-packages/neutron_lib/callbacks/manager.py:175}}
Dec 16 21:40:40.039628 dv-neutron-821998-2-hyperv neutron-server[109818]: DEBUG neutron_lib.callbacks.manager [None req-ad207306-9241-4ae9-b3e3-aacf00a1daa3 tempest-RoutersIpV6AdminTest-1758561142 tempest-RoutersIpV6AdminTest-1758561142-project-admin] Publish callbacks ['neutron.plugins.ml2.ovo_rpc._ObjectChangeHandler.handle_event-4082735', 'neutron.api.rpc.agentnotifiers.dhcp_rpc_agent_api.DhcpAgentNotifyAPI._native_event_send_dhcp_notification-3701826'] for network, after_create {{(pid=109818) _notify_loop /usr/local/lib/python3.8/dist-packages/neutron_lib/callbacks/manager.py:175}}
Dec 16 21:40:40.040897 dv-neutron-821998-2-hyperv neutron-server[109818]: DEBUG neutron.pecan_wsgi.hooks.policy_enforcement [None req-ad207306-9241-4ae9-b3e3-aacf00a1daa3 tempest-RoutersIpV6AdminTest-1758561142 tempest-RoutersIpV6AdminTest-1758561142-project-admin] Attributes excluded by policy engine: ['standard_attr_id', 'vlan_transparent'] {{(pid=109818) _exclude_attributes_by_policy /opt/stack/neutron/neutron/pecan_wsgi/hooks/policy_enforcement.py:255}}
Dec 16 21:40:40.041458 dv-neutron-821998-2-hyperv neutron-server[109818]: DEBUG neutron_lib.callbacks.manager [None req-ad207306-9241-4ae9-b3e3-aacf00a1daa3 tempest-RoutersIpV6AdminTest-1758561142 tempest-RoutersIpV6AdminTest-1758561142-project-admin] Publish callbacks ['neutron.api.rpc.agentnotifiers.dhcp_rpc_agent_api.DhcpAgentNotifyAPI._send_dhcp_notification-3701852'] for network, before_response {{(pid=109818) _notify_loop /usr/local/lib/python3.8/dist-packages/neutron_lib/callbacks/manager.py:175}}
Dec 16 21:40:40.074201 dv-neutron-821998-2-hyperv neutron-server[109819]: DEBUG neutron.db.provisioning_blocks [None req-65b99070-88d5-4f73-a2e5-0ef5f3de65c7 None None] Provisioning complete for port 878afe81-f7b6-4412-b8b4-142df151ac2d triggered by entity L2. {{(pid=109819) provisioning_complete /opt/stack/neutron/neutron/db/provisioning_blocks.py:139}}
Dec 16 21:40:40.074979 dv-neutron-821998-2-hyperv neutron-server[109819]: DEBUG neutron_lib.callbacks.manager [None req-65b99070-88d5-4f73-a2e5-0ef5f3de65c7 None None] Publish callbacks ['neutron.plugins.ml2.plugin.Ml2Plugin._port_provisioned-956139'] for port, provisioning_complete {{(pid=109819) _notify_loop /usr/local/lib/python3.8/dist-packages/neutron_lib/callbacks/manager.py:175}}
Dec 16 21:40:40.133037 dv-neutron-821998-2-hyperv neutron-server[109818]: DEBUG neutron_lib.callbacks.manager [None req-6bb70df6-f055-47c9-bc2b-3c831b61d800 admin admin] Publish callbacks ['neutron.plugins.ml2.plugin.SecurityGroupDbMixin._ensure_default_security_group_handler-570138'] for port, before_create {{(pid=109818) _notify_loop /usr/local/lib/python3.8/dist-packages/neutron_lib/callbacks/manager.py:175}}
Dec 16 21:40:40.166981 dv-neutron-821998-2-hyperv neutron-server[109818]: DEBUG neutron_lib.callbacks.manager [None req-90264e66-668f-416b-8f3d-a7ae6f183142 tempest-RoutersAdminNegativeIpV6Test-585083243 tempest-RoutersAdminNegativeIpV6Test-585083243-project-admin] Publish callbacks ['neutron.plugins.ml2.plugin.SecurityGroupServerNotifierRpcMixin._notify_sg_on_port_change-569029', 'neutron.plugins.ml2.ovo_rpc._ObjectChangeHandler.handle_event-82042', 'neutron.api.rpc.agentnotifiers.dhcp_rpc_agent_api.DhcpAgentNotifyAPI._native_event_send_dhcp_notification-3701826', 'neutron.db.l3_dvrscheduler_db._notify_l3_agent_new_port-8730579894986'] for port, after_create {{(pid=109818) _notify_loop /usr/local/lib/python3.8/dist-packages/neutron_lib/callbacks/manager.py:175}}
Dec 16 21:40:40.201616 dv-neutron-821998-2-hyperv neutron-server[109819]: DEBUG neutron_lib.callbacks.manager [None req-65b99070-88d5-4f73-a2e5-0ef5f3de65c7 None None] Publish callbacks ['neutron.plugins.ml2.plugin.SecurityGroupDbMixin._ensure_default_security_group_handler-570138'] for port, before_update {{(pid=109819) _notify_loop /usr/local/lib/python3.8/dist-packages/neutron_lib/callbacks/manager.py:175}}
Dec 16 21:40:40.208599 dv-neutron-821998-2-hyperv neutron-server[109817]: DEBUG neutron.api.rpc.handlers.resources_rpc [None req-21a651ac-d695-4e0b-bfe1-b8faa77b0228 tempest-PortsAdminExtendedAttrsTestJSON-1775250589 tempest-PortsAdminExtendedAttrsTestJSON-1775250589-project-admin] Pushing event updated for resources: {'Port': ['ID=304f1e9d-811a-496c-ba81-0b9af3af1751,revision_number=1']} {{(pid=109817) push /opt/stack/neutron/neutron/api/rpc/handlers/resources_rpc.py:237}}
Dec 16 21:40:40.213182 dv-neutron-821998-2-hyperv neutron-server[109818]: INFO neutron.wsgi [None req-ad207306-9241-4ae9-b3e3-aacf00a1daa3 tempest-RoutersIpV6AdminTest-1758561142 tempest-RoutersIpV6AdminTest-1758561142-project-admin] 10.222.0.61 "POST /v2.0/networks HTTP/1.1" status: 201 len: 874 time: 2.8276031
Dec 16 21:40:40.221721 dv-neutron-821998-2-hyperv neutron-server[109818]: DEBUG neutron.wsgi [-] (109818) accepted ('10.222.0.61', 45106) {{(pid=109818) server /usr/local/lib/python3.8/dist-packages/eventlet/wsgi.py:1004}}
Dec 16 21:40:40.252841 dv-neutron-821998-2-hyperv neutron-server[109817]: DEBUG neutron.plugins.ml2.drivers.mech_agent [None req-21a651ac-d695-4e0b-bfe1-b8faa77b0228 tempest-PortsAdminExtendedAttrsTestJSON-1775250589 tempest-PortsAdminExtendedAttrsTestJSON-1775250589-project-admin] Checking segment: {'id': '151573d7-e3b5-40b5-8c01-08def37dba22', 'network_type': 'vlan', 'physical_network': 'physnet1', 'segmentation_id': 504, 'network_id': '60f4f1a6-d973-4ab5-a19e-d99e84bb6e84'} for mappings: {'physnet1': 'br-data'} with network types: ['local', 'flat', 'vlan'] {{(pid=109817) check_segment_for_agent /opt/stack/neutron/neutron/plugins/ml2/drivers/mech_agent.py:371}}
Dec 16 21:40:40.253764 dv-neutron-821998-2-hyperv neutron-server[109817]: DEBUG neutron.scheduler.dhcp_agent_scheduler [None req-21a651ac-d695-4e0b-bfe1-b8faa77b0228 tempest-PortsAdminExtendedAttrsTestJSON-1775250589 tempest-PortsAdminExtendedAttrsTestJSON-1775250589-project-admin] Network hostable DHCP agents. Network: 60f4f1a6-d973-4ab5-a19e-d99e84bb6e84, hostable agents: ['8f6b359b-f503-41da-9e3c-c212b6bfc0ce'], hosted agents: [] {{(pid=109817) _get_network_hostable_dhcp_agents /opt/stack/neutron/neutron/scheduler/dhcp_agent_scheduler.py:329}}
Dec 16 21:40:40.260705 dv-neutron-821998-2-hyperv neutron-server[109819]: DEBUG neutron.plugins.ml2.db [None req-65b99070-88d5-4f73-a2e5-0ef5f3de65c7 None None] For port 878afe81-f7b6-4412-b8b4-142df151ac2d, host dv-neutron-821998-2-hyperv, got binding levels [PortBindingLevel(driver='openvswitch',host='dv-neutron-821998-2-hyperv',level=0,port_id=878afe81-f7b6-4412-b8b4-142df151ac2d,segment=NetworkSegment(474e9630-878c-41b7-9580-3b3d82a373bd),segment_id=474e9630-878c-41b7-9580-3b3d82a373bd)] {{(pid=109819) get_binding_level_objs /opt/stack/neutron/neutron/plugins/ml2/db.py:74}}
Dec 16 21:40:40.268401 dv-neutron-821998-2-hyperv neutron-server[109819]: DEBUG neutron_lib.callbacks.manager [None req-65b99070-88d5-4f73-a2e5-0ef5f3de65c7 None None] Publish callbacks ['neutron.plugins.ml2.plugin.SecurityGroupServerNotifierRpcMixin._notify_sg_on_port_change-569029', 'neutron.plugins.ml2.ovo_rpc._ObjectChangeHandler.handle_event-82042', 'neutron.api.rpc.agentnotifiers.dhcp_rpc_agent_api.DhcpAgentNotifyAPI._native_event_send_dhcp_notification-3701826', 'neutron.db.l3_db.L3RpcNotifierMixin._notify_gateway_port_ip_changed-8730580394981', 'neutron.db.l3_dvrscheduler_db._notify_l3_agent_port_update-8730579895004', 'neutron.db.l3_hascheduler_db._notify_l3_agent_ha_port_update-8730579895022'] for port, after_update {{(pid=109819) _notify_loop /usr/local/lib/python3.8/dist-packages/neutron_lib/callbacks/manager.py:175}}
Dec 16 21:40:40.311849 dv-neutron-821998-2-hyperv neutron-server[109818]: DEBUG neutron.api.v2.base [None req-db9551f9-5008-4e70-96a0-1edf399481e1 tempest-RoutersIpV6AdminTest-1758561142 tempest-RoutersIpV6AdminTest-1758561142-project-admin] Request body: {'subnet': {'network_id': 'b7a548b9-c17d-4b8e-9e7f-c13269ac1d7f', 'cidr': '2001:db8::/64', 'ip_version': 6, 'gateway_ip': '2001:db8::1', 'enable_dhcp': False}} {{(pid=109818) prepare_request_body /opt/stack/neutron/neutron/api/v2/base.py:729}}
Dec 16 21:40:40.320687 dv-neutron-821998-2-hyperv neutron-server[109818]: DEBUG neutron.api.rpc.handlers.resources_rpc [None req-ad207306-9241-4ae9-b3e3-aacf00a1daa3 tempest-RoutersIpV6AdminTest-1758561142 tempest-RoutersIpV6AdminTest-1758561142-project-admin] Pushing event updated for resources: {'Network': ['ID=b7a548b9-c17d-4b8e-9e7f-c13269ac1d7f,revision_number=1']} {{(pid=109818) push /opt/stack/neutron/neutron/api/rpc/handlers/resources_rpc.py:237}}
Dec 16 21:40:40.334789 dv-neutron-821998-2-hyperv neutron-server[109819]: DEBUG neutron.api.rpc.handlers.resources_rpc [None req-65b99070-88d5-4f73-a2e5-0ef5f3de65c7 None None] Pushing event updated for resources: {'Port': ['ID=878afe81-f7b6-4412-b8b4-142df151ac2d,revision_number=3']} {{(pid=109819) push /opt/stack/neutron/neutron/api/rpc/handlers/resources_rpc.py:237}}
Dec 16 21:40:40.338520 dv-neutron-821998-2-hyperv neutron-server[109819]: DEBUG neutron.plugins.ml2.rpc [None req-65b99070-88d5-4f73-a2e5-0ef5f3de65c7 None None] Network b7a548b9-c17d-4b8e-9e7f-c13269ac1d7f details requested by agent ovs-agent-dv-neutron-821998-2-hyperv with host dv-neutron-821998-2-hyperv {{(pid=109819) get_network_details /opt/stack/neutron/neutron/plugins/ml2/rpc.py:248}}
Dec 16 21:40:40.381079 dv-neutron-821998-2-hyperv neutron-server[109818]: DEBUG neutron.scheduler.dhcp_agent_scheduler [None req-90264e66-668f-416b-8f3d-a7ae6f183142 tempest-RoutersAdminNegativeIpV6Test-585083243 tempest-RoutersAdminNegativeIpV6Test-585083243-project-admin] Network 5ab0de80-e3e1-43d0-93ff-2289ee212f34 is already hosted by enough agents. {{(pid=109818) _get_dhcp_agents_hosting_network /opt/stack/neutron/neutron/scheduler/dhcp_agent_scheduler.py:275}}
Dec 16 21:40:40.422535 dv-neutron-821998-2-hyperv neutron-server[109818]: DEBUG neutron.scheduler.base_scheduler [None req-90264e66-668f-416b-8f3d-a7ae6f183142 tempest-RoutersAdminNegativeIpV6Test-585083243 tempest-RoutersAdminNegativeIpV6Test-585083243-project-admin] Resources bound (agent type, host, resource id): {{(pid=109818) schedule /opt/stack/neutron/neutron/scheduler/base_scheduler.py:57}}
Dec 16 21:40:40.424324 dv-neutron-821998-2-hyperv neutron-server[109817]: DEBUG neutron_lib.callbacks.manager [None req-a66d6ac8-bb80-4a83-aae3-48803fb15034 tempest-DHCPAgentSchedulersTestJSON-954587763 tempest-DHCPAgentSchedulersTestJSON-954587763-project] Publish callbacks ['neutron.plugins.ml2.ovo_rpc._ObjectChangeHandler.handle_event-4127356', 'neutron.api.rpc.agentnotifiers.dhcp_rpc_agent_api.DhcpAgentNotifyAPI._native_event_send_dhcp_notification-3701826'] for subnet, after_create {{(pid=109817) _notify_loop /usr/local/lib/python3.8/dist-packages/neutron_lib/callbacks/manager.py:175}}
Dec 16 21:40:40.426589 dv-neutron-821998-2-hyperv neutron-server[109818]: DEBUG neutron.db.l3_dvrscheduler_db [None req-90264e66-668f-416b-8f3d-a7ae6f183142 tempest-RoutersAdminNegativeIpV6Test-585083243 tempest-RoutersAdminNegativeIpV6Test-585083243-project-admin] Received port after_create {{(pid=109818) _notify_l3_agent_new_port /opt/stack/neutron/neutron/db/l3_dvrscheduler_db.py:535}}
Dec 16 21:40:40.428465 dv-neutron-821998-2-hyperv neutron-server[109818]: DEBUG neutron.pecan_wsgi.hooks.policy_enforcement [None req-90264e66-668f-416b-8f3d-a7ae6f183142 tempest-RoutersAdminNegativeIpV6Test-585083243 tempest-RoutersAdminNegativeIpV6Test-585083243-project-admin] Attributes excluded by policy engine: ['standard_attr_id', 'network'] {{(pid=109818) _exclude_attributes_by_policy /opt/stack/neutron/neutron/pecan_wsgi/hooks/policy_enforcement.py:255}}
Dec 16 21:40:40.429122 dv-neutron-821998-2-hyperv neutron-server[109818]: DEBUG neutron_lib.callbacks.manager [None req-90264e66-668f-416b-8f3d-a7ae6f183142 tempest-RoutersAdminNegativeIpV6Test-585083243 tempest-RoutersAdminNegativeIpV6Test-585083243-project-admin] Publish callbacks ['neutron.notifiers.nova.Notifier._send_nova_notification-105608', 'neutron.api.rpc.agentnotifiers.dhcp_rpc_agent_api.DhcpAgentNotifyAPI._send_dhcp_notification-3701852'] for port, before_response {{(pid=109818) _notify_loop /usr/local/lib/python3.8/dist-packages/neutron_lib/callbacks/manager.py:175}}
Dec 16 21:40:40.436158 dv-neutron-821998-2-hyperv neutron-server[109817]: DEBUG neutron.scheduler.dhcp_agent_scheduler [None req-21a651ac-d695-4e0b-bfe1-b8faa77b0228 tempest-PortsAdminExtendedAttrsTestJSON-1775250589 tempest-PortsAdminExtendedAttrsTestJSON-1775250589-project-admin] Network 60f4f1a6-d973-4ab5-a19e-d99e84bb6e84 is scheduled to be hosted by DHCP agent 8f6b359b-f503-41da-9e3c-c212b6bfc0ce with binding_index 1 {{(pid=109817) bind /opt/stack/neutron/neutron/scheduler/dhcp_agent_scheduler.py:227}}
Dec 16 21:40:40.438763 dv-neutron-821998-2-hyperv neutron-server[109818]: DEBUG neutron_lib.callbacks.manager [None req-be7bf31b-e65e-4471-ac34-4aa4d21dfa37 admin admin] Publish callbacks [] for security_group, precommit_create {{(pid=109818) _notify_loop /usr/local/lib/python3.8/dist-packages/neutron_lib/callbacks/manager.py:175}}
Dec 16 21:40:40.443323 dv-neutron-821998-2-hyperv neutron-server[109818]: DEBUG neutron.db.db_base_plugin_common [None req-fea7b795-3e51-46c3-b935-148e4d55eb5b tempest-ExternalNetworksAdminNegativeTestJSON-419906680 tempest-ExternalNetworksAdminNegativeTestJSON-419906680-project-admin] Allocated IP 172.26.6.35 (5ab0de80-e3e1-43d0-93ff-2289ee212f34/6bc76788-0db5-41a1-9217-dddac94b3413/a2997e11-6135-4933-9131-404c98e71318) {{(pid=109818) _store_ip_allocation /opt/stack/neutron/neutron/db/db_base_plugin_common.py:131}}
Dec 16 21:40:40.452348 dv-neutron-821998-2-hyperv neutron-server[109818]: DEBUG neutron.api.rpc.handlers.resources_rpc [None req-90264e66-668f-416b-8f3d-a7ae6f183142 tempest-RoutersAdminNegativeIpV6Test-585083243 tempest-RoutersAdminNegativeIpV6Test-585083243-project-admin] Pushing event updated for resources: {'Port': ['ID=0d4987da-7dfc-45e3-941b-ac27de3663b7,revision_number=1']} {{(pid=109818) push /opt/stack/neutron/neutron/api/rpc/handlers/resources_rpc.py:237}}
Dec 16 21:40:40.457218 dv-neutron-821998-2-hyperv neutron-server[109819]: DEBUG neutron.api.rpc.handlers.dhcp_rpc [None req-e0981bb0-9861-41d8-bb4f-722715286dc4 None None] Network cb2f2225-9add-45f1-8189-0336da49b9ff requested from dv-neutron-821998-2-hyperv {{(pid=109819) get_network_info /opt/stack/neutron/neutron/api/rpc/handlers/dhcp_rpc.py:219}}
Dec 16 21:40:40.466026 dv-neutron-821998-2-hyperv neutron-server[109818]: DEBUG neutron_lib.callbacks.manager [None req-be7bf31b-e65e-4471-ac34-4aa4d21dfa37 admin admin] Publish callbacks ['neutron.plugins.ml2.ovo_rpc._ObjectChangeHandler.handle_event-4104345'] for security_group, after_create {{(pid=109818) _notify_loop /usr/local/lib/python3.8/dist-packages/neutron_lib/callbacks/manager.py:175}}
Dec 16 21:40:40.484659 dv-neutron-821998-2-hyperv neutron-server[109817]: DEBUG neutron.scheduler.base_scheduler [None req-21a651ac-d695-4e0b-bfe1-b8faa77b0228 tempest-PortsAdminExtendedAttrsTestJSON-1775250589 tempest-PortsAdminExtendedAttrsTestJSON-1775250589-project-admin] Resources bound (agent type, host, resource id): (DHCP agent, dv-neutron-821998-2-hyperv, 60f4f1a6-d973-4ab5-a19e-d99e84bb6e84) {{(pid=109817) schedule /opt/stack/neutron/neutron/scheduler/base_scheduler.py:57}}
Dec 16 21:40:40.500990 dv-neutron-821998-2-hyperv neutron-server[109817]: DEBUG neutron.db.l3_dvrscheduler_db [None req-21a651ac-d695-4e0b-bfe1-b8faa77b0228 tempest-PortsAdminExtendedAttrsTestJSON-1775250589 tempest-PortsAdminExtendedAttrsTestJSON-1775250589-project-admin] Received port after_create {{(pid=109817) _notify_l3_agent_new_port /opt/stack/neutron/neutron/db/l3_dvrscheduler_db.py:535}}
Dec 16 21:40:40.527939 dv-neutron-821998-2-hyperv neutron-server[109817]: DEBUG neutron.api.rpc.handlers.resources_rpc [None req-a66d6ac8-bb80-4a83-aae3-48803fb15034 tempest-DHCPAgentSchedulersTestJSON-954587763 tempest-DHCPAgentSchedulersTestJSON-954587763-project] Pushing event updated for resources: {'Subnet': ['ID=5caf954e-6e5f-4ea5-bcc3-d742bc827dfa,revision_number=0']} {{(pid=109817) push /opt/stack/neutron/neutron/api/rpc/handlers/resources_rpc.py:237}}
Dec 16 21:40:40.532747 dv-neutron-821998-2-hyperv neutron-server[109817]: DEBUG neutron.plugins.ml2.managers [None req-21a651ac-d695-4e0b-bfe1-b8faa77b0228 tempest-PortsAdminExtendedAttrsTestJSON-1775250589 tempest-PortsAdminExtendedAttrsTestJSON-1775250589-project-admin] Attempting to bind port 304f1e9d-811a-496c-ba81-0b9af3af1751 on host hv-neutron-8219 for vnic_type normal with profile {{(pid=109817) bind_port /opt/stack/neutron/neutron/plugins/ml2/managers.py:795}}
Dec 16 21:40:40.533523 dv-neutron-821998-2-hyperv neutron-server[109817]: DEBUG neutron.plugins.ml2.managers [None req-21a651ac-d695-4e0b-bfe1-b8faa77b0228 tempest-PortsAdminExtendedAttrsTestJSON-1775250589 tempest-PortsAdminExtendedAttrsTestJSON-1775250589-project-admin] Attempting to bind port 304f1e9d-811a-496c-ba81-0b9af3af1751 by drivers openvswitch,hyperv on host hv-neutron-8219 at level 0 using segments [{'id': '151573d7-e3b5-40b5-8c01-08def37dba22', 'network_type': 'vlan', 'physical_network': 'physnet1', 'segmentation_id': 504, 'network_id': '60f4f1a6-d973-4ab5-a19e-d99e84bb6e84'}] {{(pid=109817) _bind_port_level /opt/stack/neutron/neutron/plugins/ml2/managers.py:820}}
Dec 16 21:40:40.534119 dv-neutron-821998-2-hyperv neutron-server[109818]: INFO neutron.wsgi [None req-90264e66-668f-416b-8f3d-a7ae6f183142 tempest-RoutersAdminNegativeIpV6Test-585083243 tempest-RoutersAdminNegativeIpV6Test-585083243-project-admin] 10.222.0.61 "POST /v2.0/ports HTTP/1.1" status: 201 len: 1036 time: 4.5106988
Dec 16 21:40:40.534371 dv-neutron-821998-2-hyperv neutron-server[109817]: DEBUG neutron.plugins.ml2.drivers.mech_agent [None req-21a651ac-d695-4e0b-bfe1-b8faa77b0228 tempest-PortsAdminExtendedAttrsTestJSON-1775250589 tempest-PortsAdminExtendedAttrsTestJSON-1775250589-project-admin] Attempting to bind port 304f1e9d-811a-496c-ba81-0b9af3af1751 on network 60f4f1a6-d973-4ab5-a19e-d99e84bb6e84 {{(pid=109817) bind_port /opt/stack/neutron/neutron/plugins/ml2/drivers/mech_agent.py:91}}
Dec 16 21:40:40.542844 dv-neutron-821998-2-hyperv neutron-server[109817]: DEBUG neutron.wsgi [-] (109817) accepted ('10.222.0.61', 45108) {{(pid=109817) server /usr/local/lib/python3.8/dist-packages/eventlet/wsgi.py:1004}}
Dec 16 21:40:40.548795 dv-neutron-821998-2-hyperv neutron-server[109819]: DEBUG neutron.api.rpc.handlers.dhcp_rpc [None req-a56735ae-187d-4e42-8e33-106fee68038a None None] Network 60f4f1a6-d973-4ab5-a19e-d99e84bb6e84 requested from dv-neutron-821998-2-hyperv {{(pid=109819) get_network_info /opt/stack/neutron/neutron/api/rpc/handlers/dhcp_rpc.py:219}}
Dec 16 21:40:40.549009 dv-neutron-821998-2-hyperv neutron-server[109817]: DEBUG neutron.api.v2.base [None req-ce90884e-9b46-42fa-b5d0-245b89289c65 tempest-RoutersAdminNegativeIpV6Test-585083243 tempest-RoutersAdminNegativeIpV6Test-585083243-project-admin] Request body: {'router': {'external_gateway_info': {'network_id': '5ab0de80-e3e1-43d0-93ff-2289ee212f34', 'external_fixed_ips': [{'subnet_id': '6bc76788-0db5-41a1-9217-dddac94b3413', 'ip_address': '172.26.6.131'}]}}} {{(pid=109817) prepare_request_body /opt/stack/neutron/neutron/api/v2/base.py:729}}
