Dec 16 11:46:37.409352 dv-neutron-821959-1-hyperv devstack@g-api.service[112707]: DEBUG glance_store.backend [None req-1c5a786d-21d1-4fe1-ad99-57633c941778 admin admin] Attempting to import store swift {{(pid=112707) _load_store /usr/local/lib/python3.8/dist-packages/glance_store/backend.py:217}}
Dec 16 11:46:37.413695 dv-neutron-821959-1-hyperv devstack@g-api.service[112707]: DEBUG glance_store.capabilities [None req-1c5a786d-21d1-4fe1-ad99-57633c941778 admin admin] Store glance_store._drivers.swift.store.SingleTenantStore doesn't support updating dynamic storage capabilities. Please overwrite 'update_capabilities' method of the store to implement updating logics if needed. {{(pid=112707) update_capabilities /usr/local/lib/python3.8/dist-packages/glance_store/capabilities.py:91}}
Dec 16 11:46:37.414040 dv-neutron-821959-1-hyperv devstack@g-api.service[112707]: DEBUG glance_store.driver [None req-1c5a786d-21d1-4fe1-ad99-57633c941778 admin admin] Late loading location class glance_store._drivers.swift.store.StoreLocation {{(pid=112707) get_store_location_class /usr/local/lib/python3.8/dist-packages/glance_store/driver.py:117}}
Dec 16 11:46:37.414366 dv-neutron-821959-1-hyperv devstack@g-api.service[112707]: DEBUG glance_store.location [None req-1c5a786d-21d1-4fe1-ad99-57633c941778 admin admin] Registering scheme swift+https with {'store': , 'location_class': , 'store_entry': 'swift'} {{(pid=112707) register_scheme_map /usr/local/lib/python3.8/dist-packages/glance_store/location.py:146}}
Dec 16 11:46:37.414640 dv-neutron-821959-1-hyperv devstack@g-api.service[112707]: DEBUG glance_store.location [None req-1c5a786d-21d1-4fe1-ad99-57633c941778 admin admin] Registering scheme swift+https with {'store': , 'location_class': , 'store_entry': 'swift'} {{(pid=112707) register_scheme_map /usr/local/lib/python3.8/dist-packages/glance_store/location.py:146}}
Dec 16 11:46:37.414942 dv-neutron-821959-1-hyperv devstack@g-api.service[112707]: DEBUG glance_store.location [None req-1c5a786d-21d1-4fe1-ad99-57633c941778 admin admin] Registering scheme swift with {'store': , 'location_class': , 'store_entry': 'swift'} {{(pid=112707) register_scheme_map /usr/local/lib/python3.8/dist-packages/glance_store/location.py:146}}
Dec 16 11:46:37.415227 dv-neutron-821959-1-hyperv devstack@g-api.service[112707]: DEBUG glance_store.location [None req-1c5a786d-21d1-4fe1-ad99-57633c941778 admin admin] Registering scheme swift+https with {'store': , 'location_class': , 'store_entry': 'swift'} {{(pid=112707) register_scheme_map /usr/local/lib/python3.8/dist-packages/glance_store/location.py:146}}
Dec 16 11:46:37.415518 dv-neutron-821959-1-hyperv devstack@g-api.service[112707]: DEBUG glance_store.location [None req-1c5a786d-21d1-4fe1-ad99-57633c941778 admin admin] Registering scheme swift with {'store': , 'location_class': , 'store_entry': 'swift'} {{(pid=112707) register_scheme_map /usr/local/lib/python3.8/dist-packages/glance_store/location.py:146}}
Dec 16 11:46:37.415819 dv-neutron-821959-1-hyperv devstack@g-api.service[112707]: DEBUG glance_store.location [None req-1c5a786d-21d1-4fe1-ad99-57633c941778 admin admin] Registering scheme swift+http with {'store': , 'location_class': , 'store_entry': 'swift'} {{(pid=112707) register_scheme_map /usr/local/lib/python3.8/dist-packages/glance_store/location.py:146}}
Dec 16 11:46:37.416056 dv-neutron-821959-1-hyperv devstack@g-api.service[112707]: DEBUG glance_store.location [None req-1c5a786d-21d1-4fe1-ad99-57633c941778 admin admin] Registering scheme swift+https with {'store': , 'location_class': , 'store_entry': 'swift'} {{(pid=112707) register_scheme_map /usr/local/lib/python3.8/dist-packages/glance_store/location.py:146}}
Dec 16 11:46:37.416283 dv-neutron-821959-1-hyperv devstack@g-api.service[112707]: DEBUG glance_store.location [None req-1c5a786d-21d1-4fe1-ad99-57633c941778 admin admin] Registering scheme swift with {'store': , 'location_class': , 'store_entry': 'swift'} {{(pid=112707) register_scheme_map /usr/local/lib/python3.8/dist-packages/glance_store/location.py:146}}
Dec 16 11:46:37.416514 dv-neutron-821959-1-hyperv devstack@g-api.service[112707]: DEBUG glance_store.location [None req-1c5a786d-21d1-4fe1-ad99-57633c941778 admin admin] Registering scheme swift+http with {'store': , 'location_class': , 'store_entry': 'swift'} {{(pid=112707) register_scheme_map /usr/local/lib/python3.8/dist-packages/glance_store/location.py:146}}
Dec 16 11:46:37.416750 dv-neutron-821959-1-hyperv devstack@g-api.service[112707]: DEBUG glance_store.location [None req-1c5a786d-21d1-4fe1-ad99-57633c941778 admin admin] Registering scheme swift+config with {'store': , 'location_class': , 'store_entry': 'swift'} {{(pid=112707) register_scheme_map /usr/local/lib/python3.8/dist-packages/glance_store/location.py:146}}
Dec 16 11:46:37.417008 dv-neutron-821959-1-hyperv devstack@g-api.service[112707]: DEBUG glance_store.backend [None req-1c5a786d-21d1-4fe1-ad99-57633c941778 admin admin] Skipping store.set_acls... not implemented. {{(pid=112707) set_acls /usr/local/lib/python3.8/dist-packages/glance_store/backend.py:509}}
Dec 16 11:46:37.420991 dv-neutron-821959-1-hyperv devstack@g-api.service[112707]: [pid: 112707|app: 0|req: 3/4] 127.0.0.1 () {40 vars in 879 bytes} [Thu Dec 16 11:46:22 2021] PUT /v2/images/b20dd1c3-0309-4090-a39c-8bfab2adf6bc/file => generated 0 bytes in 15332 msecs (HTTP/1.1 204) 4 headers in 171 bytes (1 switches on core 0)
Dec 16 11:47:47.036257 dv-neutron-821959-1-hyperv devstack@g-api.service[112708]: DEBUG glance.api.middleware.version_negotiation [None req-f754a31d-0ba7-4a51-a1ac-2c634b7c3ed3 admin admin] Determining version of request: GET / Accept: application/json {{(pid=112708) process_request /opt/stack/glance/glance/api/middleware/version_negotiation.py:44}}
Dec 16 11:47:47.036856 dv-neutron-821959-1-hyperv devstack@g-api.service[112708]: DEBUG glance.api.middleware.version_negotiation [None req-f754a31d-0ba7-4a51-a1ac-2c634b7c3ed3 admin admin] Using url versioning {{(pid=112708) process_request /opt/stack/glance/glance/api/middleware/version_negotiation.py:57}}
Dec 16 11:47:47.036856 dv-neutron-821959-1-hyperv devstack@g-api.service[112708]: DEBUG glance.api.middleware.version_negotiation [None req-f754a31d-0ba7-4a51-a1ac-2c634b7c3ed3 admin admin] Unknown version. Returning version choices. {{(pid=112708) process_request /opt/stack/glance/glance/api/middleware/version_negotiation.py:64}}
Dec 16 11:47:47.038368 dv-neutron-821959-1-hyperv devstack@g-api.service[112708]: [pid: 112708|app: 0|req: 2/5] 127.0.0.1 () {34 vars in 522 bytes} [Thu Dec 16 11:47:47 2021] GET / => generated 975 bytes in 3 msecs (HTTP/1.1 300) 3 headers in 105 bytes (1 switches on core 0)
Dec 16 11:47:47.049996 dv-neutron-821959-1-hyperv devstack@g-api.service[112707]: DEBUG glance.api.middleware.version_negotiation [None req-1c5a786d-21d1-4fe1-ad99-57633c941778 admin admin] Determining version of request: GET /v2/images Accept: application/json {{(pid=112707) process_request /opt/stack/glance/glance/api/middleware/version_negotiation.py:44}}
Dec 16 11:47:47.050433 dv-neutron-821959-1-hyperv devstack@g-api.service[112707]: DEBUG glance.api.middleware.version_negotiation [None req-1c5a786d-21d1-4fe1-ad99-57633c941778 admin admin] Using url versioning {{(pid=112707) process_request /opt/stack/glance/glance/api/middleware/version_negotiation.py:57}}
Dec 16 11:47:47.050665 dv-neutron-821959-1-hyperv devstack@g-api.service[112707]: DEBUG glance.api.middleware.version_negotiation [None req-1c5a786d-21d1-4fe1-ad99-57633c941778 admin admin] Matched version: v2 {{(pid=112707) process_request /opt/stack/glance/glance/api/middleware/version_negotiation.py:69}}
Dec 16 11:47:47.050939 dv-neutron-821959-1-hyperv devstack@g-api.service[112707]: DEBUG glance.api.middleware.version_negotiation [None req-1c5a786d-21d1-4fe1-ad99-57633c941778 admin admin] new path /v2/images {{(pid=112707) process_request /opt/stack/glance/glance/api/middleware/version_negotiation.py:70}}
Dec 16 11:47:47.192035 dv-neutron-821959-1-hyperv devstack@g-api.service[112707]: [pid: 112707|app: 0|req: 4/6] 127.0.0.1 () {36 vars in 744 bytes} [Thu Dec 16 11:47:47 2021] GET /v2/images => generated 1015 bytes in 142 msecs (HTTP/1.1 200) 4 headers in 158 bytes (1 switches on core 0)
Dec 16 11:49:16.927962 dv-neutron-821959-1-hyperv devstack@g-api.service[112708]: DEBUG glance.api.middleware.version_negotiation [None req-f754a31d-0ba7-4a51-a1ac-2c634b7c3ed3 admin admin] Determining version of request: GET /v1 Accept: application/json {{(pid=112708) process_request /opt/stack/glance/glance/api/middleware/version_negotiation.py:44}}
Dec 16 11:49:16.928440 dv-neutron-821959-1-hyperv devstack@g-api.service[112708]: DEBUG glance.api.middleware.version_negotiation [None req-f754a31d-0ba7-4a51-a1ac-2c634b7c3ed3 admin admin] Using url versioning {{(pid=112708) process_request /opt/stack/glance/glance/api/middleware/version_negotiation.py:57}}
Dec 16 11:49:16.928600 dv-neutron-821959-1-hyperv devstack@g-api.service[112708]: DEBUG glance.api.middleware.version_negotiation [None req-f754a31d-0ba7-4a51-a1ac-2c634b7c3ed3 admin admin] Unknown version. Returning version choices. {{(pid=112708) process_request /opt/stack/glance/glance/api/middleware/version_negotiation.py:64}}
Dec 16 11:49:16.929822 dv-neutron-821959-1-hyperv devstack@g-api.service[112708]: [pid: 112708|app: 0|req: 3/7] 127.0.0.1 () {38 vars in 701 bytes} [Thu Dec 16 11:49:16 2021] GET /v1 => generated 975 bytes in 2 msecs (HTTP/1.1 300) 3 headers in 105 bytes (1 switches on core 0)
Dec 16 11:51:12.743354 dv-neutron-821959-1-hyperv devstack@g-api.service[112707]: DEBUG oslo_concurrency.lockutils [-] Acquired lock "glance-cache" {{(pid=112707) lock /usr/local/lib/python3.8/dist-packages/oslo_concurrency/lockutils.py:294}}
Dec 16 11:51:12.743968 dv-neutron-821959-1-hyperv devstack@g-api.service[112707]: DEBUG oslo_concurrency.lockutils [-] Acquired external semaphore "glance-cache" {{(pid=112707) lock /usr/local/lib/python3.8/dist-packages/oslo_concurrency/lockutils.py:302}}
Dec 16 11:51:12.744299 dv-neutron-821959-1-hyperv devstack@g-api.service[112707]: DEBUG glance.image_cache.prefetcher [-] Nothing to prefetch. {{(pid=112707) run /opt/stack/glance/glance/image_cache/prefetcher.py:78}}
Dec 16 11:51:12.744480 dv-neutron-821959-1-hyperv devstack@g-api.service[112707]: DEBUG oslo_concurrency.lockutils [-] Releasing lock "glance-cache" {{(pid=112707) lock /usr/local/lib/python3.8/dist-packages/oslo_concurrency/lockutils.py:312}}
Dec 16 11:51:12.768036 dv-neutron-821959-1-hyperv devstack@g-api.service[112708]: DEBUG oslo_concurrency.lockutils [-] Acquired lock "glance-cache" {{(pid=112708) lock /usr/local/lib/python3.8/dist-packages/oslo_concurrency/lockutils.py:294}}
Dec 16 11:51:12.768630 dv-neutron-821959-1-hyperv devstack@g-api.service[112708]: DEBUG oslo_concurrency.lockutils [-] Acquired external semaphore "glance-cache" {{(pid=112708) lock /usr/local/lib/python3.8/dist-packages/oslo_concurrency/lockutils.py:302}}
Dec 16 11:51:12.768920 dv-neutron-821959-1-hyperv devstack@g-api.service[112708]: DEBUG glance.image_cache.prefetcher [-] Nothing to prefetch. {{(pid=112708) run /opt/stack/glance/glance/image_cache/prefetcher.py:78}}
Dec 16 11:51:12.769131 dv-neutron-821959-1-hyperv devstack@g-api.service[112708]: DEBUG oslo_concurrency.lockutils [-] Releasing lock "glance-cache" {{(pid=112708) lock /usr/local/lib/python3.8/dist-packages/oslo_concurrency/lockutils.py:312}}
Dec 16 11:52:34.306988 dv-neutron-821959-1-hyperv devstack@g-api.service[112707]: DEBUG glance.api.middleware.version_negotiation [None req-8d145968-e324-4194-8eb6-d1e8359e23bf admin admin] Determining version of request: GET / Accept: application/json {{(pid=112707) process_request /opt/stack/glance/glance/api/middleware/version_negotiation.py:44}}
Dec 16 11:52:34.308068 dv-neutron-821959-1-hyperv devstack@g-api.service[112707]: DEBUG glance.api.middleware.version_negotiation [None req-8d145968-e324-4194-8eb6-d1e8359e23bf admin admin] Using url versioning {{(pid=112707) process_request /opt/stack/glance/glance/api/middleware/version_negotiation.py:57}}
Dec 16 11:52:34.308554 dv-neutron-821959-1-hyperv devstack@g-api.service[112707]: DEBUG glance.api.middleware.version_negotiation [None req-8d145968-e324-4194-8eb6-d1e8359e23bf admin admin] Unknown version. Returning version choices. {{(pid=112707) process_request /opt/stack/glance/glance/api/middleware/version_negotiation.py:64}}
Dec 16 11:52:34.310497 dv-neutron-821959-1-hyperv devstack@g-api.service[112707]: [pid: 112707|app: 0|req: 5/8] 127.0.0.1 () {34 vars in 508 bytes} [Thu Dec 16 11:52:34 2021] GET / => generated 975 bytes in 4 msecs (HTTP/1.1 300) 3 headers in 105 bytes (1 switches on core 0)
Dec 16 11:52:34.615737 dv-neutron-821959-1-hyperv devstack@g-api.service[112708]: DEBUG glance.api.middleware.version_negotiation [None req-f754a31d-0ba7-4a51-a1ac-2c634b7c3ed3 admin admin] Determining version of request: GET /v2/images/b20dd1c3-0309-4090-a39c-8bfab2adf6bc Accept: */* {{(pid=112708) process_request /opt/stack/glance/glance/api/middleware/version_negotiation.py:44}}
Dec 16 11:52:34.616292 dv-neutron-821959-1-hyperv devstack@g-api.service[112708]: DEBUG glance.api.middleware.version_negotiation [None req-f754a31d-0ba7-4a51-a1ac-2c634b7c3ed3 admin admin] Using url versioning {{(pid=112708) process_request /opt/stack/glance/glance/api/middleware/version_negotiation.py:57}}
Dec 16 11:52:34.616388 dv-neutron-821959-1-hyperv devstack@g-api.service[112708]: DEBUG glance.api.middleware.version_negotiation [None req-f754a31d-0ba7-4a51-a1ac-2c634b7c3ed3 admin admin] Matched version: v2 {{(pid=112708) process_request /opt/stack/glance/glance/api/middleware/version_negotiation.py:69}}
Dec 16 11:52:34.616623 dv-neutron-821959-1-hyperv devstack@g-api.service[112708]: DEBUG glance.api.middleware.version_negotiation [None req-f754a31d-0ba7-4a51-a1ac-2c634b7c3ed3 admin admin] new path /v2/images/b20dd1c3-0309-4090-a39c-8bfab2adf6bc {{(pid=112708) process_request /opt/stack/glance/glance/api/middleware/version_negotiation.py:70}}
Dec 16 11:52:34.780927 dv-neutron-821959-1-hyperv devstack@g-api.service[112708]: WARNING keystonemiddleware.auth_token [None req-f754a31d-0ba7-4a51-a1ac-2c634b7c3ed3 admin admin] A valid token was submitted as a service token, but it was not a valid service token. This is incorrect but backwards compatible behaviour. This will be removed in future releases.
Dec 16 11:52:34.847337 dv-neutron-821959-1-hyperv devstack@g-api.service[112707]: DEBUG glance.api.middleware.version_negotiation [None req-8d145968-e324-4194-8eb6-d1e8359e23bf admin admin] Determining version of request: GET /v2/schemas/image Accept: */* {{(pid=112707) process_request /opt/stack/glance/glance/api/middleware/version_negotiation.py:44}}
Dec 16 11:52:34.847673 dv-neutron-821959-1-hyperv devstack@g-api.service[112707]: DEBUG glance.api.middleware.version_negotiation [None req-8d145968-e324-4194-8eb6-d1e8359e23bf admin admin] Using url versioning {{(pid=112707) process_request /opt/stack/glance/glance/api/middleware/version_negotiation.py:57}}
Dec 16 11:52:34.847990 dv-neutron-821959-1-hyperv devstack@g-api.service[112707]: DEBUG glance.api.middleware.version_negotiation [None req-8d145968-e324-4194-8eb6-d1e8359e23bf admin admin] Matched version: v2 {{(pid=112707) process_request /opt/stack/glance/glance/api/middleware/version_negotiation.py:69}}
Dec 16 11:52:34.848286 dv-neutron-821959-1-hyperv devstack@g-api.service[112707]: DEBUG glance.api.middleware.version_negotiation [None req-8d145968-e324-4194-8eb6-d1e8359e23bf admin admin] new path /v2/schemas/image {{(pid=112707) process_request /opt/stack/glance/glance/api/middleware/version_negotiation.py:70}}
Dec 16 11:52:34.853056 dv-neutron-821959-1-hyperv devstack@g-api.service[112707]: WARNING keystonemiddleware.auth_token [None req-8d145968-e324-4194-8eb6-d1e8359e23bf admin admin] A valid token was submitted as a service token, but it was not a valid service token. This is incorrect but backwards compatible behaviour. This will be removed in future releases.
Dec 16 11:52:34.853334 dv-neutron-821959-1-hyperv devstack@g-api.service[112708]: [pid: 112708|app: 0|req: 4/9] 127.0.0.1 () {42 vars in 1065 bytes} [Thu Dec 16 11:52:34 2021] GET /v2/images/b20dd1c3-0309-4090-a39c-8bfab2adf6bc => generated 946 bytes in 231 msecs (HTTP/1.1 200) 4 headers in 157 bytes (1 switches on core 0)
Dec 16 11:52:34.867773 dv-neutron-821959-1-hyperv devstack@g-api.service[112707]: [pid: 112707|app: 0|req: 6/10] 127.0.0.1 () {42 vars in 1005 bytes} [Thu Dec 16 11:52:34 2021] GET /v2/schemas/image => generated 6083 bytes in 11 msecs (HTTP/1.1 200) 4 headers in 158 bytes (1 switches on core 0)
Dec 16 11:52:36.053708 dv-neutron-821959-1-hyperv devstack@g-api.service[112708]: DEBUG glance.api.middleware.version_negotiation [None req-71479adf-7cf4-4547-9e5f-1ce55b9ee3fc tempest-ServersTestManualDisk-94445626 tempest-ServersTestManualDisk-94445626-project] Determining version of request: GET / Accept: application/json {{(pid=112708) process_request /opt/stack/glance/glance/api/middleware/version_negotiation.py:44}}
Dec 16 11:52:36.054834 dv-neutron-821959-1-hyperv devstack@g-api.service[112708]: DEBUG glance.api.middleware.version_negotiation [None req-71479adf-7cf4-4547-9e5f-1ce55b9ee3fc tempest-ServersTestManualDisk-94445626 tempest-ServersTestManualDisk-94445626-project] Using url versioning {{(pid=112708) process_request /opt/stack/glance/glance/api/middleware/version_negotiation.py:57}}
Dec 16 11:52:36.055346 dv-neutron-821959-1-hyperv devstack@g-api.service[112708]: DEBUG glance.api.middleware.version_negotiation [None req-71479adf-7cf4-4547-9e5f-1ce55b9ee3fc tempest-ServersTestManualDisk-94445626 tempest-ServersTestManualDisk-94445626-project] Unknown version. Returning version choices. {{(pid=112708) process_request /opt/stack/glance/glance/api/middleware/version_negotiation.py:64}}
Dec 16 11:52:36.057692 dv-neutron-821959-1-hyperv devstack@g-api.service[112708]: [pid: 112708|app: 0|req: 5/11] 127.0.0.1 () {34 vars in 508 bytes} [Thu Dec 16 11:52:36 2021] GET / => generated 975 bytes in 4 msecs (HTTP/1.1 300) 3 headers in 105 bytes (1 switches on core 0)
Dec 16 11:52:36.271104 dv-neutron-821959-1-hyperv devstack@g-api.service[112707]: DEBUG glance.api.middleware.version_negotiation [None req-71479adf-7cf4-4547-9e5f-1ce55b9ee3fc tempest-ServersTestManualDisk-94445626 tempest-ServersTestManualDisk-94445626-project] Determining version of request: GET /v2/images/b20dd1c3-0309-4090-a39c-8bfab2adf6bc Accept: */* {{(pid=112707) process_request /opt/stack/glance/glance/api/middleware/version_negotiation.py:44}}
Dec 16 11:52:36.272634 dv-neutron-821959-1-hyperv devstack@g-api.service[112707]: DEBUG glance.api.middleware.version_negotiation [None req-71479adf-7cf4-4547-9e5f-1ce55b9ee3fc tempest-ServersTestManualDisk-94445626 tempest-ServersTestManualDisk-94445626-project] Using url versioning {{(pid=112707) process_request /opt/stack/glance/glance/api/middleware/version_negotiation.py:57}}
Dec 16 11:52:36.273335 dv-neutron-821959-1-hyperv devstack@g-api.service[112707]: DEBUG glance.api.middleware.version_negotiation [None req-71479adf-7cf4-4547-9e5f-1ce55b9ee3fc tempest-ServersTestManualDisk-94445626 tempest-ServersTestManualDisk-94445626-project] Matched version: v2 {{(pid=112707) process_request /opt/stack/glance/glance/api/middleware/version_negotiation.py:69}}
Dec 16 11:52:36.273893 dv-neutron-821959-1-hyperv devstack@g-api.service[112707]: DEBUG glance.api.middleware.version_negotiation [None req-71479adf-7cf4-4547-9e5f-1ce55b9ee3fc tempest-ServersTestManualDisk-94445626 tempest-ServersTestManualDisk-94445626-project] new path /v2/images/b20dd1c3-0309-4090-a39c-8bfab2adf6bc {{(pid=112707) process_request /opt/stack/glance/glance/api/middleware/version_negotiation.py:70}}
Dec 16 11:52:36.536948 dv-neutron-821959-1-hyperv devstack@g-api.service[112708]: DEBUG glance.api.middleware.version_negotiation [None req-71479adf-7cf4-4547-9e5f-1ce55b9ee3fc tempest-ServersTestManualDisk-94445626 tempest-ServersTestManualDisk-94445626-project] Determining version of request: GET /v2/schemas/image Accept: */* {{(pid=112708) process_request /opt/stack/glance/glance/api/middleware/version_negotiation.py:44}}
Dec 16 11:52:36.537521 dv-neutron-821959-1-hyperv devstack@g-api.service[112708]: DEBUG glance.api.middleware.version_negotiation [None req-71479adf-7cf4-4547-9e5f-1ce55b9ee3fc tempest-ServersTestManualDisk-94445626 tempest-ServersTestManualDisk-94445626-project] Using url versioning {{(pid=112708) process_request /opt/stack/glance/glance/api/middleware/version_negotiation.py:57}}
Dec 16 11:52:36.538926 dv-neutron-821959-1-hyperv devstack@g-api.service[112708]: DEBUG glance.api.middleware.version_negotiation [None req-71479adf-7cf4-4547-9e5f-1ce55b9ee3fc tempest-ServersTestManualDisk-94445626 tempest-ServersTestManualDisk-94445626-project] Matched version: v2 {{(pid=112708) process_request /opt/stack/glance/glance/api/middleware/version_negotiation.py:69}}
Dec 16 11:52:36.539319 dv-neutron-821959-1-hyperv devstack@g-api.service[112708]: DEBUG glance.api.middleware.version_negotiation [None req-71479adf-7cf4-4547-9e5f-1ce55b9ee3fc tempest-ServersTestManualDisk-94445626 tempest-ServersTestManualDisk-94445626-project] new path /v2/schemas/image {{(pid=112708) process_request /opt/stack/glance/glance/api/middleware/version_negotiation.py:70}}
Dec 16 11:52:36.550248 dv-neutron-821959-1-hyperv devstack@g-api.service[112708]: [pid: 112708|app: 0|req: 6/12] 127.0.0.1 () {42 vars in 1005 bytes} [Thu Dec 16 11:52:36 2021] GET /v2/schemas/image => generated 6083 bytes in 13 msecs (HTTP/1.1 200) 4 headers in 158 bytes (1 switches on core 0)
Dec 16 11:52:36.555807 dv-neutron-821959-1-hyperv devstack@g-api.service[112707]: [pid: 112707|app: 0|req: 7/13] 127.0.0.1 () {42 vars in 1065 bytes} [Thu Dec 16 11:52:36 2021] GET /v2/images/b20dd1c3-0309-4090-a39c-8bfab2adf6bc => generated 946 bytes in 285 msecs (HTTP/1.1 200) 4 headers in 157 bytes (1 switches on core 0)
Dec 16 11:52:38.303735 dv-neutron-821959-1-hyperv devstack@g-api.service[112708]: DEBUG glance.api.middleware.version_negotiation [None req-5f7e3b0e-e5ac-4dc5-85e2-eda346e4bc2f tempest-ServerActionsTestJSON-2030401903 tempest-ServerActionsTestJSON-2030401903-project] Determining version of request: GET /v2/images/b20dd1c3-0309-4090-a39c-8bfab2adf6bc Accept: */* {{(pid=112708) process_request /opt/stack/glance/glance/api/middleware/version_negotiation.py:44}}
Dec 16 11:52:38.304262 dv-neutron-821959-1-hyperv devstack@g-api.service[112708]: DEBUG glance.api.middleware.version_negotiation [None req-5f7e3b0e-e5ac-4dc5-85e2-eda346e4bc2f tempest-ServerActionsTestJSON-2030401903 tempest-ServerActionsTestJSON-2030401903-project] Using url versioning {{(pid=112708) process_request /opt/stack/glance/glance/api/middleware/version_negotiation.py:57}}
Dec 16 11:52:38.304362 dv-neutron-821959-1-hyperv devstack@g-api.service[112708]: DEBUG glance.api.middleware.version_negotiation [None req-5f7e3b0e-e5ac-4dc5-85e2-eda346e4bc2f tempest-ServerActionsTestJSON-2030401903 tempest-ServerActionsTestJSON-2030401903-project] Matched version: v2 {{(pid=112708) process_request /opt/stack/glance/glance/api/middleware/version_negotiation.py:69}}
Dec 16 11:52:38.304907 dv-neutron-821959-1-hyperv devstack@g-api.service[112708]: DEBUG glance.api.middleware.version_negotiation [None req-5f7e3b0e-e5ac-4dc5-85e2-eda346e4bc2f tempest-ServerActionsTestJSON-2030401903 tempest-ServerActionsTestJSON-2030401903-project] new path /v2/images/b20dd1c3-0309-4090-a39c-8bfab2adf6bc {{(pid=112708) process_request /opt/stack/glance/glance/api/middleware/version_negotiation.py:70}}
Dec 16 11:52:38.344285 dv-neutron-821959-1-hyperv devstack@g-api.service[112707]: DEBUG glance.api.middleware.version_negotiation [None req-5f7e3b0e-e5ac-4dc5-85e2-eda346e4bc2f tempest-ServerActionsTestJSON-2030401903 tempest-ServerActionsTestJSON-2030401903-project] Determining version of request: GET /v2/schemas/image Accept: */* {{(pid=112707) process_request /opt/stack/glance/glance/api/middleware/version_negotiation.py:44}}
Dec 16 11:52:38.345300 dv-neutron-821959-1-hyperv devstack@g-api.service[112707]: DEBUG glance.api.middleware.version_negotiation [None req-5f7e3b0e-e5ac-4dc5-85e2-eda346e4bc2f tempest-ServerActionsTestJSON-2030401903 tempest-ServerActionsTestJSON-2030401903-project] Using url versioning {{(pid=112707) process_request /opt/stack/glance/glance/api/middleware/version_negotiation.py:57}}
Dec 16 11:52:38.345807 dv-neutron-821959-1-hyperv devstack@g-api.service[112707]: DEBUG glance.api.middleware.version_negotiation [None req-5f7e3b0e-e5ac-4dc5-85e2-eda346e4bc2f tempest-ServerActionsTestJSON-2030401903 tempest-ServerActionsTestJSON-2030401903-project] Matched version: v2 {{(pid=112707) process_request /opt/stack/glance/glance/api/middleware/version_negotiation.py:69}}
Dec 16 11:52:38.346355 dv-neutron-821959-1-hyperv devstack@g-api.service[112707]: DEBUG glance.api.middleware.version_negotiation [None req-5f7e3b0e-e5ac-4dc5-85e2-eda346e4bc2f tempest-ServerActionsTestJSON-2030401903 tempest-ServerActionsTestJSON-2030401903-project] new path /v2/schemas/image {{(pid=112707) process_request /opt/stack/glance/glance/api/middleware/version_negotiation.py:70}}
Dec 16 11:52:38.354541 dv-neutron-821959-1-hyperv devstack@g-api.service[112708]: [pid: 112708|app: 0|req: 7/14] 127.0.0.1 () {42 vars in 1065 bytes} [Thu Dec 16 11:52:38 2021] GET /v2/images/b20dd1c3-0309-4090-a39c-8bfab2adf6bc => generated 946 bytes in 51 msecs (HTTP/1.1 200) 4 headers in 157 bytes (1 switches on core 0)
Dec 16 11:52:38.358265 dv-neutron-821959-1-hyperv devstack@g-api.service[112707]: [pid: 112707|app: 0|req: 8/15] 127.0.0.1 () {42 vars in 1005 bytes} [Thu Dec 16 11:52:38 2021] GET /v2/schemas/image => generated 6083 bytes in 14 msecs (HTTP/1.1 200) 4 headers in 158 bytes (1 switches on core 0)
Dec 16 11:52:40.903551 dv-neutron-821959-1-hyperv devstack@g-api.service[112708]: DEBUG glance.api.middleware.version_negotiation [None req-08ac9c43-266c-48d0-b2ae-5e3f3fef7778 tempest-ServersTestJSON-1032357832 tempest-ServersTestJSON-1032357832-project] Determining version of request: GET /v2/images/b20dd1c3-0309-4090-a39c-8bfab2adf6bc Accept: */* {{(pid=112708) process_request /opt/stack/glance/glance/api/middleware/version_negotiation.py:44}}
Dec 16 11:52:40.904209 dv-neutron-821959-1-hyperv devstack@g-api.service[112708]: DEBUG glance.api.middleware.version_negotiation [None req-08ac9c43-266c-48d0-b2ae-5e3f3fef7778 tempest-ServersTestJSON-1032357832 tempest-ServersTestJSON-1032357832-project] Using url versioning {{(pid=112708) process_request /opt/stack/glance/glance/api/middleware/version_negotiation.py:57}}
Dec 16 11:52:40.904209 dv-neutron-821959-1-hyperv devstack@g-api.service[112708]: DEBUG glance.api.middleware.version_negotiation [None req-08ac9c43-266c-48d0-b2ae-5e3f3fef7778 tempest-ServersTestJSON-1032357832 tempest-ServersTestJSON-1032357832-project] Matched version: v2 {{(pid=112708) process_request /opt/stack/glance/glance/api/middleware/version_negotiation.py:69}}
Dec 16 11:52:40.904851 dv-neutron-821959-1-hyperv devstack@g-api.service[112708]: DEBUG glance.api.middleware.version_negotiation [None req-08ac9c43-266c-48d0-b2ae-5e3f3fef7778 tempest-ServersTestJSON-1032357832 tempest-ServersTestJSON-1032357832-project] new path /v2/images/b20dd1c3-0309-4090-a39c-8bfab2adf6bc {{(pid=112708) process_request /opt/stack/glance/glance/api/middleware/version_negotiation.py:70}}
Dec 16 11:52:40.938222 dv-neutron-821959-1-hyperv devstack@g-api.service[112708]: [pid: 112708|app: 0|req: 8/16] 127.0.0.1 () {40 vars in 858 bytes} [Thu Dec 16 11:52:40 2021] GET /v2/images/b20dd1c3-0309-4090-a39c-8bfab2adf6bc => generated 946 bytes in 35 msecs (HTTP/1.1 200) 4 headers in 157 bytes (1 switches on core 0)
Dec 16 11:52:40.986567 dv-neutron-821959-1-hyperv devstack@g-api.service[112707]: DEBUG glance.api.middleware.version_negotiation [None req-08ac9c43-266c-48d0-b2ae-5e3f3fef7778 tempest-ServersTestJSON-1032357832 tempest-ServersTestJSON-1032357832-project] Determining version of request: GET /v2/schemas/image Accept: */* {{(pid=112707) process_request /opt/stack/glance/glance/api/middleware/version_negotiation.py:44}}
Dec 16 11:52:40.988039 dv-neutron-821959-1-hyperv devstack@g-api.service[112707]: DEBUG glance.api.middleware.version_negotiation [None req-08ac9c43-266c-48d0-b2ae-5e3f3fef7778 tempest-ServersTestJSON-1032357832 tempest-ServersTestJSON-1032357832-project] Using url versioning {{(pid=112707) process_request /opt/stack/glance/glance/api/middleware/version_negotiation.py:57}}
Dec 16 11:52:40.988516 dv-neutron-821959-1-hyperv devstack@g-api.service[112707]: DEBUG glance.api.middleware.version_negotiation [None req-08ac9c43-266c-48d0-b2ae-5e3f3fef7778 tempest-ServersTestJSON-1032357832 tempest-ServersTestJSON-1032357832-project] Matched version: v2 {{(pid=112707) process_request /opt/stack/glance/glance/api/middleware/version_negotiation.py:69}}
Dec 16 11:52:40.988929 dv-neutron-821959-1-hyperv devstack@g-api.service[112707]: DEBUG glance.api.middleware.version_negotiation [None req-08ac9c43-266c-48d0-b2ae-5e3f3fef7778 tempest-ServersTestJSON-1032357832 tempest-ServersTestJSON-1032357832-project] new path /v2/schemas/image {{(pid=112707) process_request /opt/stack/glance/glance/api/middleware/version_negotiation.py:70}}
Dec 16 11:52:40.993597 dv-neutron-821959-1-hyperv devstack@g-api.service[112707]: [pid: 112707|app: 0|req: 9/17] 127.0.0.1 () {40 vars in 798 bytes} [Thu Dec 16 11:52:40 2021] GET /v2/schemas/image => generated 6083 bytes in 7 msecs (HTTP/1.1 200) 4 headers in 158 bytes (1 switches on core 0)
Dec 16 11:52:41.116531 dv-neutron-821959-1-hyperv devstack@g-api.service[112708]: DEBUG glance.api.middleware.version_negotiation [None req-71479adf-7cf4-4547-9e5f-1ce55b9ee3fc tempest-ServersTestManualDisk-94445626 tempest-ServersTestManualDisk-94445626-project] Determining version of request: GET /v2/images/b20dd1c3-0309-4090-a39c-8bfab2adf6bc Accept: */* {{(pid=112708) process_request /opt/stack/glance/glance/api/middleware/version_negotiation.py:44}}
Dec 16 11:52:41.117141 dv-neutron-821959-1-hyperv devstack@g-api.service[112708]: DEBUG glance.api.middleware.version_negotiation [None req-71479adf-7cf4-4547-9e5f-1ce55b9ee3fc tempest-ServersTestManualDisk-94445626 tempest-ServersTestManualDisk-94445626-project] Using url versioning {{(pid=112708) process_request /opt/stack/glance/glance/api/middleware/version_negotiation.py:57}}
Dec 16 11:52:41.117614 dv-neutron-821959-1-hyperv devstack@g-api.service[112708]: DEBUG glance.api.middleware.version_negotiation [None req-71479adf-7cf4-4547-9e5f-1ce55b9ee3fc tempest-ServersTestManualDisk-94445626 tempest-ServersTestManualDisk-94445626-project] Matched version: v2 {{(pid=112708) process_request /opt/stack/glance/glance/api/middleware/version_negotiation.py:69}}
Dec 16 11:52:41.118076 dv-neutron-821959-1-hyperv devstack@g-api.service[112708]: DEBUG glance.api.middleware.version_negotiation [None req-71479adf-7cf4-4547-9e5f-1ce55b9ee3fc tempest-ServersTestManualDisk-94445626 tempest-ServersTestManualDisk-94445626-project] new path /v2/images/b20dd1c3-0309-4090-a39c-8bfab2adf6bc {{(pid=112708) process_request /opt/stack/glance/glance/api/middleware/version_negotiation.py:70}}
Dec 16 11:52:41.136313 dv-neutron-821959-1-hyperv devstack@g-api.service[112708]: [pid: 112708|app: 0|req: 9/18] 127.0.0.1 () {40 vars in 858 bytes} [Thu Dec 16 11:52:41 2021] GET /v2/images/b20dd1c3-0309-4090-a39c-8bfab2adf6bc => generated 946 bytes in 20 msecs (HTTP/1.1 200) 4 headers in 157 bytes (1 switches on core 0)
Dec 16 11:52:41.144591 dv-neutron-821959-1-hyperv devstack@g-api.service[112707]: DEBUG glance.api.middleware.version_negotiation [None req-71479adf-7cf4-4547-9e5f-1ce55b9ee3fc tempest-ServersTestManualDisk-94445626 tempest-ServersTestManualDisk-94445626-project] Determining version of request: GET /v2/images/b20dd1c3-0309-4090-a39c-8bfab2adf6bc/file Accept: */* {{(pid=112707) process_request /opt/stack/glance/glance/api/middleware/version_negotiation.py:44}}
Dec 16 11:52:41.145107 dv-neutron-821959-1-hyperv devstack@g-api.service[112707]: DEBUG glance.api.middleware.version_negotiation [None req-71479adf-7cf4-4547-9e5f-1ce55b9ee3fc tempest-ServersTestManualDisk-94445626 tempest-ServersTestManualDisk-94445626-project] Using url versioning {{(pid=112707) process_request /opt/stack/glance/glance/api/middleware/version_negotiation.py:57}}
Dec 16 11:52:41.145465 dv-neutron-821959-1-hyperv devstack@g-api.service[112707]: DEBUG glance.api.middleware.version_negotiation [None req-71479adf-7cf4-4547-9e5f-1ce55b9ee3fc tempest-ServersTestManualDisk-94445626 tempest-ServersTestManualDisk-94445626-project] Matched version: v2 {{(pid=112707) process_request /opt/stack/glance/glance/api/middleware/version_negotiation.py:69}}
Dec 16 11:52:41.145786 dv-neutron-821959-1-hyperv devstack@g-api.service[112707]: DEBUG glance.api.middleware.version_negotiation [None req-71479adf-7cf4-4547-9e5f-1ce55b9ee3fc tempest-ServersTestManualDisk-94445626 tempest-ServersTestManualDisk-94445626-project] new path /v2/images/b20dd1c3-0309-4090-a39c-8bfab2adf6bc/file {{(pid=112707) process_request /opt/stack/glance/glance/api/middleware/version_negotiation.py:70}}
Dec 16 11:52:41.169148 dv-neutron-821959-1-hyperv devstack@g-api.service[112707]: DEBUG glance_store.backend [None req-71479adf-7cf4-4547-9e5f-1ce55b9ee3fc tempest-ServersTestManualDisk-94445626 tempest-ServersTestManualDisk-94445626-project] Attempting to import store swift {{(pid=112707) _load_store /usr/local/lib/python3.8/dist-packages/glance_store/backend.py:217}}
Dec 16 11:52:41.173414 dv-neutron-821959-1-hyperv devstack@g-api.service[112707]: DEBUG glance_store.capabilities [None req-71479adf-7cf4-4547-9e5f-1ce55b9ee3fc tempest-ServersTestManualDisk-94445626 tempest-ServersTestManualDisk-94445626-project] Store glance_store._drivers.swift.store.SingleTenantStore doesn't support updating dynamic storage capabilities. Please overwrite 'update_capabilities' method of the store to implement updating logics if needed. {{(pid=112707) update_capabilities /usr/local/lib/python3.8/dist-packages/glance_store/capabilities.py:91}}
Dec 16 11:52:41.174190 dv-neutron-821959-1-hyperv devstack@g-api.service[112707]: DEBUG glance_store.driver [None req-71479adf-7cf4-4547-9e5f-1ce55b9ee3fc tempest-ServersTestManualDisk-94445626 tempest-ServersTestManualDisk-94445626-project] Late loading location class glance_store._drivers.swift.store.StoreLocation {{(pid=112707) get_store_location_class /usr/local/lib/python3.8/dist-packages/glance_store/driver.py:117}}
Dec 16 11:52:41.174608 dv-neutron-821959-1-hyperv devstack@g-api.service[112707]: DEBUG glance_store.location [None req-71479adf-7cf4-4547-9e5f-1ce55b9ee3fc tempest-ServersTestManualDisk-94445626 tempest-ServersTestManualDisk-94445626-project] Registering scheme swift+https with {'store': , 'location_class': , 'store_entry': 'swift'} {{(pid=112707) register_scheme_map /usr/local/lib/python3.8/dist-packages/glance_store/location.py:146}}
Dec 16 11:52:41.175004 dv-neutron-821959-1-hyperv devstack@g-api.service[112707]: DEBUG glance_store.location [None req-71479adf-7cf4-4547-9e5f-1ce55b9ee3fc tempest-ServersTestManualDisk-94445626 tempest-ServersTestManualDisk-94445626-project] Registering scheme swift+https with {'store': , 'location_class': , 'store_entry': 'swift'} {{(pid=112707) register_scheme_map /usr/local/lib/python3.8/dist-packages/glance_store/location.py:146}}
Dec 16 11:52:41.175425 dv-neutron-821959-1-hyperv devstack@g-api.service[112707]: DEBUG glance_store.location [None req-71479adf-7cf4-4547-9e5f-1ce55b9ee3fc tempest-ServersTestManualDisk-94445626 tempest-ServersTestManualDisk-94445626-project] Registering scheme swift with {'store': , 'location_class': , 'store_entry': 'swift'} {{(pid=112707) register_scheme_map /usr/local/lib/python3.8/dist-packages/glance_store/location.py:146}}
Dec 16 11:52:41.175993 dv-neutron-821959-1-hyperv devstack@g-api.service[112707]: DEBUG glance_store.location [None req-71479adf-7cf4-4547-9e5f-1ce55b9ee3fc tempest-ServersTestManualDisk-94445626 tempest-ServersTestManualDisk-94445626-project] Registering scheme swift+https with {'store': , 'location_class': , 'store_entry': 'swift'} {{(pid=112707) register_scheme_map /usr/local/lib/python3.8/dist-packages/glance_store/location.py:146}}
Dec 16 11:52:41.176361 dv-neutron-821959-1-hyperv devstack@g-api.service[112707]: DEBUG glance_store.location [None req-71479adf-7cf4-4547-9e5f-1ce55b9ee3fc tempest-ServersTestManualDisk-94445626 tempest-ServersTestManualDisk-94445626-project] Registering scheme swift with {'store': , 'location_class': , 'store_entry': 'swift'} {{(pid=112707) register_scheme_map /usr/local/lib/python3.8/dist-packages/glance_store/location.py:146}}
Dec 16 11:52:41.176727 dv-neutron-821959-1-hyperv devstack@g-api.service[112707]: DEBUG glance_store.location [None req-71479adf-7cf4-4547-9e5f-1ce55b9ee3fc tempest-ServersTestManualDisk-94445626 tempest-ServersTestManualDisk-94445626-project] Registering scheme swift+http with {'store': , 'location_class': , 'store_entry': 'swift'} {{(pid=112707) register_scheme_map /usr/local/lib/python3.8/dist-packages/glance_store/location.py:146}}
Dec 16 11:52:41.177251 dv-neutron-821959-1-hyperv devstack@g-api.service[112707]: DEBUG glance_store.location [None req-71479adf-7cf4-4547-9e5f-1ce55b9ee3fc tempest-ServersTestManualDisk-94445626 tempest-ServersTestManualDisk-94445626-project] Registering scheme swift+https with {'store': , 'location_class': , 'store_entry': 'swift'} {{(pid=112707) register_scheme_map /usr/local/lib/python3.8/dist-packages/glance_store/location.py:146}}
Dec 16 11:52:41.177613 dv-neutron-821959-1-hyperv devstack@g-api.service[112707]: DEBUG glance_store.location [None req-71479adf-7cf4-4547-9e5f-1ce55b9ee3fc tempest-ServersTestManualDisk-94445626 tempest-ServersTestManualDisk-94445626-project] Registering scheme swift with {'store': , 'location_class': , 'store_entry': 'swift'} {{(pid=112707) register_scheme_map /usr/local/lib/python3.8/dist-packages/glance_store/location.py:146}}
Dec 16 11:52:41.178718 dv-neutron-821959-1-hyperv devstack@g-api.service[112707]: DEBUG glance_store.location [None req-71479adf-7cf4-4547-9e5f-1ce55b9ee3fc tempest-ServersTestManualDisk-94445626 tempest-ServersTestManualDisk-94445626-project] Registering scheme swift+http with {'store': , 'location_class': , 'store_entry': 'swift'} {{(pid=112707) register_scheme_map /usr/local/lib/python3.8/dist-packages/glance_store/location.py:146}}
Dec 16 11:52:41.179093 dv-neutron-821959-1-hyperv devstack@g-api.service[112707]: DEBUG glance_store.location [None req-71479adf-7cf4-4547-9e5f-1ce55b9ee3fc tempest-ServersTestManualDisk-94445626 tempest-ServersTestManualDisk-94445626-project] Registering scheme swift+config with {'store': , 'location_class': , 'store_entry': 'swift'} {{(pid=112707) register_scheme_map /usr/local/lib/python3.8/dist-packages/glance_store/location.py:146}}
Dec 16 11:52:42.056987 dv-neutron-821959-1-hyperv devstack@g-api.service[112708]: DEBUG glance.api.middleware.version_negotiation [None req-71479adf-7cf4-4547-9e5f-1ce55b9ee3fc tempest-ServersTestManualDisk-94445626 tempest-ServersTestManualDisk-94445626-project] Determining version of request: GET /v2/images/b20dd1c3-0309-4090-a39c-8bfab2adf6bc Accept: */* {{(pid=112708) process_request /opt/stack/glance/glance/api/middleware/version_negotiation.py:44}}
Dec 16 11:52:42.057579 dv-neutron-821959-1-hyperv devstack@g-api.service[112708]: DEBUG glance.api.middleware.version_negotiation [None req-71479adf-7cf4-4547-9e5f-1ce55b9ee3fc tempest-ServersTestManualDisk-94445626 tempest-ServersTestManualDisk-94445626-project] Using url versioning {{(pid=112708) process_request /opt/stack/glance/glance/api/middleware/version_negotiation.py:57}}
Dec 16 11:52:42.058253 dv-neutron-821959-1-hyperv devstack@g-api.service[112708]: DEBUG glance.api.middleware.version_negotiation [None req-71479adf-7cf4-4547-9e5f-1ce55b9ee3fc tempest-ServersTestManualDisk-94445626 tempest-ServersTestManualDisk-94445626-project] Matched version: v2 {{(pid=112708) process_request /opt/stack/glance/glance/api/middleware/version_negotiation.py:69}}
Dec 16 11:52:42.059330 dv-neutron-821959-1-hyperv devstack@g-api.service[112708]: DEBUG glance.api.middleware.version_negotiation [None req-71479adf-7cf4-4547-9e5f-1ce55b9ee3fc tempest-ServersTestManualDisk-94445626 tempest-ServersTestManualDisk-94445626-project] new path /v2/images/b20dd1c3-0309-4090-a39c-8bfab2adf6bc {{(pid=112708) process_request /opt/stack/glance/glance/api/middleware/version_negotiation.py:70}}
Dec 16 11:52:42.096246 dv-neutron-821959-1-hyperv devstack@g-api.service[112708]: [pid: 112708|app: 0|req: 10/19] 127.0.0.1 () {40 vars in 858 bytes} [Thu Dec 16 11:52:42 2021] GET /v2/images/b20dd1c3-0309-4090-a39c-8bfab2adf6bc => generated 946 bytes in 40 msecs (HTTP/1.1 200) 4 headers in 157 bytes (1 switches on core 0)
Dec 16 11:52:42.103668 dv-neutron-821959-1-hyperv devstack@g-api.service[112708]: DEBUG glance.api.middleware.version_negotiation [None req-08ac9c43-266c-48d0-b2ae-5e3f3fef7778 tempest-ServersTestJSON-1032357832 tempest-ServersTestJSON-1032357832-project] Determining version of request: GET /v2/schemas/image Accept: */* {{(pid=112708) process_request /opt/stack/glance/glance/api/middleware/version_negotiation.py:44}}
Dec 16 11:52:42.106830 dv-neutron-821959-1-hyperv devstack@g-api.service[112708]: DEBUG glance.api.middleware.version_negotiation [None req-08ac9c43-266c-48d0-b2ae-5e3f3fef7778 tempest-ServersTestJSON-1032357832 tempest-ServersTestJSON-1032357832-project] Using url versioning {{(pid=112708) process_request /opt/stack/glance/glance/api/middleware/version_negotiation.py:57}}
Dec 16 11:52:42.107393 dv-neutron-821959-1-hyperv devstack@g-api.service[112708]: DEBUG glance.api.middleware.version_negotiation [None req-08ac9c43-266c-48d0-b2ae-5e3f3fef7778 tempest-ServersTestJSON-1032357832 tempest-ServersTestJSON-1032357832-project] Matched version: v2 {{(pid=112708) process_request /opt/stack/glance/glance/api/middleware/version_negotiation.py:69}}
Dec 16 11:52:42.110274 dv-neutron-821959-1-hyperv devstack@g-api.service[112708]: DEBUG glance.api.middleware.version_negotiation [None req-08ac9c43-266c-48d0-b2ae-5e3f3fef7778 tempest-ServersTestJSON-1032357832 tempest-ServersTestJSON-1032357832-project] new path /v2/schemas/image {{(pid=112708) process_request /opt/stack/glance/glance/api/middleware/version_negotiation.py:70}}
Dec 16 11:52:42.126694 dv-neutron-821959-1-hyperv devstack@g-api.service[112708]: [pid: 112708|app: 0|req: 11/20] 127.0.0.1 () {40 vars in 798 bytes} [Thu Dec 16 11:52:42 2021] GET /v2/schemas/image => generated 6083 bytes in 24 msecs (HTTP/1.1 200) 4 headers in 158 bytes (1 switches on core 0)
Dec 16 11:52:42.423380 dv-neutron-821959-1-hyperv devstack@g-api.service[112707]: DEBUG swiftclient [None req-71479adf-7cf4-4547-9e5f-1ce55b9ee3fc tempest-ServersTestManualDisk-94445626 tempest-ServersTestManualDisk-94445626-project] REQ: curl -i http://10.222.0.61:8080/v1/AUTH_a7c3fa52b68e41399d8eb0deff38cb9c/glance/b20dd1c3-0309-4090-a39c-8bfab2adf6bc -X GET -H "X-Auth-Token: gAAAAABhuyiJwnyl..." {{(pid=112707) http_log /usr/local/lib/python3.8/dist-packages/swiftclient/client.py:187}}
Dec 16 11:52:42.423809 dv-neutron-821959-1-hyperv devstack@g-api.service[112707]: DEBUG swiftclient [None req-71479adf-7cf4-4547-9e5f-1ce55b9ee3fc tempest-ServersTestManualDisk-94445626 tempest-ServersTestManualDisk-94445626-project] RESP STATUS: 200 OK {{(pid=112707) http_log /usr/local/lib/python3.8/dist-packages/swiftclient/client.py:188}}
Dec 16 11:52:42.424054 dv-neutron-821959-1-hyperv devstack@g-api.service[112707]: DEBUG swiftclient [None req-71479adf-7cf4-4547-9e5f-1ce55b9ee3fc tempest-ServersTestManualDisk-94445626 tempest-ServersTestManualDisk-94445626-project] RESP HEADERS: {'Content-Type': 'application/octet-stream', 'Etag': '318f990048c8a194829e52141534610d', 'Last-Modified': 'Thu, 16 Dec 2021 11:46:23 GMT', 'X-Timestamp': '1639655182.81706', 'Accept-Ranges': 'bytes', 'Content-Length': '645922816', 'X-Trans-Id': 'txd9dd5f5c16f349c8a7782-0061bb2889', 'X-Openstack-Request-Id': 'txd9dd5f5c16f349c8a7782-0061bb2889', 'Date': 'Thu, 16 Dec 2021 11:52:42 GMT'} {{(pid=112707) http_log /usr/local/lib/python3.8/dist-packages/swiftclient/client.py:189}}
Dec 16 11:52:42.458254 dv-neutron-821959-1-hyperv devstack@g-api.service[112707]: DEBUG glance.image_cache [None req-71479adf-7cf4-4547-9e5f-1ce55b9ee3fc tempest-ServersTestManualDisk-94445626 tempest-ServersTestManualDisk-94445626-project] Tee'ing image 'b20dd1c3-0309-4090-a39c-8bfab2adf6bc' into cache {{(pid=112707) get_caching_iter /opt/stack/glance/glance/image_cache/__init__.py:343}}
Dec 16 11:52:42.750969 dv-neutron-821959-1-hyperv devstack@g-api.service[112708]: DEBUG glance.api.middleware.version_negotiation [None req-08ac9c43-266c-48d0-b2ae-5e3f3fef7778 tempest-ServersTestJSON-1032357832 tempest-ServersTestJSON-1032357832-project] Determining version of request: GET /v2/images/b20dd1c3-0309-4090-a39c-8bfab2adf6bc Accept: */* {{(pid=112708) process_request /opt/stack/glance/glance/api/middleware/version_negotiation.py:44}}
Dec 16 11:52:42.750969 dv-neutron-821959-1-hyperv devstack@g-api.service[112708]: DEBUG glance.api.middleware.version_negotiation [None req-08ac9c43-266c-48d0-b2ae-5e3f3fef7778 tempest-ServersTestJSON-1032357832 tempest-ServersTestJSON-1032357832-project] Using url versioning {{(pid=112708) process_request /opt/stack/glance/glance/api/middleware/version_negotiation.py:57}}
Dec 16 11:52:42.750969 dv-neutron-821959-1-hyperv devstack@g-api.service[112708]: DEBUG glance.api.middleware.version_negotiation [None req-08ac9c43-266c-48d0-b2ae-5e3f3fef7778 tempest-ServersTestJSON-1032357832 tempest-ServersTestJSON-1032357832-project] Matched version: v2 {{(pid=112708) process_request /opt/stack/glance/glance/api/middleware/version_negotiation.py:69}}
Dec 16 11:52:42.750969 dv-neutron-821959-1-hyperv devstack@g-api.service[112708]: DEBUG glance.api.middleware.version_negotiation [None req-08ac9c43-266c-48d0-b2ae-5e3f3fef7778 tempest-ServersTestJSON-1032357832 tempest-ServersTestJSON-1032357832-project] new path /v2/images/b20dd1c3-0309-4090-a39c-8bfab2adf6bc {{(pid=112708) process_request /opt/stack/glance/glance/api/middleware/version_negotiation.py:70}}
Dec 16 11:52:42.779982 dv-neutron-821959-1-hyperv devstack@g-api.service[112708]: [pid: 112708|app: 0|req: 12/21] 127.0.0.1 () {40 vars in 858 bytes} [Thu Dec 16 11:52:42 2021] GET /v2/images/b20dd1c3-0309-4090-a39c-8bfab2adf6bc => generated 946 bytes in 33 msecs (HTTP/1.1 200) 4 headers in 157 bytes (1 switches on core 0)
Dec 16 11:52:42.789561 dv-neutron-821959-1-hyperv devstack@g-api.service[112708]: DEBUG glance.api.middleware.version_negotiation [None req-5f7e3b0e-e5ac-4dc5-85e2-eda346e4bc2f tempest-ServerActionsTestJSON-2030401903 tempest-ServerActionsTestJSON-2030401903-project] Determining version of request: GET /v2/schemas/image Accept: */* {{(pid=112708) process_request /opt/stack/glance/glance/api/middleware/version_negotiation.py:44}}
Dec 16 11:52:42.790741 dv-neutron-821959-1-hyperv devstack@g-api.service[112708]: DEBUG glance.api.middleware.version_negotiation [None req-5f7e3b0e-e5ac-4dc5-85e2-eda346e4bc2f tempest-ServerActionsTestJSON-2030401903 tempest-ServerActionsTestJSON-2030401903-project] Using url versioning {{(pid=112708) process_request /opt/stack/glance/glance/api/middleware/version_negotiation.py:57}}
Dec 16 11:52:42.791433 dv-neutron-821959-1-hyperv devstack@g-api.service[112708]: DEBUG glance.api.middleware.version_negotiation [None req-5f7e3b0e-e5ac-4dc5-85e2-eda346e4bc2f tempest-ServerActionsTestJSON-2030401903 tempest-ServerActionsTestJSON-2030401903-project] Matched version: v2 {{(pid=112708) process_request /opt/stack/glance/glance/api/middleware/version_negotiation.py:69}}
Dec 16 11:52:42.791908 dv-neutron-821959-1-hyperv devstack@g-api.service[112708]: DEBUG glance.api.middleware.version_negotiation [None req-5f7e3b0e-e5ac-4dc5-85e2-eda346e4bc2f tempest-ServerActionsTestJSON-2030401903 tempest-ServerActionsTestJSON-2030401903-project] new path /v2/schemas/image {{(pid=112708) process_request /opt/stack/glance/glance/api/middleware/version_negotiation.py:70}}
Dec 16 11:52:42.801197 dv-neutron-821959-1-hyperv devstack@g-api.service[112708]: [pid: 112708|app: 0|req: 13/22] 127.0.0.1 () {40 vars in 798 bytes} [Thu Dec 16 11:52:42 2021] GET /v2/schemas/image => generated 6083 bytes in 12 msecs (HTTP/1.1 200) 4 headers in 158 bytes (1 switches on core 0)
Dec 16 11:52:53.471912 dv-neutron-821959-1-hyperv devstack@g-api.service[112707]: DEBUG glance.image_cache.drivers.sqlite [None req-71479adf-7cf4-4547-9e5f-1ce55b9ee3fc tempest-ServersTestManualDisk-94445626 tempest-ServersTestManualDisk-94445626-project] Fetch finished, moving '/opt/stack/data/glance/cache/incomplete/b20dd1c3-0309-4090-a39c-8bfab2adf6bc' to '/opt/stack/data/glance/cache/b20dd1c3-0309-4090-a39c-8bfab2adf6bc' {{(pid=112707) commit /opt/stack/glance/glance/image_cache/drivers/sqlite.py:324}}
Dec 16 11:52:53.485453 dv-neutron-821959-1-hyperv devstack@g-api.service[112707]: [pid: 112707|app: 0|req: 10/23] 127.0.0.1 () {40 vars in 868 bytes} [Thu Dec 16 11:52:41 2021] GET /v2/images/b20dd1c3-0309-4090-a39c-8bfab2adf6bc/file => generated 645922816 bytes in 12342 msecs (HTTP/1.1 200) 4 headers in 191 bytes (9891 switches on core 0)
