Feb 15 12:13:10.090178 dv-neutron-821865-3-hyperv neutron-server[103606]: DEBUG neutron.api.rpc.handlers.resources_rpc [None req-3416badf-5f26-4928-ad5e-bd4eaef8203b admin admin] Pushing event updated for resources: {'SecurityGroup': ['ID=858183bb-55fc-4cea-b909-f539f61bab39,revision_number=1']} {{(pid=103606) push /opt/stack/neutron/neutron/api/rpc/handlers/resources_rpc.py:237}}
Feb 15 12:13:10.129067 dv-neutron-821865-3-hyperv neutron-server[103607]: DEBUG neutron.api.rpc.handlers.l3_rpc [None req-b89c08e4-bf2b-4817-8e0b-0658bdc40846 None None] Sync routers for ids ['6cec3dc7-7e42-4e12-a5b5-ca87fba097de'] in dv-neutron-821865-3-hyperv {{(pid=103607) sync_routers /opt/stack/neutron/neutron/api/rpc/handlers/l3_rpc.py:125}}
Feb 15 12:13:10.149045 dv-neutron-821865-3-hyperv neutron-server[103606]: DEBUG neutron_lib.callbacks.manager [None req-3b73c6a8-8a93-4162-bfa4-c8810027b751 tempest-ServersTestManualDisk-675969337 tempest-ServersTestManualDisk-675969337-project] Publish callbacks [] for security_group_rule (fd32fa16-95f4-4c29-9a20-5dfd6664aba6), precommit_create {{(pid=103606) _notify_loop /usr/local/lib/python3.8/dist-packages/neutron_lib/callbacks/manager.py:176}}
Feb 15 12:13:10.156985 dv-neutron-821865-3-hyperv neutron-server[103607]: DEBUG neutron.plugins.ml2.db [None req-0a58606a-2e88-4d5b-a9f7-da15da0396c3 None None] For port 16dc76f1-6cc8-48d3-9fc5-2b4ec88f05e2, host dv-neutron-821865-3-hyperv, got binding levels [PortBindingLevel(driver='openvswitch',host='dv-neutron-821865-3-hyperv',level=0,port_id=16dc76f1-6cc8-48d3-9fc5-2b4ec88f05e2,segment=NetworkSegment(dd9d8894-afa4-46b7-905a-015e1f9cecd0),segment_id=dd9d8894-afa4-46b7-905a-015e1f9cecd0)] {{(pid=103607) get_binding_level_objs /opt/stack/neutron/neutron/plugins/ml2/db.py:74}}
Feb 15 12:13:10.175998 dv-neutron-821865-3-hyperv neutron-server[103607]: DEBUG neutron_lib.callbacks.manager [None req-0a58606a-2e88-4d5b-a9f7-da15da0396c3 None None] Publish callbacks ['neutron.plugins.ml2.plugin.SecurityGroupServerNotifierRpcMixin._notify_sg_on_port_change-690244', 'neutron.plugins.ml2.ovo_rpc._ObjectChangeHandler.handle_event-4167864', 'neutron.api.rpc.agentnotifiers.dhcp_rpc_agent_api.DhcpAgentNotifyAPI._native_event_send_dhcp_notification-3875772', 'neutron.db.l3_db.L3RpcNotifierMixin._notify_gateway_port_ip_changed-8744442242847', 'neutron.db.l3_dvrscheduler_db._notify_l3_agent_port_update-8744441805029', 'neutron.db.l3_hascheduler_db._notify_l3_agent_ha_port_update-8744441805047'] for port (16dc76f1-6cc8-48d3-9fc5-2b4ec88f05e2), after_update {{(pid=103607) _notify_loop /usr/local/lib/python3.8/dist-packages/neutron_lib/callbacks/manager.py:176}}
Feb 15 12:13:10.176468 dv-neutron-821865-3-hyperv neutron-server[103606]: DEBUG neutron_lib.callbacks.manager [None req-92ee1958-2ef4-4409-ad05-ca370cd3424a tempest-ExternalNetworksTestJSON-1949626053 tempest-ExternalNetworksTestJSON-1949626053-project-admin] Publish callbacks [] for floatingip (68da9cd1-74c6-4c00-b57a-981143296921), precommit_create {{(pid=103606) _notify_loop /usr/local/lib/python3.8/dist-packages/neutron_lib/callbacks/manager.py:176}}
Feb 15 12:13:10.176974 dv-neutron-821865-3-hyperv neutron-server[103607]: DEBUG neutron.plugins.ml2.rpc [None req-0a58606a-2e88-4d5b-a9f7-da15da0396c3 None None] Device 469526bf-3740-4ac2-8b5a-a41b1639f57e up at agent ovs-agent-dv-neutron-821865-3-hyperv {{(pid=103607) update_device_up /opt/stack/neutron/neutron/plugins/ml2/rpc.py:296}}
Feb 15 12:13:10.193662 dv-neutron-821865-3-hyperv neutron-server[103605]: DEBUG neutron_lib.callbacks.manager [None req-0ff46b15-bba0-4f47-ae95-46330ec0be78 admin admin] Publish callbacks [] for router (None), before_response {{(pid=103605) _notify_loop /usr/local/lib/python3.8/dist-packages/neutron_lib/callbacks/manager.py:176}}
Feb 15 12:13:10.197667 dv-neutron-821865-3-hyperv neutron-server[103605]: INFO neutron.wsgi [None req-0ff46b15-bba0-4f47-ae95-46330ec0be78 admin admin] 10.222.0.88 "POST /v2.0/routers HTTP/1.1" status: 201 len: 918 time: 11.2906017
Feb 15 12:13:10.209476 dv-neutron-821865-3-hyperv neutron-server[103606]: DEBUG neutron_lib.callbacks.manager [None req-3b73c6a8-8a93-4162-bfa4-c8810027b751 tempest-ServersTestManualDisk-675969337 tempest-ServersTestManualDisk-675969337-project] Publish callbacks ['neutron.plugins.ml2.ovo_rpc._ObjectChangeHandler.handle_event-3721686'] for security_group_rule (fd32fa16-95f4-4c29-9a20-5dfd6664aba6), after_create {{(pid=103606) _notify_loop /usr/local/lib/python3.8/dist-packages/neutron_lib/callbacks/manager.py:176}}
Feb 15 12:13:10.212589 dv-neutron-821865-3-hyperv neutron-server[103607]: DEBUG neutron.db.l3_dvrscheduler_db [None req-b89c08e4-bf2b-4817-8e0b-0658bdc40846 None None] Routers {'6cec3dc7-7e42-4e12-a5b5-ca87fba097de'} bound to L3 agent in host dv-neutron-821865-3-hyperv {{(pid=103607) _get_router_ids_for_agent /opt/stack/neutron/neutron/db/l3_dvrscheduler_db.py:421}}
Feb 15 12:13:10.212589 dv-neutron-821865-3-hyperv neutron-server[103607]: DEBUG neutron.db.l3_hamode_db [None req-b89c08e4-bf2b-4817-8e0b-0658bdc40846 None None] neutron.services.l3_router.l3_router_plugin.L3RouterPlugin method get_ha_sync_data_for_host called with arguments (, 'dv-neutron-821865-3-hyperv', Agent(admin_state_up=True,agent_type='L3 agent',availability_zone='nova',binary='neutron-l3-agent',configurations={"agent_mode": "legacy", "ex_gw_ports": 1, "extensions": [], "floating_ips": 0, "handle_internal_only_routers": true, "interface_driver": "openvswitch", "interfaces": 1, "log_agent_heartbeats": false, "routers": 1},created_at=2022-02-15T12:04:58Z,description=,heartbeat_timestamp=2022-02-15T12:12:58Z,host='dv-neutron-821865-3-hyperv',id=666bfa2c-e56b-4731-a042-4cd9a852853e,load=0,resource_versions=,resources_synced=,started_at=2022-02-15T12:04:58Z,topic='l3_agent')) {'router_ids': ['6cec3dc7-7e42-4e12-a5b5-ca87fba097de'], 'active': True} {{(pid=103607) wrapper /usr/local/lib/python3.8/dist-packages/oslo_log/helpers.py:65}}
Feb 15 12:13:10.230533 dv-neutron-821865-3-hyperv neutron-server[103606]: DEBUG neutron.wsgi [-] (103606) accepted ('10.222.0.88', 52612) {{(pid=103606) server /usr/local/lib/python3.8/dist-packages/eventlet/wsgi.py:1004}}
Feb 15 12:13:10.305304 dv-neutron-821865-3-hyperv neutron-server[103605]: DEBUG neutron_lib.callbacks.manager [None req-f9c30943-4214-414f-85d9-946389489241 tempest-DHCPAgentSchedulersTestJSON-1630281458 tempest-DHCPAgentSchedulersTestJSON-1630281458-project] Publish callbacks ['neutron.plugins.ml2.plugin.Ml2Plugin._network_delete_precommit_handler-584131', 'neutron.services.segments.db._delete_segments_for_network-8744442316602'] for network (29e07fbd-aee6-4266-be8f-9763caca1e94), precommit_delete {{(pid=103605) _notify_loop /usr/local/lib/python3.8/dist-packages/neutron_lib/callbacks/manager.py:176}}
Feb 15 12:13:10.380511 dv-neutron-821865-3-hyperv neutron-server[103608]: DEBUG neutron.api.rpc.handlers.l3_rpc [None req-460d586b-b230-4779-92e1-eb03782c9008 None None] Sync routers for ids ['2a3d3427-1f36-4840-9908-0cabe2c34eda'] in dv-neutron-821865-3-hyperv {{(pid=103608) sync_routers /opt/stack/neutron/neutron/api/rpc/handlers/l3_rpc.py:125}}
Feb 15 12:13:10.400796 dv-neutron-821865-3-hyperv neutron-server[103608]: DEBUG neutron.db.l3_dvrscheduler_db [None req-460d586b-b230-4779-92e1-eb03782c9008 None None] Routers {'2a3d3427-1f36-4840-9908-0cabe2c34eda'} bound to L3 agent in host dv-neutron-821865-3-hyperv {{(pid=103608) _get_router_ids_for_agent /opt/stack/neutron/neutron/db/l3_dvrscheduler_db.py:421}}
Feb 15 12:13:10.401426 dv-neutron-821865-3-hyperv neutron-server[103608]: DEBUG neutron.db.l3_hamode_db [None req-460d586b-b230-4779-92e1-eb03782c9008 None None] neutron.services.l3_router.l3_router_plugin.L3RouterPlugin method get_ha_sync_data_for_host called with arguments (, 'dv-neutron-821865-3-hyperv', Agent(admin_state_up=True,agent_type='L3 agent',availability_zone='nova',binary='neutron-l3-agent',configurations={"agent_mode": "legacy", "ex_gw_ports": 1, "extensions": [], "floating_ips": 0, "handle_internal_only_routers": true, "interface_driver": "openvswitch", "interfaces": 1, "log_agent_heartbeats": false, "routers": 1},created_at=2022-02-15T12:04:58Z,description=,heartbeat_timestamp=2022-02-15T12:12:58Z,host='dv-neutron-821865-3-hyperv',id=666bfa2c-e56b-4731-a042-4cd9a852853e,load=0,resource_versions=,resources_synced=,started_at=2022-02-15T12:04:58Z,topic='l3_agent')) {'router_ids': ['2a3d3427-1f36-4840-9908-0cabe2c34eda'], 'active': True} {{(pid=103608) wrapper /usr/local/lib/python3.8/dist-packages/oslo_log/helpers.py:65}}
Feb 15 12:13:10.411566 dv-neutron-821865-3-hyperv neutron-server[103606]: DEBUG neutron.api.rpc.handlers.resources_rpc [None req-3b73c6a8-8a93-4162-bfa4-c8810027b751 tempest-ServersTestManualDisk-675969337 tempest-ServersTestManualDisk-675969337-project] Pushing event updated for resources: {'SecurityGroupRule': ['ID=fd32fa16-95f4-4c29-9a20-5dfd6664aba6,revision_number=0']} {{(pid=103606) push /opt/stack/neutron/neutron/api/rpc/handlers/resources_rpc.py:237}}
Feb 15 12:13:10.415471 dv-neutron-821865-3-hyperv neutron-server[103606]: DEBUG neutron_lib.callbacks.manager [None req-3b73c6a8-8a93-4162-bfa4-c8810027b751 tempest-ServersTestManualDisk-675969337 tempest-ServersTestManualDisk-675969337-project] Publish callbacks [] for security_group_rule (None), before_response {{(pid=103606) _notify_loop /usr/local/lib/python3.8/dist-packages/neutron_lib/callbacks/manager.py:176}}
Feb 15 12:13:10.420504 dv-neutron-821865-3-hyperv neutron-server[103606]: INFO neutron.wsgi [None req-3b73c6a8-8a93-4162-bfa4-c8810027b751 tempest-ServersTestManualDisk-675969337 tempest-ServersTestManualDisk-675969337-project] 10.222.0.88 "POST /v2.0/security-group-rules HTTP/1.1" status: 201 len: 769 time: 0.9520617
Feb 15 12:13:10.423420 dv-neutron-821865-3-hyperv neutron-server[103606]: DEBUG neutron.wsgi [-] (103606) accepted ('10.222.0.88', 52624) {{(pid=103606) server /usr/local/lib/python3.8/dist-packages/eventlet/wsgi.py:1004}}
Feb 15 12:13:10.446623 dv-neutron-821865-3-hyperv neutron-server[103606]: DEBUG neutron.api.v2.base [None req-e022cd17-02dc-4959-b94a-6cb254001c1d tempest-ServersTestManualDisk-675969337 tempest-ServersTestManualDisk-675969337-project] Request body: {'floatingip': {'floating_network_id': 'eecade5c-2c61-442e-831b-559770365368'}} {{(pid=103606) prepare_request_body /opt/stack/neutron/neutron/api/v2/base.py:729}}
Feb 15 12:13:10.456024 dv-neutron-821865-3-hyperv neutron-server[103605]: DEBUG neutron.services.segments.db [None req-f9c30943-4214-414f-85d9-946389489241 tempest-DHCPAgentSchedulersTestJSON-1630281458 tempest-DHCPAgentSchedulersTestJSON-1630281458-project] neutron.services.segments.plugin.Plugin method get_segments called with arguments (,) {'filters': {'network_id': ['29e07fbd-aee6-4266-be8f-9763caca1e94']}} {{(pid=103605) wrapper /usr/local/lib/python3.8/dist-packages/oslo_log/helpers.py:65}}
Feb 15 12:13:10.456354 dv-neutron-821865-3-hyperv neutron-server[103606]: DEBUG neutron_lib.callbacks.manager [None req-16b56c3c-7022-4f89-aab8-f7c1376ed8a7 tempest-FloatingIPAdminTestJSON-1392245052 tempest-FloatingIPAdminTestJSON-1392245052-project] Publish callbacks ['neutron.plugins.ml2.ovo_rpc._ObjectChangeHandler.handle_event-3894088', 'neutron.api.rpc.agentnotifiers.dhcp_rpc_agent_api.DhcpAgentNotifyAPI._native_event_send_dhcp_notification-3875772'] for subnet (ad0f3734-5858-4990-b3c7-66e56487aeba), after_create {{(pid=103606) _notify_loop /usr/local/lib/python3.8/dist-packages/neutron_lib/callbacks/manager.py:176}}
Feb 15 12:13:10.461661 dv-neutron-821865-3-hyperv neutron-server[103607]: DEBUG neutron.api.rpc.handlers.resources_rpc [None req-0a58606a-2e88-4d5b-a9f7-da15da0396c3 None None] Pushing event updated for resources: {'Port': ['ID=16dc76f1-6cc8-48d3-9fc5-2b4ec88f05e2,revision_number=4']} {{(pid=103607) push /opt/stack/neutron/neutron/api/rpc/handlers/resources_rpc.py:237}}
Feb 15 12:13:10.485766 dv-neutron-821865-3-hyperv neutron-server[103605]: DEBUG neutron.services.segments.db [None req-f9c30943-4214-414f-85d9-946389489241 tempest-DHCPAgentSchedulersTestJSON-1630281458 tempest-DHCPAgentSchedulersTestJSON-1630281458-project] neutron.services.segments.plugin.Plugin method delete_segment called with arguments (, '1039747e-87ee-4fef-88c7-083d5a145bcf') {'for_net_delete': True} {{(pid=103605) wrapper /usr/local/lib/python3.8/dist-packages/oslo_log/helpers.py:65}}
Feb 15 12:13:10.485766 dv-neutron-821865-3-hyperv neutron-server[103605]: DEBUG neutron.services.segments.db [None req-f9c30943-4214-414f-85d9-946389489241 tempest-DHCPAgentSchedulersTestJSON-1630281458 tempest-DHCPAgentSchedulersTestJSON-1630281458-project] neutron.services.segments.plugin.Plugin method get_segment called with arguments (, '1039747e-87ee-4fef-88c7-083d5a145bcf') {} {{(pid=103605) wrapper /usr/local/lib/python3.8/dist-packages/oslo_log/helpers.py:65}}
Feb 15 12:13:10.507749 dv-neutron-821865-3-hyperv neutron-server[103606]: DEBUG neutron_lib.callbacks.manager [None req-686493ab-9e9e-432c-b5ad-f375fffc3dae admin admin] Publish callbacks [] for security_group (858183bb-55fc-4cea-b909-f539f61bab39), before_delete {{(pid=103606) _notify_loop /usr/local/lib/python3.8/dist-packages/neutron_lib/callbacks/manager.py:176}}
Feb 15 12:13:10.515729 dv-neutron-821865-3-hyperv neutron-server[103605]: DEBUG neutron_lib.callbacks.manager [None req-f9c30943-4214-414f-85d9-946389489241 tempest-DHCPAgentSchedulersTestJSON-1630281458 tempest-DHCPAgentSchedulersTestJSON-1630281458-project] Publish callbacks ['neutron.plugins.ml2.db._prevent_segment_delete_with_port_bound-8744442316355', 'neutron.services.segments.plugin.Plugin._prevent_segment_delete_with_subnet_associated-26351455'] for segment (1039747e-87ee-4fef-88c7-083d5a145bcf), before_delete {{(pid=103605) _notify_loop /usr/local/lib/python3.8/dist-packages/neutron_lib/callbacks/manager.py:176}}
Feb 15 12:13:10.517919 dv-neutron-821865-3-hyperv neutron-server[103606]: DEBUG neutron_lib.callbacks.manager [None req-92ee1958-2ef4-4409-ad05-ca370cd3424a tempest-ExternalNetworksTestJSON-1949626053 tempest-ExternalNetworksTestJSON-1949626053-project-admin] Publish callbacks ['neutron.plugins.ml2.plugin.SecurityGroupDbMixin._ensure_default_security_group_handler-690331'] for port (b87fe7c2-6439-4a85-befc-c4f03b63ccf7), before_update {{(pid=103606) _notify_loop /usr/local/lib/python3.8/dist-packages/neutron_lib/callbacks/manager.py:176}}
Feb 15 12:13:10.542499 dv-neutron-821865-3-hyperv neutron-server[103607]: DEBUG neutron.plugins.ml2.plugin [None req-3041e502-3fc5-4ed5-8424-5acb1bab659f None None] Current status of the port ac43303e-2ed6-42cb-b509-f0ee8e68906c is: ACTIVE; New status is: ACTIVE {{(pid=103607) _update_individual_port_db_status /opt/stack/neutron/neutron/plugins/ml2/plugin.py:2232}}
Feb 15 12:13:10.567607 dv-neutron-821865-3-hyperv neutron-server[103605]: DEBUG neutron_lib.callbacks.manager [None req-f9c30943-4214-414f-85d9-946389489241 tempest-DHCPAgentSchedulersTestJSON-1630281458 tempest-DHCPAgentSchedulersTestJSON-1630281458-project] Publish callbacks ['neutron.plugins.ml2.plugin.Ml2Plugin._handle_segment_change-583591'] for segment (1039747e-87ee-4fef-88c7-083d5a145bcf), precommit_delete {{(pid=103605) _notify_loop /usr/local/lib/python3.8/dist-packages/neutron_lib/callbacks/manager.py:176}}
Feb 15 12:13:10.579658 dv-neutron-821865-3-hyperv neutron-server[103607]: DEBUG neutron.db.provisioning_blocks [None req-0a58606a-2e88-4d5b-a9f7-da15da0396c3 None None] Provisioning complete for port 469526bf-3740-4ac2-8b5a-a41b1639f57e triggered by entity L2. {{(pid=103607) provisioning_complete /opt/stack/neutron/neutron/db/provisioning_blocks.py:139}}
Feb 15 12:13:10.580055 dv-neutron-821865-3-hyperv neutron-server[103607]: DEBUG neutron_lib.callbacks.manager [None req-0a58606a-2e88-4d5b-a9f7-da15da0396c3 None None] Publish callbacks ['neutron.plugins.ml2.plugin.Ml2Plugin._port_provisioned-565034'] for port (469526bf-3740-4ac2-8b5a-a41b1639f57e), provisioning_complete {{(pid=103607) _notify_loop /usr/local/lib/python3.8/dist-packages/neutron_lib/callbacks/manager.py:176}}
Feb 15 12:13:10.586912 dv-neutron-821865-3-hyperv neutron-server[103605]: DEBUG neutron.plugins.ml2.drivers.type_vlan [None req-f9c30943-4214-414f-85d9-946389489241 tempest-DHCPAgentSchedulersTestJSON-1630281458 tempest-DHCPAgentSchedulersTestJSON-1630281458-project] Releasing vlan 746 on physical network physnet1 to pool {{(pid=103605) release_segment /opt/stack/neutron/neutron/plugins/ml2/drivers/type_vlan.py:304}}
Feb 15 12:13:10.587549 dv-neutron-821865-3-hyperv neutron-server[103605]: DEBUG neutron_lib.callbacks.manager [None req-f9c30943-4214-414f-85d9-946389489241 tempest-DHCPAgentSchedulersTestJSON-1630281458 tempest-DHCPAgentSchedulersTestJSON-1630281458-project] Publish callbacks ['neutron.plugins.ml2.plugin.Ml2Plugin._handle_segment_change-583591', 'neutron.services.segments.plugin.NovaSegmentNotifier._notify_segment_deleted-25505502'] for segment (1039747e-87ee-4fef-88c7-083d5a145bcf), after_delete {{(pid=103605) _notify_loop /usr/local/lib/python3.8/dist-packages/neutron_lib/callbacks/manager.py:176}}
Feb 15 12:13:10.591782 dv-neutron-821865-3-hyperv neutron-server[103605]: Traceback (most recent call last):
Feb 15 12:13:10.591782 dv-neutron-821865-3-hyperv neutron-server[103605]: File "/usr/local/lib/python3.8/dist-packages/eventlet/hubs/hub.py", line 476, in fire_timers
Feb 15 12:13:10.591782 dv-neutron-821865-3-hyperv neutron-server[103605]: timer()
Feb 15 12:13:10.591782 dv-neutron-821865-3-hyperv neutron-server[103605]: File "/usr/local/lib/python3.8/dist-packages/eventlet/hubs/timer.py", line 59, in __call__
Feb 15 12:13:10.591782 dv-neutron-821865-3-hyperv neutron-server[103605]: cb(*args, **kw)
Feb 15 12:13:10.591782 dv-neutron-821865-3-hyperv neutron-server[103605]: File "/opt/stack/neutron/neutron/common/utils.py", line 921, in wrapper
Feb 15 12:13:10.591782 dv-neutron-821865-3-hyperv neutron-server[103605]: return func(*args, **kwargs)
Feb 15 12:13:10.591782 dv-neutron-821865-3-hyperv neutron-server[103605]: File "/opt/stack/neutron/neutron/notifiers/batch_notifier.py", line 58, in synced_send
Feb 15 12:13:10.591782 dv-neutron-821865-3-hyperv neutron-server[103605]: self._notify()
Feb 15 12:13:10.591782 dv-neutron-821865-3-hyperv neutron-server[103605]: File "/opt/stack/neutron/neutron/notifiers/batch_notifier.py", line 69, in _notify
Feb 15 12:13:10.591782 dv-neutron-821865-3-hyperv neutron-server[103605]: self.callback(batched_events)
Feb 15 12:13:10.591782 dv-neutron-821865-3-hyperv neutron-server[103605]: File "/opt/stack/neutron/neutron/services/segments/plugin.py", line 211, in _send_notifications
Feb 15 12:13:10.591782 dv-neutron-821865-3-hyperv neutron-server[103605]: event.method(event)
Feb 15 12:13:10.591782 dv-neutron-821865-3-hyperv neutron-server[103605]: File "/opt/stack/neutron/neutron/services/segments/plugin.py", line 383, in _delete_nova_inventory
Feb 15 12:13:10.591782 dv-neutron-821865-3-hyperv neutron-server[103605]: aggregate_id = self._get_aggregate_id(event.segment_id)
Feb 15 12:13:10.591782 dv-neutron-821865-3-hyperv neutron-server[103605]: File "/opt/stack/neutron/neutron/services/segments/plugin.py", line 370, in _get_aggregate_id
Feb 15 12:13:10.591782 dv-neutron-821865-3-hyperv neutron-server[103605]: aggregate_uuid = self.p_client.list_aggregates(
Feb 15 12:13:10.591782 dv-neutron-821865-3-hyperv neutron-server[103605]: File "/usr/local/lib/python3.8/dist-packages/neutron_lib/placement/client.py", line 58, in wrapper
Feb 15 12:13:10.591782 dv-neutron-821865-3-hyperv neutron-server[103605]: return f(self, *a, **k)
Feb 15 12:13:10.591782 dv-neutron-821865-3-hyperv neutron-server[103605]: File "/usr/local/lib/python3.8/dist-packages/neutron_lib/placement/client.py", line 554, in list_aggregates
Feb 15 12:13:10.591782 dv-neutron-821865-3-hyperv neutron-server[103605]: return self._get(url).json()
Feb 15 12:13:10.591782 dv-neutron-821865-3-hyperv neutron-server[103605]: File "/usr/local/lib/python3.8/dist-packages/neutron_lib/placement/client.py", line 190, in _get
Feb 15 12:13:10.591782 dv-neutron-821865-3-hyperv neutron-server[103605]: return self._client.get(url, endpoint_filter=self._ks_filter,
Feb 15 12:13:10.591782 dv-neutron-821865-3-hyperv neutron-server[103605]: File "/usr/local/lib/python3.8/dist-packages/keystoneauth1/session.py", line 1141, in get
Feb 15 12:13:10.591782 dv-neutron-821865-3-hyperv neutron-server[103605]: return self.request(url, 'GET', **kwargs)
Feb 15 12:13:10.591782 dv-neutron-821865-3-hyperv neutron-server[103605]: File "/usr/local/lib/python3.8/dist-packages/keystoneauth1/session.py", line 811, in request
Feb 15 12:13:10.591782 dv-neutron-821865-3-hyperv neutron-server[103605]: base_url = self.get_endpoint(auth, allow=allow,
Feb 15 12:13:10.591782 dv-neutron-821865-3-hyperv neutron-server[103605]: File "/usr/local/lib/python3.8/dist-packages/keystoneauth1/session.py", line 1241, in get_endpoint
Feb 15 12:13:10.591782 dv-neutron-821865-3-hyperv neutron-server[103605]: auth = self._auth_required(auth, 'determine endpoint URL')
Feb 15 12:13:10.591782 dv-neutron-821865-3-hyperv neutron-server[103605]: File "/usr/local/lib/python3.8/dist-packages/keystoneauth1/session.py", line 1181, in _auth_required
Feb 15 12:13:10.591782 dv-neutron-821865-3-hyperv neutron-server[103605]: raise exceptions.MissingAuthPlugin(msg_fmt % msg)
Feb 15 12:13:10.591782 dv-neutron-821865-3-hyperv neutron-server[103605]: keystoneauth1.exceptions.auth_plugins.MissingAuthPlugin: An auth plugin is required to determine endpoint URL
Feb 15 12:13:10.623815 dv-neutron-821865-3-hyperv neutron-server[103607]: DEBUG neutron.db.l3_dvr_db [None req-b89c08e4-bf2b-4817-8e0b-0658bdc40846 None None] Set router 6cec3dc7-7e42-4e12-a5b5-ca87fba097de gateway port host: dv-neutron-821865-3-hyperv {{(pid=103607) _build_routers_list /opt/stack/neutron/neutron/db/l3_dvr_db.py:906}}
Feb 15 12:13:10.652576 dv-neutron-821865-3-hyperv neutron-server[103608]: DEBUG neutron.db.l3_dvr_db [None req-460d586b-b230-4779-92e1-eb03782c9008 None None] Set router 2a3d3427-1f36-4840-9908-0cabe2c34eda gateway port host: dv-neutron-821865-3-hyperv {{(pid=103608) _build_routers_list /opt/stack/neutron/neutron/db/l3_dvr_db.py:906}}
Feb 15 12:13:10.677420 dv-neutron-821865-3-hyperv neutron-server[103605]: DEBUG neutron_lib.callbacks.manager [None req-b8e11c5c-aa86-4644-bc4a-beaa138907e6 tempest-ExtraDHCPOptionsTestJSON-1306049176 tempest-ExtraDHCPOptionsTestJSON-1306049176-project] Publish callbacks [] for port (d50cde37-a68d-4f83-85cb-9dab1fea7d8c), precommit_create {{(pid=103605) _notify_loop /usr/local/lib/python3.8/dist-packages/neutron_lib/callbacks/manager.py:176}}
Feb 15 12:13:10.685178 dv-neutron-821865-3-hyperv neutron-server[103605]: DEBUG neutron_lib.callbacks.manager [None req-f9c30943-4214-414f-85d9-946389489241 tempest-DHCPAgentSchedulersTestJSON-1630281458 tempest-DHCPAgentSchedulersTestJSON-1630281458-project] Publish callbacks ['neutron.plugins.ml2.plugin.Ml2Plugin._network_delete_after_delete_handler-584154', 'neutron.plugins.ml2.ovo_rpc._ObjectChangeHandler.handle_event-3721588', 'neutron.api.rpc.agentnotifiers.dhcp_rpc_agent_api.DhcpAgentNotifyAPI._native_event_send_dhcp_notification-3875772', 'neutron.services.l3_router.l3_router_plugin.DVRResourceOperationHandler.delete_fip_namespaces_for_ext_net-400091'] for network (29e07fbd-aee6-4266-be8f-9763caca1e94), after_delete {{(pid=103605) _notify_loop /usr/local/lib/python3.8/dist-packages/neutron_lib/callbacks/manager.py:176}}
Feb 15 12:13:10.696533 dv-neutron-821865-3-hyperv neutron-server[103605]: DEBUG neutron_lib.callbacks.manager [None req-f9c30943-4214-414f-85d9-946389489241 tempest-DHCPAgentSchedulersTestJSON-1630281458 tempest-DHCPAgentSchedulersTestJSON-1630281458-project] Publish callbacks ['neutron.api.rpc.agentnotifiers.dhcp_rpc_agent_api.DhcpAgentNotifyAPI._send_dhcp_notification-3875754'] for network (None), before_response {{(pid=103605) _notify_loop /usr/local/lib/python3.8/dist-packages/neutron_lib/callbacks/manager.py:176}}
Feb 15 12:13:10.703981 dv-neutron-821865-3-hyperv neutron-server[103605]: INFO neutron.wsgi [None req-f9c30943-4214-414f-85d9-946389489241 tempest-DHCPAgentSchedulersTestJSON-1630281458 tempest-DHCPAgentSchedulersTestJSON-1630281458-project] 10.222.0.88 "DELETE /v2.0/networks/29e07fbd-aee6-4266-be8f-9763caca1e94 HTTP/1.1" status: 204 len: 168 time: 1.4125528
Feb 15 12:13:10.707555 dv-neutron-821865-3-hyperv neutron-server[103605]: DEBUG neutron.wsgi [-] (103605) accepted ('10.222.0.88', 52628) {{(pid=103605) server /usr/local/lib/python3.8/dist-packages/eventlet/wsgi.py:1004}}
Feb 15 12:13:10.722010 dv-neutron-821865-3-hyperv neutron-server[103606]: DEBUG neutron_lib.callbacks.manager [None req-e022cd17-02dc-4959-b94a-6cb254001c1d tempest-ServersTestManualDisk-675969337 tempest-ServersTestManualDisk-675969337-project] Publish callbacks [] for floatingip (None), before_create {{(pid=103606) _notify_loop /usr/local/lib/python3.8/dist-packages/neutron_lib/callbacks/manager.py:176}}
Feb 15 12:13:10.762881 dv-neutron-821865-3-hyperv neutron-server[103606]: DEBUG neutron.api.rpc.handlers.resources_rpc [None req-16b56c3c-7022-4f89-aab8-f7c1376ed8a7 tempest-FloatingIPAdminTestJSON-1392245052 tempest-FloatingIPAdminTestJSON-1392245052-project] Pushing event updated for resources: {'Subnet': ['ID=ad0f3734-5858-4990-b3c7-66e56487aeba,revision_number=0']} {{(pid=103606) push /opt/stack/neutron/neutron/api/rpc/handlers/resources_rpc.py:237}}
Feb 15 12:13:10.764356 dv-neutron-821865-3-hyperv neutron-server[103605]: INFO neutron.pecan_wsgi.hooks.translation [None req-8cd4ab25-5afb-49a0-ae41-61d542ff4456 tempest-DHCPAgentSchedulersTestJSON-1630281458 tempest-DHCPAgentSchedulersTestJSON-1630281458-project] DELETE failed (client error): The resource could not be found.
Feb 15 12:13:10.765363 dv-neutron-821865-3-hyperv neutron-server[103605]: DEBUG neutron.pecan_wsgi.hooks.notifier [None req-8cd4ab25-5afb-49a0-ae41-61d542ff4456 tempest-DHCPAgentSchedulersTestJSON-1630281458 tempest-DHCPAgentSchedulersTestJSON-1630281458-project] No notification will be sent due to unsuccessful status code: 404 {{(pid=103605) after /opt/stack/neutron/neutron/pecan_wsgi/hooks/notifier.py:78}}
Feb 15 12:13:10.771508 dv-neutron-821865-3-hyperv neutron-server[103606]: DEBUG neutron_lib.callbacks.manager [None req-686493ab-9e9e-432c-b5ad-f375fffc3dae admin admin] Publish callbacks [] for security_group (858183bb-55fc-4cea-b909-f539f61bab39), precommit_delete {{(pid=103606) _notify_loop /usr/local/lib/python3.8/dist-packages/neutron_lib/callbacks/manager.py:176}}
Feb 15 12:13:10.771968 dv-neutron-821865-3-hyperv neutron-server[103605]: INFO neutron.wsgi [None req-8cd4ab25-5afb-49a0-ae41-61d542ff4456 tempest-DHCPAgentSchedulersTestJSON-1630281458 tempest-DHCPAgentSchedulersTestJSON-1630281458-project] 10.222.0.88 "DELETE /v2.0/ports/f9d1e1f8-8991-4b26-893a-5ea1a587c8b0 HTTP/1.1" status: 404 len: 333 time: 0.0628633
Feb 15 12:13:10.774949 dv-neutron-821865-3-hyperv neutron-server[103605]: DEBUG neutron.wsgi [-] (103605) accepted ('10.222.0.88', 52630) {{(pid=103605) server /usr/local/lib/python3.8/dist-packages/eventlet/wsgi.py:1004}}
Feb 15 12:13:10.778623 dv-neutron-821865-3-hyperv neutron-server[103605]: DEBUG neutron.api.rpc.handlers.resources_rpc [None req-f9c30943-4214-414f-85d9-946389489241 tempest-DHCPAgentSchedulersTestJSON-1630281458 tempest-DHCPAgentSchedulersTestJSON-1630281458-project] Pushing event deleted for resources: {'Network': ['ID=29e07fbd-aee6-4266-be8f-9763caca1e94,revision_number=None']} {{(pid=103605) push /opt/stack/neutron/neutron/api/rpc/handlers/resources_rpc.py:237}}
Feb 15 12:13:10.785598 dv-neutron-821865-3-hyperv neutron-server[103607]: DEBUG neutron.db.provisioning_blocks [None req-87f8737d-3e4f-4b15-97cc-32a447de9093 None None] Provisioning complete for port b2fcaa47-b73f-4a32-a580-b93117baa48f triggered by entity DHCP. {{(pid=103607) provisioning_complete /opt/stack/neutron/neutron/db/provisioning_blocks.py:139}}
Feb 15 12:13:10.786000 dv-neutron-821865-3-hyperv neutron-server[103607]: DEBUG neutron_lib.callbacks.manager [None req-87f8737d-3e4f-4b15-97cc-32a447de9093 None None] Publish callbacks ['neutron.plugins.ml2.plugin.Ml2Plugin._port_provisioned-565034'] for port (b2fcaa47-b73f-4a32-a580-b93117baa48f), provisioning_complete {{(pid=103607) _notify_loop /usr/local/lib/python3.8/dist-packages/neutron_lib/callbacks/manager.py:176}}
Feb 15 12:13:10.852635 dv-neutron-821865-3-hyperv neutron-server[103605]: DEBUG neutron.db.db_base_plugin_v2 [None req-51f748d7-927e-44f5-96ff-fc7af6f6ed71 tempest-DHCPAgentSchedulersTestJSON-1630281458 tempest-DHCPAgentSchedulersTestJSON-1630281458-project] Deleting subnet 59c99932-1841-49df-808e-8f4ba751e26e {{(pid=103605) delete_subnet /opt/stack/neutron/neutron/db/db_base_plugin_v2.py:1065}}
Feb 15 12:13:10.857101 dv-neutron-821865-3-hyperv neutron-server[103605]: DEBUG neutron_lib.callbacks.manager [None req-51f748d7-927e-44f5-96ff-fc7af6f6ed71 tempest-DHCPAgentSchedulersTestJSON-1630281458 tempest-DHCPAgentSchedulersTestJSON-1630281458-project] Publish callbacks [] for subnet (59c99932-1841-49df-808e-8f4ba751e26e), before_delete {{(pid=103605) _notify_loop /usr/local/lib/python3.8/dist-packages/neutron_lib/callbacks/manager.py:176}}
Feb 15 12:13:10.879331 dv-neutron-821865-3-hyperv neutron-server[103607]: DEBUG neutron.plugins.ml2.plugin [None req-87f8737d-3e4f-4b15-97cc-32a447de9093 None None] Port b2fcaa47-b73f-4a32-a580-b93117baa48f cannot update to ACTIVE because it is not bound. {{(pid=103607) _port_provisioned /opt/stack/neutron/neutron/plugins/ml2/plugin.py:343}}
Feb 15 12:13:10.910390 dv-neutron-821865-3-hyperv neutron-server[103605]: DEBUG neutron_lib.callbacks.manager [None req-b8e11c5c-aa86-4644-bc4a-beaa138907e6 tempest-ExtraDHCPOptionsTestJSON-1306049176 tempest-ExtraDHCPOptionsTestJSON-1306049176-project] Publish callbacks ['neutron.plugins.ml2.plugin.SecurityGroupServerNotifierRpcMixin._notify_sg_on_port_change-690244', 'neutron.plugins.ml2.ovo_rpc._ObjectChangeHandler.handle_event-4167864', 'neutron.api.rpc.agentnotifiers.dhcp_rpc_agent_api.DhcpAgentNotifyAPI._native_event_send_dhcp_notification-3875772', 'neutron.db.l3_dvrscheduler_db._notify_l3_agent_new_port-8744441805011', 'neutron.services.segments.plugin.NovaSegmentNotifier._notify_port_created_or_deleted-25503759'] for port (d50cde37-a68d-4f83-85cb-9dab1fea7d8c), after_create {{(pid=103605) _notify_loop /usr/local/lib/python3.8/dist-packages/neutron_lib/callbacks/manager.py:176}}
Feb 15 12:13:10.953015 dv-neutron-821865-3-hyperv neutron-server[103607]: DEBUG neutron.plugins.ml2.plugin [None req-0a58606a-2e88-4d5b-a9f7-da15da0396c3 None None] Current status of the port 469526bf-3740-4ac2-8b5a-a41b1639f57e is: ACTIVE; New status is: ACTIVE {{(pid=103607) _update_individual_port_db_status /opt/stack/neutron/neutron/plugins/ml2/plugin.py:2232}}
Feb 15 12:13:10.956857 dv-neutron-821865-3-hyperv neutron-server[103607]: DEBUG neutron.plugins.ml2.rpc [None req-0a58606a-2e88-4d5b-a9f7-da15da0396c3 None None] Device ac43303e-2ed6-42cb-b509-f0ee8e68906c up at agent ovs-agent-dv-neutron-821865-3-hyperv {{(pid=103607) update_device_up /opt/stack/neutron/neutron/plugins/ml2/rpc.py:296}}
Feb 15 12:13:10.982330 dv-neutron-821865-3-hyperv neutron-server[103605]: DEBUG neutron_lib.callbacks.manager [None req-51f748d7-927e-44f5-96ff-fc7af6f6ed71 tempest-DHCPAgentSchedulersTestJSON-1630281458 tempest-DHCPAgentSchedulersTestJSON-1630281458-project] Publish callbacks ['neutron.services.segments.plugin.Plugin._validate_auto_address_subnet_delete-26351464'] for subnet (59c99932-1841-49df-808e-8f4ba751e26e), precommit_delete_associations {{(pid=103605) _notify_loop /usr/local/lib/python3.8/dist-packages/neutron_lib/callbacks/manager.py:176}}
Feb 15 12:13:11.050112 dv-neutron-821865-3-hyperv neutron-server[103608]: DEBUG neutron.db.l3_hamode_db [None req-460d586b-b230-4779-92e1-eb03782c9008 None None] neutron.services.l3_router.l3_router_plugin.L3RouterPlugin method _process_sync_ha_data called with arguments (, [{'id': '2a3d3427-1f36-4840-9908-0cabe2c34eda', 'name': 'tempest-ServerActionsTestJSON-500513542-router', 'tenant_id': 'ce00c2c9ab094872a7f96c65e442ab16', 'admin_state_up': True, 'status': 'ACTIVE', 'external_gateway_info': {'network_id': 'eecade5c-2c61-442e-831b-559770365368', 'external_fixed_ips': [{'subnet_id': 'f6f9ed3c-c283-46ea-8dcb-3d1c2fe3747e', 'ip_address': '172.26.2.139'}], 'enable_snat': True}, 'gw_port_id': '16dc76f1-6cc8-48d3-9fc5-2b4ec88f05e2', 'description': '', 'availability_zones': ['nova'], 'distributed': False, 'ha': False, 'ha_vr_id': 0, 'availability_zone_hints': [], 'routes': [], 'flavor_id': None, 'tags': [], 'created_at': '2022-02-15T12:12:54Z', 'updated_at': '2022-02-15T12:13:05Z', 'revision_number': 4, 'project_id': 'ce00c2c9ab094872a7f96c65e442ab16', 'gw_port': {'id': '16dc76f1-6cc8-48d3-9fc5-2b4ec88f05e2', 'name': '', 'network_id': 'eecade5c-2c61-442e-831b-559770365368', 'tenant_id': '', 'mac_address': 'fa:16:3e:af:d3:79', 'admin_state_up': True, 'status': 'ACTIVE', 'device_id': '2a3d3427-1f36-4840-9908-0cabe2c34eda', 'device_owner': 'network:router_gateway', 'standard_attr_id': 57, 'fixed_ips': [{'subnet_id': 'f6f9ed3c-c283-46ea-8dcb-3d1c2fe3747e', 'ip_address': '172.26.2.139', 'prefixlen': 24}], 'allowed_address_pairs': [], 'extra_dhcp_opts': [], 'security_groups': [], 'description': '', 'binding:vnic_type': 'normal', 'binding:profile': {}, 'binding:host_id': 'dv-neutron-821865-3-hyperv', 'binding:vif_type': 'ovs', 'binding:vif_details': {'connectivity': 'l2', 'port_filter': True, 'ovs_hybrid_plug': False, 'datapath_type': 'system', 'bridge_name': 'br-int', 'bound_drivers': {'0': 'openvswitch'}}, 'port_security_enabled': False, 'tags': [], 'created_at': '2022-02-15T12:12:55Z', 'updated_at': '2022-02-15T12:13:10Z', 'revision_number': 4, 'project_id': '', 'subnets': [{'id': 'f6f9ed3c-c283-46ea-8dcb-3d1c2fe3747e', 'cidr': '172.26.2.0/24', 'gateway_ip': '172.26.2.1', 'dns_nameservers': [], 'ipv6_ra_mode': None, 'subnetpool_id': None}], 'extra_subnets': [], 'address_scopes': {4: None, 6: None}, 'mtu': 1500}, 'enable_snat': True, 'gw_port_host': 'dv-neutron-821865-3-hyperv', '_interfaces': [{'id': '38d2ad19-2384-4502-a79a-a4488e566239', 'name': '', 'network_id': '82005a12-2912-47b5-8a4a-3e4401cf9468', 'tenant_id': 'ce00c2c9ab094872a7f96c65e442ab16', 'mac_address': 'fa:16:3e:62:81:35', 'admin_state_up': True, 'status': 'DOWN', 'device_id': '2a3d3427-1f36-4840-9908-0cabe2c34eda', 'device_owner': 'network:router_interface', 'standard_attr_id': 103, 'fixed_ips': [{'subnet_id': '601b9f9e-c2ee-45fc-90b6-02ba51a520c6', 'ip_address': '172.20.0.1', 'prefixlen': 28}], 'allowed_address_pairs': [], 'extra_dhcp_opts': [], 'security_groups': [], 'description': '', 'binding:vnic_type': 'normal', 'binding:profile': {}, 'binding:host_id': '', 'binding:vif_type': 'unbound', 'binding:vif_details': {}, 'port_security_enabled': False, 'tags': [], 'created_at': '2022-02-15T12:13:02Z', 'updated_at': '2022-02-15T12:13:06Z', 'revision_number': 2, 'project_id': 'ce00c2c9ab094872a7f96c65e442ab16', 'subnets': [{'id': '601b9f9e-c2ee-45fc-90b6-02ba51a520c6', 'cidr': '172.20.0.0/28', 'gateway_ip': '172.20.0.1', 'dns_nameservers': [], 'ipv6_ra_mode': None, 'subnetpool_id': None}], 'extra_subnets': [], 'address_scopes': {4: None, 6: None}, 'mtu': 1500}]}], 'dv-neutron-821865-3-hyperv', False) {} {{(pid=103608) wrapper /usr/local/lib/python3.8/dist-packages/oslo_log/helpers.py:65}}
Feb 15 12:13:11.059578 dv-neutron-821865-3-hyperv neutron-server[103607]: DEBUG neutron.db.l3_hamode_db [None req-b89c08e4-bf2b-4817-8e0b-0658bdc40846 None None] neutron.services.l3_router.l3_router_plugin.L3RouterPlugin method _process_sync_ha_data called with arguments (, [{'id': '6cec3dc7-7e42-4e12-a5b5-ca87fba097de', 'name': 'tempest-ServersTestJSON-2138313860-router', 'tenant_id': 'd07a0cf1c801402485266856ad720122', 'admin_state_up': True, 'status': 'ACTIVE', 'external_gateway_info': {'network_id': 'eecade5c-2c61-442e-831b-559770365368', 'external_fixed_ips': [{'subnet_id': 'f6f9ed3c-c283-46ea-8dcb-3d1c2fe3747e', 'ip_address': '172.26.2.106'}], 'enable_snat': True}, 'gw_port_id': 'd371f6b7-b0f1-4442-b130-ad61add53837', 'description': '', 'availability_zones': ['nova'], 'distributed': False, 'ha': False, 'ha_vr_id': 0, 'availability_zone_hints': [], 'routes': [], 'flavor_id': None, 'tags': [], 'created_at': '2022-02-15T12:12:58Z', 'updated_at': '2022-02-15T12:13:06Z', 'revision_number': 3, 'project_id': 'd07a0cf1c801402485266856ad720122', 'gw_port': {'id': 'd371f6b7-b0f1-4442-b130-ad61add53837', 'name': '', 'network_id': 'eecade5c-2c61-442e-831b-559770365368', 'tenant_id': '', 'mac_address': 'fa:16:3e:df:bb:8a', 'admin_state_up': True, 'status': 'DOWN', 'device_id': '6cec3dc7-7e42-4e12-a5b5-ca87fba097de', 'device_owner': 'network:router_gateway', 'standard_attr_id': 101, 'fixed_ips': [{'subnet_id': 'f6f9ed3c-c283-46ea-8dcb-3d1c2fe3747e', 'ip_address': '172.26.2.106', 'prefixlen': 24}], 'allowed_address_pairs': [], 'extra_dhcp_opts': [], 'security_groups': [], 'description': '', 'binding:vnic_type': 'normal', 'binding:profile': {}, 'binding:host_id': '', 'binding:vif_type': 'unbound', 'binding:vif_details': {}, 'port_security_enabled': False, 'tags': [], 'created_at': '2022-02-15T12:13:02Z', 'updated_at': '2022-02-15T12:13:04Z', 'revision_number': 1, 'project_id': '', 'subnets': [{'id': 'f6f9ed3c-c283-46ea-8dcb-3d1c2fe3747e', 'cidr': '172.26.2.0/24', 'gateway_ip': '172.26.2.1', 'dns_nameservers': [], 'ipv6_ra_mode': None, 'subnetpool_id': None}], 'extra_subnets': [], 'address_scopes': {4: None, 6: None}, 'mtu': 1500}, 'enable_snat': True, 'gw_port_host': 'dv-neutron-821865-3-hyperv'}], 'dv-neutron-821865-3-hyperv', False) {} {{(pid=103607) wrapper /usr/local/lib/python3.8/dist-packages/oslo_log/helpers.py:65}}
Feb 15 12:13:11.103937 dv-neutron-821865-3-hyperv neutron-server[103607]: DEBUG neutron.api.rpc.handlers.l3_rpc [None req-b89c08e4-bf2b-4817-8e0b-0658bdc40846 None None] Checking router: 6cec3dc7-7e42-4e12-a5b5-ca87fba097de for host: dv-neutron-821865-3-hyperv {{(pid=103607) _ensure_host_set_on_ports /opt/stack/neutron/neutron/api/rpc/handlers/l3_rpc.py:155}}
Feb 15 12:13:11.104550 dv-neutron-821865-3-hyperv neutron-server[103607]: DEBUG neutron.api.rpc.handlers.l3_rpc [None req-b89c08e4-bf2b-4817-8e0b-0658bdc40846 None None] Updating router 6cec3dc7-7e42-4e12-a5b5-ca87fba097de port d371f6b7-b0f1-4442-b130-ad61add53837 binding host dv-neutron-821865-3-hyperv {{(pid=103607) _ensure_host_set_on_port /opt/stack/neutron/neutron/api/rpc/handlers/l3_rpc.py:205}}
Feb 15 12:13:11.105891 dv-neutron-821865-3-hyperv neutron-server[103605]: DEBUG neutron.scheduler.dhcp_agent_scheduler [None req-b8e11c5c-aa86-4644-bc4a-beaa138907e6 tempest-ExtraDHCPOptionsTestJSON-1306049176 tempest-ExtraDHCPOptionsTestJSON-1306049176-project] Network 7a580a8c-21b6-4c52-881d-b84dec74ea52 is already hosted by enough agents. {{(pid=103605) _get_dhcp_agents_hosting_network /opt/stack/neutron/neutron/scheduler/dhcp_agent_scheduler.py:275}}
Feb 15 12:13:11.109120 dv-neutron-821865-3-hyperv neutron-server[103605]: DEBUG neutron.scheduler.base_scheduler [None req-b8e11c5c-aa86-4644-bc4a-beaa138907e6 tempest-ExtraDHCPOptionsTestJSON-1306049176 tempest-ExtraDHCPOptionsTestJSON-1306049176-project] Resources bound (agent type, host, resource id): {{(pid=103605) schedule /opt/stack/neutron/neutron/scheduler/base_scheduler.py:57}}
Feb 15 12:13:11.124139 dv-neutron-821865-3-hyperv neutron-server[103605]: DEBUG neutron.db.l3_dvrscheduler_db [None req-b8e11c5c-aa86-4644-bc4a-beaa138907e6 tempest-ExtraDHCPOptionsTestJSON-1306049176 tempest-ExtraDHCPOptionsTestJSON-1306049176-project] Received port after_create {{(pid=103605) _notify_l3_agent_new_port /opt/stack/neutron/neutron/db/l3_dvrscheduler_db.py:536}}
Feb 15 12:13:11.127065 dv-neutron-821865-3-hyperv neutron-server[103608]: DEBUG neutron.api.rpc.handlers.l3_rpc [None req-460d586b-b230-4779-92e1-eb03782c9008 None None] Checking router: 2a3d3427-1f36-4840-9908-0cabe2c34eda for host: dv-neutron-821865-3-hyperv {{(pid=103608) _ensure_host_set_on_ports /opt/stack/neutron/neutron/api/rpc/handlers/l3_rpc.py:155}}
Feb 15 12:13:11.129375 dv-neutron-821865-3-hyperv neutron-server[103608]: DEBUG neutron.api.rpc.handlers.l3_rpc [None req-460d586b-b230-4779-92e1-eb03782c9008 None None] Updating router 2a3d3427-1f36-4840-9908-0cabe2c34eda port 38d2ad19-2384-4502-a79a-a4488e566239 binding host dv-neutron-821865-3-hyperv {{(pid=103608) _ensure_host_set_on_port /opt/stack/neutron/neutron/api/rpc/handlers/l3_rpc.py:205}}
Feb 15 12:13:11.137784 dv-neutron-821865-3-hyperv neutron-server[103607]: DEBUG neutron.db.provisioning_blocks [None req-0a58606a-2e88-4d5b-a9f7-da15da0396c3 None None] Provisioning complete for port ac43303e-2ed6-42cb-b509-f0ee8e68906c triggered by entity L2. {{(pid=103607) provisioning_complete /opt/stack/neutron/neutron/db/provisioning_blocks.py:139}}
Feb 15 12:13:11.138400 dv-neutron-821865-3-hyperv neutron-server[103607]: DEBUG neutron_lib.callbacks.manager [None req-0a58606a-2e88-4d5b-a9f7-da15da0396c3 None None] Publish callbacks ['neutron.plugins.ml2.plugin.Ml2Plugin._port_provisioned-565034'] for port (ac43303e-2ed6-42cb-b509-f0ee8e68906c), provisioning_complete {{(pid=103607) _notify_loop /usr/local/lib/python3.8/dist-packages/neutron_lib/callbacks/manager.py:176}}
Feb 15 12:13:11.174492 dv-neutron-821865-3-hyperv neutron-server[103608]: DEBUG neutron_lib.callbacks.manager [None req-460d586b-b230-4779-92e1-eb03782c9008 None None] Publish callbacks ['neutron.plugins.ml2.plugin.SecurityGroupDbMixin._ensure_default_security_group_handler-690331'] for port (38d2ad19-2384-4502-a79a-a4488e566239), before_update {{(pid=103608) _notify_loop /usr/local/lib/python3.8/dist-packages/neutron_lib/callbacks/manager.py:176}}
Feb 15 12:13:11.221181 dv-neutron-821865-3-hyperv neutron-server[103605]: DEBUG neutron.pecan_wsgi.hooks.policy_enforcement [None req-b8e11c5c-aa86-4644-bc4a-beaa138907e6 tempest-ExtraDHCPOptionsTestJSON-1306049176 tempest-ExtraDHCPOptionsTestJSON-1306049176-project] Attributes excluded by policy engine: ['standard_attr_id', 'binding:profile', 'binding:host_id', 'binding:vif_type', 'binding:vif_details', 'network'] {{(pid=103605) _exclude_attributes_by_policy /opt/stack/neutron/neutron/pecan_wsgi/hooks/policy_enforcement.py:255}}
Feb 15 12:13:11.222236 dv-neutron-821865-3-hyperv neutron-server[103605]: DEBUG neutron_lib.callbacks.manager [None req-b8e11c5c-aa86-4644-bc4a-beaa138907e6 tempest-ExtraDHCPOptionsTestJSON-1306049176 tempest-ExtraDHCPOptionsTestJSON-1306049176-project] Publish callbacks ['neutron.notifiers.nova.Notifier._send_nova_notification-4042595', 'neutron.api.rpc.agentnotifiers.dhcp_rpc_agent_api.DhcpAgentNotifyAPI._send_dhcp_notification-3875754'] for port (None), before_response {{(pid=103605) _notify_loop /usr/local/lib/python3.8/dist-packages/neutron_lib/callbacks/manager.py:176}}
Feb 15 12:13:11.240911 dv-neutron-821865-3-hyperv neutron-server[103607]: DEBUG neutron_lib.callbacks.manager [None req-b89c08e4-bf2b-4817-8e0b-0658bdc40846 None None] Publish callbacks ['neutron.plugins.ml2.plugin.SecurityGroupDbMixin._ensure_default_security_group_handler-690331'] for port (d371f6b7-b0f1-4442-b130-ad61add53837), before_update {{(pid=103607) _notify_loop /usr/local/lib/python3.8/dist-packages/neutron_lib/callbacks/manager.py:176}}
Feb 15 12:13:11.253872 dv-neutron-821865-3-hyperv neutron-server[103605]: DEBUG neutron.api.rpc.handlers.resources_rpc [None req-b8e11c5c-aa86-4644-bc4a-beaa138907e6 tempest-ExtraDHCPOptionsTestJSON-1306049176 tempest-ExtraDHCPOptionsTestJSON-1306049176-project] Pushing event updated for resources: {'Port': ['ID=d50cde37-a68d-4f83-85cb-9dab1fea7d8c,revision_number=1']} {{(pid=103605) push /opt/stack/neutron/neutron/api/rpc/handlers/resources_rpc.py:237}}
Feb 15 12:13:11.290992 dv-neutron-821865-3-hyperv neutron-server[103606]: DEBUG neutron.wsgi [-] (103606) accepted ('10.222.0.88', 52634) {{(pid=103606) server /usr/local/lib/python3.8/dist-packages/eventlet/wsgi.py:1004}}
Feb 15 12:13:11.292057 dv-neutron-821865-3-hyperv neutron-server[103605]: INFO neutron.wsgi [None req-b8e11c5c-aa86-4644-bc4a-beaa138907e6 tempest-ExtraDHCPOptionsTestJSON-1306049176 tempest-ExtraDHCPOptionsTestJSON-1306049176-project] 10.222.0.88 "POST /v2.0/ports HTTP/1.1" status: 201 len: 1152 time: 3.0371675
Feb 15 12:13:11.330777 dv-neutron-821865-3-hyperv neutron-server[103606]: DEBUG neutron.plugins.ml2.drivers.mech_agent [None req-16b56c3c-7022-4f89-aab8-f7c1376ed8a7 tempest-FloatingIPAdminTestJSON-1392245052 tempest-FloatingIPAdminTestJSON-1392245052-project] Checking segment: {'id': 'd50fecad-6cb2-4ece-81dd-9216fd6d1586', 'network_type': 'vlan', 'physical_network': 'physnet1', 'segmentation_id': 716, 'network_id': '7f403f73-d786-4743-8d5c-54f80a49a371'} for mappings: {'physnet1': 'br-data'} with network types: ['local', 'flat', 'vlan'] {{(pid=103606) check_segment_for_agent /opt/stack/neutron/neutron/plugins/ml2/drivers/mech_agent.py:373}}
Feb 15 12:13:11.331282 dv-neutron-821865-3-hyperv neutron-server[103606]: DEBUG neutron.scheduler.dhcp_agent_scheduler [None req-16b56c3c-7022-4f89-aab8-f7c1376ed8a7 tempest-FloatingIPAdminTestJSON-1392245052 tempest-FloatingIPAdminTestJSON-1392245052-project] Network hostable DHCP agents. Network: 7f403f73-d786-4743-8d5c-54f80a49a371, hostable agents: ['7254fbba-1430-4abf-b6c8-05706cdb321b'], hosted agents: [] {{(pid=103606) _get_network_hostable_dhcp_agents /opt/stack/neutron/neutron/scheduler/dhcp_agent_scheduler.py:329}}
Feb 15 12:13:11.445094 dv-neutron-821865-3-hyperv neutron-server[103605]: DEBUG neutron_lib.callbacks.manager [None req-51f748d7-927e-44f5-96ff-fc7af6f6ed71 tempest-DHCPAgentSchedulersTestJSON-1630281458 tempest-DHCPAgentSchedulersTestJSON-1630281458-project] Publish callbacks ['neutron.plugins.ml2.plugin.Ml2Plugin._subnet_delete_precommit_handler-562756'] for subnet (59c99932-1841-49df-808e-8f4ba751e26e), precommit_delete {{(pid=103605) _notify_loop /usr/local/lib/python3.8/dist-packages/neutron_lib/callbacks/manager.py:176}}
Feb 15 12:13:11.505860 dv-neutron-821865-3-hyperv neutron-server[103606]: DEBUG neutron_lib.callbacks.manager [None req-92ee1958-2ef4-4409-ad05-ca370cd3424a tempest-ExternalNetworksTestJSON-1949626053 tempest-ExternalNetworksTestJSON-1949626053-project-admin] Publish callbacks [] for port (b87fe7c2-6439-4a85-befc-c4f03b63ccf7), precommit_update {{(pid=103606) _notify_loop /usr/local/lib/python3.8/dist-packages/neutron_lib/callbacks/manager.py:176}}
Feb 15 12:13:11.516579 dv-neutron-821865-3-hyperv neutron-server[103607]: DEBUG neutron.plugins.ml2.plugin [None req-0a58606a-2e88-4d5b-a9f7-da15da0396c3 None None] Current status of the port ac43303e-2ed6-42cb-b509-f0ee8e68906c is: ACTIVE; New status is: ACTIVE {{(pid=103607) _update_individual_port_db_status /opt/stack/neutron/neutron/plugins/ml2/plugin.py:2232}}
Feb 15 12:13:11.539322 dv-neutron-821865-3-hyperv neutron-server[103606]: DEBUG neutron_lib.callbacks.manager [None req-92ee1958-2ef4-4409-ad05-ca370cd3424a tempest-ExternalNetworksTestJSON-1949626053 tempest-ExternalNetworksTestJSON-1949626053-project-admin] Publish callbacks ['neutron.plugins.ml2.plugin.SecurityGroupServerNotifierRpcMixin._notify_sg_on_port_change-690244', 'neutron.plugins.ml2.ovo_rpc._ObjectChangeHandler.handle_event-4167864', 'neutron.api.rpc.agentnotifiers.dhcp_rpc_agent_api.DhcpAgentNotifyAPI._native_event_send_dhcp_notification-3875772', 'neutron.db.l3_db.L3RpcNotifierMixin._notify_gateway_port_ip_changed-8744442242847', 'neutron.db.l3_dvrscheduler_db._notify_l3_agent_port_update-8744441805029', 'neutron.db.l3_hascheduler_db._notify_l3_agent_ha_port_update-8744441805047'] for port (b87fe7c2-6439-4a85-befc-c4f03b63ccf7), after_update {{(pid=103606) _notify_loop /usr/local/lib/python3.8/dist-packages/neutron_lib/callbacks/manager.py:176}}
Feb 15 12:13:11.557648 dv-neutron-821865-3-hyperv neutron-server[103606]: DEBUG neutron.wsgi [-] (103606) accepted ('10.222.0.88', 52636) {{(pid=103606) server /usr/local/lib/python3.8/dist-packages/eventlet/wsgi.py:1004}}
Feb 15 12:13:11.594954 dv-neutron-821865-3-hyperv neutron-server[103606]: DEBUG neutron.api.v2.base [None req-b09586eb-b1f2-4083-89de-4fb8850a61cc tempest-ServerActionsTestJSON-1015018859 tempest-ServerActionsTestJSON-1015018859-project] Request body: {'security_group': {'name': 'tempest-securitygroup--1025729758', 'description': 'tempest-description--1478659174'}} {{(pid=103606) prepare_request_body /opt/stack/neutron/neutron/api/v2/base.py:729}}
Feb 15 12:13:11.605927 dv-neutron-821865-3-hyperv neutron-server[103605]: DEBUG neutron_lib.callbacks.manager [None req-51f748d7-927e-44f5-96ff-fc7af6f6ed71 tempest-DHCPAgentSchedulersTestJSON-1630281458 tempest-DHCPAgentSchedulersTestJSON-1630281458-project] Publish callbacks ['neutron.plugins.ml2.plugin.Ml2Plugin._subnet_delete_after_delete_handler-562771', 'neutron.plugins.ml2.ovo_rpc._ObjectChangeHandler.handle_event-3894088', 'neutron.api.rpc.agentnotifiers.dhcp_rpc_agent_api.DhcpAgentNotifyAPI._native_event_send_dhcp_notification-3875772', 'neutron.services.segments.plugin.NovaSegmentNotifier._notify_subnet_deleted-25503868', 'neutron.services.segments.plugin.SegmentHostRoutes.host_routes_after_delete-25779896'] for subnet (59c99932-1841-49df-808e-8f4ba751e26e), after_delete {{(pid=103605) _notify_loop /usr/local/lib/python3.8/dist-packages/neutron_lib/callbacks/manager.py:176}}
