Feb 15 12:13:07.912684 dv-neutron-821865-3-hyperv neutron-server[103608]: DEBUG neutron.api.rpc.handlers.l3_rpc [None req-0293a9ec-b843-4c36-a1ba-f6e74060312c None None] The sync data for ids ['316aa855-ff97-4e8e-b0de-dfef0800bb04'] in dv-neutron-821865-3-hyperv is: [{'id': '316aa855-ff97-4e8e-b0de-dfef0800bb04', 'name': 'tempest-ServersTestManualDisk-585845202-router', 'tenant_id': '449d1aeb72d5461bb4c13d99ff9b3355', 'admin_state_up': True, 'status': 'ACTIVE', 'external_gateway_info': {'network_id': 'eecade5c-2c61-442e-831b-559770365368', 'external_fixed_ips': [{'subnet_id': 'f6f9ed3c-c283-46ea-8dcb-3d1c2fe3747e', 'ip_address': '172.26.2.207'}], 'enable_snat': True}, 'gw_port_id': '8f35f079-c61c-4a5f-86c4-d758f62bc845', 'description': '', 'availability_zones': ['nova'], 'distributed': False, 'ha': False, 'ha_vr_id': 0, 'availability_zone_hints': [], 'routes': [], 'flavor_id': None, 'tags': [], 'created_at': '2022-02-15T12:12:52Z', 'updated_at': '2022-02-15T12:13:01Z', 'revision_number': 4, 'project_id': '449d1aeb72d5461bb4c13d99ff9b3355', 'gw_port': {'id': '8f35f079-c61c-4a5f-86c4-d758f62bc845', 'name': '', 'network_id': 'eecade5c-2c61-442e-831b-559770365368', 'tenant_id': '', 'mac_address': 'fa:16:3e:ee:f3:bb', 'admin_state_up': True, 'status': 'ACTIVE', 'device_id': '316aa855-ff97-4e8e-b0de-dfef0800bb04', 'device_owner': 'network:router_gateway', 'standard_attr_id': 48, 'fixed_ips': [{'subnet_id': 'f6f9ed3c-c283-46ea-8dcb-3d1c2fe3747e', 'ip_address': '172.26.2.207', 'prefixlen': 24}], 'allowed_address_pairs': [], 'extra_dhcp_opts': [], 'security_groups': [], 'description': '', 'binding:vnic_type': 'normal', 'binding:profile': {}, 'binding:host_id': 'dv-neutron-821865-3-hyperv', 'binding:vif_type': 'ovs', 'binding:vif_details': {'connectivity': 'l2', 'port_filter': True, 'ovs_hybrid_plug': False, 'datapath_type': 'system', 'bridge_name': 'br-int', 'bound_drivers': {'0': 'openvswitch'}}, 'port_security_enabled': False, 'tags': [], 'created_at': '2022-02-15T12:12:53Z', 'updated_at': '2022-02-15T12:13:02Z', 'revision_number': 4, 'project_id': '', 'subnets': [{'id': 'f6f9ed3c-c283-46ea-8dcb-3d1c2fe3747e', 'cidr': '172.26.2.0/24', 'gateway_ip': '172.26.2.1', 'dns_nameservers': [], 'ipv6_ra_mode': None, 'subnetpool_id': None}], 'extra_subnets': [], 'address_scopes': {4: None, 6: None}, 'mtu': 1500}, 'enable_snat': True, 'gw_port_host': 'dv-neutron-821865-3-hyperv', '_interfaces': [{'id': '469526bf-3740-4ac2-8b5a-a41b1639f57e', 'name': '', 'network_id': '72f1bfca-437e-466c-b1d6-8c31a92fb257', 'tenant_id': '449d1aeb72d5461bb4c13d99ff9b3355', 'mac_address': 'fa:16:3e:bd:b8:e7', 'admin_state_up': True, 'status': 'DOWN', 'device_id': '316aa855-ff97-4e8e-b0de-dfef0800bb04', 'device_owner': 'network:router_interface', 'standard_attr_id': 68, 'fixed_ips': [{'subnet_id': '9c189ce2-83cf-4429-992f-1703494cbc12', 'ip_address': '172.20.0.1', 'prefixlen': 28}], 'allowed_address_pairs': [], 'extra_dhcp_opts': [], 'security_groups': [], 'description': '', 'binding:vnic_type': 'normal', 'binding:profile': {}, 'binding:host_id': 'dv-neutron-821865-3-hyperv', 'binding:vif_type': 'ovs', 'binding:vif_details': {'connectivity': 'l2', 'port_filter': True, 'ovs_hybrid_plug': False, 'datapath_type': 'system', 'bridge_name': 'br-int', 'bound_drivers': {'0': 'openvswitch'}}, 'port_security_enabled': False, 'tags': [], 'created_at': '2022-02-15T12:12:57Z', 'updated_at': '2022-02-15T12:13:07Z', 'revision_number': 4, 'project_id': '449d1aeb72d5461bb4c13d99ff9b3355', 'subnets': [{'id': '9c189ce2-83cf-4429-992f-1703494cbc12', 'cidr': '172.20.0.0/28', 'gateway_ip': '172.20.0.1', 'dns_nameservers': [], 'ipv6_ra_mode': None, 'subnetpool_id': None}], 'extra_subnets': [], 'address_scopes': {4: None, 6: None}, 'mtu': 1500}]}] {{(pid=103608) sync_routers /opt/stack/neutron/neutron/api/rpc/handlers/l3_rpc.py:137}}
Feb 15 12:13:08.028323 dv-neutron-821865-3-hyperv neutron-server[103605]: DEBUG neutron.api.rpc.handlers.resources_rpc [None req-69add4dd-42af-4fef-a6eb-f19248428d5f admin admin] Pushing event updated for resources: {'Port': ['ID=38d2ad19-2384-4502-a79a-a4488e566239,revision_number=2']} {{(pid=103605) push /opt/stack/neutron/neutron/api/rpc/handlers/resources_rpc.py:237}}
Feb 15 12:13:08.028796 dv-neutron-821865-3-hyperv neutron-server[103607]: DEBUG neutron.plugins.ml2.plugin [None req-d9283dfd-b3a1-4b12-a10e-f399b3b98445 None None] Current status of the port 469526bf-3740-4ac2-8b5a-a41b1639f57e is: DOWN; New status is: ACTIVE {{(pid=103607) _update_individual_port_db_status /opt/stack/neutron/neutron/plugins/ml2/plugin.py:2232}}
Feb 15 12:13:08.029201 dv-neutron-821865-3-hyperv neutron-server[103607]: DEBUG neutron_lib.callbacks.manager [None req-d9283dfd-b3a1-4b12-a10e-f399b3b98445 None None] Publish callbacks ['neutron.plugins.ml2.plugin.SecurityGroupDbMixin._ensure_default_security_group_handler-690331'] for port (469526bf-3740-4ac2-8b5a-a41b1639f57e), before_update {{(pid=103607) _notify_loop /usr/local/lib/python3.8/dist-packages/neutron_lib/callbacks/manager.py:176}}
Feb 15 12:13:08.040831 dv-neutron-821865-3-hyperv neutron-server[103606]: DEBUG neutron.scheduler.base_scheduler [None req-b2e52fc0-2916-4f32-98d6-1d041b960366 tempest-ExtraDHCPOptionsTestJSON-1306049176 tempest-ExtraDHCPOptionsTestJSON-1306049176-project] Resources bound (agent type, host, resource id): {{(pid=103606) schedule /opt/stack/neutron/neutron/scheduler/base_scheduler.py:57}}
Feb 15 12:13:08.046697 dv-neutron-821865-3-hyperv neutron-server[103606]: DEBUG neutron.db.l3_dvrscheduler_db [None req-b2e52fc0-2916-4f32-98d6-1d041b960366 tempest-ExtraDHCPOptionsTestJSON-1306049176 tempest-ExtraDHCPOptionsTestJSON-1306049176-project] Received port after_create {{(pid=103606) _notify_l3_agent_new_port /opt/stack/neutron/neutron/db/l3_dvrscheduler_db.py:536}}
Feb 15 12:13:08.051792 dv-neutron-821865-3-hyperv neutron-server[103606]: DEBUG neutron.pecan_wsgi.hooks.policy_enforcement [None req-b2e52fc0-2916-4f32-98d6-1d041b960366 tempest-ExtraDHCPOptionsTestJSON-1306049176 tempest-ExtraDHCPOptionsTestJSON-1306049176-project] Attributes excluded by policy engine: ['standard_attr_id', 'binding:profile', 'binding:host_id', 'binding:vif_type', 'binding:vif_details', 'network'] {{(pid=103606) _exclude_attributes_by_policy /opt/stack/neutron/neutron/pecan_wsgi/hooks/policy_enforcement.py:255}}
Feb 15 12:13:08.052417 dv-neutron-821865-3-hyperv neutron-server[103606]: DEBUG neutron_lib.callbacks.manager [None req-b2e52fc0-2916-4f32-98d6-1d041b960366 tempest-ExtraDHCPOptionsTestJSON-1306049176 tempest-ExtraDHCPOptionsTestJSON-1306049176-project] Publish callbacks ['neutron.notifiers.nova.Notifier._send_nova_notification-4042595', 'neutron.api.rpc.agentnotifiers.dhcp_rpc_agent_api.DhcpAgentNotifyAPI._send_dhcp_notification-3875754'] for port (None), before_response {{(pid=103606) _notify_loop /usr/local/lib/python3.8/dist-packages/neutron_lib/callbacks/manager.py:176}}
Feb 15 12:13:08.085283 dv-neutron-821865-3-hyperv neutron-server[103606]: DEBUG neutron_lib.callbacks.manager [None req-ab3e2784-f6f0-44bb-a0b8-e8c1c0806d17 tempest-FloatingIPAdminTestJSON-1392245052 tempest-FloatingIPAdminTestJSON-1392245052-project] Publish callbacks ['neutron.plugins.ml2.plugin.Ml2Plugin._handle_segment_change-583591'] for segment (d50fecad-6cb2-4ece-81dd-9216fd6d1586), precommit_create {{(pid=103606) _notify_loop /usr/local/lib/python3.8/dist-packages/neutron_lib/callbacks/manager.py:176}}
Feb 15 12:13:08.085606 dv-neutron-821865-3-hyperv neutron-server[103606]: INFO neutron.db.segments_db [None req-ab3e2784-f6f0-44bb-a0b8-e8c1c0806d17 tempest-FloatingIPAdminTestJSON-1392245052 tempest-FloatingIPAdminTestJSON-1392245052-project] Added segment d50fecad-6cb2-4ece-81dd-9216fd6d1586 of type vlan for network 7f403f73-d786-4743-8d5c-54f80a49a371
Feb 15 12:13:08.093755 dv-neutron-821865-3-hyperv neutron-server[103607]: DEBUG neutron.plugins.ml2.db [None req-d9283dfd-b3a1-4b12-a10e-f399b3b98445 None None] For port 469526bf-3740-4ac2-8b5a-a41b1639f57e, host dv-neutron-821865-3-hyperv, got binding levels [PortBindingLevel(driver='openvswitch',host='dv-neutron-821865-3-hyperv',level=0,port_id=469526bf-3740-4ac2-8b5a-a41b1639f57e,segment=NetworkSegment(f51b25ba-b478-4342-8a05-e00205f4791e),segment_id=f51b25ba-b478-4342-8a05-e00205f4791e)] {{(pid=103607) get_binding_level_objs /opt/stack/neutron/neutron/plugins/ml2/db.py:74}}
Feb 15 12:13:08.100957 dv-neutron-821865-3-hyperv neutron-server[103607]: DEBUG neutron_lib.callbacks.manager [None req-d9283dfd-b3a1-4b12-a10e-f399b3b98445 None None] Publish callbacks ['neutron.plugins.ml2.plugin.SecurityGroupServerNotifierRpcMixin._notify_sg_on_port_change-690244', 'neutron.plugins.ml2.ovo_rpc._ObjectChangeHandler.handle_event-4167864', 'neutron.api.rpc.agentnotifiers.dhcp_rpc_agent_api.DhcpAgentNotifyAPI._native_event_send_dhcp_notification-3875772', 'neutron.db.l3_db.L3RpcNotifierMixin._notify_gateway_port_ip_changed-8744442242847', 'neutron.db.l3_dvrscheduler_db._notify_l3_agent_port_update-8744441805029', 'neutron.db.l3_hascheduler_db._notify_l3_agent_ha_port_update-8744441805047'] for port (469526bf-3740-4ac2-8b5a-a41b1639f57e), after_update {{(pid=103607) _notify_loop /usr/local/lib/python3.8/dist-packages/neutron_lib/callbacks/manager.py:176}}
Feb 15 12:13:08.166660 dv-neutron-821865-3-hyperv neutron-server[103605]: DEBUG neutron.api.rpc.handlers.resources_rpc [None req-6a9ac5bd-eafc-4fd6-8e59-cf79703d7a24 tempest-ServersTestManualDisk-675969337 tempest-ServersTestManualDisk-675969337-project] Pushing event updated for resources: {'SecurityGroup': ['ID=5525de4a-0dc2-405a-a75b-ffbaba5593a4,revision_number=1']} {{(pid=103605) push /opt/stack/neutron/neutron/api/rpc/handlers/resources_rpc.py:237}}
Feb 15 12:13:08.198231 dv-neutron-821865-3-hyperv neutron-server[103605]: DEBUG neutron_lib.callbacks.manager [None req-0ff46b15-bba0-4f47-ae95-46330ec0be78 admin admin] Publish callbacks ['neutron.services.l3_router.l3_router_plugin.L3_HA_NAT_db_mixin._after_router_create-397585', 'neutron.services.l3_router.l3_router_plugin.DVRResourceOperationHandler._create_snat_interfaces_after_change-400019'] for router (6cec3dc7-7e42-4e12-a5b5-ca87fba097de), after_create {{(pid=103605) _notify_loop /usr/local/lib/python3.8/dist-packages/neutron_lib/callbacks/manager.py:176}}
Feb 15 12:13:08.208471 dv-neutron-821865-3-hyperv neutron-server[103607]: DEBUG neutron.api.rpc.handlers.resources_rpc [None req-d9283dfd-b3a1-4b12-a10e-f399b3b98445 None None] Pushing event updated for resources: {'Port': ['ID=469526bf-3740-4ac2-8b5a-a41b1639f57e,revision_number=5']} {{(pid=103607) push /opt/stack/neutron/neutron/api/rpc/handlers/resources_rpc.py:237}}
Feb 15 12:13:08.214874 dv-neutron-821865-3-hyperv neutron-server[103605]: DEBUG neutron_lib.callbacks.manager [None req-6a9ac5bd-eafc-4fd6-8e59-cf79703d7a24 tempest-ServersTestManualDisk-675969337 tempest-ServersTestManualDisk-675969337-project] Publish callbacks [] for security_group (None), before_response {{(pid=103605) _notify_loop /usr/local/lib/python3.8/dist-packages/neutron_lib/callbacks/manager.py:176}}
Feb 15 12:13:08.219879 dv-neutron-821865-3-hyperv neutron-server[103605]: INFO neutron.wsgi [None req-6a9ac5bd-eafc-4fd6-8e59-cf79703d7a24 tempest-ServersTestManualDisk-675969337 tempest-ServersTestManualDisk-675969337-project] 10.222.0.88 "POST /v2.0/security-groups HTTP/1.1" status: 201 len: 1797 time: 1.1548002
Feb 15 12:13:08.222443 dv-neutron-821865-3-hyperv neutron-server[103605]: DEBUG neutron.wsgi [-] (103605) accepted ('10.222.0.88', 52586) {{(pid=103605) server /usr/local/lib/python3.8/dist-packages/eventlet/wsgi.py:1004}}
Feb 15 12:13:08.222572 dv-neutron-821865-3-hyperv neutron-server[103608]: DEBUG neutron.db.agents_db [None req-ea035b87-fb06-4466-8fbd-35e461d77eb2 None None] Agent healthcheck: found 6 active agents {{(pid=103608) agent_health_check /opt/stack/neutron/neutron/db/agents_db.py:317}}
Feb 15 12:13:08.230386 dv-neutron-821865-3-hyperv neutron-server[103605]: DEBUG neutron.api.v2.base [None req-eb0715df-0928-42bf-b319-ed5bc606a8f8 tempest-ServersTestManualDisk-675969337 tempest-ServersTestManualDisk-675969337-project] Request body: {'security_group_rule': {'security_group_id': '5525de4a-0dc2-405a-a75b-ffbaba5593a4', 'protocol': 'tcp', 'ethertype': 'IPv4', 'port_range_min': 22, 'port_range_max': 22, 'direction': 'ingress'}} {{(pid=103605) prepare_request_body /opt/stack/neutron/neutron/api/v2/base.py:729}}
Feb 15 12:13:08.244511 dv-neutron-821865-3-hyperv neutron-server[103606]: INFO neutron.wsgi [None req-b2e52fc0-2916-4f32-98d6-1d041b960366 tempest-ExtraDHCPOptionsTestJSON-1306049176 tempest-ExtraDHCPOptionsTestJSON-1306049176-project] 10.222.0.88 "POST /v2.0/ports HTTP/1.1" status: 201 len: 935 time: 3.6931593
Feb 15 12:13:08.247266 dv-neutron-821865-3-hyperv neutron-server[103607]: DEBUG neutron.db.provisioning_blocks [None req-d9283dfd-b3a1-4b12-a10e-f399b3b98445 None None] Provisioning complete for port 38d2ad19-2384-4502-a79a-a4488e566239 triggered by entity DHCP. {{(pid=103607) provisioning_complete /opt/stack/neutron/neutron/db/provisioning_blocks.py:139}}
Feb 15 12:13:08.247649 dv-neutron-821865-3-hyperv neutron-server[103607]: DEBUG neutron_lib.callbacks.manager [None req-d9283dfd-b3a1-4b12-a10e-f399b3b98445 None None] Publish callbacks ['neutron.plugins.ml2.plugin.Ml2Plugin._port_provisioned-565034'] for port (38d2ad19-2384-4502-a79a-a4488e566239), provisioning_complete {{(pid=103607) _notify_loop /usr/local/lib/python3.8/dist-packages/neutron_lib/callbacks/manager.py:176}}
Feb 15 12:13:08.251728 dv-neutron-821865-3-hyperv neutron-server[103605]: DEBUG neutron.wsgi [-] (103605) accepted ('10.222.0.88', 52588) {{(pid=103605) server /usr/local/lib/python3.8/dist-packages/eventlet/wsgi.py:1004}}
Feb 15 12:13:08.255023 dv-neutron-821865-3-hyperv neutron-server[103607]: DEBUG neutron.plugins.ml2.plugin [None req-0a58606a-2e88-4d5b-a9f7-da15da0396c3 None None] Current status of the port 83826bb5-f74b-45a8-b084-4f28c1f8d131 is: ACTIVE; New status is: ACTIVE {{(pid=103607) _update_individual_port_db_status /opt/stack/neutron/neutron/plugins/ml2/plugin.py:2232}}
Feb 15 12:13:08.264623 dv-neutron-821865-3-hyperv neutron-server[103605]: DEBUG neutron.api.v2.base [None req-b8e11c5c-aa86-4644-bc4a-beaa138907e6 tempest-ExtraDHCPOptionsTestJSON-1306049176 tempest-ExtraDHCPOptionsTestJSON-1306049176-project] Request body: {'port': {'network_id': '7a580a8c-21b6-4c52-881d-b84dec74ea52', 'name': 'tempest-ExtraDHCPOptionsTestJSON-1595259509', 'extra_dhcp_opts': [{'opt_value': 'pxelinux.0', 'opt_name': 'bootfile-name'}, {'opt_value': '123.123.123.123', 'opt_name': 'tftp-server'}, {'opt_value': '123.123.123.45', 'opt_name': 'server-ip-address'}]}} {{(pid=103605) prepare_request_body /opt/stack/neutron/neutron/api/v2/base.py:729}}
Feb 15 12:13:08.265166 dv-neutron-821865-3-hyperv neutron-server[103605]: DEBUG neutron_lib.api.validators [None req-b8e11c5c-aa86-4644-bc4a-beaa138907e6 tempest-ExtraDHCPOptionsTestJSON-1306049176 tempest-ExtraDHCPOptionsTestJSON-1306049176-project] bootfile-name is not in valid_values {{(pid=103605) validate_values /usr/local/lib/python3.8/dist-packages/neutron_lib/api/validators/__init__.py:164}}
Feb 15 12:13:08.265531 dv-neutron-821865-3-hyperv neutron-server[103605]: DEBUG neutron_lib.api.validators [None req-b8e11c5c-aa86-4644-bc4a-beaa138907e6 tempest-ExtraDHCPOptionsTestJSON-1306049176 tempest-ExtraDHCPOptionsTestJSON-1306049176-project] tftp-server is not in valid_values {{(pid=103605) validate_values /usr/local/lib/python3.8/dist-packages/neutron_lib/api/validators/__init__.py:164}}
Feb 15 12:13:08.266075 dv-neutron-821865-3-hyperv neutron-server[103605]: DEBUG neutron_lib.api.validators [None req-b8e11c5c-aa86-4644-bc4a-beaa138907e6 tempest-ExtraDHCPOptionsTestJSON-1306049176 tempest-ExtraDHCPOptionsTestJSON-1306049176-project] server-ip-address is not in valid_values {{(pid=103605) validate_values /usr/local/lib/python3.8/dist-packages/neutron_lib/api/validators/__init__.py:164}}
Feb 15 12:13:08.288448 dv-neutron-821865-3-hyperv neutron-server[103605]: INFO neutron.wsgi [None req-e2bf69f2-c7af-4669-92ba-594b7f3071eb tempest-DHCPAgentSchedulersTestJSON-747004126 tempest-DHCPAgentSchedulersTestJSON-747004126-project-admin] 10.222.0.88 "GET /v2.0/networks/99256a7e-e5c1-4d06-b3d7-d70063366119/dhcp-agents HTTP/1.1" status: 200 len: 808 time: 0.3404524
Feb 15 12:13:08.289687 dv-neutron-821865-3-hyperv neutron-server[103606]: DEBUG neutron_lib.callbacks.manager [None req-ab3e2784-f6f0-44bb-a0b8-e8c1c0806d17 tempest-FloatingIPAdminTestJSON-1392245052 tempest-FloatingIPAdminTestJSON-1392245052-project] Publish callbacks ['neutron.services.auto_allocate.db._ensure_external_network_default_value_callback-8744441820474'] for network (7f403f73-d786-4743-8d5c-54f80a49a371), precommit_create {{(pid=103606) _notify_loop /usr/local/lib/python3.8/dist-packages/neutron_lib/callbacks/manager.py:176}}
Feb 15 12:13:08.293223 dv-neutron-821865-3-hyperv neutron-server[103606]: DEBUG neutron.wsgi [-] (103606) accepted ('10.222.0.88', 52590) {{(pid=103606) server /usr/local/lib/python3.8/dist-packages/eventlet/wsgi.py:1004}}
Feb 15 12:13:08.334576 dv-neutron-821865-3-hyperv neutron-server[103607]: DEBUG neutron.plugins.ml2.plugin [None req-d9283dfd-b3a1-4b12-a10e-f399b3b98445 None None] Port 38d2ad19-2384-4502-a79a-a4488e566239 cannot update to ACTIVE because it is not bound. {{(pid=103607) _port_provisioned /opt/stack/neutron/neutron/plugins/ml2/plugin.py:343}}
Feb 15 12:13:08.337455 dv-neutron-821865-3-hyperv neutron-server[103606]: DEBUG neutron_lib.callbacks.manager [None req-fd9acc0c-1fc0-4dc8-8d05-c1f7bd170bf3 tempest-RoutersAdminNegativeTest-242381314 tempest-RoutersAdminNegativeTest-242381314-project-admin] Publish callbacks ['neutron.plugins.ml2.plugin.SecurityGroupServerNotifierRpcMixin._notify_sg_on_port_change-690244', 'neutron.plugins.ml2.ovo_rpc._ObjectChangeHandler.handle_event-4167864', 'neutron.api.rpc.agentnotifiers.dhcp_rpc_agent_api.DhcpAgentNotifyAPI._native_event_send_dhcp_notification-3875772', 'neutron.db.l3_db.L3RpcNotifierMixin._notify_routers_callback-8744442242829', 'neutron.db.l3_dvrscheduler_db._notify_port_delete-8744441805020'] for port (8fd431cd-fa18-4276-b508-4c05a8026ce8), after_delete {{(pid=103606) _notify_loop /usr/local/lib/python3.8/dist-packages/neutron_lib/callbacks/manager.py:176}}
Feb 15 12:13:08.361874 dv-neutron-821865-3-hyperv neutron-server[103607]: DEBUG neutron.db.provisioning_blocks [None req-d9283dfd-b3a1-4b12-a10e-f399b3b98445 None None] Provisioning complete for port 83826bb5-f74b-45a8-b084-4f28c1f8d131 triggered by entity DHCP. {{(pid=103607) provisioning_complete /opt/stack/neutron/neutron/db/provisioning_blocks.py:139}}
Feb 15 12:13:08.363677 dv-neutron-821865-3-hyperv neutron-server[103607]: DEBUG neutron_lib.callbacks.manager [None req-d9283dfd-b3a1-4b12-a10e-f399b3b98445 None None] Publish callbacks ['neutron.plugins.ml2.plugin.Ml2Plugin._port_provisioned-565034'] for port (83826bb5-f74b-45a8-b084-4f28c1f8d131), provisioning_complete {{(pid=103607) _notify_loop /usr/local/lib/python3.8/dist-packages/neutron_lib/callbacks/manager.py:176}}
Feb 15 12:13:08.397657 dv-neutron-821865-3-hyperv neutron-server[103606]: DEBUG neutron.api.rpc.handlers.resources_rpc [None req-fd9acc0c-1fc0-4dc8-8d05-c1f7bd170bf3 tempest-RoutersAdminNegativeTest-242381314 tempest-RoutersAdminNegativeTest-242381314-project-admin] Pushing event deleted for resources: {'Port': ['ID=8fd431cd-fa18-4276-b508-4c05a8026ce8,revision_number=None']} {{(pid=103606) push /opt/stack/neutron/neutron/api/rpc/handlers/resources_rpc.py:237}}
Feb 15 12:13:08.404237 dv-neutron-821865-3-hyperv neutron-server[103606]: INFO neutron.wsgi [None req-8e631426-b02e-4244-998b-45cebbebdf8a tempest-DHCPAgentSchedulersTestJSON-747004126 tempest-DHCPAgentSchedulersTestJSON-747004126-project-admin] 10.222.0.88 "GET /v2.0/networks/99256a7e-e5c1-4d06-b3d7-d70063366119/dhcp-agents HTTP/1.1" status: 200 len: 808 time: 0.1050284
Feb 15 12:13:08.423130 dv-neutron-821865-3-hyperv neutron-server[103606]: DEBUG neutron.wsgi [-] (103606) accepted ('10.222.0.88', 52592) {{(pid=103606) server /usr/local/lib/python3.8/dist-packages/eventlet/wsgi.py:1004}}
Feb 15 12:13:08.493123 dv-neutron-821865-3-hyperv neutron-server[103606]: DEBUG neutron.db.db_base_plugin_common [None req-92ee1958-2ef4-4409-ad05-ca370cd3424a tempest-ExternalNetworksTestJSON-1949626053 tempest-ExternalNetworksTestJSON-1949626053-project-admin] Allocated IP 172.20.0.10 (11137c6e-4f8f-44b8-b05b-299526db680c/79e256d9-5256-4966-8ff8-b07e84a52bff/b87fe7c2-6439-4a85-befc-c4f03b63ccf7) {{(pid=103606) _store_ip_allocation /opt/stack/neutron/neutron/db/db_base_plugin_common.py:131}}
Feb 15 12:13:08.513477 dv-neutron-821865-3-hyperv neutron-server[103606]: DEBUG neutron_lib.callbacks.manager [None req-fd9acc0c-1fc0-4dc8-8d05-c1f7bd170bf3 tempest-RoutersAdminNegativeTest-242381314 tempest-RoutersAdminNegativeTest-242381314-project-admin] Publish callbacks ['neutron.notifiers.nova.Notifier._send_nova_notification-4042595', 'neutron.api.rpc.agentnotifiers.dhcp_rpc_agent_api.DhcpAgentNotifyAPI._send_dhcp_notification-3875754'] for port (None), before_response {{(pid=103606) _notify_loop /usr/local/lib/python3.8/dist-packages/neutron_lib/callbacks/manager.py:176}}
Feb 15 12:13:08.520583 dv-neutron-821865-3-hyperv neutron-server[103606]: INFO neutron.wsgi [None req-fd9acc0c-1fc0-4dc8-8d05-c1f7bd170bf3 tempest-RoutersAdminNegativeTest-242381314 tempest-RoutersAdminNegativeTest-242381314-project-admin] 10.222.0.88 "DELETE /v2.0/ports/8fd431cd-fa18-4276-b508-4c05a8026ce8 HTTP/1.1" status: 204 len: 168 time: 2.6130562
Feb 15 12:13:08.523263 dv-neutron-821865-3-hyperv neutron-server[103607]: DEBUG neutron.plugins.ml2.plugin [None req-d9283dfd-b3a1-4b12-a10e-f399b3b98445 None None] Current status of the port 83826bb5-f74b-45a8-b084-4f28c1f8d131 is: ACTIVE; New status is: ACTIVE {{(pid=103607) _update_individual_port_db_status /opt/stack/neutron/neutron/plugins/ml2/plugin.py:2232}}
Feb 15 12:13:08.533879 dv-neutron-821865-3-hyperv neutron-server[103606]: DEBUG neutron_lib.callbacks.manager [None req-ab3e2784-f6f0-44bb-a0b8-e8c1c0806d17 tempest-FloatingIPAdminTestJSON-1392245052 tempest-FloatingIPAdminTestJSON-1392245052-project] Publish callbacks ['neutron.plugins.ml2.ovo_rpc._ObjectChangeHandler.handle_event-3721588', 'neutron.api.rpc.agentnotifiers.dhcp_rpc_agent_api.DhcpAgentNotifyAPI._native_event_send_dhcp_notification-3875772'] for network (7f403f73-d786-4743-8d5c-54f80a49a371), after_create {{(pid=103606) _notify_loop /usr/local/lib/python3.8/dist-packages/neutron_lib/callbacks/manager.py:176}}
Feb 15 12:13:08.535283 dv-neutron-821865-3-hyperv neutron-server[103607]: DEBUG neutron.db.provisioning_blocks [None req-d9283dfd-b3a1-4b12-a10e-f399b3b98445 None None] Could not find standard attr ID for object f9d1e1f8-8991-4b26-893a-5ea1a587c8b0. {{(pid=103607) _get_standard_attr_id /opt/stack/neutron/neutron/db/provisioning_blocks.py:175}}
Feb 15 12:13:08.552608 dv-neutron-821865-3-hyperv neutron-server[103606]: DEBUG neutron.pecan_wsgi.hooks.policy_enforcement [None req-ab3e2784-f6f0-44bb-a0b8-e8c1c0806d17 tempest-FloatingIPAdminTestJSON-1392245052 tempest-FloatingIPAdminTestJSON-1392245052-project] Attributes excluded by policy engine: ['standard_attr_id', 'provider:network_type', 'provider:physical_network', 'provider:segmentation_id', 'vlan_transparent'] {{(pid=103606) _exclude_attributes_by_policy /opt/stack/neutron/neutron/pecan_wsgi/hooks/policy_enforcement.py:255}}
Feb 15 12:13:08.552608 dv-neutron-821865-3-hyperv neutron-server[103606]: DEBUG neutron_lib.callbacks.manager [None req-ab3e2784-f6f0-44bb-a0b8-e8c1c0806d17 tempest-FloatingIPAdminTestJSON-1392245052 tempest-FloatingIPAdminTestJSON-1392245052-project] Publish callbacks ['neutron.api.rpc.agentnotifiers.dhcp_rpc_agent_api.DhcpAgentNotifyAPI._send_dhcp_notification-3875754'] for network (None), before_response {{(pid=103606) _notify_loop /usr/local/lib/python3.8/dist-packages/neutron_lib/callbacks/manager.py:176}}
Feb 15 12:13:08.589000 dv-neutron-821865-3-hyperv neutron-server[103605]: DEBUG neutron.scheduler.dhcp_agent_scheduler [None req-69add4dd-42af-4fef-a6eb-f19248428d5f admin admin] Network 82005a12-2912-47b5-8a4a-3e4401cf9468 is already hosted by enough agents. {{(pid=103605) _get_dhcp_agents_hosting_network /opt/stack/neutron/neutron/scheduler/dhcp_agent_scheduler.py:275}}
Feb 15 12:13:08.590025 dv-neutron-821865-3-hyperv neutron-server[103605]: DEBUG neutron_lib.callbacks.manager [None req-eb0715df-0928-42bf-b319-ed5bc606a8f8 tempest-ServersTestManualDisk-675969337 tempest-ServersTestManualDisk-675969337-project] Publish callbacks [] for security_group_rule (36f86485-8844-4f80-82de-8877b388acf9), before_create {{(pid=103605) _notify_loop /usr/local/lib/python3.8/dist-packages/neutron_lib/callbacks/manager.py:176}}
Feb 15 12:13:08.610813 dv-neutron-821865-3-hyperv neutron-server[103605]: DEBUG neutron.scheduler.base_scheduler [None req-69add4dd-42af-4fef-a6eb-f19248428d5f admin admin] Resources bound (agent type, host, resource id): {{(pid=103605) schedule /opt/stack/neutron/neutron/scheduler/base_scheduler.py:57}}
Feb 15 12:13:08.971915 dv-neutron-821865-3-hyperv neutron-server[103607]: DEBUG neutron.api.rpc.handlers.dhcp_rpc [None req-401abc32-3872-4fea-820d-f5eebb3a188b None None] Network 7a580a8c-21b6-4c52-881d-b84dec74ea52 requested from dv-neutron-821865-3-hyperv {{(pid=103607) get_network_info /opt/stack/neutron/neutron/api/rpc/handlers/dhcp_rpc.py:191}}
Feb 15 12:13:08.999743 dv-neutron-821865-3-hyperv neutron-server[103606]: INFO neutron.wsgi [None req-ab3e2784-f6f0-44bb-a0b8-e8c1c0806d17 tempest-FloatingIPAdminTestJSON-1392245052 tempest-FloatingIPAdminTestJSON-1392245052-project] 10.222.0.88 "POST /v2.0/networks HTTP/1.1" status: 201 len: 790 time: 2.5812006
Feb 15 12:13:09.003584 dv-neutron-821865-3-hyperv neutron-server[103606]: DEBUG neutron.wsgi [-] (103606) accepted ('10.222.0.88', 52598) {{(pid=103606) server /usr/local/lib/python3.8/dist-packages/eventlet/wsgi.py:1004}}
Feb 15 12:13:09.004476 dv-neutron-821865-3-hyperv neutron-server[103606]: DEBUG neutron.wsgi [-] (103606) accepted ('10.222.0.88', 52600) {{(pid=103606) server /usr/local/lib/python3.8/dist-packages/eventlet/wsgi.py:1004}}
Feb 15 12:13:09.032854 dv-neutron-821865-3-hyperv neutron-server[103606]: DEBUG neutron.api.v2.base [None req-16b56c3c-7022-4f89-aab8-f7c1376ed8a7 tempest-FloatingIPAdminTestJSON-1392245052 tempest-FloatingIPAdminTestJSON-1392245052-project] Request body: {'subnet': {'network_id': '7f403f73-d786-4743-8d5c-54f80a49a371', 'cidr': '172.20.0.0/28', 'ip_version': 4, 'gateway_ip': '172.20.0.1'}} {{(pid=103606) prepare_request_body /opt/stack/neutron/neutron/api/v2/base.py:729}}
Feb 15 12:13:09.140667 dv-neutron-821865-3-hyperv neutron-server[103606]: DEBUG neutron.api.rpc.handlers.resources_rpc [None req-ab3e2784-f6f0-44bb-a0b8-e8c1c0806d17 tempest-FloatingIPAdminTestJSON-1392245052 tempest-FloatingIPAdminTestJSON-1392245052-project] Pushing event updated for resources: {'Network': ['ID=7f403f73-d786-4743-8d5c-54f80a49a371,revision_number=1']} {{(pid=103606) push /opt/stack/neutron/neutron/api/rpc/handlers/resources_rpc.py:237}}
Feb 15 12:13:09.156514 dv-neutron-821865-3-hyperv neutron-server[103607]: DEBUG neutron.plugins.ml2.rpc [None req-0a58606a-2e88-4d5b-a9f7-da15da0396c3 None None] Network 7f403f73-d786-4743-8d5c-54f80a49a371 details requested by agent ovs-agent-dv-neutron-821865-3-hyperv with host dv-neutron-821865-3-hyperv {{(pid=103607) get_network_details /opt/stack/neutron/neutron/plugins/ml2/rpc.py:248}}
Feb 15 12:13:09.189824 dv-neutron-821865-3-hyperv neutron-server[103605]: DEBUG neutron.pecan_wsgi.hooks.quota_enforcement [None req-b8e11c5c-aa86-4644-bc4a-beaa138907e6 tempest-ExtraDHCPOptionsTestJSON-1306049176 tempest-ExtraDHCPOptionsTestJSON-1306049176-project] Made reservation on behalf of d64ba7a98aca4fd29aad501269612e86 for: {'port': 1} {{(pid=103605) before /opt/stack/neutron/neutron/pecan_wsgi/hooks/quota_enforcement.py:53}}
Feb 15 12:13:09.196322 dv-neutron-821865-3-hyperv neutron-server[103605]: DEBUG neutron_lib.callbacks.manager [None req-b8e11c5c-aa86-4644-bc4a-beaa138907e6 tempest-ExtraDHCPOptionsTestJSON-1306049176 tempest-ExtraDHCPOptionsTestJSON-1306049176-project] Publish callbacks ['neutron.plugins.ml2.plugin.SecurityGroupDbMixin._ensure_default_security_group_handler-690331'] for port (None), before_create {{(pid=103605) _notify_loop /usr/local/lib/python3.8/dist-packages/neutron_lib/callbacks/manager.py:176}}
Feb 15 12:13:09.200016 dv-neutron-821865-3-hyperv neutron-server[103605]: DEBUG neutron_lib.callbacks.manager [None req-eb0715df-0928-42bf-b319-ed5bc606a8f8 tempest-ServersTestManualDisk-675969337 tempest-ServersTestManualDisk-675969337-project] Publish callbacks [] for security_group_rule (36f86485-8844-4f80-82de-8877b388acf9), precommit_create {{(pid=103605) _notify_loop /usr/local/lib/python3.8/dist-packages/neutron_lib/callbacks/manager.py:176}}
Feb 15 12:13:09.232047 dv-neutron-821865-3-hyperv neutron-server[103605]: DEBUG neutron_lib.callbacks.manager [None req-eb0715df-0928-42bf-b319-ed5bc606a8f8 tempest-ServersTestManualDisk-675969337 tempest-ServersTestManualDisk-675969337-project] Publish callbacks ['neutron.plugins.ml2.ovo_rpc._ObjectChangeHandler.handle_event-3721686'] for security_group_rule (36f86485-8844-4f80-82de-8877b388acf9), after_create {{(pid=103605) _notify_loop /usr/local/lib/python3.8/dist-packages/neutron_lib/callbacks/manager.py:176}}
Feb 15 12:13:09.261402 dv-neutron-821865-3-hyperv neutron-server[103605]: DEBUG neutron.scheduler.l3_agent_scheduler [None req-69add4dd-42af-4fef-a6eb-f19248428d5f admin admin] Router 2a3d3427-1f36-4840-9908-0cabe2c34eda has already been hosted by L3 agent 666bfa2c-e56b-4731-a042-4cd9a852853e {{(pid=103605) _get_candidates /opt/stack/neutron/neutron/scheduler/l3_agent_scheduler.py:126}}
Feb 15 12:13:09.262027 dv-neutron-821865-3-hyperv neutron-server[103607]: DEBUG neutron.db.provisioning_blocks [None req-7d934c39-4258-4177-bafe-7937a5f1dd98 None None] Provisioning complete for port 38d2ad19-2384-4502-a79a-a4488e566239 triggered by entity DHCP. {{(pid=103607) provisioning_complete /opt/stack/neutron/neutron/db/provisioning_blocks.py:139}}
Feb 15 12:13:09.262538 dv-neutron-821865-3-hyperv neutron-server[103607]: DEBUG neutron_lib.callbacks.manager [None req-7d934c39-4258-4177-bafe-7937a5f1dd98 None None] Publish callbacks ['neutron.plugins.ml2.plugin.Ml2Plugin._port_provisioned-565034'] for port (38d2ad19-2384-4502-a79a-a4488e566239), provisioning_complete {{(pid=103607) _notify_loop /usr/local/lib/python3.8/dist-packages/neutron_lib/callbacks/manager.py:176}}
Feb 15 12:13:09.278372 dv-neutron-821865-3-hyperv neutron-server[103606]: INFO neutron.wsgi [None req-bda792e1-e62d-462c-813e-df9034ae8e68 tempest-DHCPAgentSchedulersTestJSON-747004126 tempest-DHCPAgentSchedulersTestJSON-747004126-project-admin] 10.222.0.88 "GET /v2.0/agents/7254fbba-1430-4abf-b6c8-05706cdb321b/dhcp-networks HTTP/1.1" status: 200 len: 7249 time: 0.8232002
Feb 15 12:13:09.280261 dv-neutron-821865-3-hyperv neutron-server[103605]: DEBUG neutron.notifiers.nova [None req-b8e11c5c-aa86-4644-bc4a-beaa138907e6 tempest-ExtraDHCPOptionsTestJSON-1306049176 tempest-ExtraDHCPOptionsTestJSON-1306049176-project] device_id is not set on port d50cde37-a68d-4f83-85cb-9dab1fea7d8c yet. {{(pid=103605) _can_notify /opt/stack/neutron/neutron/notifiers/nova.py:199}}
Feb 15 12:13:09.288978 dv-neutron-821865-3-hyperv neutron-server[103605]: DEBUG neutron.wsgi [-] (103605) accepted ('10.222.0.88', 52604) {{(pid=103605) server /usr/local/lib/python3.8/dist-packages/eventlet/wsgi.py:1004}}
Feb 15 12:13:09.292577 dv-neutron-821865-3-hyperv neutron-server[103605]: DEBUG neutron.scheduler.l3_agent_scheduler [None req-0ff46b15-bba0-4f47-ae95-46330ec0be78 admin admin] Router 6cec3dc7-7e42-4e12-a5b5-ca87fba097de is scheduled to L3 agent 666bfa2c-e56b-4731-a042-4cd9a852853e with binding_index 1 {{(pid=103605) bind_router /opt/stack/neutron/neutron/scheduler/l3_agent_scheduler.py:209}}
Feb 15 12:13:09.294741 dv-neutron-821865-3-hyperv neutron-server[103606]: DEBUG neutron_lib.callbacks.manager [None req-3416badf-5f26-4928-ad5e-bd4eaef8203b admin admin] Publish callbacks [] for security_group (None), before_create {{(pid=103606) _notify_loop /usr/local/lib/python3.8/dist-packages/neutron_lib/callbacks/manager.py:176}}
Feb 15 12:13:09.304385 dv-neutron-821865-3-hyperv neutron-server[103605]: DEBUG neutron.api.rpc.handlers.resources_rpc [None req-eb0715df-0928-42bf-b319-ed5bc606a8f8 tempest-ServersTestManualDisk-675969337 tempest-ServersTestManualDisk-675969337-project] Pushing event updated for resources: {'SecurityGroupRule': ['ID=36f86485-8844-4f80-82de-8877b388acf9,revision_number=0']} {{(pid=103605) push /opt/stack/neutron/neutron/api/rpc/handlers/resources_rpc.py:237}}
Feb 15 12:13:09.332112 dv-neutron-821865-3-hyperv neutron-server[103606]: DEBUG neutron.pecan_wsgi.hooks.quota_enforcement [None req-16b56c3c-7022-4f89-aab8-f7c1376ed8a7 tempest-FloatingIPAdminTestJSON-1392245052 tempest-FloatingIPAdminTestJSON-1392245052-project] Made reservation on behalf of 44f6d8891d704fff9a67ff9bc9c0c2ac for: {'subnet': 1} {{(pid=103606) before /opt/stack/neutron/neutron/pecan_wsgi/hooks/quota_enforcement.py:53}}
Feb 15 12:13:09.335289 dv-neutron-821865-3-hyperv neutron-server[103606]: DEBUG neutron_lib.callbacks.manager [None req-16b56c3c-7022-4f89-aab8-f7c1376ed8a7 tempest-FloatingIPAdminTestJSON-1392245052 tempest-FloatingIPAdminTestJSON-1392245052-project] Publish callbacks [] for subnet (None), before_create {{(pid=103606) _notify_loop /usr/local/lib/python3.8/dist-packages/neutron_lib/callbacks/manager.py:176}}
Feb 15 12:13:09.340856 dv-neutron-821865-3-hyperv neutron-server[103607]: DEBUG neutron.plugins.ml2.plugin [None req-7d934c39-4258-4177-bafe-7937a5f1dd98 None None] Port 38d2ad19-2384-4502-a79a-a4488e566239 cannot update to ACTIVE because it is not bound. {{(pid=103607) _port_provisioned /opt/stack/neutron/neutron/plugins/ml2/plugin.py:343}}
Feb 15 12:13:09.364025 dv-neutron-821865-3-hyperv neutron-server[103607]: DEBUG neutron.db.provisioning_blocks [None req-7d934c39-4258-4177-bafe-7937a5f1dd98 None None] Provisioning complete for port ac43303e-2ed6-42cb-b509-f0ee8e68906c triggered by entity DHCP. {{(pid=103607) provisioning_complete /opt/stack/neutron/neutron/db/provisioning_blocks.py:139}}
Feb 15 12:13:09.364025 dv-neutron-821865-3-hyperv neutron-server[103607]: DEBUG neutron_lib.callbacks.manager [None req-7d934c39-4258-4177-bafe-7937a5f1dd98 None None] Publish callbacks ['neutron.plugins.ml2.plugin.Ml2Plugin._port_provisioned-565034'] for port (ac43303e-2ed6-42cb-b509-f0ee8e68906c), provisioning_complete {{(pid=103607) _notify_loop /usr/local/lib/python3.8/dist-packages/neutron_lib/callbacks/manager.py:176}}
Feb 15 12:13:09.388703 dv-neutron-821865-3-hyperv neutron-server[103606]: DEBUG neutron_lib.callbacks.manager [None req-92ee1958-2ef4-4409-ad05-ca370cd3424a tempest-ExternalNetworksTestJSON-1949626053 tempest-ExternalNetworksTestJSON-1949626053-project-admin] Publish callbacks [] for port (b87fe7c2-6439-4a85-befc-c4f03b63ccf7), precommit_create {{(pid=103606) _notify_loop /usr/local/lib/python3.8/dist-packages/neutron_lib/callbacks/manager.py:176}}
Feb 15 12:13:09.448557 dv-neutron-821865-3-hyperv neutron-server[103605]: DEBUG neutron_lib.callbacks.manager [None req-eb0715df-0928-42bf-b319-ed5bc606a8f8 tempest-ServersTestManualDisk-675969337 tempest-ServersTestManualDisk-675969337-project] Publish callbacks [] for security_group_rule (None), before_response {{(pid=103605) _notify_loop /usr/local/lib/python3.8/dist-packages/neutron_lib/callbacks/manager.py:176}}
Feb 15 12:13:09.453055 dv-neutron-821865-3-hyperv neutron-server[103605]: INFO neutron.wsgi [None req-eb0715df-0928-42bf-b319-ed5bc606a8f8 tempest-ServersTestManualDisk-675969337 tempest-ServersTestManualDisk-675969337-project] 10.222.0.88 "POST /v2.0/security-group-rules HTTP/1.1" status: 201 len: 764 time: 1.2243621
Feb 15 12:13:09.462385 dv-neutron-821865-3-hyperv neutron-server[103606]: DEBUG neutron.wsgi [-] (103606) accepted ('10.222.0.88', 52606) {{(pid=103606) server /usr/local/lib/python3.8/dist-packages/eventlet/wsgi.py:1004}}
Feb 15 12:13:09.472321 dv-neutron-821865-3-hyperv neutron-server[103606]: DEBUG neutron.api.v2.base [None req-3b73c6a8-8a93-4162-bfa4-c8810027b751 tempest-ServersTestManualDisk-675969337 tempest-ServersTestManualDisk-675969337-project] Request body: {'security_group_rule': {'security_group_id': '5525de4a-0dc2-405a-a75b-ffbaba5593a4', 'protocol': 'icmp', 'ethertype': 'IPv4', 'direction': 'ingress'}} {{(pid=103606) prepare_request_body /opt/stack/neutron/neutron/api/v2/base.py:729}}
Feb 15 12:13:09.546694 dv-neutron-821865-3-hyperv neutron-server[103607]: DEBUG neutron.plugins.ml2.plugin [None req-7d934c39-4258-4177-bafe-7937a5f1dd98 None None] Current status of the port ac43303e-2ed6-42cb-b509-f0ee8e68906c is: DOWN; New status is: ACTIVE {{(pid=103607) _update_individual_port_db_status /opt/stack/neutron/neutron/plugins/ml2/plugin.py:2232}}
Feb 15 12:13:09.548169 dv-neutron-821865-3-hyperv neutron-server[103607]: DEBUG neutron_lib.callbacks.manager [None req-7d934c39-4258-4177-bafe-7937a5f1dd98 None None] Publish callbacks ['neutron.plugins.ml2.plugin.SecurityGroupDbMixin._ensure_default_security_group_handler-690331'] for port (ac43303e-2ed6-42cb-b509-f0ee8e68906c), before_update {{(pid=103607) _notify_loop /usr/local/lib/python3.8/dist-packages/neutron_lib/callbacks/manager.py:176}}
Feb 15 12:13:09.584226 dv-neutron-821865-3-hyperv neutron-server[103606]: DEBUG neutron_lib.callbacks.manager [None req-92ee1958-2ef4-4409-ad05-ca370cd3424a tempest-ExternalNetworksTestJSON-1949626053 tempest-ExternalNetworksTestJSON-1949626053-project-admin] Publish callbacks ['neutron.plugins.ml2.plugin.SecurityGroupServerNotifierRpcMixin._notify_sg_on_port_change-690244', 'neutron.plugins.ml2.ovo_rpc._ObjectChangeHandler.handle_event-4167864', 'neutron.api.rpc.agentnotifiers.dhcp_rpc_agent_api.DhcpAgentNotifyAPI._native_event_send_dhcp_notification-3875772', 'neutron.db.l3_dvrscheduler_db._notify_l3_agent_new_port-8744441805011'] for port (b87fe7c2-6439-4a85-befc-c4f03b63ccf7), after_create {{(pid=103606) _notify_loop /usr/local/lib/python3.8/dist-packages/neutron_lib/callbacks/manager.py:176}}
Feb 15 12:13:09.618442 dv-neutron-821865-3-hyperv neutron-server[103607]: DEBUG neutron.plugins.ml2.db [None req-7d934c39-4258-4177-bafe-7937a5f1dd98 None None] For port ac43303e-2ed6-42cb-b509-f0ee8e68906c, host dv-neutron-821865-3-hyperv, got binding levels [PortBindingLevel(driver='openvswitch',host='dv-neutron-821865-3-hyperv',level=0,port_id=ac43303e-2ed6-42cb-b509-f0ee8e68906c,segment=NetworkSegment(a3a08dda-fc47-4e61-bcc9-0636300da2d0),segment_id=a3a08dda-fc47-4e61-bcc9-0636300da2d0)] {{(pid=103607) get_binding_level_objs /opt/stack/neutron/neutron/plugins/ml2/db.py:74}}
Feb 15 12:13:09.627278 dv-neutron-821865-3-hyperv neutron-server[103607]: DEBUG neutron_lib.callbacks.manager [None req-7d934c39-4258-4177-bafe-7937a5f1dd98 None None] Publish callbacks ['neutron.plugins.ml2.plugin.SecurityGroupServerNotifierRpcMixin._notify_sg_on_port_change-690244', 'neutron.plugins.ml2.ovo_rpc._ObjectChangeHandler.handle_event-4167864', 'neutron.api.rpc.agentnotifiers.dhcp_rpc_agent_api.DhcpAgentNotifyAPI._native_event_send_dhcp_notification-3875772', 'neutron.db.l3_db.L3RpcNotifierMixin._notify_gateway_port_ip_changed-8744442242847', 'neutron.db.l3_dvrscheduler_db._notify_l3_agent_port_update-8744441805029', 'neutron.db.l3_hascheduler_db._notify_l3_agent_ha_port_update-8744441805047'] for port (ac43303e-2ed6-42cb-b509-f0ee8e68906c), after_update {{(pid=103607) _notify_loop /usr/local/lib/python3.8/dist-packages/neutron_lib/callbacks/manager.py:176}}
Feb 15 12:13:09.696097 dv-neutron-821865-3-hyperv neutron-server[103606]: DEBUG neutron.api.rpc.handlers.resources_rpc [None req-92ee1958-2ef4-4409-ad05-ca370cd3424a tempest-ExternalNetworksTestJSON-1949626053 tempest-ExternalNetworksTestJSON-1949626053-project-admin] Pushing event updated for resources: {'Port': ['ID=b87fe7c2-6439-4a85-befc-c4f03b63ccf7,revision_number=1']} {{(pid=103606) push /opt/stack/neutron/neutron/api/rpc/handlers/resources_rpc.py:237}}
Feb 15 12:13:09.719030 dv-neutron-821865-3-hyperv neutron-server[103606]: DEBUG neutron.scheduler.dhcp_agent_scheduler [None req-92ee1958-2ef4-4409-ad05-ca370cd3424a tempest-ExternalNetworksTestJSON-1949626053 tempest-ExternalNetworksTestJSON-1949626053-project-admin] Network 11137c6e-4f8f-44b8-b05b-299526db680c is already hosted by enough agents. {{(pid=103606) _get_dhcp_agents_hosting_network /opt/stack/neutron/neutron/scheduler/dhcp_agent_scheduler.py:275}}
Feb 15 12:13:09.722022 dv-neutron-821865-3-hyperv neutron-server[103607]: DEBUG neutron.api.rpc.handlers.resources_rpc [None req-7d934c39-4258-4177-bafe-7937a5f1dd98 None None] Pushing event updated for resources: {'Port': ['ID=ac43303e-2ed6-42cb-b509-f0ee8e68906c,revision_number=3']} {{(pid=103607) push /opt/stack/neutron/neutron/api/rpc/handlers/resources_rpc.py:237}}
Feb 15 12:13:09.725357 dv-neutron-821865-3-hyperv neutron-server[103607]: DEBUG neutron.plugins.ml2.rpc [None req-0a58606a-2e88-4d5b-a9f7-da15da0396c3 None None] Device 16dc76f1-6cc8-48d3-9fc5-2b4ec88f05e2 up at agent ovs-agent-dv-neutron-821865-3-hyperv {{(pid=103607) update_device_up /opt/stack/neutron/neutron/plugins/ml2/rpc.py:296}}
Feb 15 12:13:09.746413 dv-neutron-821865-3-hyperv neutron-server[103606]: DEBUG neutron_lib.callbacks.manager [None req-3b73c6a8-8a93-4162-bfa4-c8810027b751 tempest-ServersTestManualDisk-675969337 tempest-ServersTestManualDisk-675969337-project] Publish callbacks [] for security_group_rule (fd32fa16-95f4-4c29-9a20-5dfd6664aba6), before_create {{(pid=103606) _notify_loop /usr/local/lib/python3.8/dist-packages/neutron_lib/callbacks/manager.py:176}}
Feb 15 12:13:09.757365 dv-neutron-821865-3-hyperv neutron-server[103606]: DEBUG neutron.scheduler.base_scheduler [None req-92ee1958-2ef4-4409-ad05-ca370cd3424a tempest-ExternalNetworksTestJSON-1949626053 tempest-ExternalNetworksTestJSON-1949626053-project-admin] Resources bound (agent type, host, resource id): {{(pid=103606) schedule /opt/stack/neutron/neutron/scheduler/base_scheduler.py:57}}
Feb 15 12:13:09.762432 dv-neutron-821865-3-hyperv neutron-server[103606]: DEBUG neutron_lib.callbacks.manager [None req-3416badf-5f26-4928-ad5e-bd4eaef8203b admin admin] Publish callbacks [] for security_group (858183bb-55fc-4cea-b909-f539f61bab39), precommit_create {{(pid=103606) _notify_loop /usr/local/lib/python3.8/dist-packages/neutron_lib/callbacks/manager.py:176}}
Feb 15 12:13:09.768901 dv-neutron-821865-3-hyperv neutron-server[103606]: DEBUG neutron.db.l3_dvrscheduler_db [None req-92ee1958-2ef4-4409-ad05-ca370cd3424a tempest-ExternalNetworksTestJSON-1949626053 tempest-ExternalNetworksTestJSON-1949626053-project-admin] Received port after_create {{(pid=103606) _notify_l3_agent_new_port /opt/stack/neutron/neutron/db/l3_dvrscheduler_db.py:536}}
Feb 15 12:13:09.795087 dv-neutron-821865-3-hyperv neutron-server[103606]: DEBUG neutron_lib.callbacks.manager [None req-3416badf-5f26-4928-ad5e-bd4eaef8203b admin admin] Publish callbacks ['neutron.plugins.ml2.ovo_rpc._ObjectChangeHandler.handle_event-3721511'] for security_group (858183bb-55fc-4cea-b909-f539f61bab39), after_create {{(pid=103606) _notify_loop /usr/local/lib/python3.8/dist-packages/neutron_lib/callbacks/manager.py:176}}
Feb 15 12:13:09.819645 dv-neutron-821865-3-hyperv neutron-server[103607]: DEBUG neutron.db.provisioning_blocks [None req-0a58606a-2e88-4d5b-a9f7-da15da0396c3 None None] Provisioning complete for port 16dc76f1-6cc8-48d3-9fc5-2b4ec88f05e2 triggered by entity L2. {{(pid=103607) provisioning_complete /opt/stack/neutron/neutron/db/provisioning_blocks.py:139}}
Feb 15 12:13:09.820325 dv-neutron-821865-3-hyperv neutron-server[103607]: DEBUG neutron_lib.callbacks.manager [None req-0a58606a-2e88-4d5b-a9f7-da15da0396c3 None None] Publish callbacks ['neutron.plugins.ml2.plugin.Ml2Plugin._port_provisioned-565034'] for port (16dc76f1-6cc8-48d3-9fc5-2b4ec88f05e2), provisioning_complete {{(pid=103607) _notify_loop /usr/local/lib/python3.8/dist-packages/neutron_lib/callbacks/manager.py:176}}
Feb 15 12:13:09.903905 dv-neutron-821865-3-hyperv neutron-server[103605]: DEBUG neutron_lib.callbacks.manager [None req-f9c30943-4214-414f-85d9-946389489241 tempest-DHCPAgentSchedulersTestJSON-1630281458 tempest-DHCPAgentSchedulersTestJSON-1630281458-project] Publish callbacks ['neutron.plugins.ml2.plugin.External_net_db_mixin._before_network_delete_handler-656835'] for network (29e07fbd-aee6-4266-be8f-9763caca1e94), before_delete {{(pid=103605) _notify_loop /usr/local/lib/python3.8/dist-packages/neutron_lib/callbacks/manager.py:176}}
Feb 15 12:13:09.925521 dv-neutron-821865-3-hyperv neutron-server[103607]: DEBUG neutron.db.provisioning_blocks [None req-3041e502-3fc5-4ed5-8424-5acb1bab659f None None] Provisioning complete for port b2fcaa47-b73f-4a32-a580-b93117baa48f triggered by entity DHCP. {{(pid=103607) provisioning_complete /opt/stack/neutron/neutron/db/provisioning_blocks.py:139}}
Feb 15 12:13:09.925905 dv-neutron-821865-3-hyperv neutron-server[103607]: DEBUG neutron_lib.callbacks.manager [None req-3041e502-3fc5-4ed5-8424-5acb1bab659f None None] Publish callbacks ['neutron.plugins.ml2.plugin.Ml2Plugin._port_provisioned-565034'] for port (b2fcaa47-b73f-4a32-a580-b93117baa48f), provisioning_complete {{(pid=103607) _notify_loop /usr/local/lib/python3.8/dist-packages/neutron_lib/callbacks/manager.py:176}}
Feb 15 12:13:09.999112 dv-neutron-821865-3-hyperv neutron-server[103607]: DEBUG neutron.plugins.ml2.plugin [None req-3041e502-3fc5-4ed5-8424-5acb1bab659f None None] Port b2fcaa47-b73f-4a32-a580-b93117baa48f cannot update to ACTIVE because it is not bound. {{(pid=103607) _port_provisioned /opt/stack/neutron/neutron/plugins/ml2/plugin.py:343}}
Feb 15 12:13:10.005805 dv-neutron-821865-3-hyperv neutron-server[103606]: INFO neutron.wsgi [None req-3416badf-5f26-4928-ad5e-bd4eaef8203b admin admin] 10.222.0.88 "GET /v2.0/security-groups?tenant_id=c65fc7dd154341d5b82ebc27ad37bb2d&name=default HTTP/1.1" status: 200 len: 2996 time: 0.9861813
Feb 15 12:13:10.020120 dv-neutron-821865-3-hyperv neutron-server[103606]: DEBUG neutron.wsgi [-] (103606) accepted ('10.222.0.88', 52608) {{(pid=103606) server /usr/local/lib/python3.8/dist-packages/eventlet/wsgi.py:1004}}
Feb 15 12:13:10.035852 dv-neutron-821865-3-hyperv neutron-server[103607]: DEBUG neutron.plugins.ml2.plugin [None req-0a58606a-2e88-4d5b-a9f7-da15da0396c3 None None] Current status of the port 16dc76f1-6cc8-48d3-9fc5-2b4ec88f05e2 is: DOWN; New status is: ACTIVE {{(pid=103607) _update_individual_port_db_status /opt/stack/neutron/neutron/plugins/ml2/plugin.py:2232}}
Feb 15 12:13:10.036473 dv-neutron-821865-3-hyperv neutron-server[103607]: DEBUG neutron_lib.callbacks.manager [None req-0a58606a-2e88-4d5b-a9f7-da15da0396c3 None None] Publish callbacks ['neutron.plugins.ml2.plugin.SecurityGroupDbMixin._ensure_default_security_group_handler-690331'] for port (16dc76f1-6cc8-48d3-9fc5-2b4ec88f05e2), before_update {{(pid=103607) _notify_loop /usr/local/lib/python3.8/dist-packages/neutron_lib/callbacks/manager.py:176}}
Feb 15 12:13:10.046266 dv-neutron-821865-3-hyperv neutron-server[103607]: DEBUG neutron.db.provisioning_blocks [None req-3041e502-3fc5-4ed5-8424-5acb1bab659f None None] Provisioning complete for port ac43303e-2ed6-42cb-b509-f0ee8e68906c triggered by entity DHCP. {{(pid=103607) provisioning_complete /opt/stack/neutron/neutron/db/provisioning_blocks.py:139}}
Feb 15 12:13:10.046639 dv-neutron-821865-3-hyperv neutron-server[103607]: DEBUG neutron_lib.callbacks.manager [None req-3041e502-3fc5-4ed5-8424-5acb1bab659f None None] Publish callbacks ['neutron.plugins.ml2.plugin.Ml2Plugin._port_provisioned-565034'] for port (ac43303e-2ed6-42cb-b509-f0ee8e68906c), provisioning_complete {{(pid=103607) _notify_loop /usr/local/lib/python3.8/dist-packages/neutron_lib/callbacks/manager.py:176}}
Feb 15 12:13:10.059258 dv-neutron-821865-3-hyperv neutron-server[103605]: DEBUG neutron.api.rpc.agentnotifiers.l3_rpc_agent_api [None req-69add4dd-42af-4fef-a6eb-f19248428d5f admin admin] Notify agent at l3_agent.dv-neutron-821865-3-hyperv the message routers_updated {{(pid=103605) _agent_notification /opt/stack/neutron/neutron/api/rpc/agentnotifiers/l3_rpc_agent_api.py:65}}
Feb 15 12:13:10.061858 dv-neutron-821865-3-hyperv neutron-server[103605]: DEBUG neutron.api.rpc.agentnotifiers.l3_rpc_agent_api [None req-0ff46b15-bba0-4f47-ae95-46330ec0be78 admin admin] Notify agent at l3_agent.dv-neutron-821865-3-hyperv the message routers_updated {{(pid=103605) _agent_notification /opt/stack/neutron/neutron/api/rpc/agentnotifiers/l3_rpc_agent_api.py:65}}
Feb 15 12:13:10.067582 dv-neutron-821865-3-hyperv neutron-server[103605]: DEBUG neutron.db.db_base_plugin_common [None req-b8e11c5c-aa86-4644-bc4a-beaa138907e6 tempest-ExtraDHCPOptionsTestJSON-1306049176 tempest-ExtraDHCPOptionsTestJSON-1306049176-project] Allocated IP 172.20.0.7 (7a580a8c-21b6-4c52-881d-b84dec74ea52/0b6ff694-6128-499f-b62f-3c18e8b7f845/d50cde37-a68d-4f83-85cb-9dab1fea7d8c) {{(pid=103605) _store_ip_allocation /opt/stack/neutron/neutron/db/db_base_plugin_common.py:131}}
Feb 15 12:13:10.074624 dv-neutron-821865-3-hyperv neutron-server[103605]: INFO neutron.wsgi [None req-69add4dd-42af-4fef-a6eb-f19248428d5f admin admin] 10.222.0.88 "PUT /v2.0/routers/2a3d3427-1f36-4840-9908-0cabe2c34eda/add_router_interface HTTP/1.1" status: 200 len: 503 time: 10.1836276
