Dec 16 12:16:31.379231 dv-neutron-821727-2-hyperv devstack@n-api.service[102387]: DEBUG nova.context [None req-32078c85-5737-4814-9821-735566b8d0ef None None] Found 2 cells: 00000000-0000-0000-0000-000000000000(cell0),f7595b48-f550-4218-b39a-ecef6a6c4b6c(cell1) {{(pid=102387) load_cells /opt/stack/nova/nova/context.py:464}}
Dec 16 12:16:31.379443 dv-neutron-821727-2-hyperv devstack@n-api.service[102386]: DEBUG nova.context [None req-872da2e6-9a51-48c1-9418-3f11d27e2d8d None None] Found 2 cells: 00000000-0000-0000-0000-000000000000(cell0),f7595b48-f550-4218-b39a-ecef6a6c4b6c(cell1) {{(pid=102386) load_cells /opt/stack/nova/nova/context.py:464}}
Dec 16 12:16:31.383465 dv-neutron-821727-2-hyperv devstack@n-api.service[102387]: DEBUG oslo_concurrency.lockutils [None req-32078c85-5737-4814-9821-735566b8d0ef None None] Lock "00000000-0000-0000-0000-000000000000" acquired by "nova.context.set_target_cell..get_or_set_cached_cell_and_set_connections" :: waited 0.000s {{(pid=102387) inner /usr/local/lib/python3.8/dist-packages/oslo_concurrency/lockutils.py:386}}
Dec 16 12:16:31.383598 dv-neutron-821727-2-hyperv devstack@n-api.service[102386]: DEBUG oslo_concurrency.lockutils [None req-872da2e6-9a51-48c1-9418-3f11d27e2d8d None None] Lock "00000000-0000-0000-0000-000000000000" acquired by "nova.context.set_target_cell..get_or_set_cached_cell_and_set_connections" :: waited 0.000s {{(pid=102386) inner /usr/local/lib/python3.8/dist-packages/oslo_concurrency/lockutils.py:386}}
Dec 16 12:16:31.385035 dv-neutron-821727-2-hyperv devstack@n-api.service[102387]: DEBUG oslo_concurrency.lockutils [None req-32078c85-5737-4814-9821-735566b8d0ef None None] Lock "00000000-0000-0000-0000-000000000000" "released" by "nova.context.set_target_cell..get_or_set_cached_cell_and_set_connections" :: held 0.002s {{(pid=102387) inner /usr/local/lib/python3.8/dist-packages/oslo_concurrency/lockutils.py:400}}
Dec 16 12:16:31.385131 dv-neutron-821727-2-hyperv devstack@n-api.service[102386]: DEBUG oslo_concurrency.lockutils [None req-872da2e6-9a51-48c1-9418-3f11d27e2d8d None None] Lock "00000000-0000-0000-0000-000000000000" "released" by "nova.context.set_target_cell..get_or_set_cached_cell_and_set_connections" :: held 0.002s {{(pid=102386) inner /usr/local/lib/python3.8/dist-packages/oslo_concurrency/lockutils.py:400}}
Dec 16 12:16:31.385827 dv-neutron-821727-2-hyperv devstack@n-api.service[102387]: DEBUG oslo_concurrency.lockutils [None req-32078c85-5737-4814-9821-735566b8d0ef None None] Lock "f7595b48-f550-4218-b39a-ecef6a6c4b6c" acquired by "nova.context.set_target_cell..get_or_set_cached_cell_and_set_connections" :: waited 0.000s {{(pid=102387) inner /usr/local/lib/python3.8/dist-packages/oslo_concurrency/lockutils.py:386}}
Dec 16 12:16:31.385931 dv-neutron-821727-2-hyperv devstack@n-api.service[102386]: DEBUG oslo_concurrency.lockutils [None req-872da2e6-9a51-48c1-9418-3f11d27e2d8d None None] Lock "f7595b48-f550-4218-b39a-ecef6a6c4b6c" acquired by "nova.context.set_target_cell..get_or_set_cached_cell_and_set_connections" :: waited 0.000s {{(pid=102386) inner /usr/local/lib/python3.8/dist-packages/oslo_concurrency/lockutils.py:386}}
Dec 16 12:16:31.387785 dv-neutron-821727-2-hyperv devstack@n-api.service[102387]: DEBUG oslo_concurrency.lockutils [None req-32078c85-5737-4814-9821-735566b8d0ef None None] Lock "f7595b48-f550-4218-b39a-ecef6a6c4b6c" "released" by "nova.context.set_target_cell..get_or_set_cached_cell_and_set_connections" :: held 0.002s {{(pid=102387) inner /usr/local/lib/python3.8/dist-packages/oslo_concurrency/lockutils.py:400}}
Dec 16 12:16:31.387880 dv-neutron-821727-2-hyperv devstack@n-api.service[102386]: DEBUG oslo_concurrency.lockutils [None req-872da2e6-9a51-48c1-9418-3f11d27e2d8d None None] Lock "f7595b48-f550-4218-b39a-ecef6a6c4b6c" "released" by "nova.context.set_target_cell..get_or_set_cached_cell_and_set_connections" :: held 0.002s {{(pid=102386) inner /usr/local/lib/python3.8/dist-packages/oslo_concurrency/lockutils.py:400}}
Dec 16 12:16:31.398988 dv-neutron-821727-2-hyperv devstack@n-api.service[102386]: DEBUG oslo_db.sqlalchemy.engines [None req-872da2e6-9a51-48c1-9418-3f11d27e2d8d None None] MySQL server mode set to STRICT_TRANS_TABLES,STRICT_ALL_TABLES,NO_ZERO_IN_DATE,NO_ZERO_DATE,ERROR_FOR_DIVISION_BY_ZERO,TRADITIONAL,NO_ENGINE_SUBSTITUTION {{(pid=102386) _check_effective_sql_mode /usr/local/lib/python3.8/dist-packages/oslo_db/sqlalchemy/engines.py:314}}
Dec 16 12:16:31.400041 dv-neutron-821727-2-hyperv devstack@n-api.service[102387]: DEBUG oslo_db.sqlalchemy.engines [None req-32078c85-5737-4814-9821-735566b8d0ef None None] MySQL server mode set to STRICT_TRANS_TABLES,STRICT_ALL_TABLES,NO_ZERO_IN_DATE,NO_ZERO_DATE,ERROR_FOR_DIVISION_BY_ZERO,TRADITIONAL,NO_ENGINE_SUBSTITUTION {{(pid=102387) _check_effective_sql_mode /usr/local/lib/python3.8/dist-packages/oslo_db/sqlalchemy/engines.py:314}}
Dec 16 12:16:31.402329 dv-neutron-821727-2-hyperv devstack@n-api.service[102386]: DEBUG oslo_db.sqlalchemy.engines [None req-872da2e6-9a51-48c1-9418-3f11d27e2d8d None None] MySQL server mode set to STRICT_TRANS_TABLES,STRICT_ALL_TABLES,NO_ZERO_IN_DATE,NO_ZERO_DATE,ERROR_FOR_DIVISION_BY_ZERO,TRADITIONAL,NO_ENGINE_SUBSTITUTION {{(pid=102386) _check_effective_sql_mode /usr/local/lib/python3.8/dist-packages/oslo_db/sqlalchemy/engines.py:314}}
Dec 16 12:16:31.405821 dv-neutron-821727-2-hyperv devstack@n-api.service[102387]: DEBUG oslo_db.sqlalchemy.engines [None req-32078c85-5737-4814-9821-735566b8d0ef None None] MySQL server mode set to STRICT_TRANS_TABLES,STRICT_ALL_TABLES,NO_ZERO_IN_DATE,NO_ZERO_DATE,ERROR_FOR_DIVISION_BY_ZERO,TRADITIONAL,NO_ENGINE_SUBSTITUTION {{(pid=102387) _check_effective_sql_mode /usr/local/lib/python3.8/dist-packages/oslo_db/sqlalchemy/engines.py:314}}
Dec 16 12:16:31.567486 dv-neutron-821727-2-hyperv devstack@n-api.service[102386]: DEBUG oslo_db.sqlalchemy.engines [None req-872da2e6-9a51-48c1-9418-3f11d27e2d8d None None] MySQL server mode set to STRICT_TRANS_TABLES,STRICT_ALL_TABLES,NO_ZERO_IN_DATE,NO_ZERO_DATE,ERROR_FOR_DIVISION_BY_ZERO,TRADITIONAL,NO_ENGINE_SUBSTITUTION {{(pid=102386) _check_effective_sql_mode /usr/local/lib/python3.8/dist-packages/oslo_db/sqlalchemy/engines.py:314}}
Dec 16 12:16:31.568504 dv-neutron-821727-2-hyperv devstack@n-api.service[102387]: DEBUG oslo_db.sqlalchemy.engines [None req-32078c85-5737-4814-9821-735566b8d0ef None None] MySQL server mode set to STRICT_TRANS_TABLES,STRICT_ALL_TABLES,NO_ZERO_IN_DATE,NO_ZERO_DATE,ERROR_FOR_DIVISION_BY_ZERO,TRADITIONAL,NO_ENGINE_SUBSTITUTION {{(pid=102387) _check_effective_sql_mode /usr/local/lib/python3.8/dist-packages/oslo_db/sqlalchemy/engines.py:314}}
Dec 16 12:16:31.909850 dv-neutron-821727-2-hyperv devstack@n-api.service[102387]: WARNING keystonemiddleware.auth_token [None req-32078c85-5737-4814-9821-735566b8d0ef None None] AuthToken middleware is set with keystone_authtoken.service_token_roles_required set to False. This is backwards compatible but deprecated behaviour. Please set this to True.
Dec 16 12:16:31.914777 dv-neutron-821727-2-hyperv devstack@n-api.service[102386]: WARNING keystonemiddleware.auth_token [None req-872da2e6-9a51-48c1-9418-3f11d27e2d8d None None] AuthToken middleware is set with keystone_authtoken.service_token_roles_required set to False. This is backwards compatible but deprecated behaviour. Please set this to True.
Dec 16 12:16:31.916377 dv-neutron-821727-2-hyperv devstack@n-api.service[102387]: WARNING keystonemiddleware.auth_token [None req-32078c85-5737-4814-9821-735566b8d0ef None None] Configuring www_authenticate_uri to point to the public identity endpoint is required; clients may not be able to authenticate against an admin endpoint
Dec 16 12:16:31.922213 dv-neutron-821727-2-hyperv devstack@n-api.service[102386]: WARNING keystonemiddleware.auth_token [None req-872da2e6-9a51-48c1-9418-3f11d27e2d8d None None] Configuring www_authenticate_uri to point to the public identity endpoint is required; clients may not be able to authenticate against an admin endpoint
Dec 16 12:16:32.258381 dv-neutron-821727-2-hyperv devstack@n-api.service[102387]: WARNING keystonemiddleware.auth_token [None req-32078c85-5737-4814-9821-735566b8d0ef None None] AuthToken middleware is set with keystone_authtoken.service_token_roles_required set to False. This is backwards compatible but deprecated behaviour. Please set this to True.
Dec 16 12:16:32.263990 dv-neutron-821727-2-hyperv devstack@n-api.service[102387]: WARNING keystonemiddleware.auth_token [None req-32078c85-5737-4814-9821-735566b8d0ef None None] Configuring www_authenticate_uri to point to the public identity endpoint is required; clients may not be able to authenticate against an admin endpoint
Dec 16 12:16:32.264684 dv-neutron-821727-2-hyperv devstack@n-api.service[102386]: WARNING keystonemiddleware.auth_token [None req-872da2e6-9a51-48c1-9418-3f11d27e2d8d None None] AuthToken middleware is set with keystone_authtoken.service_token_roles_required set to False. This is backwards compatible but deprecated behaviour. Please set this to True.
Dec 16 12:16:32.269008 dv-neutron-821727-2-hyperv devstack@n-api.service[102387]: WSGI app 0 (mountpoint='') ready in 6 seconds on interpreter 0x558521ca09c0 pid: 102387 (default app)
Dec 16 12:16:32.270430 dv-neutron-821727-2-hyperv devstack@n-api.service[102386]: WARNING keystonemiddleware.auth_token [None req-872da2e6-9a51-48c1-9418-3f11d27e2d8d None None] Configuring www_authenticate_uri to point to the public identity endpoint is required; clients may not be able to authenticate against an admin endpoint
Dec 16 12:16:32.271114 dv-neutron-821727-2-hyperv devstack@n-api.service[102387]: DEBUG nova.api.openstack.wsgi [None req-32078c85-5737-4814-9821-735566b8d0ef None None] Calling method '>' {{(pid=102387) _process_stack /opt/stack/nova/nova/api/openstack/wsgi.py:513}}
Dec 16 12:16:32.272287 dv-neutron-821727-2-hyperv devstack@n-api.service[102387]: INFO nova.api.openstack.requestlog [None req-32078c85-5737-4814-9821-735566b8d0ef None None] 10.222.0.41 "GET /compute/v2.1/" status: 200 len: 388 microversion: 2.1 time: 0.001745
Dec 16 12:16:32.272694 dv-neutron-821727-2-hyperv devstack@n-api.service[102387]: [pid: 102387|app: 0|req: 1/1] 10.222.0.41 () {50 vars in 788 bytes} [Thu Dec 16 12:16:32 2021] GET /compute/v2.1/ => generated 388 bytes in 3 msecs (HTTP/1.1 200) 9 headers in 357 bytes (1 switches on core 0)
Dec 16 12:16:32.275607 dv-neutron-821727-2-hyperv devstack@n-api.service[102386]: WSGI app 0 (mountpoint='') ready in 6 seconds on interpreter 0x558521ca09c0 pid: 102386 (default app)
Dec 16 12:17:55.241618 dv-neutron-821727-2-hyperv devstack@n-api.service[102387]: DEBUG nova.api.openstack.wsgi [None req-32078c85-5737-4814-9821-735566b8d0ef None None] Calling method '>' {{(pid=102387) _process_stack /opt/stack/nova/nova/api/openstack/wsgi.py:513}}
Dec 16 12:17:55.243297 dv-neutron-821727-2-hyperv devstack@n-api.service[102387]: INFO nova.api.openstack.requestlog [None req-32078c85-5737-4814-9821-735566b8d0ef None None] 10.222.0.41 "GET /compute/v2.1" status: 200 len: 388 microversion: 2.1 time: 0.002014
Dec 16 12:17:55.243697 dv-neutron-821727-2-hyperv devstack@n-api.service[102387]: [pid: 102387|app: 0|req: 2/2] 10.222.0.41 () {54 vars in 930 bytes} [Thu Dec 16 12:17:55 2021] GET /compute/v2.1 => generated 388 bytes in 3 msecs (HTTP/1.1 200) 9 headers in 357 bytes (1 switches on core 0)
Dec 16 12:17:55.675411 dv-neutron-821727-2-hyperv devstack@n-api.service[102386]: DEBUG nova.api.openstack.wsgi [None req-40d1c09c-ad63-4c6d-a7df-1965b00d5550 admin admin] Calling method '>' {{(pid=102386) _process_stack /opt/stack/nova/nova/api/openstack/wsgi.py:513}}
Dec 16 12:17:55.704276 dv-neutron-821727-2-hyperv devstack@n-api.service[102386]: INFO nova.api.openstack.requestlog [None req-40d1c09c-ad63-4c6d-a7df-1965b00d5550 admin admin] 10.222.0.41 "GET /compute/v2.1/flavors/detail?is_public=True" status: 200 len: 15 microversion: 2.61 time: 0.452670
Dec 16 12:17:55.705060 dv-neutron-821727-2-hyperv devstack@n-api.service[102386]: [pid: 102386|app: 0|req: 1/3] 10.222.0.41 () {60 vars in 1291 bytes} [Thu Dec 16 12:17:55 2021] GET /compute/v2.1/flavors/detail?is_public=True => generated 15 bytes in 455 msecs (HTTP/1.1 200) 9 headers in 358 bytes (1 switches on core 0)
Dec 16 12:17:58.126295 dv-neutron-821727-2-hyperv devstack@n-api.service[102387]: DEBUG nova.api.openstack.wsgi [None req-32078c85-5737-4814-9821-735566b8d0ef None None] Calling method '>' {{(pid=102387) _process_stack /opt/stack/nova/nova/api/openstack/wsgi.py:513}}
Dec 16 12:17:58.127320 dv-neutron-821727-2-hyperv devstack@n-api.service[102387]: INFO nova.api.openstack.requestlog [None req-32078c85-5737-4814-9821-735566b8d0ef None None] 10.222.0.41 "GET /compute/v2.1" status: 200 len: 388 microversion: 2.1 time: 0.001420
Dec 16 12:17:58.127727 dv-neutron-821727-2-hyperv devstack@n-api.service[102387]: [pid: 102387|app: 0|req: 3/4] 10.222.0.41 () {54 vars in 930 bytes} [Thu Dec 16 12:17:58 2021] GET /compute/v2.1 => generated 388 bytes in 2 msecs (HTTP/1.1 200) 9 headers in 357 bytes (1 switches on core 0)
Dec 16 12:17:58.192064 dv-neutron-821727-2-hyperv devstack@n-api.service[102386]: DEBUG nova.api.openstack.wsgi [None req-1fb1ad83-8959-4b80-908c-6ef743cfd48e admin admin] Action: 'create', calling method: >, body: {"flavor": {"vcpus": 1, "os-flavor-access:is_public": true, "swap": 0, "name": "cirros256", "disk": 1, "id": "c1", "OS-FLV-EXT-DATA:ephemeral": 0, "ram": 256, "rxtx_factor": 1.0}} {{(pid=102386) _process_stack /opt/stack/nova/nova/api/openstack/wsgi.py:511}}
Dec 16 12:17:58.211209 dv-neutron-821727-2-hyperv devstack@n-api.service[102386]: /usr/local/lib/python3.8/dist-packages/oslo_policy/policy.py:1117: UserWarning: Policy "os_compute_api:os-flavor-manage:create": "rule:system_admin_api" failed scope check. The token used to make the request was project scoped but the policy requires ['system'] scope. This behavior may change in the future where using the intended scope is required
Dec 16 12:17:58.211209 dv-neutron-821727-2-hyperv devstack@n-api.service[102386]: warnings.warn(msg)
Dec 16 12:17:58.244594 dv-neutron-821727-2-hyperv devstack@n-api.service[102386]: INFO nova.api.openstack.requestlog [None req-1fb1ad83-8959-4b80-908c-6ef743cfd48e admin admin] 10.222.0.41 "POST /compute/v2.1/flavors" status: 200 len: 407 microversion: 2.61 time: 0.109239
Dec 16 12:17:58.245088 dv-neutron-821727-2-hyperv devstack@n-api.service[102386]: [pid: 102386|app: 0|req: 2/5] 10.222.0.41 () {64 vars in 1282 bytes} [Thu Dec 16 12:17:58 2021] POST /compute/v2.1/flavors => generated 407 bytes in 111 msecs (HTTP/1.1 200) 9 headers in 359 bytes (2 switches on core 0)
Dec 16 12:17:58.468539 dv-neutron-821727-2-hyperv devstack@n-api.service[102387]: DEBUG nova.api.openstack.wsgi [None req-da932749-bab9-4076-a476-61f95e5ce54d admin admin] Action: 'create', calling method: >, body: {"extra_specs": {"hw_rng:allowed": "True"}} {{(pid=102387) _process_stack /opt/stack/nova/nova/api/openstack/wsgi.py:511}}
Dec 16 12:17:58.471055 dv-neutron-821727-2-hyperv devstack@n-api.service[102387]: /usr/local/lib/python3.8/dist-packages/oslo_policy/policy.py:1117: UserWarning: Policy "os_compute_api:os-flavor-extra-specs:create": "rule:system_admin_api" failed scope check. The token used to make the request was project scoped but the policy requires ['system'] scope. This behavior may change in the future where using the intended scope is required
Dec 16 12:17:58.471055 dv-neutron-821727-2-hyperv devstack@n-api.service[102387]: warnings.warn(msg)
Dec 16 12:17:58.521075 dv-neutron-821727-2-hyperv devstack@n-api.service[102387]: INFO nova.api.openstack.requestlog [None req-da932749-bab9-4076-a476-61f95e5ce54d admin admin] 10.222.0.41 "POST /compute/v2.1/flavors/c1/os-extra_specs" status: 200 len: 43 microversion: 2.61 time: 0.267454
Dec 16 12:17:58.523260 dv-neutron-821727-2-hyperv devstack@n-api.service[102387]: [pid: 102387|app: 0|req: 4/6] 10.222.0.41 () {64 vars in 1335 bytes} [Thu Dec 16 12:17:58 2021] POST /compute/v2.1/flavors/c1/os-extra_specs => generated 43 bytes in 269 msecs (HTTP/1.1 200) 9 headers in 358 bytes (1 switches on core 0)
Dec 16 12:18:00.972882 dv-neutron-821727-2-hyperv devstack@n-api.service[102386]: DEBUG nova.api.openstack.wsgi [None req-1fb1ad83-8959-4b80-908c-6ef743cfd48e admin admin] Calling method '>' {{(pid=102386) _process_stack /opt/stack/nova/nova/api/openstack/wsgi.py:513}}
Dec 16 12:18:00.973954 dv-neutron-821727-2-hyperv devstack@n-api.service[102386]: INFO nova.api.openstack.requestlog [None req-1fb1ad83-8959-4b80-908c-6ef743cfd48e admin admin] 10.222.0.41 "GET /compute/v2.1" status: 200 len: 388 microversion: 2.1 time: 0.001532
Dec 16 12:18:00.974553 dv-neutron-821727-2-hyperv devstack@n-api.service[102386]: [pid: 102386|app: 0|req: 3/7] 10.222.0.41 () {54 vars in 930 bytes} [Thu Dec 16 12:18:00 2021] GET /compute/v2.1 => generated 388 bytes in 3 msecs (HTTP/1.1 200) 9 headers in 357 bytes (1 switches on core 0)
Dec 16 12:18:01.114235 dv-neutron-821727-2-hyperv devstack@n-api.service[102387]: DEBUG nova.api.openstack.wsgi [None req-054a5ce6-f155-4a6d-94a8-25436fe08094 admin admin] Action: 'create', calling method: >, body: {"flavor": {"ram": 512, "rxtx_factor": 1.0, "os-flavor-access:is_public": true, "swap": 0, "disk": 5, "vcpus": 1, "OS-FLV-EXT-DATA:ephemeral": 0, "id": "d1", "name": "ds512M"}} {{(pid=102387) _process_stack /opt/stack/nova/nova/api/openstack/wsgi.py:511}}
Dec 16 12:18:01.142202 dv-neutron-821727-2-hyperv devstack@n-api.service[102387]: /usr/local/lib/python3.8/dist-packages/oslo_policy/policy.py:1117: UserWarning: Policy "os_compute_api:os-flavor-manage:create": "rule:system_admin_api" failed scope check. The token used to make the request was project scoped but the policy requires ['system'] scope. This behavior may change in the future where using the intended scope is required
Dec 16 12:18:01.142202 dv-neutron-821727-2-hyperv devstack@n-api.service[102387]: warnings.warn(msg)
Dec 16 12:18:01.164511 dv-neutron-821727-2-hyperv devstack@n-api.service[102387]: INFO nova.api.openstack.requestlog [None req-054a5ce6-f155-4a6d-94a8-25436fe08094 admin admin] 10.222.0.41 "POST /compute/v2.1/flavors" status: 200 len: 404 microversion: 2.61 time: 0.181958
Dec 16 12:18:01.164511 dv-neutron-821727-2-hyperv devstack@n-api.service[102387]: [pid: 102387|app: 0|req: 5/8] 10.222.0.41 () {64 vars in 1282 bytes} [Thu Dec 16 12:18:00 2021] POST /compute/v2.1/flavors => generated 404 bytes in 184 msecs (HTTP/1.1 200) 9 headers in 359 bytes (1 switches on core 0)
Dec 16 12:18:01.178297 dv-neutron-821727-2-hyperv devstack@n-api.service[102386]: DEBUG nova.api.openstack.wsgi [None req-2e872f67-d9ad-40e4-920b-161103a90483 admin admin] Action: 'create', calling method: >, body: {"extra_specs": {"hw_rng:allowed": "True"}} {{(pid=102386) _process_stack /opt/stack/nova/nova/api/openstack/wsgi.py:511}}
Dec 16 12:18:01.179822 dv-neutron-821727-2-hyperv devstack@n-api.service[102386]: /usr/local/lib/python3.8/dist-packages/oslo_policy/policy.py:1117: UserWarning: Policy "os_compute_api:os-flavor-extra-specs:create": "rule:system_admin_api" failed scope check. The token used to make the request was project scoped but the policy requires ['system'] scope. This behavior may change in the future where using the intended scope is required
Dec 16 12:18:01.179822 dv-neutron-821727-2-hyperv devstack@n-api.service[102386]: warnings.warn(msg)
Dec 16 12:18:01.219543 dv-neutron-821727-2-hyperv devstack@n-api.service[102386]: INFO nova.api.openstack.requestlog [None req-2e872f67-d9ad-40e4-920b-161103a90483 admin admin] 10.222.0.41 "POST /compute/v2.1/flavors/d1/os-extra_specs" status: 200 len: 43 microversion: 2.61 time: 0.045598
Dec 16 12:18:01.220155 dv-neutron-821727-2-hyperv devstack@n-api.service[102386]: [pid: 102386|app: 0|req: 4/9] 10.222.0.41 () {64 vars in 1335 bytes} [Thu Dec 16 12:18:01 2021] POST /compute/v2.1/flavors/d1/os-extra_specs => generated 43 bytes in 47 msecs (HTTP/1.1 200) 9 headers in 358 bytes (1 switches on core 0)
Dec 16 12:18:03.792905 dv-neutron-821727-2-hyperv devstack@n-api.service[102387]: DEBUG nova.api.openstack.wsgi [None req-054a5ce6-f155-4a6d-94a8-25436fe08094 admin admin] Calling method '>' {{(pid=102387) _process_stack /opt/stack/nova/nova/api/openstack/wsgi.py:513}}
Dec 16 12:18:03.794584 dv-neutron-821727-2-hyperv devstack@n-api.service[102387]: INFO nova.api.openstack.requestlog [None req-054a5ce6-f155-4a6d-94a8-25436fe08094 admin admin] 10.222.0.41 "GET /compute/v2.1" status: 200 len: 388 microversion: 2.1 time: 0.002131
Dec 16 12:18:03.800728 dv-neutron-821727-2-hyperv devstack@n-api.service[102387]: [pid: 102387|app: 0|req: 6/10] 10.222.0.41 () {54 vars in 930 bytes} [Thu Dec 16 12:18:03 2021] GET /compute/v2.1 => generated 388 bytes in 9 msecs (HTTP/1.1 200) 9 headers in 357 bytes (1 switches on core 0)
Dec 16 12:18:03.858667 dv-neutron-821727-2-hyperv devstack@n-api.service[102386]: DEBUG nova.api.openstack.wsgi [None req-e0a72c38-c70b-49e0-97a0-f89a25a0152c admin admin] Action: 'create', calling method: >, body: {"flavor": {"os-flavor-access:is_public": true, "vcpus": 1, "OS-FLV-EXT-DATA:ephemeral": 0, "swap": 0, "rxtx_factor": 1.0, "ram": 1024, "disk": 10, "id": "d2", "name": "ds1G"}} {{(pid=102386) _process_stack /opt/stack/nova/nova/api/openstack/wsgi.py:511}}
Dec 16 12:18:03.881200 dv-neutron-821727-2-hyperv devstack@n-api.service[102386]: INFO nova.api.openstack.requestlog [None req-e0a72c38-c70b-49e0-97a0-f89a25a0152c admin admin] 10.222.0.41 "POST /compute/v2.1/flavors" status: 200 len: 404 microversion: 2.61 time: 0.079061
Dec 16 12:18:03.882117 dv-neutron-821727-2-hyperv devstack@n-api.service[102386]: [pid: 102386|app: 0|req: 5/11] 10.222.0.41 () {64 vars in 1282 bytes} [Thu Dec 16 12:18:03 2021] POST /compute/v2.1/flavors => generated 404 bytes in 81 msecs (HTTP/1.1 200) 9 headers in 359 bytes (1 switches on core 0)
Dec 16 12:18:03.893782 dv-neutron-821727-2-hyperv devstack@n-api.service[102387]: DEBUG nova.api.openstack.wsgi [None req-941bed9b-bbab-46dc-80f1-848f6b97f2d2 admin admin] Action: 'create', calling method: >, body: {"extra_specs": {"hw_rng:allowed": "True"}} {{(pid=102387) _process_stack /opt/stack/nova/nova/api/openstack/wsgi.py:511}}
Dec 16 12:18:03.918781 dv-neutron-821727-2-hyperv devstack@n-api.service[102387]: INFO nova.api.openstack.requestlog [None req-941bed9b-bbab-46dc-80f1-848f6b97f2d2 admin admin] 10.222.0.41 "POST /compute/v2.1/flavors/d2/os-extra_specs" status: 200 len: 43 microversion: 2.61 time: 0.028377
Dec 16 12:18:03.935801 dv-neutron-821727-2-hyperv devstack@n-api.service[102387]: [pid: 102387|app: 0|req: 7/12] 10.222.0.41 () {64 vars in 1335 bytes} [Thu Dec 16 12:18:03 2021] POST /compute/v2.1/flavors/d2/os-extra_specs => generated 43 bytes in 46 msecs (HTTP/1.1 200) 9 headers in 358 bytes (1 switches on core 0)
Dec 16 12:18:06.652410 dv-neutron-821727-2-hyperv devstack@n-api.service[102386]: DEBUG nova.api.openstack.wsgi [None req-e0a72c38-c70b-49e0-97a0-f89a25a0152c admin admin] Calling method '>' {{(pid=102386) _process_stack /opt/stack/nova/nova/api/openstack/wsgi.py:513}}
Dec 16 12:18:06.653423 dv-neutron-821727-2-hyperv devstack@n-api.service[102386]: INFO nova.api.openstack.requestlog [None req-e0a72c38-c70b-49e0-97a0-f89a25a0152c admin admin] 10.222.0.41 "GET /compute/v2.1" status: 200 len: 388 microversion: 2.1 time: 0.001466
Dec 16 12:18:06.653828 dv-neutron-821727-2-hyperv devstack@n-api.service[102386]: [pid: 102386|app: 0|req: 6/13] 10.222.0.41 () {54 vars in 930 bytes} [Thu Dec 16 12:18:06 2021] GET /compute/v2.1 => generated 388 bytes in 2 msecs (HTTP/1.1 200) 9 headers in 357 bytes (1 switches on core 0)
Dec 16 12:18:06.718071 dv-neutron-821727-2-hyperv devstack@n-api.service[102387]: DEBUG nova.api.openstack.wsgi [None req-f308b656-0701-4b02-90ad-f342e899a71f admin admin] Action: 'create', calling method: >, body: {"flavor": {"swap": 0, "OS-FLV-EXT-DATA:ephemeral": 0, "ram": 2048, "id": "d3", "name": "ds2G", "vcpus": 2, "rxtx_factor": 1.0, "disk": 10, "os-flavor-access:is_public": true}} {{(pid=102387) _process_stack /opt/stack/nova/nova/api/openstack/wsgi.py:511}}
Dec 16 12:18:06.736690 dv-neutron-821727-2-hyperv devstack@n-api.service[102387]: INFO nova.api.openstack.requestlog [None req-f308b656-0701-4b02-90ad-f342e899a71f admin admin] 10.222.0.41 "POST /compute/v2.1/flavors" status: 200 len: 404 microversion: 2.61 time: 0.076277
Dec 16 12:18:06.737340 dv-neutron-821727-2-hyperv devstack@n-api.service[102387]: [pid: 102387|app: 0|req: 8/14] 10.222.0.41 () {64 vars in 1282 bytes} [Thu Dec 16 12:18:06 2021] POST /compute/v2.1/flavors => generated 404 bytes in 78 msecs (HTTP/1.1 200) 9 headers in 359 bytes (1 switches on core 0)
Dec 16 12:18:06.750234 dv-neutron-821727-2-hyperv devstack@n-api.service[102386]: DEBUG nova.api.openstack.wsgi [None req-17dfc6e5-8994-4fbb-a6fd-5d0abb16102d admin admin] Action: 'create', calling method: >, body: {"extra_specs": {"hw_rng:allowed": "True"}} {{(pid=102386) _process_stack /opt/stack/nova/nova/api/openstack/wsgi.py:511}}
Dec 16 12:18:06.774206 dv-neutron-821727-2-hyperv devstack@n-api.service[102386]: INFO nova.api.openstack.requestlog [None req-17dfc6e5-8994-4fbb-a6fd-5d0abb16102d admin admin] 10.222.0.41 "POST /compute/v2.1/flavors/d3/os-extra_specs" status: 200 len: 43 microversion: 2.61 time: 0.027350
Dec 16 12:18:06.775253 dv-neutron-821727-2-hyperv devstack@n-api.service[102386]: [pid: 102386|app: 0|req: 7/15] 10.222.0.41 () {64 vars in 1335 bytes} [Thu Dec 16 12:18:06 2021] POST /compute/v2.1/flavors/d3/os-extra_specs => generated 43 bytes in 29 msecs (HTTP/1.1 200) 9 headers in 358 bytes (1 switches on core 0)
Dec 16 12:18:09.272493 dv-neutron-821727-2-hyperv devstack@n-api.service[102387]: DEBUG nova.api.openstack.wsgi [None req-f308b656-0701-4b02-90ad-f342e899a71f admin admin] Calling method '>' {{(pid=102387) _process_stack /opt/stack/nova/nova/api/openstack/wsgi.py:513}}
Dec 16 12:18:09.273541 dv-neutron-821727-2-hyperv devstack@n-api.service[102387]: INFO nova.api.openstack.requestlog [None req-f308b656-0701-4b02-90ad-f342e899a71f admin admin] 10.222.0.41 "GET /compute/v2.1" status: 200 len: 388 microversion: 2.1 time: 0.001495
Dec 16 12:18:09.274141 dv-neutron-821727-2-hyperv devstack@n-api.service[102387]: [pid: 102387|app: 0|req: 9/16] 10.222.0.41 () {54 vars in 930 bytes} [Thu Dec 16 12:18:09 2021] GET /compute/v2.1 => generated 388 bytes in 2 msecs (HTTP/1.1 200) 9 headers in 357 bytes (1 switches on core 0)
Dec 16 12:18:09.342999 dv-neutron-821727-2-hyperv devstack@n-api.service[102386]: DEBUG nova.api.openstack.wsgi [None req-88901fb8-f630-4b0b-9960-fe1802f0d928 admin admin] Action: 'create', calling method: >, body: {"flavor": {"os-flavor-access:is_public": true, "swap": 0, "id": "d4", "ram": 4096, "OS-FLV-EXT-DATA:ephemeral": 0, "name": "ds4G", "vcpus": 4, "disk": 20, "rxtx_factor": 1.0}} {{(pid=102386) _process_stack /opt/stack/nova/nova/api/openstack/wsgi.py:511}}
Dec 16 12:18:09.364564 dv-neutron-821727-2-hyperv devstack@n-api.service[102386]: INFO nova.api.openstack.requestlog [None req-88901fb8-f630-4b0b-9960-fe1802f0d928 admin admin] 10.222.0.41 "POST /compute/v2.1/flavors" status: 200 len: 404 microversion: 2.61 time: 0.082594
Dec 16 12:18:09.365963 dv-neutron-821727-2-hyperv devstack@n-api.service[102386]: [pid: 102386|app: 0|req: 8/17] 10.222.0.41 () {64 vars in 1282 bytes} [Thu Dec 16 12:18:09 2021] POST /compute/v2.1/flavors => generated 404 bytes in 84 msecs (HTTP/1.1 200) 9 headers in 359 bytes (1 switches on core 0)
Dec 16 12:18:09.379647 dv-neutron-821727-2-hyperv devstack@n-api.service[102387]: DEBUG nova.api.openstack.wsgi [None req-724b2e28-f117-421c-91a5-9978a83db9b9 admin admin] Action: 'create', calling method: >, body: {"extra_specs": {"hw_rng:allowed": "True"}} {{(pid=102387) _process_stack /opt/stack/nova/nova/api/openstack/wsgi.py:511}}
Dec 16 12:18:09.408071 dv-neutron-821727-2-hyperv devstack@n-api.service[102387]: INFO nova.api.openstack.requestlog [None req-724b2e28-f117-421c-91a5-9978a83db9b9 admin admin] 10.222.0.41 "POST /compute/v2.1/flavors/d4/os-extra_specs" status: 200 len: 43 microversion: 2.61 time: 0.031996
Dec 16 12:18:09.408690 dv-neutron-821727-2-hyperv devstack@n-api.service[102387]: [pid: 102387|app: 0|req: 10/18] 10.222.0.41 () {64 vars in 1335 bytes} [Thu Dec 16 12:18:09 2021] POST /compute/v2.1/flavors/d4/os-extra_specs => generated 43 bytes in 33 msecs (HTTP/1.1 200) 9 headers in 358 bytes (1 switches on core 0)
Dec 16 12:18:11.915679 dv-neutron-821727-2-hyperv devstack@n-api.service[102386]: DEBUG nova.api.openstack.wsgi [None req-88901fb8-f630-4b0b-9960-fe1802f0d928 admin admin] Calling method '>' {{(pid=102386) _process_stack /opt/stack/nova/nova/api/openstack/wsgi.py:513}}
Dec 16 12:18:11.917424 dv-neutron-821727-2-hyperv devstack@n-api.service[102386]: INFO nova.api.openstack.requestlog [None req-88901fb8-f630-4b0b-9960-fe1802f0d928 admin admin] 10.222.0.41 "GET /compute/v2.1" status: 200 len: 388 microversion: 2.1 time: 0.002291
Dec 16 12:18:11.918063 dv-neutron-821727-2-hyperv devstack@n-api.service[102386]: [pid: 102386|app: 0|req: 9/19] 10.222.0.41 () {54 vars in 930 bytes} [Thu Dec 16 12:18:11 2021] GET /compute/v2.1 => generated 388 bytes in 3 msecs (HTTP/1.1 200) 9 headers in 357 bytes (1 switches on core 0)
Dec 16 12:18:11.983281 dv-neutron-821727-2-hyperv devstack@n-api.service[102387]: DEBUG nova.api.openstack.wsgi [None req-830d82da-6e1c-4a01-8bd6-7ab3696c3986 admin admin] Calling method '>' {{(pid=102387) _process_stack /opt/stack/nova/nova/api/openstack/wsgi.py:513}}
Dec 16 12:18:12.007925 dv-neutron-821727-2-hyperv devstack@n-api.service[102387]: INFO nova.api.openstack.requestlog [None req-830d82da-6e1c-4a01-8bd6-7ab3696c3986 admin admin] 10.222.0.41 "GET /compute/v2.1/flavors/detail?is_public=True" status: 200 len: 2106 microversion: 2.61 time: 0.082097
Dec 16 12:18:12.027122 dv-neutron-821727-2-hyperv devstack@n-api.service[102387]: [pid: 102387|app: 0|req: 11/20] 10.222.0.41 () {60 vars in 1291 bytes} [Thu Dec 16 12:18:11 2021] GET /compute/v2.1/flavors/detail?is_public=True => generated 2106 bytes in 102 msecs (HTTP/1.1 200) 9 headers in 360 bytes (1 switches on core 0)
Dec 16 12:18:14.500658 dv-neutron-821727-2-hyperv devstack@n-api.service[102386]: DEBUG nova.api.openstack.wsgi [None req-88901fb8-f630-4b0b-9960-fe1802f0d928 admin admin] Calling method '>' {{(pid=102386) _process_stack /opt/stack/nova/nova/api/openstack/wsgi.py:513}}
Dec 16 12:18:14.502329 dv-neutron-821727-2-hyperv devstack@n-api.service[102386]: INFO nova.api.openstack.requestlog [None req-88901fb8-f630-4b0b-9960-fe1802f0d928 admin admin] 10.222.0.41 "GET /compute/v2.1" status: 200 len: 388 microversion: 2.1 time: 0.002043
Dec 16 12:18:14.515191 dv-neutron-821727-2-hyperv devstack@n-api.service[102386]: [pid: 102386|app: 0|req: 10/21] 10.222.0.41 () {54 vars in 930 bytes} [Thu Dec 16 12:18:14 2021] GET /compute/v2.1 => generated 388 bytes in 15 msecs (HTTP/1.1 200) 9 headers in 357 bytes (2 switches on core 0)
Dec 16 12:18:14.596114 dv-neutron-821727-2-hyperv devstack@n-api.service[102387]: DEBUG nova.api.openstack.wsgi [None req-69dffcdb-f113-4a26-8161-34b319306678 admin admin] Action: 'create', calling method: >, body: {"flavor": {"rxtx_factor": 1.0, "ram": 512, "name": "m1.tiny", "os-flavor-access:is_public": true, "id": "1", "disk": 1, "vcpus": 1, "OS-FLV-EXT-DATA:ephemeral": 0, "swap": 0}} {{(pid=102387) _process_stack /opt/stack/nova/nova/api/openstack/wsgi.py:511}}
Dec 16 12:18:14.621658 dv-neutron-821727-2-hyperv devstack@n-api.service[102387]: INFO nova.api.openstack.requestlog [None req-69dffcdb-f113-4a26-8161-34b319306678 admin admin] 10.222.0.41 "POST /compute/v2.1/flavors" status: 200 len: 402 microversion: 2.61 time: 0.111676
Dec 16 12:18:14.623994 dv-neutron-821727-2-hyperv devstack@n-api.service[102387]: [pid: 102387|app: 0|req: 12/22] 10.222.0.41 () {64 vars in 1282 bytes} [Thu Dec 16 12:18:14 2021] POST /compute/v2.1/flavors => generated 402 bytes in 114 msecs (HTTP/1.1 200) 9 headers in 359 bytes (1 switches on core 0)
Dec 16 12:18:14.636522 dv-neutron-821727-2-hyperv devstack@n-api.service[102386]: DEBUG nova.api.openstack.wsgi [None req-0912cd1c-fb76-46e6-a017-03f1c8e128b5 admin admin] Action: 'create', calling method: >, body: {"extra_specs": {"hw_rng:allowed": "True"}} {{(pid=102386) _process_stack /opt/stack/nova/nova/api/openstack/wsgi.py:511}}
Dec 16 12:18:14.662289 dv-neutron-821727-2-hyperv devstack@n-api.service[102386]: INFO nova.api.openstack.requestlog [None req-0912cd1c-fb76-46e6-a017-03f1c8e128b5 admin admin] 10.222.0.41 "POST /compute/v2.1/flavors/1/os-extra_specs" status: 200 len: 43 microversion: 2.61 time: 0.030127
Dec 16 12:18:14.680239 dv-neutron-821727-2-hyperv devstack@n-api.service[102386]: [pid: 102386|app: 0|req: 11/23] 10.222.0.41 () {64 vars in 1332 bytes} [Thu Dec 16 12:18:14 2021] POST /compute/v2.1/flavors/1/os-extra_specs => generated 43 bytes in 49 msecs (HTTP/1.1 200) 9 headers in 358 bytes (1 switches on core 0)
Dec 16 12:18:17.278687 dv-neutron-821727-2-hyperv devstack@n-api.service[102387]: DEBUG nova.api.openstack.wsgi [None req-69dffcdb-f113-4a26-8161-34b319306678 admin admin] Calling method '>' {{(pid=102387) _process_stack /opt/stack/nova/nova/api/openstack/wsgi.py:513}}
Dec 16 12:18:17.280559 dv-neutron-821727-2-hyperv devstack@n-api.service[102387]: INFO nova.api.openstack.requestlog [None req-69dffcdb-f113-4a26-8161-34b319306678 admin admin] 10.222.0.41 "GET /compute/v2.1" status: 200 len: 388 microversion: 2.1 time: 0.001883
Dec 16 12:18:17.281083 dv-neutron-821727-2-hyperv devstack@n-api.service[102387]: [pid: 102387|app: 0|req: 13/24] 10.222.0.41 () {54 vars in 930 bytes} [Thu Dec 16 12:18:17 2021] GET /compute/v2.1 => generated 388 bytes in 4 msecs (HTTP/1.1 200) 9 headers in 357 bytes (1 switches on core 0)
Dec 16 12:18:17.347930 dv-neutron-821727-2-hyperv devstack@n-api.service[102386]: DEBUG nova.api.openstack.wsgi [None req-543320a3-dcd4-40ea-9d2b-0e1ed5811d37 admin admin] Action: 'create', calling method: >, body: {"flavor": {"ram": 2048, "vcpus": 1, "OS-FLV-EXT-DATA:ephemeral": 0, "disk": 20, "rxtx_factor": 1.0, "name": "m1.small", "id": "2", "os-flavor-access:is_public": true, "swap": 0}} {{(pid=102386) _process_stack /opt/stack/nova/nova/api/openstack/wsgi.py:511}}
Dec 16 12:18:17.369723 dv-neutron-821727-2-hyperv devstack@n-api.service[102386]: INFO nova.api.openstack.requestlog [None req-543320a3-dcd4-40ea-9d2b-0e1ed5811d37 admin admin] 10.222.0.41 "POST /compute/v2.1/flavors" status: 200 len: 405 microversion: 2.61 time: 0.080646
Dec 16 12:18:17.370418 dv-neutron-821727-2-hyperv devstack@n-api.service[102386]: [pid: 102386|app: 0|req: 12/25] 10.222.0.41 () {64 vars in 1282 bytes} [Thu Dec 16 12:18:17 2021] POST /compute/v2.1/flavors => generated 405 bytes in 82 msecs (HTTP/1.1 200) 9 headers in 359 bytes (1 switches on core 0)
Dec 16 12:18:17.385947 dv-neutron-821727-2-hyperv devstack@n-api.service[102387]: DEBUG nova.api.openstack.wsgi [None req-933cdcec-a807-40e1-8af7-09c37f1e2355 admin admin] Action: 'create', calling method: >, body: {"extra_specs": {"hw_rng:allowed": "True"}} {{(pid=102387) _process_stack /opt/stack/nova/nova/api/openstack/wsgi.py:511}}
Dec 16 12:18:17.411226 dv-neutron-821727-2-hyperv devstack@n-api.service[102387]: INFO nova.api.openstack.requestlog [None req-933cdcec-a807-40e1-8af7-09c37f1e2355 admin admin] 10.222.0.41 "POST /compute/v2.1/flavors/2/os-extra_specs" status: 200 len: 43 microversion: 2.61 time: 0.030292
Dec 16 12:18:17.411870 dv-neutron-821727-2-hyperv devstack@n-api.service[102387]: [pid: 102387|app: 0|req: 14/26] 10.222.0.41 () {64 vars in 1332 bytes} [Thu Dec 16 12:18:17 2021] POST /compute/v2.1/flavors/2/os-extra_specs => generated 43 bytes in 32 msecs (HTTP/1.1 200) 9 headers in 358 bytes (1 switches on core 0)
Dec 16 12:18:20.221365 dv-neutron-821727-2-hyperv devstack@n-api.service[102386]: DEBUG nova.api.openstack.wsgi [None req-543320a3-dcd4-40ea-9d2b-0e1ed5811d37 admin admin] Calling method '>' {{(pid=102386) _process_stack /opt/stack/nova/nova/api/openstack/wsgi.py:513}}
Dec 16 12:18:20.222432 dv-neutron-821727-2-hyperv devstack@n-api.service[102386]: INFO nova.api.openstack.requestlog [None req-543320a3-dcd4-40ea-9d2b-0e1ed5811d37 admin admin] 10.222.0.41 "GET /compute/v2.1" status: 200 len: 388 microversion: 2.1 time: 0.001493
Dec 16 12:18:20.222868 dv-neutron-821727-2-hyperv devstack@n-api.service[102386]: [pid: 102386|app: 0|req: 13/27] 10.222.0.41 () {54 vars in 930 bytes} [Thu Dec 16 12:18:20 2021] GET /compute/v2.1 => generated 388 bytes in 2 msecs (HTTP/1.1 200) 9 headers in 357 bytes (1 switches on core 0)
Dec 16 12:18:20.296196 dv-neutron-821727-2-hyperv devstack@n-api.service[102387]: DEBUG nova.api.openstack.wsgi [None req-a32b1e9e-9876-4ecd-88c7-9f29499ef93f admin admin] Action: 'create', calling method: >, body: {"flavor": {"os-flavor-access:is_public": true, "name": "m1.medium", "ram": 4096, "rxtx_factor": 1.0, "disk": 40, "id": "3", "OS-FLV-EXT-DATA:ephemeral": 0, "vcpus": 2, "swap": 0}} {{(pid=102387) _process_stack /opt/stack/nova/nova/api/openstack/wsgi.py:511}}
Dec 16 12:18:20.315962 dv-neutron-821727-2-hyperv devstack@n-api.service[102387]: INFO nova.api.openstack.requestlog [None req-a32b1e9e-9876-4ecd-88c7-9f29499ef93f admin admin] 10.222.0.41 "POST /compute/v2.1/flavors" status: 200 len: 406 microversion: 2.61 time: 0.085362
Dec 16 12:18:20.316923 dv-neutron-821727-2-hyperv devstack@n-api.service[102387]: [pid: 102387|app: 0|req: 15/28] 10.222.0.41 () {64 vars in 1282 bytes} [Thu Dec 16 12:18:20 2021] POST /compute/v2.1/flavors => generated 406 bytes in 87 msecs (HTTP/1.1 200) 9 headers in 359 bytes (2 switches on core 0)
Dec 16 12:18:20.331493 dv-neutron-821727-2-hyperv devstack@n-api.service[102386]: DEBUG nova.api.openstack.wsgi [None req-9aca3528-ed2d-4fe3-b637-b8253eef97f1 admin admin] Action: 'create', calling method: >, body: {"extra_specs": {"hw_rng:allowed": "True"}} {{(pid=102386) _process_stack /opt/stack/nova/nova/api/openstack/wsgi.py:511}}
Dec 16 12:18:20.355982 dv-neutron-821727-2-hyperv devstack@n-api.service[102386]: INFO nova.api.openstack.requestlog [None req-9aca3528-ed2d-4fe3-b637-b8253eef97f1 admin admin] 10.222.0.41 "POST /compute/v2.1/flavors/3/os-extra_specs" status: 200 len: 43 microversion: 2.61 time: 0.028212
Dec 16 12:18:20.356745 dv-neutron-821727-2-hyperv devstack@n-api.service[102386]: [pid: 102386|app: 0|req: 14/29] 10.222.0.41 () {64 vars in 1332 bytes} [Thu Dec 16 12:18:20 2021] POST /compute/v2.1/flavors/3/os-extra_specs => generated 43 bytes in 30 msecs (HTTP/1.1 200) 9 headers in 358 bytes (2 switches on core 0)
Dec 16 12:18:22.819720 dv-neutron-821727-2-hyperv devstack@n-api.service[102387]: DEBUG nova.api.openstack.wsgi [None req-a32b1e9e-9876-4ecd-88c7-9f29499ef93f admin admin] Calling method '>' {{(pid=102387) _process_stack /opt/stack/nova/nova/api/openstack/wsgi.py:513}}
Dec 16 12:18:22.820716 dv-neutron-821727-2-hyperv devstack@n-api.service[102387]: INFO nova.api.openstack.requestlog [None req-a32b1e9e-9876-4ecd-88c7-9f29499ef93f admin admin] 10.222.0.41 "GET /compute/v2.1" status: 200 len: 388 microversion: 2.1 time: 0.001482
Dec 16 12:18:22.821973 dv-neutron-821727-2-hyperv devstack@n-api.service[102387]: [pid: 102387|app: 0|req: 16/30] 10.222.0.41 () {54 vars in 930 bytes} [Thu Dec 16 12:18:22 2021] GET /compute/v2.1 => generated 388 bytes in 2 msecs (HTTP/1.1 200) 9 headers in 357 bytes (1 switches on core 0)
Dec 16 12:18:22.880459 dv-neutron-821727-2-hyperv devstack@n-api.service[102386]: DEBUG nova.api.openstack.wsgi [None req-dde74237-a829-48e6-95e1-cd9dc098d4fd admin admin] Action: 'create', calling method: >, body: {"flavor": {"OS-FLV-EXT-DATA:ephemeral": 0, "ram": 8192, "os-flavor-access:is_public": true, "disk": 80, "vcpus": 4, "id": "4", "name": "m1.large", "rxtx_factor": 1.0, "swap": 0}} {{(pid=102386) _process_stack /opt/stack/nova/nova/api/openstack/wsgi.py:511}}
Dec 16 12:18:22.898408 dv-neutron-821727-2-hyperv devstack@n-api.service[102386]: INFO nova.api.openstack.requestlog [None req-dde74237-a829-48e6-95e1-cd9dc098d4fd admin admin] 10.222.0.41 "POST /compute/v2.1/flavors" status: 200 len: 405 microversion: 2.61 time: 0.070035
Dec 16 12:18:22.898975 dv-neutron-821727-2-hyperv devstack@n-api.service[102386]: [pid: 102386|app: 0|req: 15/31] 10.222.0.41 () {64 vars in 1282 bytes} [Thu Dec 16 12:18:22 2021] POST /compute/v2.1/flavors => generated 405 bytes in 71 msecs (HTTP/1.1 200) 9 headers in 359 bytes (1 switches on core 0)
Dec 16 12:18:22.910922 dv-neutron-821727-2-hyperv devstack@n-api.service[102387]: DEBUG nova.api.openstack.wsgi [None req-aa91030c-fa51-479d-95c3-ababa3b2ce2d admin admin] Action: 'create', calling method: >, body: {"extra_specs": {"hw_rng:allowed": "True"}} {{(pid=102387) _process_stack /opt/stack/nova/nova/api/openstack/wsgi.py:511}}
Dec 16 12:18:22.933426 dv-neutron-821727-2-hyperv devstack@n-api.service[102387]: INFO nova.api.openstack.requestlog [None req-aa91030c-fa51-479d-95c3-ababa3b2ce2d admin admin] 10.222.0.41 "POST /compute/v2.1/flavors/4/os-extra_specs" status: 200 len: 43 microversion: 2.61 time: 0.026089
Dec 16 12:18:22.933988 dv-neutron-821727-2-hyperv devstack@n-api.service[102387]: [pid: 102387|app: 0|req: 17/32] 10.222.0.41 () {64 vars in 1332 bytes} [Thu Dec 16 12:18:22 2021] POST /compute/v2.1/flavors/4/os-extra_specs => generated 43 bytes in 27 msecs (HTTP/1.1 200) 9 headers in 358 bytes (1 switches on core 0)
Dec 16 12:18:25.388053 dv-neutron-821727-2-hyperv devstack@n-api.service[102386]: DEBUG nova.api.openstack.wsgi [None req-dde74237-a829-48e6-95e1-cd9dc098d4fd admin admin] Calling method '>' {{(pid=102386) _process_stack /opt/stack/nova/nova/api/openstack/wsgi.py:513}}
Dec 16 12:18:25.389685 dv-neutron-821727-2-hyperv devstack@n-api.service[102386]: INFO nova.api.openstack.requestlog [None req-dde74237-a829-48e6-95e1-cd9dc098d4fd admin admin] 10.222.0.41 "GET /compute/v2.1" status: 200 len: 388 microversion: 2.1 time: 0.002486
Dec 16 12:18:25.390084 dv-neutron-821727-2-hyperv devstack@n-api.service[102386]: [pid: 102386|app: 0|req: 16/33] 10.222.0.41 () {54 vars in 930 bytes} [Thu Dec 16 12:18:25 2021] GET /compute/v2.1 => generated 388 bytes in 3 msecs (HTTP/1.1 200) 9 headers in 357 bytes (1 switches on core 0)
Dec 16 12:18:25.454994 dv-neutron-821727-2-hyperv devstack@n-api.service[102387]: DEBUG nova.api.openstack.wsgi [None req-47fd4cf0-6be5-44fb-a97e-eb9b787f754d admin admin] Action: 'create', calling method: >, body: {"flavor": {"id": "5", "name": "m1.xlarge", "rxtx_factor": 1.0, "vcpus": 8, "swap": 0, "disk": 160, "OS-FLV-EXT-DATA:ephemeral": 0, "ram": 16384, "os-flavor-access:is_public": true}} {{(pid=102387) _process_stack /opt/stack/nova/nova/api/openstack/wsgi.py:511}}
Dec 16 12:18:25.474672 dv-neutron-821727-2-hyperv devstack@n-api.service[102387]: INFO nova.api.openstack.requestlog [None req-47fd4cf0-6be5-44fb-a97e-eb9b787f754d admin admin] 10.222.0.41 "POST /compute/v2.1/flavors" status: 200 len: 408 microversion: 2.61 time: 0.077959
Dec 16 12:18:25.479430 dv-neutron-821727-2-hyperv devstack@n-api.service[102387]: [pid: 102387|app: 0|req: 18/34] 10.222.0.41 () {64 vars in 1282 bytes} [Thu Dec 16 12:18:25 2021] POST /compute/v2.1/flavors => generated 408 bytes in 83 msecs (HTTP/1.1 200) 9 headers in 359 bytes (1 switches on core 0)
Dec 16 12:18:25.488988 dv-neutron-821727-2-hyperv devstack@n-api.service[102386]: DEBUG nova.api.openstack.wsgi [None req-ec69cdef-d9eb-40d1-bab6-4b348446a114 admin admin] Action: 'create', calling method: >, body: {"extra_specs": {"hw_rng:allowed": "True"}} {{(pid=102386) _process_stack /opt/stack/nova/nova/api/openstack/wsgi.py:511}}
Dec 16 12:18:25.523944 dv-neutron-821727-2-hyperv devstack@n-api.service[102386]: INFO nova.api.openstack.requestlog [None req-ec69cdef-d9eb-40d1-bab6-4b348446a114 admin admin] 10.222.0.41 "POST /compute/v2.1/flavors/5/os-extra_specs" status: 200 len: 43 microversion: 2.61 time: 0.039436
Dec 16 12:18:25.524946 dv-neutron-821727-2-hyperv devstack@n-api.service[102386]: [pid: 102386|app: 0|req: 17/35] 10.222.0.41 () {64 vars in 1332 bytes} [Thu Dec 16 12:18:25 2021] POST /compute/v2.1/flavors/5/os-extra_specs => generated 43 bytes in 42 msecs (HTTP/1.1 200) 9 headers in 358 bytes (1 switches on core 0)
Dec 16 12:18:50.463861 dv-neutron-821727-2-hyperv devstack@n-api.service[102387]: DEBUG nova.api.openstack.wsgi [None req-47fd4cf0-6be5-44fb-a97e-eb9b787f754d admin admin] Calling method '>' {{(pid=102387) _process_stack /opt/stack/nova/nova/api/openstack/wsgi.py:513}}
Dec 16 12:18:50.464852 dv-neutron-821727-2-hyperv devstack@n-api.service[102387]: INFO nova.api.openstack.requestlog [None req-47fd4cf0-6be5-44fb-a97e-eb9b787f754d admin admin] 10.222.0.41 "GET /compute/v2.1" status: 200 len: 388 microversion: 2.1 time: 0.001432
Dec 16 12:18:50.465256 dv-neutron-821727-2-hyperv devstack@n-api.service[102387]: [pid: 102387|app: 0|req: 19/36] 10.222.0.41 () {54 vars in 930 bytes} [Thu Dec 16 12:18:50 2021] GET /compute/v2.1 => generated 388 bytes in 2 msecs (HTTP/1.1 200) 9 headers in 357 bytes (1 switches on core 0)
Dec 16 12:18:50.523562 dv-neutron-821727-2-hyperv devstack@n-api.service[102386]: DEBUG nova.api.openstack.wsgi [None req-a7396fb2-2e92-4764-8ec9-613b48ea2c71 admin admin] Calling method '>' {{(pid=102386) _process_stack /opt/stack/nova/nova/api/openstack/wsgi.py:513}}
Dec 16 12:18:50.540083 dv-neutron-821727-2-hyperv devstack@n-api.service[102386]: INFO nova.api.openstack.requestlog [None req-a7396fb2-2e92-4764-8ec9-613b48ea2c71 admin admin] 10.222.0.41 "GET /compute/v2.1/flavors/detail?is_public=True" status: 200 len: 4202 microversion: 2.61 time: 0.068288
Dec 16 12:18:50.540619 dv-neutron-821727-2-hyperv devstack@n-api.service[102386]: [pid: 102386|app: 0|req: 18/37] 10.222.0.41 () {60 vars in 1291 bytes} [Thu Dec 16 12:18:50 2021] GET /compute/v2.1/flavors/detail?is_public=True => generated 4202 bytes in 69 msecs (HTTP/1.1 200) 9 headers in 360 bytes (1 switches on core 0)
Dec 16 12:18:52.114839 dv-neutron-821727-2-hyperv devstack@n-api.service[102387]: DEBUG nova.api.openstack.wsgi [None req-47fd4cf0-6be5-44fb-a97e-eb9b787f754d admin admin] Calling method '>' {{(pid=102387) _process_stack /opt/stack/nova/nova/api/openstack/wsgi.py:513}}
Dec 16 12:18:52.115910 dv-neutron-821727-2-hyperv devstack@n-api.service[102387]: INFO nova.api.openstack.requestlog [None req-47fd4cf0-6be5-44fb-a97e-eb9b787f754d admin admin] 10.222.0.41 "GET /compute/v2.1" status: 200 len: 388 microversion: 2.1 time: 0.001486
Dec 16 12:18:52.116308 dv-neutron-821727-2-hyperv devstack@n-api.service[102387]: [pid: 102387|app: 0|req: 20/38] 10.222.0.41 () {56 vars in 1074 bytes} [Thu Dec 16 12:18:52 2021] GET /compute/v2.1 => generated 388 bytes in 2 msecs (HTTP/1.1 200) 9 headers in 357 bytes (1 switches on core 0)
Dec 16 12:18:52.325321 dv-neutron-821727-2-hyperv devstack@n-api.service[102386]: DEBUG nova.api.openstack.wsgi [None req-7905bcb4-313f-4de8-9be1-2ed85fc2120a admin admin] Calling method '>' {{(pid=102386) _process_stack /opt/stack/nova/nova/api/openstack/wsgi.py:513}}
Dec 16 12:18:52.330774 dv-neutron-821727-2-hyperv devstack@n-api.service[102386]: INFO nova.api.openstack.wsgi [None req-7905bcb4-313f-4de8-9be1-2ed85fc2120a admin admin] HTTP exception thrown: Flavor 42 could not be found.
Dec 16 12:18:52.331409 dv-neutron-821727-2-hyperv devstack@n-api.service[102386]: DEBUG nova.api.openstack.wsgi [None req-7905bcb4-313f-4de8-9be1-2ed85fc2120a admin admin] Returning 404 to user: Flavor 42 could not be found. {{(pid=102386) __call__ /opt/stack/nova/nova/api/openstack/wsgi.py:936}}
Dec 16 12:18:52.332238 dv-neutron-821727-2-hyperv devstack@n-api.service[102386]: INFO nova.api.openstack.requestlog [None req-7905bcb4-313f-4de8-9be1-2ed85fc2120a admin admin] 10.222.0.41 "GET /compute/v2.1/flavors/42" status: 404 len: 75 microversion: 2.90 time: 0.058360
Dec 16 12:18:52.332756 dv-neutron-821727-2-hyperv devstack@n-api.service[102386]: [pid: 102386|app: 0|req: 19/39] 10.222.0.41 () {60 vars in 1190 bytes} [Thu Dec 16 12:18:52 2021] GET /compute/v2.1/flavors/42 => generated 75 bytes in 59 msecs (HTTP/1.1 404) 9 headers in 380 bytes (1 switches on core 0)
Dec 16 12:18:52.342638 dv-neutron-821727-2-hyperv devstack@n-api.service[102387]: DEBUG nova.api.openstack.wsgi [None req-950e568e-5293-4505-bb33-06c9b0c43ad9 admin admin] Calling method '>' {{(pid=102387) _process_stack /opt/stack/nova/nova/api/openstack/wsgi.py:513}}
Dec 16 12:18:52.363509 dv-neutron-821727-2-hyperv devstack@n-api.service[102387]: INFO nova.api.openstack.requestlog [None req-950e568e-5293-4505-bb33-06c9b0c43ad9 admin admin] 10.222.0.41 "GET /compute/v2.1/flavors?is_public=None" status: 200 len: 2056 microversion: 2.90 time: 0.024386
Dec 16 12:18:52.364050 dv-neutron-821727-2-hyperv devstack@n-api.service[102387]: [pid: 102387|app: 0|req: 21/40] 10.222.0.41 () {60 vars in 1210 bytes} [Thu Dec 16 12:18:52 2021] GET /compute/v2.1/flavors?is_public=None => generated 2056 bytes in 25 msecs (HTTP/1.1 200) 9 headers in 360 bytes (1 switches on core 0)
Dec 16 12:18:52.374445 dv-neutron-821727-2-hyperv devstack@n-api.service[102386]: DEBUG nova.api.openstack.wsgi [None req-c51f3a5e-68b7-45ca-9a05-7a0776f76e61 admin admin] Calling method '>' {{(pid=102386) _process_stack /opt/stack/nova/nova/api/openstack/wsgi.py:513}}
Dec 16 12:18:52.394913 dv-neutron-821727-2-hyperv devstack@n-api.service[102386]: INFO nova.api.openstack.requestlog [None req-c51f3a5e-68b7-45ca-9a05-7a0776f76e61 admin admin] 10.222.0.41 "GET /compute/v2.1/flavors?is_public=None" status: 200 len: 2056 microversion: 2.90 time: 0.023870
Dec 16 12:18:52.395488 dv-neutron-821727-2-hyperv devstack@n-api.service[102386]: [pid: 102386|app: 0|req: 20/41] 10.222.0.41 () {60 vars in 1210 bytes} [Thu Dec 16 12:18:52 2021] GET /compute/v2.1/flavors?is_public=None => generated 2056 bytes in 25 msecs (HTTP/1.1 200) 9 headers in 360 bytes (1 switches on core 0)
