Dec 15 08:41:50.876695 dv-neutron-821592-4-hyperv devstack@n-api.service[114079]: DEBUG oslo_db.sqlalchemy.engines [None req-41a06c60-62be-4980-a260-0b7a9de8a101 None None] MySQL server mode set to STRICT_TRANS_TABLES,STRICT_ALL_TABLES,NO_ZERO_IN_DATE,NO_ZERO_DATE,ERROR_FOR_DIVISION_BY_ZERO,TRADITIONAL,NO_ENGINE_SUBSTITUTION {{(pid=114079) _check_effective_sql_mode /usr/local/lib/python3.8/dist-packages/oslo_db/sqlalchemy/engines.py:314}}
Dec 15 08:41:50.940687 dv-neutron-821592-4-hyperv devstack@n-api.service[114078]: DEBUG nova.context [None req-f8c15553-f8fd-4b22-b7b0-01ec01ffd93c None None] Found 2 cells: 00000000-0000-0000-0000-000000000000(cell0),43d48ca9-5593-4b90-8a87-e85321e00ba7(cell1) {{(pid=114078) load_cells /opt/stack/nova/nova/context.py:464}}
Dec 15 08:41:50.941938 dv-neutron-821592-4-hyperv devstack@n-api.service[114079]: DEBUG nova.context [None req-41a06c60-62be-4980-a260-0b7a9de8a101 None None] Found 2 cells: 00000000-0000-0000-0000-000000000000(cell0),43d48ca9-5593-4b90-8a87-e85321e00ba7(cell1) {{(pid=114079) load_cells /opt/stack/nova/nova/context.py:464}}
Dec 15 08:41:50.944843 dv-neutron-821592-4-hyperv devstack@n-api.service[114078]: DEBUG oslo_concurrency.lockutils [None req-f8c15553-f8fd-4b22-b7b0-01ec01ffd93c None None] Lock "00000000-0000-0000-0000-000000000000" acquired by "nova.context.set_target_cell..get_or_set_cached_cell_and_set_connections" :: waited 0.000s {{(pid=114078) inner /usr/local/lib/python3.8/dist-packages/oslo_concurrency/lockutils.py:386}}
Dec 15 08:41:50.946496 dv-neutron-821592-4-hyperv devstack@n-api.service[114079]: DEBUG oslo_concurrency.lockutils [None req-41a06c60-62be-4980-a260-0b7a9de8a101 None None] Lock "00000000-0000-0000-0000-000000000000" acquired by "nova.context.set_target_cell..get_or_set_cached_cell_and_set_connections" :: waited 0.000s {{(pid=114079) inner /usr/local/lib/python3.8/dist-packages/oslo_concurrency/lockutils.py:386}}
Dec 15 08:41:50.946788 dv-neutron-821592-4-hyperv devstack@n-api.service[114078]: DEBUG oslo_concurrency.lockutils [None req-f8c15553-f8fd-4b22-b7b0-01ec01ffd93c None None] Lock "00000000-0000-0000-0000-000000000000" "released" by "nova.context.set_target_cell..get_or_set_cached_cell_and_set_connections" :: held 0.002s {{(pid=114078) inner /usr/local/lib/python3.8/dist-packages/oslo_concurrency/lockutils.py:400}}
Dec 15 08:41:50.947561 dv-neutron-821592-4-hyperv devstack@n-api.service[114078]: DEBUG oslo_concurrency.lockutils [None req-f8c15553-f8fd-4b22-b7b0-01ec01ffd93c None None] Lock "43d48ca9-5593-4b90-8a87-e85321e00ba7" acquired by "nova.context.set_target_cell..get_or_set_cached_cell_and_set_connections" :: waited 0.000s {{(pid=114078) inner /usr/local/lib/python3.8/dist-packages/oslo_concurrency/lockutils.py:386}}
Dec 15 08:41:50.948072 dv-neutron-821592-4-hyperv devstack@n-api.service[114079]: DEBUG oslo_concurrency.lockutils [None req-41a06c60-62be-4980-a260-0b7a9de8a101 None None] Lock "00000000-0000-0000-0000-000000000000" "released" by "nova.context.set_target_cell..get_or_set_cached_cell_and_set_connections" :: held 0.002s {{(pid=114079) inner /usr/local/lib/python3.8/dist-packages/oslo_concurrency/lockutils.py:400}}
Dec 15 08:41:50.948874 dv-neutron-821592-4-hyperv devstack@n-api.service[114079]: DEBUG oslo_concurrency.lockutils [None req-41a06c60-62be-4980-a260-0b7a9de8a101 None None] Lock "43d48ca9-5593-4b90-8a87-e85321e00ba7" acquired by "nova.context.set_target_cell..get_or_set_cached_cell_and_set_connections" :: waited 0.000s {{(pid=114079) inner /usr/local/lib/python3.8/dist-packages/oslo_concurrency/lockutils.py:386}}
Dec 15 08:41:50.949510 dv-neutron-821592-4-hyperv devstack@n-api.service[114078]: DEBUG oslo_concurrency.lockutils [None req-f8c15553-f8fd-4b22-b7b0-01ec01ffd93c None None] Lock "43d48ca9-5593-4b90-8a87-e85321e00ba7" "released" by "nova.context.set_target_cell..get_or_set_cached_cell_and_set_connections" :: held 0.002s {{(pid=114078) inner /usr/local/lib/python3.8/dist-packages/oslo_concurrency/lockutils.py:400}}
Dec 15 08:41:50.950905 dv-neutron-821592-4-hyperv devstack@n-api.service[114079]: DEBUG oslo_concurrency.lockutils [None req-41a06c60-62be-4980-a260-0b7a9de8a101 None None] Lock "43d48ca9-5593-4b90-8a87-e85321e00ba7" "released" by "nova.context.set_target_cell..get_or_set_cached_cell_and_set_connections" :: held 0.002s {{(pid=114079) inner /usr/local/lib/python3.8/dist-packages/oslo_concurrency/lockutils.py:400}}
Dec 15 08:41:50.960104 dv-neutron-821592-4-hyperv devstack@n-api.service[114078]: DEBUG oslo_db.sqlalchemy.engines [None req-f8c15553-f8fd-4b22-b7b0-01ec01ffd93c None None] MySQL server mode set to STRICT_TRANS_TABLES,STRICT_ALL_TABLES,NO_ZERO_IN_DATE,NO_ZERO_DATE,ERROR_FOR_DIVISION_BY_ZERO,TRADITIONAL,NO_ENGINE_SUBSTITUTION {{(pid=114078) _check_effective_sql_mode /usr/local/lib/python3.8/dist-packages/oslo_db/sqlalchemy/engines.py:314}}
Dec 15 08:41:50.962974 dv-neutron-821592-4-hyperv devstack@n-api.service[114078]: DEBUG oslo_db.sqlalchemy.engines [None req-f8c15553-f8fd-4b22-b7b0-01ec01ffd93c None None] MySQL server mode set to STRICT_TRANS_TABLES,STRICT_ALL_TABLES,NO_ZERO_IN_DATE,NO_ZERO_DATE,ERROR_FOR_DIVISION_BY_ZERO,TRADITIONAL,NO_ENGINE_SUBSTITUTION {{(pid=114078) _check_effective_sql_mode /usr/local/lib/python3.8/dist-packages/oslo_db/sqlalchemy/engines.py:314}}
Dec 15 08:41:50.967731 dv-neutron-821592-4-hyperv devstack@n-api.service[114079]: DEBUG oslo_db.sqlalchemy.engines [None req-41a06c60-62be-4980-a260-0b7a9de8a101 None None] MySQL server mode set to STRICT_TRANS_TABLES,STRICT_ALL_TABLES,NO_ZERO_IN_DATE,NO_ZERO_DATE,ERROR_FOR_DIVISION_BY_ZERO,TRADITIONAL,NO_ENGINE_SUBSTITUTION {{(pid=114079) _check_effective_sql_mode /usr/local/lib/python3.8/dist-packages/oslo_db/sqlalchemy/engines.py:314}}
Dec 15 08:41:50.970015 dv-neutron-821592-4-hyperv devstack@n-api.service[114079]: DEBUG oslo_db.sqlalchemy.engines [None req-41a06c60-62be-4980-a260-0b7a9de8a101 None None] MySQL server mode set to STRICT_TRANS_TABLES,STRICT_ALL_TABLES,NO_ZERO_IN_DATE,NO_ZERO_DATE,ERROR_FOR_DIVISION_BY_ZERO,TRADITIONAL,NO_ENGINE_SUBSTITUTION {{(pid=114079) _check_effective_sql_mode /usr/local/lib/python3.8/dist-packages/oslo_db/sqlalchemy/engines.py:314}}
Dec 15 08:41:51.132316 dv-neutron-821592-4-hyperv devstack@n-api.service[114078]: DEBUG oslo_db.sqlalchemy.engines [None req-f8c15553-f8fd-4b22-b7b0-01ec01ffd93c None None] MySQL server mode set to STRICT_TRANS_TABLES,STRICT_ALL_TABLES,NO_ZERO_IN_DATE,NO_ZERO_DATE,ERROR_FOR_DIVISION_BY_ZERO,TRADITIONAL,NO_ENGINE_SUBSTITUTION {{(pid=114078) _check_effective_sql_mode /usr/local/lib/python3.8/dist-packages/oslo_db/sqlalchemy/engines.py:314}}
Dec 15 08:41:51.135500 dv-neutron-821592-4-hyperv devstack@n-api.service[114079]: DEBUG oslo_db.sqlalchemy.engines [None req-41a06c60-62be-4980-a260-0b7a9de8a101 None None] MySQL server mode set to STRICT_TRANS_TABLES,STRICT_ALL_TABLES,NO_ZERO_IN_DATE,NO_ZERO_DATE,ERROR_FOR_DIVISION_BY_ZERO,TRADITIONAL,NO_ENGINE_SUBSTITUTION {{(pid=114079) _check_effective_sql_mode /usr/local/lib/python3.8/dist-packages/oslo_db/sqlalchemy/engines.py:314}}
Dec 15 08:41:51.472856 dv-neutron-821592-4-hyperv devstack@n-api.service[114079]: WARNING keystonemiddleware.auth_token [None req-41a06c60-62be-4980-a260-0b7a9de8a101 None None] AuthToken middleware is set with keystone_authtoken.service_token_roles_required set to False. This is backwards compatible but deprecated behaviour. Please set this to True.
Dec 15 08:41:51.475028 dv-neutron-821592-4-hyperv devstack@n-api.service[114078]: WARNING keystonemiddleware.auth_token [None req-f8c15553-f8fd-4b22-b7b0-01ec01ffd93c None None] AuthToken middleware is set with keystone_authtoken.service_token_roles_required set to False. This is backwards compatible but deprecated behaviour. Please set this to True.
Dec 15 08:41:51.479552 dv-neutron-821592-4-hyperv devstack@n-api.service[114079]: WARNING keystonemiddleware.auth_token [None req-41a06c60-62be-4980-a260-0b7a9de8a101 None None] Configuring www_authenticate_uri to point to the public identity endpoint is required; clients may not be able to authenticate against an admin endpoint
Dec 15 08:41:51.481703 dv-neutron-821592-4-hyperv devstack@n-api.service[114078]: WARNING keystonemiddleware.auth_token [None req-f8c15553-f8fd-4b22-b7b0-01ec01ffd93c None None] Configuring www_authenticate_uri to point to the public identity endpoint is required; clients may not be able to authenticate against an admin endpoint
Dec 15 08:41:51.824883 dv-neutron-821592-4-hyperv devstack@n-api.service[114079]: WARNING keystonemiddleware.auth_token [None req-41a06c60-62be-4980-a260-0b7a9de8a101 None None] AuthToken middleware is set with keystone_authtoken.service_token_roles_required set to False. This is backwards compatible but deprecated behaviour. Please set this to True.
Dec 15 08:41:51.826909 dv-neutron-821592-4-hyperv devstack@n-api.service[114078]: WARNING keystonemiddleware.auth_token [None req-f8c15553-f8fd-4b22-b7b0-01ec01ffd93c None None] AuthToken middleware is set with keystone_authtoken.service_token_roles_required set to False. This is backwards compatible but deprecated behaviour. Please set this to True.
Dec 15 08:41:51.830264 dv-neutron-821592-4-hyperv devstack@n-api.service[114079]: WARNING keystonemiddleware.auth_token [None req-41a06c60-62be-4980-a260-0b7a9de8a101 None None] Configuring www_authenticate_uri to point to the public identity endpoint is required; clients may not be able to authenticate against an admin endpoint
Dec 15 08:41:51.832653 dv-neutron-821592-4-hyperv devstack@n-api.service[114078]: WARNING keystonemiddleware.auth_token [None req-f8c15553-f8fd-4b22-b7b0-01ec01ffd93c None None] Configuring www_authenticate_uri to point to the public identity endpoint is required; clients may not be able to authenticate against an admin endpoint
Dec 15 08:41:51.835938 dv-neutron-821592-4-hyperv devstack@n-api.service[114079]: WSGI app 0 (mountpoint='') ready in 5 seconds on interpreter 0x55f6c04379c0 pid: 114079 (default app)
Dec 15 08:41:51.837967 dv-neutron-821592-4-hyperv devstack@n-api.service[114078]: WSGI app 0 (mountpoint='') ready in 5 seconds on interpreter 0x55f6c04379c0 pid: 114078 (default app)
Dec 15 08:41:51.838121 dv-neutron-821592-4-hyperv devstack@n-api.service[114079]: DEBUG nova.api.openstack.wsgi [None req-41a06c60-62be-4980-a260-0b7a9de8a101 None None] Calling method '>' {{(pid=114079) _process_stack /opt/stack/nova/nova/api/openstack/wsgi.py:513}}
Dec 15 08:41:51.839259 dv-neutron-821592-4-hyperv devstack@n-api.service[114079]: INFO nova.api.openstack.requestlog [None req-41a06c60-62be-4980-a260-0b7a9de8a101 None None] 10.222.0.30 "GET /compute/v2.1/" status: 200 len: 388 microversion: 2.1 time: 0.001781
Dec 15 08:41:51.839669 dv-neutron-821592-4-hyperv devstack@n-api.service[114079]: [pid: 114079|app: 0|req: 1/1] 10.222.0.30 () {50 vars in 788 bytes} [Wed Dec 15 08:41:51 2021] GET /compute/v2.1/ => generated 388 bytes in 3 msecs (HTTP/1.1 200) 9 headers in 357 bytes (1 switches on core 0)
Dec 15 08:43:14.050948 dv-neutron-821592-4-hyperv devstack@n-api.service[114078]: DEBUG nova.api.openstack.wsgi [None req-f8c15553-f8fd-4b22-b7b0-01ec01ffd93c None None] Calling method '>' {{(pid=114078) _process_stack /opt/stack/nova/nova/api/openstack/wsgi.py:513}}
Dec 15 08:43:14.052178 dv-neutron-821592-4-hyperv devstack@n-api.service[114078]: INFO nova.api.openstack.requestlog [None req-f8c15553-f8fd-4b22-b7b0-01ec01ffd93c None None] 10.222.0.30 "GET /compute/v2.1" status: 200 len: 388 microversion: 2.1 time: 0.001985
Dec 15 08:43:14.052597 dv-neutron-821592-4-hyperv devstack@n-api.service[114078]: [pid: 114078|app: 0|req: 1/2] 10.222.0.30 () {54 vars in 930 bytes} [Wed Dec 15 08:43:14 2021] GET /compute/v2.1 => generated 388 bytes in 4 msecs (HTTP/1.1 200) 9 headers in 357 bytes (1 switches on core 0)
Dec 15 08:43:14.523710 dv-neutron-821592-4-hyperv devstack@n-api.service[114079]: DEBUG nova.api.openstack.wsgi [None req-dd589057-5faa-4107-9963-ac662f304059 admin admin] Calling method '>' {{(pid=114079) _process_stack /opt/stack/nova/nova/api/openstack/wsgi.py:513}}
Dec 15 08:43:14.556463 dv-neutron-821592-4-hyperv devstack@n-api.service[114079]: INFO nova.api.openstack.requestlog [None req-dd589057-5faa-4107-9963-ac662f304059 admin admin] 10.222.0.30 "GET /compute/v2.1/flavors/detail?is_public=True" status: 200 len: 15 microversion: 2.61 time: 0.497041
Dec 15 08:43:14.557232 dv-neutron-821592-4-hyperv devstack@n-api.service[114079]: [pid: 114079|app: 0|req: 2/3] 10.222.0.30 () {60 vars in 1291 bytes} [Wed Dec 15 08:43:14 2021] GET /compute/v2.1/flavors/detail?is_public=True => generated 15 bytes in 498 msecs (HTTP/1.1 200) 9 headers in 358 bytes (1 switches on core 0)
Dec 15 08:43:16.976963 dv-neutron-821592-4-hyperv devstack@n-api.service[114078]: DEBUG nova.api.openstack.wsgi [None req-f8c15553-f8fd-4b22-b7b0-01ec01ffd93c None None] Calling method '>' {{(pid=114078) _process_stack /opt/stack/nova/nova/api/openstack/wsgi.py:513}}
Dec 15 08:43:16.978199 dv-neutron-821592-4-hyperv devstack@n-api.service[114078]: INFO nova.api.openstack.requestlog [None req-f8c15553-f8fd-4b22-b7b0-01ec01ffd93c None None] 10.222.0.30 "GET /compute/v2.1" status: 200 len: 388 microversion: 2.1 time: 0.001686
Dec 15 08:43:16.978918 dv-neutron-821592-4-hyperv devstack@n-api.service[114078]: [pid: 114078|app: 0|req: 2/4] 10.222.0.30 () {54 vars in 930 bytes} [Wed Dec 15 08:43:16 2021] GET /compute/v2.1 => generated 388 bytes in 3 msecs (HTTP/1.1 200) 9 headers in 357 bytes (1 switches on core 0)
Dec 15 08:43:17.040380 dv-neutron-821592-4-hyperv devstack@n-api.service[114079]: DEBUG nova.api.openstack.wsgi [None req-6de25d99-023e-4a81-a93d-b5dab3f0d8cc admin admin] Action: 'create', calling method: >, body: {"flavor": {"vcpus": 1, "id": "c1", "disk": 1, "rxtx_factor": 1.0, "swap": 0, "OS-FLV-EXT-DATA:ephemeral": 0, "ram": 256, "os-flavor-access:is_public": true, "name": "cirros256"}} {{(pid=114079) _process_stack /opt/stack/nova/nova/api/openstack/wsgi.py:511}}
Dec 15 08:43:17.058168 dv-neutron-821592-4-hyperv devstack@n-api.service[114079]: /usr/local/lib/python3.8/dist-packages/oslo_policy/policy.py:1117: UserWarning: Policy "os_compute_api:os-flavor-manage:create": "rule:system_admin_api" failed scope check. The token used to make the request was project scoped but the policy requires ['system'] scope. This behavior may change in the future where using the intended scope is required
Dec 15 08:43:17.058168 dv-neutron-821592-4-hyperv devstack@n-api.service[114079]: warnings.warn(msg)
Dec 15 08:43:17.088045 dv-neutron-821592-4-hyperv devstack@n-api.service[114079]: INFO nova.api.openstack.requestlog [None req-6de25d99-023e-4a81-a93d-b5dab3f0d8cc admin admin] 10.222.0.30 "POST /compute/v2.1/flavors" status: 200 len: 407 microversion: 2.61 time: 0.102163
Dec 15 08:43:17.089026 dv-neutron-821592-4-hyperv devstack@n-api.service[114079]: [pid: 114079|app: 0|req: 3/5] 10.222.0.30 () {64 vars in 1282 bytes} [Wed Dec 15 08:43:16 2021] POST /compute/v2.1/flavors => generated 407 bytes in 104 msecs (HTTP/1.1 200) 9 headers in 359 bytes (1 switches on core 0)
Dec 15 08:43:17.302022 dv-neutron-821592-4-hyperv devstack@n-api.service[114078]: DEBUG nova.api.openstack.wsgi [None req-fabd84bb-72ea-424e-bad8-c0d206d747b2 admin admin] Action: 'create', calling method: >, body: {"extra_specs": {"hw_rng:allowed": "True"}} {{(pid=114078) _process_stack /opt/stack/nova/nova/api/openstack/wsgi.py:511}}
Dec 15 08:43:17.304399 dv-neutron-821592-4-hyperv devstack@n-api.service[114078]: /usr/local/lib/python3.8/dist-packages/oslo_policy/policy.py:1117: UserWarning: Policy "os_compute_api:os-flavor-extra-specs:create": "rule:system_admin_api" failed scope check. The token used to make the request was project scoped but the policy requires ['system'] scope. This behavior may change in the future where using the intended scope is required
Dec 15 08:43:17.304399 dv-neutron-821592-4-hyperv devstack@n-api.service[114078]: warnings.warn(msg)
Dec 15 08:43:17.352521 dv-neutron-821592-4-hyperv devstack@n-api.service[114078]: INFO nova.api.openstack.requestlog [None req-fabd84bb-72ea-424e-bad8-c0d206d747b2 admin admin] 10.222.0.30 "POST /compute/v2.1/flavors/c1/os-extra_specs" status: 200 len: 43 microversion: 2.61 time: 0.255061
Dec 15 08:43:17.353145 dv-neutron-821592-4-hyperv devstack@n-api.service[114078]: [pid: 114078|app: 0|req: 3/6] 10.222.0.30 () {64 vars in 1335 bytes} [Wed Dec 15 08:43:17 2021] POST /compute/v2.1/flavors/c1/os-extra_specs => generated 43 bytes in 256 msecs (HTTP/1.1 200) 9 headers in 358 bytes (2 switches on core 0)
Dec 15 08:43:19.756719 dv-neutron-821592-4-hyperv devstack@n-api.service[114079]: DEBUG nova.api.openstack.wsgi [None req-6de25d99-023e-4a81-a93d-b5dab3f0d8cc admin admin] Calling method '>' {{(pid=114079) _process_stack /opt/stack/nova/nova/api/openstack/wsgi.py:513}}
Dec 15 08:43:19.757903 dv-neutron-821592-4-hyperv devstack@n-api.service[114079]: INFO nova.api.openstack.requestlog [None req-6de25d99-023e-4a81-a93d-b5dab3f0d8cc admin admin] 10.222.0.30 "GET /compute/v2.1" status: 200 len: 388 microversion: 2.1 time: 0.001646
Dec 15 08:43:19.758304 dv-neutron-821592-4-hyperv devstack@n-api.service[114079]: [pid: 114079|app: 0|req: 4/7] 10.222.0.30 () {54 vars in 930 bytes} [Wed Dec 15 08:43:19 2021] GET /compute/v2.1 => generated 388 bytes in 3 msecs (HTTP/1.1 200) 9 headers in 357 bytes (1 switches on core 0)
Dec 15 08:43:19.879464 dv-neutron-821592-4-hyperv devstack@n-api.service[114078]: DEBUG nova.api.openstack.wsgi [None req-e0f153db-ed19-4d42-9e9d-cfaf5e8b38c8 admin admin] Action: 'create', calling method: >, body: {"flavor": {"swap": 0, "ram": 512, "OS-FLV-EXT-DATA:ephemeral": 0, "id": "d1", "os-flavor-access:is_public": true, "name": "ds512M", "vcpus": 1, "rxtx_factor": 1.0, "disk": 5}} {{(pid=114078) _process_stack /opt/stack/nova/nova/api/openstack/wsgi.py:511}}
Dec 15 08:43:19.902622 dv-neutron-821592-4-hyperv devstack@n-api.service[114078]: /usr/local/lib/python3.8/dist-packages/oslo_policy/policy.py:1117: UserWarning: Policy "os_compute_api:os-flavor-manage:create": "rule:system_admin_api" failed scope check. The token used to make the request was project scoped but the policy requires ['system'] scope. This behavior may change in the future where using the intended scope is required
Dec 15 08:43:19.902622 dv-neutron-821592-4-hyperv devstack@n-api.service[114078]: warnings.warn(msg)
Dec 15 08:43:19.925064 dv-neutron-821592-4-hyperv devstack@n-api.service[114078]: INFO nova.api.openstack.requestlog [None req-e0f153db-ed19-4d42-9e9d-cfaf5e8b38c8 admin admin] 10.222.0.30 "POST /compute/v2.1/flavors" status: 200 len: 404 microversion: 2.61 time: 0.159884
Dec 15 08:43:19.926051 dv-neutron-821592-4-hyperv devstack@n-api.service[114078]: [pid: 114078|app: 0|req: 4/8] 10.222.0.30 () {64 vars in 1282 bytes} [Wed Dec 15 08:43:19 2021] POST /compute/v2.1/flavors => generated 404 bytes in 161 msecs (HTTP/1.1 200) 9 headers in 359 bytes (1 switches on core 0)
Dec 15 08:43:19.940040 dv-neutron-821592-4-hyperv devstack@n-api.service[114079]: DEBUG nova.api.openstack.wsgi [None req-71752aa9-7a6e-408f-aa4d-c62d7ffdbbcc admin admin] Action: 'create', calling method: >, body: {"extra_specs": {"hw_rng:allowed": "True"}} {{(pid=114079) _process_stack /opt/stack/nova/nova/api/openstack/wsgi.py:511}}
Dec 15 08:43:19.943209 dv-neutron-821592-4-hyperv devstack@n-api.service[114079]: /usr/local/lib/python3.8/dist-packages/oslo_policy/policy.py:1117: UserWarning: Policy "os_compute_api:os-flavor-extra-specs:create": "rule:system_admin_api" failed scope check. The token used to make the request was project scoped but the policy requires ['system'] scope. This behavior may change in the future where using the intended scope is required
Dec 15 08:43:19.943209 dv-neutron-821592-4-hyperv devstack@n-api.service[114079]: warnings.warn(msg)
Dec 15 08:43:19.985321 dv-neutron-821592-4-hyperv devstack@n-api.service[114079]: INFO nova.api.openstack.requestlog [None req-71752aa9-7a6e-408f-aa4d-c62d7ffdbbcc admin admin] 10.222.0.30 "POST /compute/v2.1/flavors/d1/os-extra_specs" status: 200 len: 43 microversion: 2.61 time: 0.050390
Dec 15 08:43:19.993661 dv-neutron-821592-4-hyperv devstack@n-api.service[114079]: [pid: 114079|app: 0|req: 5/9] 10.222.0.30 () {64 vars in 1335 bytes} [Wed Dec 15 08:43:19 2021] POST /compute/v2.1/flavors/d1/os-extra_specs => generated 43 bytes in 52 msecs (HTTP/1.1 200) 9 headers in 358 bytes (1 switches on core 0)
Dec 15 08:43:22.521021 dv-neutron-821592-4-hyperv devstack@n-api.service[114078]: DEBUG nova.api.openstack.wsgi [None req-e0f153db-ed19-4d42-9e9d-cfaf5e8b38c8 admin admin] Calling method '>' {{(pid=114078) _process_stack /opt/stack/nova/nova/api/openstack/wsgi.py:513}}
Dec 15 08:43:22.522387 dv-neutron-821592-4-hyperv devstack@n-api.service[114078]: INFO nova.api.openstack.requestlog [None req-e0f153db-ed19-4d42-9e9d-cfaf5e8b38c8 admin admin] 10.222.0.30 "GET /compute/v2.1" status: 200 len: 388 microversion: 2.1 time: 0.001833
Dec 15 08:43:22.522965 dv-neutron-821592-4-hyperv devstack@n-api.service[114078]: [pid: 114078|app: 0|req: 5/10] 10.222.0.30 () {54 vars in 930 bytes} [Wed Dec 15 08:43:22 2021] GET /compute/v2.1 => generated 388 bytes in 3 msecs (HTTP/1.1 200) 9 headers in 357 bytes (1 switches on core 0)
Dec 15 08:43:22.606515 dv-neutron-821592-4-hyperv devstack@n-api.service[114079]: DEBUG nova.api.openstack.wsgi [None req-e18eceb3-2f9d-4afd-9e6a-3bc7d62fbe99 admin admin] Action: 'create', calling method: >, body: {"flavor": {"ram": 1024, "name": "ds1G", "os-flavor-access:is_public": true, "id": "d2", "rxtx_factor": 1.0, "disk": 10, "vcpus": 1, "OS-FLV-EXT-DATA:ephemeral": 0, "swap": 0}} {{(pid=114079) _process_stack /opt/stack/nova/nova/api/openstack/wsgi.py:511}}
Dec 15 08:43:22.631251 dv-neutron-821592-4-hyperv devstack@n-api.service[114079]: INFO nova.api.openstack.requestlog [None req-e18eceb3-2f9d-4afd-9e6a-3bc7d62fbe99 admin admin] 10.222.0.30 "POST /compute/v2.1/flavors" status: 200 len: 404 microversion: 2.61 time: 0.100703
Dec 15 08:43:22.632435 dv-neutron-821592-4-hyperv devstack@n-api.service[114079]: [pid: 114079|app: 0|req: 6/11] 10.222.0.30 () {64 vars in 1282 bytes} [Wed Dec 15 08:43:22 2021] POST /compute/v2.1/flavors => generated 404 bytes in 103 msecs (HTTP/1.1 200) 9 headers in 359 bytes (1 switches on core 0)
Dec 15 08:43:22.644408 dv-neutron-821592-4-hyperv devstack@n-api.service[114078]: DEBUG nova.api.openstack.wsgi [None req-0b2cb5de-7536-49d0-9391-71aede6fcd3e admin admin] Action: 'create', calling method: >, body: {"extra_specs": {"hw_rng:allowed": "True"}} {{(pid=114078) _process_stack /opt/stack/nova/nova/api/openstack/wsgi.py:511}}
Dec 15 08:43:22.672137 dv-neutron-821592-4-hyperv devstack@n-api.service[114078]: INFO nova.api.openstack.requestlog [None req-0b2cb5de-7536-49d0-9391-71aede6fcd3e admin admin] 10.222.0.30 "POST /compute/v2.1/flavors/d2/os-extra_specs" status: 200 len: 43 microversion: 2.61 time: 0.031189
Dec 15 08:43:22.691511 dv-neutron-821592-4-hyperv devstack@n-api.service[114078]: [pid: 114078|app: 0|req: 6/12] 10.222.0.30 () {64 vars in 1335 bytes} [Wed Dec 15 08:43:22 2021] POST /compute/v2.1/flavors/d2/os-extra_specs => generated 43 bytes in 51 msecs (HTTP/1.1 200) 9 headers in 358 bytes (1 switches on core 0)
Dec 15 08:43:25.247565 dv-neutron-821592-4-hyperv devstack@n-api.service[114079]: DEBUG nova.api.openstack.wsgi [None req-e18eceb3-2f9d-4afd-9e6a-3bc7d62fbe99 admin admin] Calling method '>' {{(pid=114079) _process_stack /opt/stack/nova/nova/api/openstack/wsgi.py:513}}
Dec 15 08:43:25.248591 dv-neutron-821592-4-hyperv devstack@n-api.service[114079]: INFO nova.api.openstack.requestlog [None req-e18eceb3-2f9d-4afd-9e6a-3bc7d62fbe99 admin admin] 10.222.0.30 "GET /compute/v2.1" status: 200 len: 388 microversion: 2.1 time: 0.001630
Dec 15 08:43:25.249208 dv-neutron-821592-4-hyperv devstack@n-api.service[114079]: [pid: 114079|app: 0|req: 7/13] 10.222.0.30 () {54 vars in 930 bytes} [Wed Dec 15 08:43:25 2021] GET /compute/v2.1 => generated 388 bytes in 3 msecs (HTTP/1.1 200) 9 headers in 357 bytes (1 switches on core 0)
Dec 15 08:43:25.309397 dv-neutron-821592-4-hyperv devstack@n-api.service[114078]: DEBUG nova.api.openstack.wsgi [None req-1f795a51-df4d-46ea-8ce1-aed4a874cb5e admin admin] Action: 'create', calling method: >, body: {"flavor": {"vcpus": 2, "disk": 10, "id": "d3", "ram": 2048, "name": "ds2G", "rxtx_factor": 1.0, "os-flavor-access:is_public": true, "OS-FLV-EXT-DATA:ephemeral": 0, "swap": 0}} {{(pid=114078) _process_stack /opt/stack/nova/nova/api/openstack/wsgi.py:511}}
Dec 15 08:43:25.329157 dv-neutron-821592-4-hyperv devstack@n-api.service[114078]: INFO nova.api.openstack.requestlog [None req-1f795a51-df4d-46ea-8ce1-aed4a874cb5e admin admin] 10.222.0.30 "POST /compute/v2.1/flavors" status: 200 len: 404 microversion: 2.61 time: 0.073356
Dec 15 08:43:25.329889 dv-neutron-821592-4-hyperv devstack@n-api.service[114078]: [pid: 114078|app: 0|req: 7/14] 10.222.0.30 () {64 vars in 1282 bytes} [Wed Dec 15 08:43:25 2021] POST /compute/v2.1/flavors => generated 404 bytes in 75 msecs (HTTP/1.1 200) 9 headers in 359 bytes (1 switches on core 0)
Dec 15 08:43:25.341824 dv-neutron-821592-4-hyperv devstack@n-api.service[114079]: DEBUG nova.api.openstack.wsgi [None req-143c724f-f125-427e-9de6-a7248b45e0ce admin admin] Action: 'create', calling method: >, body: {"extra_specs": {"hw_rng:allowed": "True"}} {{(pid=114079) _process_stack /opt/stack/nova/nova/api/openstack/wsgi.py:511}}
Dec 15 08:43:25.365653 dv-neutron-821592-4-hyperv devstack@n-api.service[114079]: INFO nova.api.openstack.requestlog [None req-143c724f-f125-427e-9de6-a7248b45e0ce admin admin] 10.222.0.30 "POST /compute/v2.1/flavors/d3/os-extra_specs" status: 200 len: 43 microversion: 2.61 time: 0.027305
Dec 15 08:43:25.366244 dv-neutron-821592-4-hyperv devstack@n-api.service[114079]: [pid: 114079|app: 0|req: 8/15] 10.222.0.30 () {64 vars in 1335 bytes} [Wed Dec 15 08:43:25 2021] POST /compute/v2.1/flavors/d3/os-extra_specs => generated 43 bytes in 29 msecs (HTTP/1.1 200) 9 headers in 358 bytes (2 switches on core 0)
Dec 15 08:43:27.809291 dv-neutron-821592-4-hyperv devstack@n-api.service[114078]: DEBUG nova.api.openstack.wsgi [None req-1f795a51-df4d-46ea-8ce1-aed4a874cb5e admin admin] Calling method '>' {{(pid=114078) _process_stack /opt/stack/nova/nova/api/openstack/wsgi.py:513}}
Dec 15 08:43:27.810767 dv-neutron-821592-4-hyperv devstack@n-api.service[114078]: INFO nova.api.openstack.requestlog [None req-1f795a51-df4d-46ea-8ce1-aed4a874cb5e admin admin] 10.222.0.30 "GET /compute/v2.1" status: 200 len: 388 microversion: 2.1 time: 0.001827
Dec 15 08:43:27.811544 dv-neutron-821592-4-hyperv devstack@n-api.service[114078]: [pid: 114078|app: 0|req: 8/16] 10.222.0.30 () {54 vars in 930 bytes} [Wed Dec 15 08:43:27 2021] GET /compute/v2.1 => generated 388 bytes in 3 msecs (HTTP/1.1 200) 9 headers in 357 bytes (1 switches on core 0)
Dec 15 08:43:27.907376 dv-neutron-821592-4-hyperv devstack@n-api.service[114079]: DEBUG nova.api.openstack.wsgi [None req-28fbabb7-b993-43a6-9c38-8a6328ff87fa admin admin] Action: 'create', calling method: >, body: {"flavor": {"ram": 4096, "vcpus": 4, "OS-FLV-EXT-DATA:ephemeral": 0, "name": "ds4G", "swap": 0, "os-flavor-access:is_public": true, "id": "d4", "disk": 20, "rxtx_factor": 1.0}} {{(pid=114079) _process_stack /opt/stack/nova/nova/api/openstack/wsgi.py:511}}
Dec 15 08:43:27.927740 dv-neutron-821592-4-hyperv devstack@n-api.service[114079]: INFO nova.api.openstack.requestlog [None req-28fbabb7-b993-43a6-9c38-8a6328ff87fa admin admin] 10.222.0.30 "POST /compute/v2.1/flavors" status: 200 len: 404 microversion: 2.61 time: 0.108377
Dec 15 08:43:27.928509 dv-neutron-821592-4-hyperv devstack@n-api.service[114079]: [pid: 114079|app: 0|req: 9/17] 10.222.0.30 () {64 vars in 1282 bytes} [Wed Dec 15 08:43:27 2021] POST /compute/v2.1/flavors => generated 404 bytes in 110 msecs (HTTP/1.1 200) 9 headers in 359 bytes (2 switches on core 0)
Dec 15 08:43:27.942219 dv-neutron-821592-4-hyperv devstack@n-api.service[114078]: DEBUG nova.api.openstack.wsgi [None req-a4e74f16-37d6-4e2e-a8be-50103937c42c admin admin] Action: 'create', calling method: >, body: {"extra_specs": {"hw_rng:allowed": "True"}} {{(pid=114078) _process_stack /opt/stack/nova/nova/api/openstack/wsgi.py:511}}
Dec 15 08:43:27.971349 dv-neutron-821592-4-hyperv devstack@n-api.service[114078]: INFO nova.api.openstack.requestlog [None req-a4e74f16-37d6-4e2e-a8be-50103937c42c admin admin] 10.222.0.30 "POST /compute/v2.1/flavors/d4/os-extra_specs" status: 200 len: 43 microversion: 2.61 time: 0.033513
Dec 15 08:43:27.973043 dv-neutron-821592-4-hyperv devstack@n-api.service[114078]: [pid: 114078|app: 0|req: 9/18] 10.222.0.30 () {64 vars in 1335 bytes} [Wed Dec 15 08:43:27 2021] POST /compute/v2.1/flavors/d4/os-extra_specs => generated 43 bytes in 35 msecs (HTTP/1.1 200) 9 headers in 358 bytes (2 switches on core 0)
Dec 15 08:43:30.506823 dv-neutron-821592-4-hyperv devstack@n-api.service[114079]: DEBUG nova.api.openstack.wsgi [None req-28fbabb7-b993-43a6-9c38-8a6328ff87fa admin admin] Calling method '>' {{(pid=114079) _process_stack /opt/stack/nova/nova/api/openstack/wsgi.py:513}}
Dec 15 08:43:30.507844 dv-neutron-821592-4-hyperv devstack@n-api.service[114079]: INFO nova.api.openstack.requestlog [None req-28fbabb7-b993-43a6-9c38-8a6328ff87fa admin admin] 10.222.0.30 "GET /compute/v2.1" status: 200 len: 388 microversion: 2.1 time: 0.001468
Dec 15 08:43:30.508254 dv-neutron-821592-4-hyperv devstack@n-api.service[114079]: [pid: 114079|app: 0|req: 10/19] 10.222.0.30 () {54 vars in 930 bytes} [Wed Dec 15 08:43:30 2021] GET /compute/v2.1 => generated 388 bytes in 2 msecs (HTTP/1.1 200) 9 headers in 357 bytes (1 switches on core 0)
Dec 15 08:43:30.568092 dv-neutron-821592-4-hyperv devstack@n-api.service[114078]: DEBUG nova.api.openstack.wsgi [None req-60294bde-4e17-49d8-b60f-051aa9101411 admin admin] Calling method '>' {{(pid=114078) _process_stack /opt/stack/nova/nova/api/openstack/wsgi.py:513}}
Dec 15 08:43:30.593364 dv-neutron-821592-4-hyperv devstack@n-api.service[114078]: INFO nova.api.openstack.requestlog [None req-60294bde-4e17-49d8-b60f-051aa9101411 admin admin] 10.222.0.30 "GET /compute/v2.1/flavors/detail?is_public=True" status: 200 len: 2106 microversion: 2.61 time: 0.078373
Dec 15 08:43:30.594159 dv-neutron-821592-4-hyperv devstack@n-api.service[114078]: [pid: 114078|app: 0|req: 10/20] 10.222.0.30 () {60 vars in 1291 bytes} [Wed Dec 15 08:43:30 2021] GET /compute/v2.1/flavors/detail?is_public=True => generated 2106 bytes in 80 msecs (HTTP/1.1 200) 9 headers in 360 bytes (1 switches on core 0)
Dec 15 08:43:33.071449 dv-neutron-821592-4-hyperv devstack@n-api.service[114079]: DEBUG nova.api.openstack.wsgi [None req-28fbabb7-b993-43a6-9c38-8a6328ff87fa admin admin] Calling method '>' {{(pid=114079) _process_stack /opt/stack/nova/nova/api/openstack/wsgi.py:513}}
Dec 15 08:43:33.072458 dv-neutron-821592-4-hyperv devstack@n-api.service[114079]: INFO nova.api.openstack.requestlog [None req-28fbabb7-b993-43a6-9c38-8a6328ff87fa admin admin] 10.222.0.30 "GET /compute/v2.1" status: 200 len: 388 microversion: 2.1 time: 0.001457
Dec 15 08:43:33.073199 dv-neutron-821592-4-hyperv devstack@n-api.service[114079]: [pid: 114079|app: 0|req: 11/21] 10.222.0.30 () {54 vars in 930 bytes} [Wed Dec 15 08:43:33 2021] GET /compute/v2.1 => generated 388 bytes in 2 msecs (HTTP/1.1 200) 9 headers in 357 bytes (1 switches on core 0)
Dec 15 08:43:33.167905 dv-neutron-821592-4-hyperv devstack@n-api.service[114078]: DEBUG nova.api.openstack.wsgi [None req-0d6d0a70-d8ce-45ec-a8e0-4e579f03949a admin admin] Action: 'create', calling method: >, body: {"flavor": {"os-flavor-access:is_public": true, "vcpus": 1, "id": "1", "swap": 0, "OS-FLV-EXT-DATA:ephemeral": 0, "rxtx_factor": 1.0, "name": "m1.tiny", "ram": 512, "disk": 1}} {{(pid=114078) _process_stack /opt/stack/nova/nova/api/openstack/wsgi.py:511}}
Dec 15 08:43:33.197927 dv-neutron-821592-4-hyperv devstack@n-api.service[114078]: INFO nova.api.openstack.requestlog [None req-0d6d0a70-d8ce-45ec-a8e0-4e579f03949a admin admin] 10.222.0.30 "POST /compute/v2.1/flavors" status: 200 len: 402 microversion: 2.61 time: 0.117716
Dec 15 08:43:33.198405 dv-neutron-821592-4-hyperv devstack@n-api.service[114078]: [pid: 114078|app: 0|req: 11/22] 10.222.0.30 () {64 vars in 1282 bytes} [Wed Dec 15 08:43:33 2021] POST /compute/v2.1/flavors => generated 402 bytes in 119 msecs (HTTP/1.1 200) 9 headers in 359 bytes (1 switches on core 0)
Dec 15 08:43:33.211807 dv-neutron-821592-4-hyperv devstack@n-api.service[114079]: DEBUG nova.api.openstack.wsgi [None req-672662bb-934b-4338-86a7-a5cc2b0d0315 admin admin] Action: 'create', calling method: >, body: {"extra_specs": {"hw_rng:allowed": "True"}} {{(pid=114079) _process_stack /opt/stack/nova/nova/api/openstack/wsgi.py:511}}
Dec 15 08:43:33.243006 dv-neutron-821592-4-hyperv devstack@n-api.service[114079]: INFO nova.api.openstack.requestlog [None req-672662bb-934b-4338-86a7-a5cc2b0d0315 admin admin] 10.222.0.30 "POST /compute/v2.1/flavors/1/os-extra_specs" status: 200 len: 43 microversion: 2.61 time: 0.035085
Dec 15 08:43:33.244810 dv-neutron-821592-4-hyperv devstack@n-api.service[114079]: [pid: 114079|app: 0|req: 12/23] 10.222.0.30 () {64 vars in 1332 bytes} [Wed Dec 15 08:43:33 2021] POST /compute/v2.1/flavors/1/os-extra_specs => generated 43 bytes in 38 msecs (HTTP/1.1 200) 9 headers in 358 bytes (1 switches on core 0)
Dec 15 08:43:35.787970 dv-neutron-821592-4-hyperv devstack@n-api.service[114078]: DEBUG nova.api.openstack.wsgi [None req-0d6d0a70-d8ce-45ec-a8e0-4e579f03949a admin admin] Calling method '>' {{(pid=114078) _process_stack /opt/stack/nova/nova/api/openstack/wsgi.py:513}}
Dec 15 08:43:35.789009 dv-neutron-821592-4-hyperv devstack@n-api.service[114078]: INFO nova.api.openstack.requestlog [None req-0d6d0a70-d8ce-45ec-a8e0-4e579f03949a admin admin] 10.222.0.30 "GET /compute/v2.1" status: 200 len: 388 microversion: 2.1 time: 0.001550
Dec 15 08:43:35.789443 dv-neutron-821592-4-hyperv devstack@n-api.service[114078]: [pid: 114078|app: 0|req: 12/24] 10.222.0.30 () {54 vars in 930 bytes} [Wed Dec 15 08:43:35 2021] GET /compute/v2.1 => generated 388 bytes in 3 msecs (HTTP/1.1 200) 9 headers in 357 bytes (1 switches on core 0)
Dec 15 08:43:35.851007 dv-neutron-821592-4-hyperv devstack@n-api.service[114079]: DEBUG nova.api.openstack.wsgi [None req-7bd81d05-810b-4fbf-a49f-2c7385d2cc30 admin admin] Action: 'create', calling method: >, body: {"flavor": {"disk": 20, "ram": 2048, "id": "2", "OS-FLV-EXT-DATA:ephemeral": 0, "swap": 0, "rxtx_factor": 1.0, "vcpus": 1, "name": "m1.small", "os-flavor-access:is_public": true}} {{(pid=114079) _process_stack /opt/stack/nova/nova/api/openstack/wsgi.py:511}}
Dec 15 08:43:35.870588 dv-neutron-821592-4-hyperv devstack@n-api.service[114079]: INFO nova.api.openstack.requestlog [None req-7bd81d05-810b-4fbf-a49f-2c7385d2cc30 admin admin] 10.222.0.30 "POST /compute/v2.1/flavors" status: 200 len: 405 microversion: 2.61 time: 0.074670
Dec 15 08:43:35.871191 dv-neutron-821592-4-hyperv devstack@n-api.service[114079]: [pid: 114079|app: 0|req: 13/25] 10.222.0.30 () {64 vars in 1282 bytes} [Wed Dec 15 08:43:35 2021] POST /compute/v2.1/flavors => generated 405 bytes in 76 msecs (HTTP/1.1 200) 9 headers in 359 bytes (2 switches on core 0)
Dec 15 08:43:35.884551 dv-neutron-821592-4-hyperv devstack@n-api.service[114078]: DEBUG nova.api.openstack.wsgi [None req-0d50f49c-0800-4f8b-aa4b-3e8ea22a036f admin admin] Action: 'create', calling method: >, body: {"extra_specs": {"hw_rng:allowed": "True"}} {{(pid=114078) _process_stack /opt/stack/nova/nova/api/openstack/wsgi.py:511}}
Dec 15 08:43:35.907983 dv-neutron-821592-4-hyperv devstack@n-api.service[114078]: INFO nova.api.openstack.requestlog [None req-0d50f49c-0800-4f8b-aa4b-3e8ea22a036f admin admin] 10.222.0.30 "POST /compute/v2.1/flavors/2/os-extra_specs" status: 200 len: 43 microversion: 2.61 time: 0.027356
Dec 15 08:43:35.908589 dv-neutron-821592-4-hyperv devstack@n-api.service[114078]: [pid: 114078|app: 0|req: 13/26] 10.222.0.30 () {64 vars in 1332 bytes} [Wed Dec 15 08:43:35 2021] POST /compute/v2.1/flavors/2/os-extra_specs => generated 43 bytes in 29 msecs (HTTP/1.1 200) 9 headers in 358 bytes (1 switches on core 0)
Dec 15 08:43:38.310743 dv-neutron-821592-4-hyperv devstack@n-api.service[114079]: DEBUG nova.api.openstack.wsgi [None req-7bd81d05-810b-4fbf-a49f-2c7385d2cc30 admin admin] Calling method '>' {{(pid=114079) _process_stack /opt/stack/nova/nova/api/openstack/wsgi.py:513}}
Dec 15 08:43:38.311880 dv-neutron-821592-4-hyperv devstack@n-api.service[114079]: INFO nova.api.openstack.requestlog [None req-7bd81d05-810b-4fbf-a49f-2c7385d2cc30 admin admin] 10.222.0.30 "GET /compute/v2.1" status: 200 len: 388 microversion: 2.1 time: 0.001538
Dec 15 08:43:38.312361 dv-neutron-821592-4-hyperv devstack@n-api.service[114079]: [pid: 114079|app: 0|req: 14/27] 10.222.0.30 () {54 vars in 930 bytes} [Wed Dec 15 08:43:38 2021] GET /compute/v2.1 => generated 388 bytes in 2 msecs (HTTP/1.1 200) 9 headers in 357 bytes (1 switches on core 0)
Dec 15 08:43:38.379475 dv-neutron-821592-4-hyperv devstack@n-api.service[114078]: DEBUG nova.api.openstack.wsgi [None req-c1ade129-f8e8-4f47-935b-c85c4478c4af admin admin] Action: 'create', calling method: >, body: {"flavor": {"name": "m1.medium", "os-flavor-access:is_public": true, "vcpus": 2, "swap": 0, "ram": 4096, "disk": 40, "rxtx_factor": 1.0, "id": "3", "OS-FLV-EXT-DATA:ephemeral": 0}} {{(pid=114078) _process_stack /opt/stack/nova/nova/api/openstack/wsgi.py:511}}
Dec 15 08:43:38.400035 dv-neutron-821592-4-hyperv devstack@n-api.service[114078]: INFO nova.api.openstack.requestlog [None req-c1ade129-f8e8-4f47-935b-c85c4478c4af admin admin] 10.222.0.30 "POST /compute/v2.1/flavors" status: 200 len: 406 microversion: 2.61 time: 0.080647
Dec 15 08:43:38.400624 dv-neutron-821592-4-hyperv devstack@n-api.service[114078]: [pid: 114078|app: 0|req: 14/28] 10.222.0.30 () {64 vars in 1282 bytes} [Wed Dec 15 08:43:38 2021] POST /compute/v2.1/flavors => generated 406 bytes in 82 msecs (HTTP/1.1 200) 9 headers in 359 bytes (1 switches on core 0)
Dec 15 08:43:38.414962 dv-neutron-821592-4-hyperv devstack@n-api.service[114079]: DEBUG nova.api.openstack.wsgi [None req-bfe0cbff-84a4-4ff6-868c-980d9e8b91db admin admin] Action: 'create', calling method: >, body: {"extra_specs": {"hw_rng:allowed": "True"}} {{(pid=114079) _process_stack /opt/stack/nova/nova/api/openstack/wsgi.py:511}}
Dec 15 08:43:38.443402 dv-neutron-821592-4-hyperv devstack@n-api.service[114079]: INFO nova.api.openstack.requestlog [None req-bfe0cbff-84a4-4ff6-868c-980d9e8b91db admin admin] 10.222.0.30 "POST /compute/v2.1/flavors/3/os-extra_specs" status: 200 len: 43 microversion: 2.61 time: 0.033165
Dec 15 08:43:38.444238 dv-neutron-821592-4-hyperv devstack@n-api.service[114079]: [pid: 114079|app: 0|req: 15/29] 10.222.0.30 () {64 vars in 1332 bytes} [Wed Dec 15 08:43:38 2021] POST /compute/v2.1/flavors/3/os-extra_specs => generated 43 bytes in 35 msecs (HTTP/1.1 200) 9 headers in 358 bytes (2 switches on core 0)
Dec 15 08:43:40.871279 dv-neutron-821592-4-hyperv devstack@n-api.service[114078]: DEBUG nova.api.openstack.wsgi [None req-c1ade129-f8e8-4f47-935b-c85c4478c4af admin admin] Calling method '>' {{(pid=114078) _process_stack /opt/stack/nova/nova/api/openstack/wsgi.py:513}}
Dec 15 08:43:40.872430 dv-neutron-821592-4-hyperv devstack@n-api.service[114078]: INFO nova.api.openstack.requestlog [None req-c1ade129-f8e8-4f47-935b-c85c4478c4af admin admin] 10.222.0.30 "GET /compute/v2.1" status: 200 len: 388 microversion: 2.1 time: 0.001751
Dec 15 08:43:40.873253 dv-neutron-821592-4-hyperv devstack@n-api.service[114078]: [pid: 114078|app: 0|req: 15/30] 10.222.0.30 () {54 vars in 930 bytes} [Wed Dec 15 08:43:40 2021] GET /compute/v2.1 => generated 388 bytes in 4 msecs (HTTP/1.1 200) 9 headers in 357 bytes (1 switches on core 0)
Dec 15 08:43:40.937970 dv-neutron-821592-4-hyperv devstack@n-api.service[114079]: DEBUG nova.api.openstack.wsgi [None req-15eaf104-3552-4145-a8ab-f4c2f6e24bc0 admin admin] Action: 'create', calling method: >, body: {"flavor": {"ram": 8192, "swap": 0, "vcpus": 4, "id": "4", "disk": 80, "os-flavor-access:is_public": true, "OS-FLV-EXT-DATA:ephemeral": 0, "name": "m1.large", "rxtx_factor": 1.0}} {{(pid=114079) _process_stack /opt/stack/nova/nova/api/openstack/wsgi.py:511}}
Dec 15 08:43:40.961309 dv-neutron-821592-4-hyperv devstack@n-api.service[114079]: INFO nova.api.openstack.requestlog [None req-15eaf104-3552-4145-a8ab-f4c2f6e24bc0 admin admin] 10.222.0.30 "POST /compute/v2.1/flavors" status: 200 len: 405 microversion: 2.61 time: 0.079044
Dec 15 08:43:40.961874 dv-neutron-821592-4-hyperv devstack@n-api.service[114079]: [pid: 114079|app: 0|req: 16/31] 10.222.0.30 () {64 vars in 1282 bytes} [Wed Dec 15 08:43:40 2021] POST /compute/v2.1/flavors => generated 405 bytes in 80 msecs (HTTP/1.1 200) 9 headers in 359 bytes (1 switches on core 0)
Dec 15 08:43:40.976377 dv-neutron-821592-4-hyperv devstack@n-api.service[114078]: DEBUG nova.api.openstack.wsgi [None req-6570b3ea-f1d8-4fd8-ba67-1830d07a042c admin admin] Action: 'create', calling method: >, body: {"extra_specs": {"hw_rng:allowed": "True"}} {{(pid=114078) _process_stack /opt/stack/nova/nova/api/openstack/wsgi.py:511}}
Dec 15 08:43:41.003621 dv-neutron-821592-4-hyperv devstack@n-api.service[114078]: INFO nova.api.openstack.requestlog [None req-6570b3ea-f1d8-4fd8-ba67-1830d07a042c admin admin] 10.222.0.30 "POST /compute/v2.1/flavors/4/os-extra_specs" status: 200 len: 43 microversion: 2.61 time: 0.032640
Dec 15 08:43:41.004421 dv-neutron-821592-4-hyperv devstack@n-api.service[114078]: [pid: 114078|app: 0|req: 16/32] 10.222.0.30 () {64 vars in 1332 bytes} [Wed Dec 15 08:43:40 2021] POST /compute/v2.1/flavors/4/os-extra_specs => generated 43 bytes in 34 msecs (HTTP/1.1 200) 9 headers in 358 bytes (2 switches on core 0)
Dec 15 08:43:43.493612 dv-neutron-821592-4-hyperv devstack@n-api.service[114079]: DEBUG nova.api.openstack.wsgi [None req-15eaf104-3552-4145-a8ab-f4c2f6e24bc0 admin admin] Calling method '>' {{(pid=114079) _process_stack /opt/stack/nova/nova/api/openstack/wsgi.py:513}}
Dec 15 08:43:43.495249 dv-neutron-821592-4-hyperv devstack@n-api.service[114079]: INFO nova.api.openstack.requestlog [None req-15eaf104-3552-4145-a8ab-f4c2f6e24bc0 admin admin] 10.222.0.30 "GET /compute/v2.1" status: 200 len: 388 microversion: 2.1 time: 0.002144
Dec 15 08:43:43.503733 dv-neutron-821592-4-hyperv devstack@n-api.service[114079]: [pid: 114079|app: 0|req: 17/33] 10.222.0.30 () {54 vars in 930 bytes} [Wed Dec 15 08:43:43 2021] GET /compute/v2.1 => generated 388 bytes in 11 msecs (HTTP/1.1 200) 9 headers in 357 bytes (1 switches on core 0)
Dec 15 08:43:43.584585 dv-neutron-821592-4-hyperv devstack@n-api.service[114078]: DEBUG nova.api.openstack.wsgi [None req-d7298e9f-4b9a-4fb8-9363-249a64f56896 admin admin] Action: 'create', calling method: >, body: {"flavor": {"os-flavor-access:is_public": true, "disk": 160, "name": "m1.xlarge", "swap": 0, "id": "5", "vcpus": 8, "OS-FLV-EXT-DATA:ephemeral": 0, "ram": 16384, "rxtx_factor": 1.0}} {{(pid=114078) _process_stack /opt/stack/nova/nova/api/openstack/wsgi.py:511}}
Dec 15 08:43:43.607874 dv-neutron-821592-4-hyperv devstack@n-api.service[114078]: INFO nova.api.openstack.requestlog [None req-d7298e9f-4b9a-4fb8-9363-249a64f56896 admin admin] 10.222.0.30 "POST /compute/v2.1/flavors" status: 200 len: 408 microversion: 2.61 time: 0.104625
Dec 15 08:43:43.608530 dv-neutron-821592-4-hyperv devstack@n-api.service[114078]: [pid: 114078|app: 0|req: 17/34] 10.222.0.30 () {64 vars in 1282 bytes} [Wed Dec 15 08:43:43 2021] POST /compute/v2.1/flavors => generated 408 bytes in 106 msecs (HTTP/1.1 200) 9 headers in 359 bytes (1 switches on core 0)
Dec 15 08:43:43.620696 dv-neutron-821592-4-hyperv devstack@n-api.service[114079]: DEBUG nova.api.openstack.wsgi [None req-56c8cb18-1dea-4d0d-a2b6-2a570ea303a3 admin admin] Action: 'create', calling method: >, body: {"extra_specs": {"hw_rng:allowed": "True"}} {{(pid=114079) _process_stack /opt/stack/nova/nova/api/openstack/wsgi.py:511}}
Dec 15 08:43:43.649704 dv-neutron-821592-4-hyperv devstack@n-api.service[114079]: INFO nova.api.openstack.requestlog [None req-56c8cb18-1dea-4d0d-a2b6-2a570ea303a3 admin admin] 10.222.0.30 "POST /compute/v2.1/flavors/5/os-extra_specs" status: 200 len: 43 microversion: 2.61 time: 0.032560
Dec 15 08:43:43.650292 dv-neutron-821592-4-hyperv devstack@n-api.service[114079]: [pid: 114079|app: 0|req: 18/35] 10.222.0.30 () {64 vars in 1332 bytes} [Wed Dec 15 08:43:43 2021] POST /compute/v2.1/flavors/5/os-extra_specs => generated 43 bytes in 34 msecs (HTTP/1.1 200) 9 headers in 358 bytes (2 switches on core 0)
Dec 15 08:44:09.064382 dv-neutron-821592-4-hyperv devstack@n-api.service[114078]: DEBUG nova.api.openstack.wsgi [None req-d7298e9f-4b9a-4fb8-9363-249a64f56896 admin admin] Calling method '>' {{(pid=114078) _process_stack /opt/stack/nova/nova/api/openstack/wsgi.py:513}}
Dec 15 08:44:09.065738 dv-neutron-821592-4-hyperv devstack@n-api.service[114078]: INFO nova.api.openstack.requestlog [None req-d7298e9f-4b9a-4fb8-9363-249a64f56896 admin admin] 10.222.0.30 "GET /compute/v2.1" status: 200 len: 388 microversion: 2.1 time: 0.001742
Dec 15 08:44:09.066233 dv-neutron-821592-4-hyperv devstack@n-api.service[114078]: [pid: 114078|app: 0|req: 18/36] 10.222.0.30 () {54 vars in 930 bytes} [Wed Dec 15 08:44:09 2021] GET /compute/v2.1 => generated 388 bytes in 3 msecs (HTTP/1.1 200) 9 headers in 357 bytes (1 switches on core 0)
Dec 15 08:44:09.129792 dv-neutron-821592-4-hyperv devstack@n-api.service[114079]: DEBUG nova.api.openstack.wsgi [None req-33128ea0-611e-4209-9f92-10f7965d43d9 admin admin] Calling method '>' {{(pid=114079) _process_stack /opt/stack/nova/nova/api/openstack/wsgi.py:513}}
Dec 15 08:44:09.147010 dv-neutron-821592-4-hyperv devstack@n-api.service[114079]: INFO nova.api.openstack.requestlog [None req-33128ea0-611e-4209-9f92-10f7965d43d9 admin admin] 10.222.0.30 "GET /compute/v2.1/flavors/detail?is_public=True" status: 200 len: 4202 microversion: 2.61 time: 0.074147
Dec 15 08:44:09.147549 dv-neutron-821592-4-hyperv devstack@n-api.service[114079]: [pid: 114079|app: 0|req: 19/37] 10.222.0.30 () {60 vars in 1291 bytes} [Wed Dec 15 08:44:09 2021] GET /compute/v2.1/flavors/detail?is_public=True => generated 4202 bytes in 75 msecs (HTTP/1.1 200) 9 headers in 360 bytes (1 switches on core 0)
Dec 15 08:44:10.745936 dv-neutron-821592-4-hyperv devstack@n-api.service[114078]: DEBUG nova.api.openstack.wsgi [None req-d7298e9f-4b9a-4fb8-9363-249a64f56896 admin admin] Calling method '>' {{(pid=114078) _process_stack /opt/stack/nova/nova/api/openstack/wsgi.py:513}}
Dec 15 08:44:10.746945 dv-neutron-821592-4-hyperv devstack@n-api.service[114078]: INFO nova.api.openstack.requestlog [None req-d7298e9f-4b9a-4fb8-9363-249a64f56896 admin admin] 10.222.0.30 "GET /compute/v2.1" status: 200 len: 388 microversion: 2.1 time: 0.001503
Dec 15 08:44:10.747344 dv-neutron-821592-4-hyperv devstack@n-api.service[114078]: [pid: 114078|app: 0|req: 19/38] 10.222.0.30 () {56 vars in 1074 bytes} [Wed Dec 15 08:44:10 2021] GET /compute/v2.1 => generated 388 bytes in 2 msecs (HTTP/1.1 200) 9 headers in 357 bytes (1 switches on core 0)
Dec 15 08:44:10.988836 dv-neutron-821592-4-hyperv devstack@n-api.service[114079]: DEBUG nova.api.openstack.wsgi [None req-3d674cc0-67d1-42f7-a130-8d9227ce6d86 admin admin] Calling method '>' {{(pid=114079) _process_stack /opt/stack/nova/nova/api/openstack/wsgi.py:513}}
Dec 15 08:44:10.994966 dv-neutron-821592-4-hyperv devstack@n-api.service[114079]: INFO nova.api.openstack.wsgi [None req-3d674cc0-67d1-42f7-a130-8d9227ce6d86 admin admin] HTTP exception thrown: Flavor 42 could not be found.
Dec 15 08:44:10.995523 dv-neutron-821592-4-hyperv devstack@n-api.service[114079]: DEBUG nova.api.openstack.wsgi [None req-3d674cc0-67d1-42f7-a130-8d9227ce6d86 admin admin] Returning 404 to user: Flavor 42 could not be found. {{(pid=114079) __call__ /opt/stack/nova/nova/api/openstack/wsgi.py:936}}
Dec 15 08:44:10.996316 dv-neutron-821592-4-hyperv devstack@n-api.service[114079]: INFO nova.api.openstack.requestlog [None req-3d674cc0-67d1-42f7-a130-8d9227ce6d86 admin admin] 10.222.0.30 "GET /compute/v2.1/flavors/42" status: 404 len: 75 microversion: 2.90 time: 0.075442
Dec 15 08:44:10.996836 dv-neutron-821592-4-hyperv devstack@n-api.service[114079]: [pid: 114079|app: 0|req: 20/39] 10.222.0.30 () {60 vars in 1190 bytes} [Wed Dec 15 08:44:10 2021] GET /compute/v2.1/flavors/42 => generated 75 bytes in 77 msecs (HTTP/1.1 404) 9 headers in 380 bytes (1 switches on core 0)
Dec 15 08:44:11.012755 dv-neutron-821592-4-hyperv devstack@n-api.service[114078]: DEBUG nova.api.openstack.wsgi [None req-769c48e2-6881-45ee-be2c-62628d06edc1 admin admin] Calling method '>' {{(pid=114078) _process_stack /opt/stack/nova/nova/api/openstack/wsgi.py:513}}
Dec 15 08:44:11.034079 dv-neutron-821592-4-hyperv devstack@n-api.service[114078]: INFO nova.api.openstack.requestlog [None req-769c48e2-6881-45ee-be2c-62628d06edc1 admin admin] 10.222.0.30 "GET /compute/v2.1/flavors?is_public=None" status: 200 len: 2056 microversion: 2.90 time: 0.027232
Dec 15 08:44:11.034624 dv-neutron-821592-4-hyperv devstack@n-api.service[114078]: [pid: 114078|app: 0|req: 20/40] 10.222.0.30 () {60 vars in 1210 bytes} [Wed Dec 15 08:44:11 2021] GET /compute/v2.1/flavors?is_public=None => generated 2056 bytes in 29 msecs (HTTP/1.1 200) 9 headers in 360 bytes (1 switches on core 0)
Dec 15 08:44:11.045708 dv-neutron-821592-4-hyperv devstack@n-api.service[114079]: DEBUG nova.api.openstack.wsgi [None req-37df9bf6-45bd-4cae-99a0-53a19b14f021 admin admin] Calling method '>' {{(pid=114079) _process_stack /opt/stack/nova/nova/api/openstack/wsgi.py:513}}
