Dec 17 14:39:06.935904 dv-neutron-821544-5-hyperv neutron-server[109751]: DEBUG neutron.db.l3_dvrscheduler_db [None req-f9b50498-d962-4e45-9003-1fd5a57780f3 tempest-PortsAdminExtendedAttrsTestJSON-1357061306 tempest-PortsAdminExtendedAttrsTestJSON-1357061306-project-admin] Received port after_create {{(pid=109751) _notify_l3_agent_new_port /opt/stack/neutron/neutron/db/l3_dvrscheduler_db.py:535}}
Dec 17 14:39:06.939190 dv-neutron-821544-5-hyperv neutron-server[109752]: DEBUG neutron.api.rpc.handlers.dhcp_rpc [None req-f1c32dcc-034b-41e9-b11f-27beb92031a6 None None] Network bf8a6c18-df96-484e-9769-ead6a5ace662 requested from dv-neutron-821544-5-hyperv {{(pid=109752) get_network_info /opt/stack/neutron/neutron/api/rpc/handlers/dhcp_rpc.py:219}}
Dec 17 14:39:06.999711 dv-neutron-821544-5-hyperv neutron-server[109751]: DEBUG neutron.plugins.ml2.managers [None req-f9b50498-d962-4e45-9003-1fd5a57780f3 tempest-PortsAdminExtendedAttrsTestJSON-1357061306 tempest-PortsAdminExtendedAttrsTestJSON-1357061306-project-admin] Attempting to bind port ba228876-306b-4fb5-8694-b01a08b0b2ab on host hv-neutron-8215 for vnic_type normal with profile {{(pid=109751) bind_port /opt/stack/neutron/neutron/plugins/ml2/managers.py:795}}
Dec 17 14:39:07.000703 dv-neutron-821544-5-hyperv neutron-server[109751]: DEBUG neutron.plugins.ml2.managers [None req-f9b50498-d962-4e45-9003-1fd5a57780f3 tempest-PortsAdminExtendedAttrsTestJSON-1357061306 tempest-PortsAdminExtendedAttrsTestJSON-1357061306-project-admin] Attempting to bind port ba228876-306b-4fb5-8694-b01a08b0b2ab by drivers openvswitch,hyperv on host hv-neutron-8215 at level 0 using segments [{'id': '43b5c1eb-2c89-4ecd-843d-ec95978931d7', 'network_type': 'vlan', 'physical_network': 'physnet1', 'segmentation_id': 592, 'network_id': 'bf8a6c18-df96-484e-9769-ead6a5ace662'}] {{(pid=109751) _bind_port_level /opt/stack/neutron/neutron/plugins/ml2/managers.py:820}}
Dec 17 14:39:07.001079 dv-neutron-821544-5-hyperv neutron-server[109751]: DEBUG neutron.plugins.ml2.drivers.mech_agent [None req-f9b50498-d962-4e45-9003-1fd5a57780f3 tempest-PortsAdminExtendedAttrsTestJSON-1357061306 tempest-PortsAdminExtendedAttrsTestJSON-1357061306-project-admin] Attempting to bind port ba228876-306b-4fb5-8694-b01a08b0b2ab on network bf8a6c18-df96-484e-9769-ead6a5ace662 {{(pid=109751) bind_port /opt/stack/neutron/neutron/plugins/ml2/drivers/mech_agent.py:91}}
Dec 17 14:39:07.020507 dv-neutron-821544-5-hyperv neutron-server[109751]: DEBUG neutron.plugins.ml2.drivers.mech_agent [None req-f9b50498-d962-4e45-9003-1fd5a57780f3 tempest-PortsAdminExtendedAttrsTestJSON-1357061306 tempest-PortsAdminExtendedAttrsTestJSON-1357061306-project-admin] Port ba228876-306b-4fb5-8694-b01a08b0b2ab on network bf8a6c18-df96-484e-9769-ead6a5ace662 not bound, no agent of type Open vSwitch agent registered on host hv-neutron-8215 {{(pid=109751) bind_port /opt/stack/neutron/neutron/plugins/ml2/drivers/mech_agent.py:103}}
Dec 17 14:39:07.020986 dv-neutron-821544-5-hyperv neutron-server[109751]: ERROR neutron.plugins.ml2.managers [None req-f9b50498-d962-4e45-9003-1fd5a57780f3 tempest-PortsAdminExtendedAttrsTestJSON-1357061306 tempest-PortsAdminExtendedAttrsTestJSON-1357061306-project-admin] Failed to bind port ba228876-306b-4fb5-8694-b01a08b0b2ab on host hv-neutron-8215 for vnic_type normal using segments [{'id': '43b5c1eb-2c89-4ecd-843d-ec95978931d7', 'network_type': 'vlan', 'physical_network': 'physnet1', 'segmentation_id': 592, 'network_id': 'bf8a6c18-df96-484e-9769-ead6a5ace662'}]
Dec 17 14:39:07.022924 dv-neutron-821544-5-hyperv neutron-server[109751]: INFO neutron.plugins.ml2.plugin [None req-f9b50498-d962-4e45-9003-1fd5a57780f3 tempest-PortsAdminExtendedAttrsTestJSON-1357061306 tempest-PortsAdminExtendedAttrsTestJSON-1357061306-project-admin] Attempt 2 to bind port ba228876-306b-4fb5-8694-b01a08b0b2ab
Dec 17 14:39:07.093845 dv-neutron-821544-5-hyperv neutron-server[109750]: DEBUG neutron.wsgi [-] (109750) accepted ('10.222.0.36', 57818) {{(pid=109750) server /usr/local/lib/python3.8/dist-packages/eventlet/wsgi.py:1004}}
Dec 17 14:39:07.098994 dv-neutron-821544-5-hyperv neutron-server[109751]: DEBUG neutron.plugins.ml2.managers [None req-f9b50498-d962-4e45-9003-1fd5a57780f3 tempest-PortsAdminExtendedAttrsTestJSON-1357061306 tempest-PortsAdminExtendedAttrsTestJSON-1357061306-project-admin] Attempting to bind port ba228876-306b-4fb5-8694-b01a08b0b2ab on host hv-neutron-8215 for vnic_type normal with profile {{(pid=109751) bind_port /opt/stack/neutron/neutron/plugins/ml2/managers.py:795}}
Dec 17 14:39:07.100097 dv-neutron-821544-5-hyperv neutron-server[109751]: DEBUG neutron.plugins.ml2.managers [None req-f9b50498-d962-4e45-9003-1fd5a57780f3 tempest-PortsAdminExtendedAttrsTestJSON-1357061306 tempest-PortsAdminExtendedAttrsTestJSON-1357061306-project-admin] Attempting to bind port ba228876-306b-4fb5-8694-b01a08b0b2ab by drivers openvswitch,hyperv on host hv-neutron-8215 at level 0 using segments [{'id': '43b5c1eb-2c89-4ecd-843d-ec95978931d7', 'network_type': 'vlan', 'physical_network': 'physnet1', 'segmentation_id': 592, 'network_id': 'bf8a6c18-df96-484e-9769-ead6a5ace662'}] {{(pid=109751) _bind_port_level /opt/stack/neutron/neutron/plugins/ml2/managers.py:820}}
Dec 17 14:39:07.100497 dv-neutron-821544-5-hyperv neutron-server[109751]: DEBUG neutron.plugins.ml2.drivers.mech_agent [None req-f9b50498-d962-4e45-9003-1fd5a57780f3 tempest-PortsAdminExtendedAttrsTestJSON-1357061306 tempest-PortsAdminExtendedAttrsTestJSON-1357061306-project-admin] Attempting to bind port ba228876-306b-4fb5-8694-b01a08b0b2ab on network bf8a6c18-df96-484e-9769-ead6a5ace662 {{(pid=109751) bind_port /opt/stack/neutron/neutron/plugins/ml2/drivers/mech_agent.py:91}}
Dec 17 14:39:07.126943 dv-neutron-821544-5-hyperv neutron-server[109751]: DEBUG neutron.plugins.ml2.drivers.mech_agent [None req-f9b50498-d962-4e45-9003-1fd5a57780f3 tempest-PortsAdminExtendedAttrsTestJSON-1357061306 tempest-PortsAdminExtendedAttrsTestJSON-1357061306-project-admin] Port ba228876-306b-4fb5-8694-b01a08b0b2ab on network bf8a6c18-df96-484e-9769-ead6a5ace662 not bound, no agent of type Open vSwitch agent registered on host hv-neutron-8215 {{(pid=109751) bind_port /opt/stack/neutron/neutron/plugins/ml2/drivers/mech_agent.py:103}}
Dec 17 14:39:07.127279 dv-neutron-821544-5-hyperv neutron-server[109751]: ERROR neutron.plugins.ml2.managers [None req-f9b50498-d962-4e45-9003-1fd5a57780f3 tempest-PortsAdminExtendedAttrsTestJSON-1357061306 tempest-PortsAdminExtendedAttrsTestJSON-1357061306-project-admin] Failed to bind port ba228876-306b-4fb5-8694-b01a08b0b2ab on host hv-neutron-8215 for vnic_type normal using segments [{'id': '43b5c1eb-2c89-4ecd-843d-ec95978931d7', 'network_type': 'vlan', 'physical_network': 'physnet1', 'segmentation_id': 592, 'network_id': 'bf8a6c18-df96-484e-9769-ead6a5ace662'}]
Dec 17 14:39:07.129373 dv-neutron-821544-5-hyperv neutron-server[109751]: INFO neutron.plugins.ml2.plugin [None req-f9b50498-d962-4e45-9003-1fd5a57780f3 tempest-PortsAdminExtendedAttrsTestJSON-1357061306 tempest-PortsAdminExtendedAttrsTestJSON-1357061306-project-admin] Attempt 3 to bind port ba228876-306b-4fb5-8694-b01a08b0b2ab
Dec 17 14:39:07.134941 dv-neutron-821544-5-hyperv neutron-server[109750]: INFO neutron.wsgi [req-70436d29-516d-400a-8328-ca256eec0f3f req-23f90c55-fc92-46d3-93cd-dc64dbd5d90a tempest-ServersTestManualDisk-205000252 tempest-ServersTestManualDisk-205000252-project] 10.222.0.36 "GET /v2.0/security-groups?name=tempest-securitygroup--856538101&fields=id&tenant_id=6227cc2cc0be4fa39b0ef1efc03660f8 HTTP/1.1" status: 200 len: 267 time: 1.1536331
Dec 17 14:39:07.154915 dv-neutron-821544-5-hyperv neutron-server[109751]: DEBUG neutron.plugins.ml2.managers [None req-f9b50498-d962-4e45-9003-1fd5a57780f3 tempest-PortsAdminExtendedAttrsTestJSON-1357061306 tempest-PortsAdminExtendedAttrsTestJSON-1357061306-project-admin] Attempting to bind port ba228876-306b-4fb5-8694-b01a08b0b2ab on host hv-neutron-8215 for vnic_type normal with profile {{(pid=109751) bind_port /opt/stack/neutron/neutron/plugins/ml2/managers.py:795}}
Dec 17 14:39:07.155281 dv-neutron-821544-5-hyperv neutron-server[109751]: DEBUG neutron.plugins.ml2.managers [None req-f9b50498-d962-4e45-9003-1fd5a57780f3 tempest-PortsAdminExtendedAttrsTestJSON-1357061306 tempest-PortsAdminExtendedAttrsTestJSON-1357061306-project-admin] Attempting to bind port ba228876-306b-4fb5-8694-b01a08b0b2ab by drivers openvswitch,hyperv on host hv-neutron-8215 at level 0 using segments [{'id': '43b5c1eb-2c89-4ecd-843d-ec95978931d7', 'network_type': 'vlan', 'physical_network': 'physnet1', 'segmentation_id': 592, 'network_id': 'bf8a6c18-df96-484e-9769-ead6a5ace662'}] {{(pid=109751) _bind_port_level /opt/stack/neutron/neutron/plugins/ml2/managers.py:820}}
Dec 17 14:39:07.155897 dv-neutron-821544-5-hyperv neutron-server[109751]: DEBUG neutron.plugins.ml2.drivers.mech_agent [None req-f9b50498-d962-4e45-9003-1fd5a57780f3 tempest-PortsAdminExtendedAttrsTestJSON-1357061306 tempest-PortsAdminExtendedAttrsTestJSON-1357061306-project-admin] Attempting to bind port ba228876-306b-4fb5-8694-b01a08b0b2ab on network bf8a6c18-df96-484e-9769-ead6a5ace662 {{(pid=109751) bind_port /opt/stack/neutron/neutron/plugins/ml2/drivers/mech_agent.py:91}}
Dec 17 14:39:07.166952 dv-neutron-821544-5-hyperv neutron-server[109751]: DEBUG neutron.plugins.ml2.drivers.mech_agent [None req-f9b50498-d962-4e45-9003-1fd5a57780f3 tempest-PortsAdminExtendedAttrsTestJSON-1357061306 tempest-PortsAdminExtendedAttrsTestJSON-1357061306-project-admin] Port ba228876-306b-4fb5-8694-b01a08b0b2ab on network bf8a6c18-df96-484e-9769-ead6a5ace662 not bound, no agent of type Open vSwitch agent registered on host hv-neutron-8215 {{(pid=109751) bind_port /opt/stack/neutron/neutron/plugins/ml2/drivers/mech_agent.py:103}}
Dec 17 14:39:07.167278 dv-neutron-821544-5-hyperv neutron-server[109751]: ERROR neutron.plugins.ml2.managers [None req-f9b50498-d962-4e45-9003-1fd5a57780f3 tempest-PortsAdminExtendedAttrsTestJSON-1357061306 tempest-PortsAdminExtendedAttrsTestJSON-1357061306-project-admin] Failed to bind port ba228876-306b-4fb5-8694-b01a08b0b2ab on host hv-neutron-8215 for vnic_type normal using segments [{'id': '43b5c1eb-2c89-4ecd-843d-ec95978931d7', 'network_type': 'vlan', 'physical_network': 'physnet1', 'segmentation_id': 592, 'network_id': 'bf8a6c18-df96-484e-9769-ead6a5ace662'}]
Dec 17 14:39:07.169434 dv-neutron-821544-5-hyperv neutron-server[109751]: INFO neutron.plugins.ml2.plugin [None req-f9b50498-d962-4e45-9003-1fd5a57780f3 tempest-PortsAdminExtendedAttrsTestJSON-1357061306 tempest-PortsAdminExtendedAttrsTestJSON-1357061306-project-admin] Attempt 4 to bind port ba228876-306b-4fb5-8694-b01a08b0b2ab
Dec 17 14:39:07.197833 dv-neutron-821544-5-hyperv neutron-server[109751]: DEBUG neutron.plugins.ml2.managers [None req-f9b50498-d962-4e45-9003-1fd5a57780f3 tempest-PortsAdminExtendedAttrsTestJSON-1357061306 tempest-PortsAdminExtendedAttrsTestJSON-1357061306-project-admin] Attempting to bind port ba228876-306b-4fb5-8694-b01a08b0b2ab on host hv-neutron-8215 for vnic_type normal with profile {{(pid=109751) bind_port /opt/stack/neutron/neutron/plugins/ml2/managers.py:795}}
Dec 17 14:39:07.198179 dv-neutron-821544-5-hyperv neutron-server[109751]: DEBUG neutron.plugins.ml2.managers [None req-f9b50498-d962-4e45-9003-1fd5a57780f3 tempest-PortsAdminExtendedAttrsTestJSON-1357061306 tempest-PortsAdminExtendedAttrsTestJSON-1357061306-project-admin] Attempting to bind port ba228876-306b-4fb5-8694-b01a08b0b2ab by drivers openvswitch,hyperv on host hv-neutron-8215 at level 0 using segments [{'id': '43b5c1eb-2c89-4ecd-843d-ec95978931d7', 'network_type': 'vlan', 'physical_network': 'physnet1', 'segmentation_id': 592, 'network_id': 'bf8a6c18-df96-484e-9769-ead6a5ace662'}] {{(pid=109751) _bind_port_level /opt/stack/neutron/neutron/plugins/ml2/managers.py:820}}
Dec 17 14:39:07.198865 dv-neutron-821544-5-hyperv neutron-server[109751]: DEBUG neutron.plugins.ml2.drivers.mech_agent [None req-f9b50498-d962-4e45-9003-1fd5a57780f3 tempest-PortsAdminExtendedAttrsTestJSON-1357061306 tempest-PortsAdminExtendedAttrsTestJSON-1357061306-project-admin] Attempting to bind port ba228876-306b-4fb5-8694-b01a08b0b2ab on network bf8a6c18-df96-484e-9769-ead6a5ace662 {{(pid=109751) bind_port /opt/stack/neutron/neutron/plugins/ml2/drivers/mech_agent.py:91}}
Dec 17 14:39:07.232891 dv-neutron-821544-5-hyperv neutron-server[109751]: DEBUG neutron.plugins.ml2.drivers.mech_agent [None req-f9b50498-d962-4e45-9003-1fd5a57780f3 tempest-PortsAdminExtendedAttrsTestJSON-1357061306 tempest-PortsAdminExtendedAttrsTestJSON-1357061306-project-admin] Port ba228876-306b-4fb5-8694-b01a08b0b2ab on network bf8a6c18-df96-484e-9769-ead6a5ace662 not bound, no agent of type Open vSwitch agent registered on host hv-neutron-8215 {{(pid=109751) bind_port /opt/stack/neutron/neutron/plugins/ml2/drivers/mech_agent.py:103}}
Dec 17 14:39:07.233314 dv-neutron-821544-5-hyperv neutron-server[109751]: ERROR neutron.plugins.ml2.managers [None req-f9b50498-d962-4e45-9003-1fd5a57780f3 tempest-PortsAdminExtendedAttrsTestJSON-1357061306 tempest-PortsAdminExtendedAttrsTestJSON-1357061306-project-admin] Failed to bind port ba228876-306b-4fb5-8694-b01a08b0b2ab on host hv-neutron-8215 for vnic_type normal using segments [{'id': '43b5c1eb-2c89-4ecd-843d-ec95978931d7', 'network_type': 'vlan', 'physical_network': 'physnet1', 'segmentation_id': 592, 'network_id': 'bf8a6c18-df96-484e-9769-ead6a5ace662'}]
Dec 17 14:39:07.235791 dv-neutron-821544-5-hyperv neutron-server[109751]: INFO neutron.plugins.ml2.plugin [None req-f9b50498-d962-4e45-9003-1fd5a57780f3 tempest-PortsAdminExtendedAttrsTestJSON-1357061306 tempest-PortsAdminExtendedAttrsTestJSON-1357061306-project-admin] Attempt 5 to bind port ba228876-306b-4fb5-8694-b01a08b0b2ab
Dec 17 14:39:07.256956 dv-neutron-821544-5-hyperv neutron-server[109751]: DEBUG neutron.plugins.ml2.managers [None req-f9b50498-d962-4e45-9003-1fd5a57780f3 tempest-PortsAdminExtendedAttrsTestJSON-1357061306 tempest-PortsAdminExtendedAttrsTestJSON-1357061306-project-admin] Attempting to bind port ba228876-306b-4fb5-8694-b01a08b0b2ab on host hv-neutron-8215 for vnic_type normal with profile {{(pid=109751) bind_port /opt/stack/neutron/neutron/plugins/ml2/managers.py:795}}
Dec 17 14:39:07.257763 dv-neutron-821544-5-hyperv neutron-server[109751]: DEBUG neutron.plugins.ml2.managers [None req-f9b50498-d962-4e45-9003-1fd5a57780f3 tempest-PortsAdminExtendedAttrsTestJSON-1357061306 tempest-PortsAdminExtendedAttrsTestJSON-1357061306-project-admin] Attempting to bind port ba228876-306b-4fb5-8694-b01a08b0b2ab by drivers openvswitch,hyperv on host hv-neutron-8215 at level 0 using segments [{'id': '43b5c1eb-2c89-4ecd-843d-ec95978931d7', 'network_type': 'vlan', 'physical_network': 'physnet1', 'segmentation_id': 592, 'network_id': 'bf8a6c18-df96-484e-9769-ead6a5ace662'}] {{(pid=109751) _bind_port_level /opt/stack/neutron/neutron/plugins/ml2/managers.py:820}}
Dec 17 14:39:07.257957 dv-neutron-821544-5-hyperv neutron-server[109751]: DEBUG neutron.plugins.ml2.drivers.mech_agent [None req-f9b50498-d962-4e45-9003-1fd5a57780f3 tempest-PortsAdminExtendedAttrsTestJSON-1357061306 tempest-PortsAdminExtendedAttrsTestJSON-1357061306-project-admin] Attempting to bind port ba228876-306b-4fb5-8694-b01a08b0b2ab on network bf8a6c18-df96-484e-9769-ead6a5ace662 {{(pid=109751) bind_port /opt/stack/neutron/neutron/plugins/ml2/drivers/mech_agent.py:91}}
Dec 17 14:39:07.265251 dv-neutron-821544-5-hyperv neutron-server[109751]: DEBUG neutron.plugins.ml2.drivers.mech_agent [None req-f9b50498-d962-4e45-9003-1fd5a57780f3 tempest-PortsAdminExtendedAttrsTestJSON-1357061306 tempest-PortsAdminExtendedAttrsTestJSON-1357061306-project-admin] Port ba228876-306b-4fb5-8694-b01a08b0b2ab on network bf8a6c18-df96-484e-9769-ead6a5ace662 not bound, no agent of type Open vSwitch agent registered on host hv-neutron-8215 {{(pid=109751) bind_port /opt/stack/neutron/neutron/plugins/ml2/drivers/mech_agent.py:103}}
Dec 17 14:39:07.265719 dv-neutron-821544-5-hyperv neutron-server[109751]: ERROR neutron.plugins.ml2.managers [None req-f9b50498-d962-4e45-9003-1fd5a57780f3 tempest-PortsAdminExtendedAttrsTestJSON-1357061306 tempest-PortsAdminExtendedAttrsTestJSON-1357061306-project-admin] Failed to bind port ba228876-306b-4fb5-8694-b01a08b0b2ab on host hv-neutron-8215 for vnic_type normal using segments [{'id': '43b5c1eb-2c89-4ecd-843d-ec95978931d7', 'network_type': 'vlan', 'physical_network': 'physnet1', 'segmentation_id': 592, 'network_id': 'bf8a6c18-df96-484e-9769-ead6a5ace662'}]
Dec 17 14:39:07.266415 dv-neutron-821544-5-hyperv neutron-server[109751]: INFO neutron.plugins.ml2.plugin [None req-f9b50498-d962-4e45-9003-1fd5a57780f3 tempest-PortsAdminExtendedAttrsTestJSON-1357061306 tempest-PortsAdminExtendedAttrsTestJSON-1357061306-project-admin] Attempt 6 to bind port ba228876-306b-4fb5-8694-b01a08b0b2ab
Dec 17 14:39:07.281150 dv-neutron-821544-5-hyperv neutron-server[109751]: DEBUG neutron.scheduler.l3_agent_scheduler [None req-3e212a1c-2744-45eb-984a-d5765369bd13 tempest-FloatingIPAdminTestJSON-156074959 tempest-FloatingIPAdminTestJSON-156074959-project] Router df025826-ad20-4ddf-9bc7-289b72a9dd85 is scheduled to L3 agent 85b44640-5ff7-4a3d-95ac-681df0163515 with binding_index 1 {{(pid=109751) bind_router /opt/stack/neutron/neutron/scheduler/l3_agent_scheduler.py:209}}
Dec 17 14:39:07.284368 dv-neutron-821544-5-hyperv neutron-server[109751]: DEBUG neutron.plugins.ml2.managers [None req-f9b50498-d962-4e45-9003-1fd5a57780f3 tempest-PortsAdminExtendedAttrsTestJSON-1357061306 tempest-PortsAdminExtendedAttrsTestJSON-1357061306-project-admin] Attempting to bind port ba228876-306b-4fb5-8694-b01a08b0b2ab on host hv-neutron-8215 for vnic_type normal with profile {{(pid=109751) bind_port /opt/stack/neutron/neutron/plugins/ml2/managers.py:795}}
Dec 17 14:39:07.284803 dv-neutron-821544-5-hyperv neutron-server[109751]: DEBUG neutron.plugins.ml2.managers [None req-f9b50498-d962-4e45-9003-1fd5a57780f3 tempest-PortsAdminExtendedAttrsTestJSON-1357061306 tempest-PortsAdminExtendedAttrsTestJSON-1357061306-project-admin] Attempting to bind port ba228876-306b-4fb5-8694-b01a08b0b2ab by drivers openvswitch,hyperv on host hv-neutron-8215 at level 0 using segments [{'id': '43b5c1eb-2c89-4ecd-843d-ec95978931d7', 'network_type': 'vlan', 'physical_network': 'physnet1', 'segmentation_id': 592, 'network_id': 'bf8a6c18-df96-484e-9769-ead6a5ace662'}] {{(pid=109751) _bind_port_level /opt/stack/neutron/neutron/plugins/ml2/managers.py:820}}
Dec 17 14:39:07.285299 dv-neutron-821544-5-hyperv neutron-server[109751]: DEBUG neutron.plugins.ml2.drivers.mech_agent [None req-f9b50498-d962-4e45-9003-1fd5a57780f3 tempest-PortsAdminExtendedAttrsTestJSON-1357061306 tempest-PortsAdminExtendedAttrsTestJSON-1357061306-project-admin] Attempting to bind port ba228876-306b-4fb5-8694-b01a08b0b2ab on network bf8a6c18-df96-484e-9769-ead6a5ace662 {{(pid=109751) bind_port /opt/stack/neutron/neutron/plugins/ml2/drivers/mech_agent.py:91}}
Dec 17 14:39:07.291959 dv-neutron-821544-5-hyperv neutron-server[109751]: DEBUG neutron.plugins.ml2.drivers.mech_agent [None req-f9b50498-d962-4e45-9003-1fd5a57780f3 tempest-PortsAdminExtendedAttrsTestJSON-1357061306 tempest-PortsAdminExtendedAttrsTestJSON-1357061306-project-admin] Port ba228876-306b-4fb5-8694-b01a08b0b2ab on network bf8a6c18-df96-484e-9769-ead6a5ace662 not bound, no agent of type Open vSwitch agent registered on host hv-neutron-8215 {{(pid=109751) bind_port /opt/stack/neutron/neutron/plugins/ml2/drivers/mech_agent.py:103}}
Dec 17 14:39:07.292426 dv-neutron-821544-5-hyperv neutron-server[109751]: ERROR neutron.plugins.ml2.managers [None req-f9b50498-d962-4e45-9003-1fd5a57780f3 tempest-PortsAdminExtendedAttrsTestJSON-1357061306 tempest-PortsAdminExtendedAttrsTestJSON-1357061306-project-admin] Failed to bind port ba228876-306b-4fb5-8694-b01a08b0b2ab on host hv-neutron-8215 for vnic_type normal using segments [{'id': '43b5c1eb-2c89-4ecd-843d-ec95978931d7', 'network_type': 'vlan', 'physical_network': 'physnet1', 'segmentation_id': 592, 'network_id': 'bf8a6c18-df96-484e-9769-ead6a5ace662'}]
Dec 17 14:39:07.293347 dv-neutron-821544-5-hyperv neutron-server[109751]: INFO neutron.plugins.ml2.plugin [None req-f9b50498-d962-4e45-9003-1fd5a57780f3 tempest-PortsAdminExtendedAttrsTestJSON-1357061306 tempest-PortsAdminExtendedAttrsTestJSON-1357061306-project-admin] Attempt 7 to bind port ba228876-306b-4fb5-8694-b01a08b0b2ab
Dec 17 14:39:07.320575 dv-neutron-821544-5-hyperv neutron-server[109751]: DEBUG neutron.plugins.ml2.managers [None req-f9b50498-d962-4e45-9003-1fd5a57780f3 tempest-PortsAdminExtendedAttrsTestJSON-1357061306 tempest-PortsAdminExtendedAttrsTestJSON-1357061306-project-admin] Attempting to bind port ba228876-306b-4fb5-8694-b01a08b0b2ab on host hv-neutron-8215 for vnic_type normal with profile {{(pid=109751) bind_port /opt/stack/neutron/neutron/plugins/ml2/managers.py:795}}
Dec 17 14:39:07.322360 dv-neutron-821544-5-hyperv neutron-server[109751]: DEBUG neutron.plugins.ml2.managers [None req-f9b50498-d962-4e45-9003-1fd5a57780f3 tempest-PortsAdminExtendedAttrsTestJSON-1357061306 tempest-PortsAdminExtendedAttrsTestJSON-1357061306-project-admin] Attempting to bind port ba228876-306b-4fb5-8694-b01a08b0b2ab by drivers openvswitch,hyperv on host hv-neutron-8215 at level 0 using segments [{'id': '43b5c1eb-2c89-4ecd-843d-ec95978931d7', 'network_type': 'vlan', 'physical_network': 'physnet1', 'segmentation_id': 592, 'network_id': 'bf8a6c18-df96-484e-9769-ead6a5ace662'}] {{(pid=109751) _bind_port_level /opt/stack/neutron/neutron/plugins/ml2/managers.py:820}}
Dec 17 14:39:07.322795 dv-neutron-821544-5-hyperv neutron-server[109751]: DEBUG neutron.plugins.ml2.drivers.mech_agent [None req-f9b50498-d962-4e45-9003-1fd5a57780f3 tempest-PortsAdminExtendedAttrsTestJSON-1357061306 tempest-PortsAdminExtendedAttrsTestJSON-1357061306-project-admin] Attempting to bind port ba228876-306b-4fb5-8694-b01a08b0b2ab on network bf8a6c18-df96-484e-9769-ead6a5ace662 {{(pid=109751) bind_port /opt/stack/neutron/neutron/plugins/ml2/drivers/mech_agent.py:91}}
Dec 17 14:39:07.330498 dv-neutron-821544-5-hyperv neutron-server[109750]: DEBUG neutron_lib.callbacks.manager [None req-20435b00-e365-4581-8ce9-5c9c5360b166 tempest-ServersTestJSON-263287923 tempest-ServersTestJSON-263287923-project] Publish callbacks [] for port, precommit_create {{(pid=109750) _notify_loop /usr/local/lib/python3.8/dist-packages/neutron_lib/callbacks/manager.py:175}}
Dec 17 14:39:07.377744 dv-neutron-821544-5-hyperv neutron-server[109751]: DEBUG neutron.plugins.ml2.drivers.mech_agent [None req-f9b50498-d962-4e45-9003-1fd5a57780f3 tempest-PortsAdminExtendedAttrsTestJSON-1357061306 tempest-PortsAdminExtendedAttrsTestJSON-1357061306-project-admin] Port ba228876-306b-4fb5-8694-b01a08b0b2ab on network bf8a6c18-df96-484e-9769-ead6a5ace662 not bound, no agent of type Open vSwitch agent registered on host hv-neutron-8215 {{(pid=109751) bind_port /opt/stack/neutron/neutron/plugins/ml2/drivers/mech_agent.py:103}}
Dec 17 14:39:07.378171 dv-neutron-821544-5-hyperv neutron-server[109751]: ERROR neutron.plugins.ml2.managers [None req-f9b50498-d962-4e45-9003-1fd5a57780f3 tempest-PortsAdminExtendedAttrsTestJSON-1357061306 tempest-PortsAdminExtendedAttrsTestJSON-1357061306-project-admin] Failed to bind port ba228876-306b-4fb5-8694-b01a08b0b2ab on host hv-neutron-8215 for vnic_type normal using segments [{'id': '43b5c1eb-2c89-4ecd-843d-ec95978931d7', 'network_type': 'vlan', 'physical_network': 'physnet1', 'segmentation_id': 592, 'network_id': 'bf8a6c18-df96-484e-9769-ead6a5ace662'}]
Dec 17 14:39:07.380389 dv-neutron-821544-5-hyperv neutron-server[109751]: INFO neutron.plugins.ml2.plugin [None req-f9b50498-d962-4e45-9003-1fd5a57780f3 tempest-PortsAdminExtendedAttrsTestJSON-1357061306 tempest-PortsAdminExtendedAttrsTestJSON-1357061306-project-admin] Attempt 8 to bind port ba228876-306b-4fb5-8694-b01a08b0b2ab
Dec 17 14:39:07.403090 dv-neutron-821544-5-hyperv neutron-server[109751]: DEBUG neutron.plugins.ml2.managers [None req-f9b50498-d962-4e45-9003-1fd5a57780f3 tempest-PortsAdminExtendedAttrsTestJSON-1357061306 tempest-PortsAdminExtendedAttrsTestJSON-1357061306-project-admin] Attempting to bind port ba228876-306b-4fb5-8694-b01a08b0b2ab on host hv-neutron-8215 for vnic_type normal with profile {{(pid=109751) bind_port /opt/stack/neutron/neutron/plugins/ml2/managers.py:795}}
Dec 17 14:39:07.404079 dv-neutron-821544-5-hyperv neutron-server[109751]: DEBUG neutron.plugins.ml2.managers [None req-f9b50498-d962-4e45-9003-1fd5a57780f3 tempest-PortsAdminExtendedAttrsTestJSON-1357061306 tempest-PortsAdminExtendedAttrsTestJSON-1357061306-project-admin] Attempting to bind port ba228876-306b-4fb5-8694-b01a08b0b2ab by drivers openvswitch,hyperv on host hv-neutron-8215 at level 0 using segments [{'id': '43b5c1eb-2c89-4ecd-843d-ec95978931d7', 'network_type': 'vlan', 'physical_network': 'physnet1', 'segmentation_id': 592, 'network_id': 'bf8a6c18-df96-484e-9769-ead6a5ace662'}] {{(pid=109751) _bind_port_level /opt/stack/neutron/neutron/plugins/ml2/managers.py:820}}
Dec 17 14:39:07.404488 dv-neutron-821544-5-hyperv neutron-server[109751]: DEBUG neutron.plugins.ml2.drivers.mech_agent [None req-f9b50498-d962-4e45-9003-1fd5a57780f3 tempest-PortsAdminExtendedAttrsTestJSON-1357061306 tempest-PortsAdminExtendedAttrsTestJSON-1357061306-project-admin] Attempting to bind port ba228876-306b-4fb5-8694-b01a08b0b2ab on network bf8a6c18-df96-484e-9769-ead6a5ace662 {{(pid=109751) bind_port /opt/stack/neutron/neutron/plugins/ml2/drivers/mech_agent.py:91}}
Dec 17 14:39:07.410722 dv-neutron-821544-5-hyperv neutron-server[109751]: DEBUG neutron.plugins.ml2.drivers.mech_agent [None req-f9b50498-d962-4e45-9003-1fd5a57780f3 tempest-PortsAdminExtendedAttrsTestJSON-1357061306 tempest-PortsAdminExtendedAttrsTestJSON-1357061306-project-admin] Port ba228876-306b-4fb5-8694-b01a08b0b2ab on network bf8a6c18-df96-484e-9769-ead6a5ace662 not bound, no agent of type Open vSwitch agent registered on host hv-neutron-8215 {{(pid=109751) bind_port /opt/stack/neutron/neutron/plugins/ml2/drivers/mech_agent.py:103}}
Dec 17 14:39:07.411051 dv-neutron-821544-5-hyperv neutron-server[109751]: ERROR neutron.plugins.ml2.managers [None req-f9b50498-d962-4e45-9003-1fd5a57780f3 tempest-PortsAdminExtendedAttrsTestJSON-1357061306 tempest-PortsAdminExtendedAttrsTestJSON-1357061306-project-admin] Failed to bind port ba228876-306b-4fb5-8694-b01a08b0b2ab on host hv-neutron-8215 for vnic_type normal using segments [{'id': '43b5c1eb-2c89-4ecd-843d-ec95978931d7', 'network_type': 'vlan', 'physical_network': 'physnet1', 'segmentation_id': 592, 'network_id': 'bf8a6c18-df96-484e-9769-ead6a5ace662'}]
Dec 17 14:39:07.412885 dv-neutron-821544-5-hyperv neutron-server[109751]: INFO neutron.plugins.ml2.plugin [None req-f9b50498-d962-4e45-9003-1fd5a57780f3 tempest-PortsAdminExtendedAttrsTestJSON-1357061306 tempest-PortsAdminExtendedAttrsTestJSON-1357061306-project-admin] Attempt 9 to bind port ba228876-306b-4fb5-8694-b01a08b0b2ab
Dec 17 14:39:07.430985 dv-neutron-821544-5-hyperv neutron-server[109751]: DEBUG neutron.plugins.ml2.managers [None req-f9b50498-d962-4e45-9003-1fd5a57780f3 tempest-PortsAdminExtendedAttrsTestJSON-1357061306 tempest-PortsAdminExtendedAttrsTestJSON-1357061306-project-admin] Attempting to bind port ba228876-306b-4fb5-8694-b01a08b0b2ab on host hv-neutron-8215 for vnic_type normal with profile {{(pid=109751) bind_port /opt/stack/neutron/neutron/plugins/ml2/managers.py:795}}
Dec 17 14:39:07.431662 dv-neutron-821544-5-hyperv neutron-server[109751]: DEBUG neutron.plugins.ml2.managers [None req-f9b50498-d962-4e45-9003-1fd5a57780f3 tempest-PortsAdminExtendedAttrsTestJSON-1357061306 tempest-PortsAdminExtendedAttrsTestJSON-1357061306-project-admin] Attempting to bind port ba228876-306b-4fb5-8694-b01a08b0b2ab by drivers openvswitch,hyperv on host hv-neutron-8215 at level 0 using segments [{'id': '43b5c1eb-2c89-4ecd-843d-ec95978931d7', 'network_type': 'vlan', 'physical_network': 'physnet1', 'segmentation_id': 592, 'network_id': 'bf8a6c18-df96-484e-9769-ead6a5ace662'}] {{(pid=109751) _bind_port_level /opt/stack/neutron/neutron/plugins/ml2/managers.py:820}}
Dec 17 14:39:07.432079 dv-neutron-821544-5-hyperv neutron-server[109751]: DEBUG neutron.plugins.ml2.drivers.mech_agent [None req-f9b50498-d962-4e45-9003-1fd5a57780f3 tempest-PortsAdminExtendedAttrsTestJSON-1357061306 tempest-PortsAdminExtendedAttrsTestJSON-1357061306-project-admin] Attempting to bind port ba228876-306b-4fb5-8694-b01a08b0b2ab on network bf8a6c18-df96-484e-9769-ead6a5ace662 {{(pid=109751) bind_port /opt/stack/neutron/neutron/plugins/ml2/drivers/mech_agent.py:91}}
Dec 17 14:39:07.440530 dv-neutron-821544-5-hyperv neutron-server[109750]: DEBUG neutron.api.v2.base [None req-4cba3022-6db3-422f-9924-347fcfeb363e tempest-QuotasNegativeTest-1930582405 tempest-QuotasNegativeTest-1930582405-project-admin] Request body: {'quota': {'network': 2}} {{(pid=109750) prepare_request_body /opt/stack/neutron/neutron/api/v2/base.py:729}}
Dec 17 14:39:07.461333 dv-neutron-821544-5-hyperv neutron-server[109751]: DEBUG neutron.plugins.ml2.drivers.mech_agent [None req-f9b50498-d962-4e45-9003-1fd5a57780f3 tempest-PortsAdminExtendedAttrsTestJSON-1357061306 tempest-PortsAdminExtendedAttrsTestJSON-1357061306-project-admin] Port ba228876-306b-4fb5-8694-b01a08b0b2ab on network bf8a6c18-df96-484e-9769-ead6a5ace662 not bound, no agent of type Open vSwitch agent registered on host hv-neutron-8215 {{(pid=109751) bind_port /opt/stack/neutron/neutron/plugins/ml2/drivers/mech_agent.py:103}}
Dec 17 14:39:07.461756 dv-neutron-821544-5-hyperv neutron-server[109751]: ERROR neutron.plugins.ml2.managers [None req-f9b50498-d962-4e45-9003-1fd5a57780f3 tempest-PortsAdminExtendedAttrsTestJSON-1357061306 tempest-PortsAdminExtendedAttrsTestJSON-1357061306-project-admin] Failed to bind port ba228876-306b-4fb5-8694-b01a08b0b2ab on host hv-neutron-8215 for vnic_type normal using segments [{'id': '43b5c1eb-2c89-4ecd-843d-ec95978931d7', 'network_type': 'vlan', 'physical_network': 'physnet1', 'segmentation_id': 592, 'network_id': 'bf8a6c18-df96-484e-9769-ead6a5ace662'}]
Dec 17 14:39:07.466768 dv-neutron-821544-5-hyperv neutron-server[109751]: INFO neutron.plugins.ml2.plugin [None req-f9b50498-d962-4e45-9003-1fd5a57780f3 tempest-PortsAdminExtendedAttrsTestJSON-1357061306 tempest-PortsAdminExtendedAttrsTestJSON-1357061306-project-admin] Attempt 10 to bind port ba228876-306b-4fb5-8694-b01a08b0b2ab
Dec 17 14:39:07.481385 dv-neutron-821544-5-hyperv neutron-server[109750]: INFO neutron.wsgi [None req-2b874753-9f2b-49b0-b637-fa443b8caea5 tempest-DHCPAgentSchedulersTestJSON-1240933145 tempest-DHCPAgentSchedulersTestJSON-1240933145-project-admin] 10.222.0.36 "GET /v2.0/agents/102348b6-aefb-4055-9e77-a82cfea45a79/dhcp-networks HTTP/1.1" status: 200 len: 6487 time: 1.6429460
Dec 17 14:39:07.487686 dv-neutron-821544-5-hyperv neutron-server[109751]: DEBUG neutron.wsgi [-] (109751) accepted ('10.222.0.36', 57822) {{(pid=109751) server /usr/local/lib/python3.8/dist-packages/eventlet/wsgi.py:1004}}
Dec 17 14:39:07.489471 dv-neutron-821544-5-hyperv neutron-server[109750]: DEBUG neutron_lib.callbacks.manager [None req-17d5d506-3903-4d73-9f3d-285abbb45022 tempest-PortsAdminExtendedAttrsIpV6TestJSON-1648940537 tempest-PortsAdminExtendedAttrsIpV6TestJSON-1648940537-project] Publish callbacks [] for security_group, precommit_create {{(pid=109750) _notify_loop /usr/local/lib/python3.8/dist-packages/neutron_lib/callbacks/manager.py:175}}
Dec 17 14:39:07.492889 dv-neutron-821544-5-hyperv neutron-server[109750]: DEBUG neutron_lib.callbacks.manager [None req-20435b00-e365-4581-8ce9-5c9c5360b166 tempest-ServersTestJSON-263287923 tempest-ServersTestJSON-263287923-project] Publish callbacks ['neutron.plugins.ml2.plugin.SecurityGroupServerNotifierRpcMixin._notify_sg_on_port_change-567769', 'neutron.plugins.ml2.ovo_rpc._ObjectChangeHandler.handle_event-50016', 'neutron.api.rpc.agentnotifiers.dhcp_rpc_agent_api.DhcpAgentNotifyAPI._native_event_send_dhcp_notification-7904844', 'neutron.db.l3_dvrscheduler_db._notify_l3_agent_new_port-8790854121418'] for port, after_create {{(pid=109750) _notify_loop /usr/local/lib/python3.8/dist-packages/neutron_lib/callbacks/manager.py:175}}
Dec 17 14:39:07.497052 dv-neutron-821544-5-hyperv neutron-server[109751]: DEBUG neutron.plugins.ml2.managers [None req-f9b50498-d962-4e45-9003-1fd5a57780f3 tempest-PortsAdminExtendedAttrsTestJSON-1357061306 tempest-PortsAdminExtendedAttrsTestJSON-1357061306-project-admin] Attempting to bind port ba228876-306b-4fb5-8694-b01a08b0b2ab on host hv-neutron-8215 for vnic_type normal with profile {{(pid=109751) bind_port /opt/stack/neutron/neutron/plugins/ml2/managers.py:795}}
Dec 17 14:39:07.497388 dv-neutron-821544-5-hyperv neutron-server[109751]: DEBUG neutron.plugins.ml2.managers [None req-f9b50498-d962-4e45-9003-1fd5a57780f3 tempest-PortsAdminExtendedAttrsTestJSON-1357061306 tempest-PortsAdminExtendedAttrsTestJSON-1357061306-project-admin] Attempting to bind port ba228876-306b-4fb5-8694-b01a08b0b2ab by drivers openvswitch,hyperv on host hv-neutron-8215 at level 0 using segments [{'id': '43b5c1eb-2c89-4ecd-843d-ec95978931d7', 'network_type': 'vlan', 'physical_network': 'physnet1', 'segmentation_id': 592, 'network_id': 'bf8a6c18-df96-484e-9769-ead6a5ace662'}] {{(pid=109751) _bind_port_level /opt/stack/neutron/neutron/plugins/ml2/managers.py:820}}
Dec 17 14:39:07.497722 dv-neutron-821544-5-hyperv neutron-server[109751]: DEBUG neutron.plugins.ml2.drivers.mech_agent [None req-f9b50498-d962-4e45-9003-1fd5a57780f3 tempest-PortsAdminExtendedAttrsTestJSON-1357061306 tempest-PortsAdminExtendedAttrsTestJSON-1357061306-project-admin] Attempting to bind port ba228876-306b-4fb5-8694-b01a08b0b2ab on network bf8a6c18-df96-484e-9769-ead6a5ace662 {{(pid=109751) bind_port /opt/stack/neutron/neutron/plugins/ml2/drivers/mech_agent.py:91}}
Dec 17 14:39:07.515818 dv-neutron-821544-5-hyperv neutron-server[109751]: DEBUG neutron.plugins.ml2.drivers.mech_agent [None req-f9b50498-d962-4e45-9003-1fd5a57780f3 tempest-PortsAdminExtendedAttrsTestJSON-1357061306 tempest-PortsAdminExtendedAttrsTestJSON-1357061306-project-admin] Port ba228876-306b-4fb5-8694-b01a08b0b2ab on network bf8a6c18-df96-484e-9769-ead6a5ace662 not bound, no agent of type Open vSwitch agent registered on host hv-neutron-8215 {{(pid=109751) bind_port /opt/stack/neutron/neutron/plugins/ml2/drivers/mech_agent.py:103}}
Dec 17 14:39:07.515818 dv-neutron-821544-5-hyperv neutron-server[109751]: ERROR neutron.plugins.ml2.managers [None req-f9b50498-d962-4e45-9003-1fd5a57780f3 tempest-PortsAdminExtendedAttrsTestJSON-1357061306 tempest-PortsAdminExtendedAttrsTestJSON-1357061306-project-admin] Failed to bind port ba228876-306b-4fb5-8694-b01a08b0b2ab on host hv-neutron-8215 for vnic_type normal using segments [{'id': '43b5c1eb-2c89-4ecd-843d-ec95978931d7', 'network_type': 'vlan', 'physical_network': 'physnet1', 'segmentation_id': 592, 'network_id': 'bf8a6c18-df96-484e-9769-ead6a5ace662'}]
Dec 17 14:39:07.516101 dv-neutron-821544-5-hyperv neutron-server[109751]: DEBUG neutron_lib.callbacks.manager [None req-f9b50498-d962-4e45-9003-1fd5a57780f3 tempest-PortsAdminExtendedAttrsTestJSON-1357061306 tempest-PortsAdminExtendedAttrsTestJSON-1357061306-project-admin] Publish callbacks ['neutron.plugins.ml2.plugin.SecurityGroupDbMixin._ensure_default_security_group_handler-567814'] for port, before_update {{(pid=109751) _notify_loop /usr/local/lib/python3.8/dist-packages/neutron_lib/callbacks/manager.py:175}}
Dec 17 14:39:07.520539 dv-neutron-821544-5-hyperv neutron-server[109750]: DEBUG neutron_lib.callbacks.manager [None req-17d5d506-3903-4d73-9f3d-285abbb45022 tempest-PortsAdminExtendedAttrsIpV6TestJSON-1648940537 tempest-PortsAdminExtendedAttrsIpV6TestJSON-1648940537-project] Publish callbacks ['neutron.plugins.ml2.ovo_rpc._ObjectChangeHandler.handle_event-8381063'] for security_group, after_create {{(pid=109750) _notify_loop /usr/local/lib/python3.8/dist-packages/neutron_lib/callbacks/manager.py:175}}
Dec 17 14:39:07.523782 dv-neutron-821544-5-hyperv neutron-server[109752]: DEBUG neutron.db.provisioning_blocks [None req-af1c0680-43c8-4f4c-9ead-79fe0583d9dc None None] Provisioning complete for port a6a60740-e539-4e18-854d-d6cdd23185d7 triggered by entity DHCP. {{(pid=109752) provisioning_complete /opt/stack/neutron/neutron/db/provisioning_blocks.py:139}}
Dec 17 14:39:07.524271 dv-neutron-821544-5-hyperv neutron-server[109752]: DEBUG neutron_lib.callbacks.manager [None req-af1c0680-43c8-4f4c-9ead-79fe0583d9dc None None] Publish callbacks ['neutron.plugins.ml2.plugin.Ml2Plugin._port_provisioned-963575'] for port, provisioning_complete {{(pid=109752) _notify_loop /usr/local/lib/python3.8/dist-packages/neutron_lib/callbacks/manager.py:175}}
Dec 17 14:39:07.546430 dv-neutron-821544-5-hyperv neutron-server[109751]: DEBUG neutron.api.rpc.agentnotifiers.l3_rpc_agent_api [None req-3e212a1c-2744-45eb-984a-d5765369bd13 tempest-FloatingIPAdminTestJSON-156074959 tempest-FloatingIPAdminTestJSON-156074959-project] Notify agent at l3_agent.dv-neutron-821544-5-hyperv the message routers_updated {{(pid=109751) _agent_notification /opt/stack/neutron/neutron/api/rpc/agentnotifiers/l3_rpc_agent_api.py:65}}
Dec 17 14:39:07.564458 dv-neutron-821544-5-hyperv neutron-server[109753]: DEBUG neutron.api.rpc.handlers.l3_rpc [None req-6048191b-1fc8-42ad-99d0-54d76c20fd46 None None] Sync routers for ids ['df025826-ad20-4ddf-9bc7-289b72a9dd85'] in dv-neutron-821544-5-hyperv {{(pid=109753) sync_routers /opt/stack/neutron/neutron/api/rpc/handlers/l3_rpc.py:125}}
Dec 17 14:39:07.581540 dv-neutron-821544-5-hyperv neutron-server[109753]: DEBUG neutron.db.l3_dvrscheduler_db [None req-6048191b-1fc8-42ad-99d0-54d76c20fd46 None None] Routers {'df025826-ad20-4ddf-9bc7-289b72a9dd85'} bound to L3 agent in host dv-neutron-821544-5-hyperv {{(pid=109753) _get_router_ids_for_agent /opt/stack/neutron/neutron/db/l3_dvrscheduler_db.py:420}}
Dec 17 14:39:07.582217 dv-neutron-821544-5-hyperv neutron-server[109753]: DEBUG neutron.db.l3_hamode_db [None req-6048191b-1fc8-42ad-99d0-54d76c20fd46 None None] neutron.services.l3_router.l3_router_plugin.L3RouterPlugin method get_ha_sync_data_for_host called with arguments (, 'dv-neutron-821544-5-hyperv', Agent(admin_state_up=True,agent_type='L3 agent',availability_zone='nova',binary='neutron-l3-agent',configurations={"agent_mode": "legacy", "ex_gw_ports": 3, "extensions": [], "floating_ips": 0, "handle_internal_only_routers": true, "interface_driver": "openvswitch", "interfaces": 2, "log_agent_heartbeats": false, "routers": 3},created_at=2021-12-17T14:31:30Z,description=,heartbeat_timestamp=2021-12-17T14:39:00Z,host='dv-neutron-821544-5-hyperv',id=85b44640-5ff7-4a3d-95ac-681df0163515,load=0,resource_versions=,resources_synced=,started_at=2021-12-17T14:31:30Z,topic='l3_agent')) {'router_ids': ['df025826-ad20-4ddf-9bc7-289b72a9dd85'], 'active': True} {{(pid=109753) wrapper /usr/local/lib/python3.8/dist-packages/oslo_log/helpers.py:65}}
Dec 17 14:39:07.612014 dv-neutron-821544-5-hyperv neutron-server[109751]: DEBUG neutron_lib.callbacks.manager [None req-3e212a1c-2744-45eb-984a-d5765369bd13 tempest-FloatingIPAdminTestJSON-156074959 tempest-FloatingIPAdminTestJSON-156074959-project] Publish callbacks [] for router, before_response {{(pid=109751) _notify_loop /usr/local/lib/python3.8/dist-packages/neutron_lib/callbacks/manager.py:175}}
Dec 17 14:39:07.613249 dv-neutron-821544-5-hyperv neutron-server[109751]: INFO neutron.wsgi [None req-3e212a1c-2744-45eb-984a-d5765369bd13 tempest-FloatingIPAdminTestJSON-156074959 tempest-FloatingIPAdminTestJSON-156074959-project] 10.222.0.36 "POST /v2.0/routers HTTP/1.1" status: 201 len: 892 time: 5.4360411
Dec 17 14:39:07.617215 dv-neutron-821544-5-hyperv neutron-server[109751]: DEBUG neutron.wsgi [-] (109751) accepted ('10.222.0.36', 57824) {{(pid=109751) server /usr/local/lib/python3.8/dist-packages/eventlet/wsgi.py:1004}}
Dec 17 14:39:07.618084 dv-neutron-821544-5-hyperv neutron-server[109753]: DEBUG neutron.db.l3_hamode_db [None req-6048191b-1fc8-42ad-99d0-54d76c20fd46 None None] neutron.services.l3_router.l3_router_plugin.L3RouterPlugin method _process_sync_ha_data called with arguments (, [], 'dv-neutron-821544-5-hyperv', False) {} {{(pid=109753) wrapper /usr/local/lib/python3.8/dist-packages/oslo_log/helpers.py:65}}
Dec 17 14:39:07.629848 dv-neutron-821544-5-hyperv neutron-server[109753]: DEBUG neutron.db.l3_dvrscheduler_db [None req-6048191b-1fc8-42ad-99d0-54d76c20fd46 None None] Routers {'df025826-ad20-4ddf-9bc7-289b72a9dd85'} bound to L3 agent in host dv-neutron-821544-5-hyperv {{(pid=109753) _get_router_ids_for_agent /opt/stack/neutron/neutron/db/l3_dvrscheduler_db.py:420}}
Dec 17 14:39:07.631219 dv-neutron-821544-5-hyperv neutron-server[109753]: DEBUG neutron.db.l3_hamode_db [None req-6048191b-1fc8-42ad-99d0-54d76c20fd46 None None] neutron.services.l3_router.l3_router_plugin.L3RouterPlugin method get_ha_sync_data_for_host called with arguments (, 'dv-neutron-821544-5-hyperv', Agent(admin_state_up=True,agent_type='L3 agent',availability_zone='nova',binary='neutron-l3-agent',configurations={"agent_mode": "legacy", "ex_gw_ports": 3, "extensions": [], "floating_ips": 0, "handle_internal_only_routers": true, "interface_driver": "openvswitch", "interfaces": 2, "log_agent_heartbeats": false, "routers": 3},created_at=2021-12-17T14:31:30Z,description=,heartbeat_timestamp=2021-12-17T14:39:00Z,host='dv-neutron-821544-5-hyperv',id=85b44640-5ff7-4a3d-95ac-681df0163515,load=0,resource_versions=,resources_synced=,started_at=2021-12-17T14:31:30Z,topic='l3_agent')) {'router_ids': ['df025826-ad20-4ddf-9bc7-289b72a9dd85'], 'active': True} {{(pid=109753) wrapper /usr/local/lib/python3.8/dist-packages/oslo_log/helpers.py:65}}
Dec 17 14:39:07.635680 dv-neutron-821544-5-hyperv neutron-server[109750]: DEBUG neutron.scheduler.dhcp_agent_scheduler [None req-20435b00-e365-4581-8ce9-5c9c5360b166 tempest-ServersTestJSON-263287923 tempest-ServersTestJSON-263287923-project] Network d9d43241-9a17-4a96-a439-cf18ae1a0a9c is already hosted by enough agents. {{(pid=109750) _get_dhcp_agents_hosting_network /opt/stack/neutron/neutron/scheduler/dhcp_agent_scheduler.py:275}}
Dec 17 14:39:07.654660 dv-neutron-821544-5-hyperv neutron-server[109750]: DEBUG neutron.plugins.ml2.drivers.helpers [None req-17d5d506-3903-4d73-9f3d-285abbb45022 tempest-PortsAdminExtendedAttrsIpV6TestJSON-1648940537 tempest-PortsAdminExtendedAttrsIpV6TestJSON-1648940537-project] vlan segment allocate from pool success with {'physical_network': 'physnet1', 'vlan_id': 571} {{(pid=109750) allocate_partially_specified_segment /opt/stack/neutron/neutron/plugins/ml2/drivers/helpers.py:153}}
Dec 17 14:39:07.668311 dv-neutron-821544-5-hyperv neutron-server[109750]: INFO neutron.wsgi [None req-4cba3022-6db3-422f-9924-347fcfeb363e tempest-QuotasNegativeTest-1930582405 tempest-QuotasNegativeTest-1930582405-project-admin] 10.222.0.36 "PUT /v2.0/quotas/e454296e73dd43cb9779b47ca72e09e1 HTTP/1.1" status: 200 len: 368 time: 0.5726991
Dec 17 14:39:07.670771 dv-neutron-821544-5-hyperv neutron-server[109753]: DEBUG neutron.db.l3_hamode_db [None req-6048191b-1fc8-42ad-99d0-54d76c20fd46 None None] neutron.services.l3_router.l3_router_plugin.L3RouterPlugin method _process_sync_ha_data called with arguments (, [], 'dv-neutron-821544-5-hyperv', False) {} {{(pid=109753) wrapper /usr/local/lib/python3.8/dist-packages/oslo_log/helpers.py:65}}
Dec 17 14:39:07.671681 dv-neutron-821544-5-hyperv neutron-server[109753]: DEBUG neutron.api.rpc.handlers.l3_rpc [None req-6048191b-1fc8-42ad-99d0-54d76c20fd46 None None] The sync data for ids ['df025826-ad20-4ddf-9bc7-289b72a9dd85'] in dv-neutron-821544-5-hyperv is: [] {{(pid=109753) sync_routers /opt/stack/neutron/neutron/api/rpc/handlers/l3_rpc.py:137}}
Dec 17 14:39:07.672863 dv-neutron-821544-5-hyperv neutron-server[109751]: DEBUG neutron.wsgi [-] (109751) accepted ('10.222.0.36', 57826) {{(pid=109751) server /usr/local/lib/python3.8/dist-packages/eventlet/wsgi.py:1004}}
Dec 17 14:39:07.677852 dv-neutron-821544-5-hyperv neutron-server[109751]: DEBUG neutron.api.v2.base [None req-dc929296-6019-49a1-bb20-0a30d0502eaf tempest-QuotasNegativeTest-1930582405 tempest-QuotasNegativeTest-1930582405-project-admin] Request body: {'network': {'project_id': 'e454296e73dd43cb9779b47ca72e09e1'}} {{(pid=109751) prepare_request_body /opt/stack/neutron/neutron/api/v2/base.py:729}}
Dec 17 14:39:07.684345 dv-neutron-821544-5-hyperv neutron-server[109750]: DEBUG neutron.scheduler.base_scheduler [None req-20435b00-e365-4581-8ce9-5c9c5360b166 tempest-ServersTestJSON-263287923 tempest-ServersTestJSON-263287923-project] Resources bound (agent type, host, resource id): {{(pid=109750) schedule /opt/stack/neutron/neutron/scheduler/base_scheduler.py:57}}
Dec 17 14:39:07.686733 dv-neutron-821544-5-hyperv neutron-server[109750]: DEBUG neutron.db.l3_dvrscheduler_db [None req-20435b00-e365-4581-8ce9-5c9c5360b166 tempest-ServersTestJSON-263287923 tempest-ServersTestJSON-263287923-project] Received port after_create {{(pid=109750) _notify_l3_agent_new_port /opt/stack/neutron/neutron/db/l3_dvrscheduler_db.py:535}}
Dec 17 14:39:07.699763 dv-neutron-821544-5-hyperv neutron-server[109750]: DEBUG neutron.api.rpc.handlers.resources_rpc [None req-20435b00-e365-4581-8ce9-5c9c5360b166 tempest-ServersTestJSON-263287923 tempest-ServersTestJSON-263287923-project] Pushing event updated for resources: {'Port': ['ID=56fe559b-86ac-44cf-b5f1-ada0a10e5e4b,revision_number=1']} {{(pid=109750) push /opt/stack/neutron/neutron/api/rpc/handlers/resources_rpc.py:237}}
Dec 17 14:39:07.706032 dv-neutron-821544-5-hyperv neutron-server[109751]: DEBUG neutron.plugins.ml2.db [None req-f9b50498-d962-4e45-9003-1fd5a57780f3 tempest-PortsAdminExtendedAttrsTestJSON-1357061306 tempest-PortsAdminExtendedAttrsTestJSON-1357061306-project-admin] For port ba228876-306b-4fb5-8694-b01a08b0b2ab, host hv-neutron-8215, cleared binding levels {{(pid=109751) clear_binding_levels /opt/stack/neutron/neutron/plugins/ml2/db.py:87}}
Dec 17 14:39:07.706403 dv-neutron-821544-5-hyperv neutron-server[109751]: DEBUG neutron.plugins.ml2.db [None req-f9b50498-d962-4e45-9003-1fd5a57780f3 tempest-PortsAdminExtendedAttrsTestJSON-1357061306 tempest-PortsAdminExtendedAttrsTestJSON-1357061306-project-admin] Attempted to set empty binding levels {{(pid=109751) set_binding_levels /opt/stack/neutron/neutron/plugins/ml2/db.py:65}}
Dec 17 14:39:07.714341 dv-neutron-821544-5-hyperv neutron-server[109750]: DEBUG neutron.api.rpc.handlers.resources_rpc [None req-17d5d506-3903-4d73-9f3d-285abbb45022 tempest-PortsAdminExtendedAttrsIpV6TestJSON-1648940537 tempest-PortsAdminExtendedAttrsIpV6TestJSON-1648940537-project] Pushing event updated for resources: {'SecurityGroup': ['ID=152270bf-3b64-427d-808b-1ba3cf04a413,revision_number=1']} {{(pid=109750) push /opt/stack/neutron/neutron/api/rpc/handlers/resources_rpc.py:237}}
Dec 17 14:39:07.721205 dv-neutron-821544-5-hyperv neutron-server[109751]: DEBUG neutron_lib.callbacks.manager [None req-f9b50498-d962-4e45-9003-1fd5a57780f3 tempest-PortsAdminExtendedAttrsTestJSON-1357061306 tempest-PortsAdminExtendedAttrsTestJSON-1357061306-project-admin] Publish callbacks ['neutron.plugins.ml2.plugin.SecurityGroupServerNotifierRpcMixin._notify_sg_on_port_change-567769', 'neutron.plugins.ml2.ovo_rpc._ObjectChangeHandler.handle_event-50016', 'neutron.api.rpc.agentnotifiers.dhcp_rpc_agent_api.DhcpAgentNotifyAPI._native_event_send_dhcp_notification-7904844', 'neutron.db.l3_db.L3RpcNotifierMixin._notify_gateway_port_ip_changed-8790854621157', 'neutron.db.l3_dvrscheduler_db._notify_l3_agent_port_update-8790854121436', 'neutron.db.l3_hascheduler_db._notify_l3_agent_ha_port_update-8790854121454'] for port, after_update {{(pid=109751) _notify_loop /usr/local/lib/python3.8/dist-packages/neutron_lib/callbacks/manager.py:175}}
Dec 17 14:39:07.722215 dv-neutron-821544-5-hyperv neutron-server[109750]: DEBUG neutron_lib.callbacks.manager [None req-17d5d506-3903-4d73-9f3d-285abbb45022 tempest-PortsAdminExtendedAttrsIpV6TestJSON-1648940537 tempest-PortsAdminExtendedAttrsIpV6TestJSON-1648940537-project] Publish callbacks ['neutron.plugins.ml2.plugin.Ml2Plugin._handle_segment_change-956752'] for segment, precommit_create {{(pid=109750) _notify_loop /usr/local/lib/python3.8/dist-packages/neutron_lib/callbacks/manager.py:175}}
Dec 17 14:39:07.722595 dv-neutron-821544-5-hyperv neutron-server[109750]: INFO neutron.db.segments_db [None req-17d5d506-3903-4d73-9f3d-285abbb45022 tempest-PortsAdminExtendedAttrsIpV6TestJSON-1648940537 tempest-PortsAdminExtendedAttrsIpV6TestJSON-1648940537-project] Added segment 11e9ec1c-e92a-4a8a-935b-f60712346935 of type vlan for network 207e86d0-b809-4428-8bac-833c02c50a83
Dec 17 14:39:07.748999 dv-neutron-821544-5-hyperv neutron-server[109751]: DEBUG neutron.scheduler.dhcp_agent_scheduler [None req-5441bac9-7f24-4240-9f12-52cee94b7cc5 tempest-DHCPAgentSchedulersTestJSON-1240933145 tempest-DHCPAgentSchedulersTestJSON-1240933145-project-admin] Network 0f9f1eb3-4399-4560-9380-019e5fee5a69 is scheduled to be hosted by DHCP agent 102348b6-aefb-4055-9e77-a82cfea45a79 with binding_index 1 {{(pid=109751) bind /opt/stack/neutron/neutron/scheduler/dhcp_agent_scheduler.py:227}}
Dec 17 14:39:07.753507 dv-neutron-821544-5-hyperv neutron-server[109751]: DEBUG neutron.pecan_wsgi.hooks.policy_enforcement [None req-f9b50498-d962-4e45-9003-1fd5a57780f3 tempest-PortsAdminExtendedAttrsTestJSON-1357061306 tempest-PortsAdminExtendedAttrsTestJSON-1357061306-project-admin] Attributes excluded by policy engine: ['standard_attr_id'] {{(pid=109751) _exclude_attributes_by_policy /opt/stack/neutron/neutron/pecan_wsgi/hooks/policy_enforcement.py:255}}
