Dec 10 18:29:57.001963 dv-neutron-821434-1-hyperv neutron-server[103594]: DEBUG neutron_lib.callbacks.manager [None req-3b0dc20e-e727-41bf-9124-524ed6901df9 tempest-QuotasNegativeTest-1386898464 tempest-QuotasNegativeTest-1386898464-project-admin] Publish callbacks [] for security_group, precommit_create {{(pid=103594) _notify_loop /usr/local/lib/python3.8/dist-packages/neutron_lib/callbacks/manager.py:175}}
Dec 10 18:29:57.045210 dv-neutron-821434-1-hyperv neutron-server[103593]: DEBUG neutron.quota.resource [None req-132607de-041c-423c-8a00-6651dbf99c92 tempest-QuotasTest-1733717120 tempest-QuotasTest-1733717120-project-admin] Usage tracker for resource:router and project:6b2de4e6b74b490194e79c429ef0865f is out of sync, need to count used quota {{(pid=103593) count_used /opt/stack/neutron/neutron/quota/resource.py:291}}
Dec 10 18:29:57.046986 dv-neutron-821434-1-hyperv neutron-server[103594]: DEBUG neutron.wsgi [-] (103594) accepted ('10.222.0.60', 57816) {{(pid=103594) server /usr/local/lib/python3.8/dist-packages/eventlet/wsgi.py:1004}}
Dec 10 18:29:57.059210 dv-neutron-821434-1-hyperv neutron-server[103593]: DEBUG neutron.quota.resource [None req-132607de-041c-423c-8a00-6651dbf99c92 tempest-QuotasTest-1733717120 tempest-QuotasTest-1733717120-project-admin] Quota usage for router was recalculated. Used quota:0. {{(pid=103593) count_used /opt/stack/neutron/neutron/quota/resource.py:312}}
Dec 10 18:29:57.069768 dv-neutron-821434-1-hyperv neutron-server[103594]: DEBUG neutron_lib.callbacks.manager [None req-e1ed8eca-3c9c-456f-983d-33bff2415c62 admin admin] Publish callbacks [] for port, precommit_create {{(pid=103594) _notify_loop /usr/local/lib/python3.8/dist-packages/neutron_lib/callbacks/manager.py:175}}
Dec 10 18:29:57.073345 dv-neutron-821434-1-hyperv neutron-server[103596]: DEBUG neutron.db.l3_hamode_db [None req-ec6bb2e5-7db8-43bf-adf3-39b313e52afa None None] neutron.services.l3_router.l3_router_plugin.L3RouterPlugin method _process_sync_ha_data called with arguments (, [{'id': 'cdffd1a3-f591-4d85-9d98-4bc287748c4d', 'name': 'tempest-ServersTestManualDisk-1815142519-router', 'tenant_id': '6fef7d7d333340c9895bd62dcce63be7', 'admin_state_up': True, 'status': 'ACTIVE', 'external_gateway_info': {'network_id': 'ededa35b-7763-4b19-be47-9fe1ca7d5897', 'external_fixed_ips': [{'subnet_id': '357162d9-2d15-419f-a030-af29b4912553', 'ip_address': '172.26.5.85'}], 'enable_snat': True}, 'gw_port_id': 'e9778ef2-9276-4cac-9fdd-ee10a6e321c3', 'description': '', 'availability_zones': ['nova'], 'distributed': False, 'ha': False, 'ha_vr_id': 0, 'availability_zone_hints': [], 'routes': [], 'flavor_id': None, 'tags': [], 'created_at': '2021-12-10T18:29:51Z', 'updated_at': '2021-12-10T18:29:53Z', 'revision_number': 3, 'project_id': '6fef7d7d333340c9895bd62dcce63be7', 'gw_port': {'id': 'e9778ef2-9276-4cac-9fdd-ee10a6e321c3', 'name': '', 'network_id': 'ededa35b-7763-4b19-be47-9fe1ca7d5897', 'tenant_id': '', 'mac_address': 'fa:16:3e:5f:93:36', 'admin_state_up': True, 'status': 'DOWN', 'device_id': 'cdffd1a3-f591-4d85-9d98-4bc287748c4d', 'device_owner': 'network:router_gateway', 'standard_attr_id': 55, 'fixed_ips': [{'subnet_id': '357162d9-2d15-419f-a030-af29b4912553', 'ip_address': '172.26.5.85', 'prefixlen': 24}], 'allowed_address_pairs': [], 'extra_dhcp_opts': [], 'security_groups': [], 'description': '', 'binding:vnic_type': 'normal', 'binding:profile': {}, 'binding:host_id': '', 'binding:vif_type': 'unbound', 'binding:vif_details': {}, 'port_security_enabled': False, 'tags': [], 'created_at': '2021-12-10T18:29:52Z', 'updated_at': '2021-12-10T18:29:53Z', 'revision_number': 1, 'project_id': '', 'subnets': [{'id': '357162d9-2d15-419f-a030-af29b4912553', 'cidr': '172.26.5.0/24', 'gateway_ip': '172.26.5.1', 'dns_nameservers': [], 'ipv6_ra_mode': None, 'subnetpool_id': None}], 'extra_subnets': [], 'address_scopes': {4: None, 6: None}, 'mtu': 1500}, 'enable_snat': True, 'gw_port_host': 'dv-neutron-821434-1-hyperv'}], 'dv-neutron-821434-1-hyperv', False) {} {{(pid=103596) wrapper /usr/local/lib/python3.8/dist-packages/oslo_log/helpers.py:65}}
Dec 10 18:29:57.090456 dv-neutron-821434-1-hyperv neutron-server[103595]: DEBUG neutron_lib.callbacks.manager [None req-67757ae5-37a0-4f80-9185-f969adb69a03 None None] Publish callbacks ['neutron.plugins.ml2.plugin.SecurityGroupServerNotifierRpcMixin._notify_sg_on_port_change-16248006', 'neutron.plugins.ml2.ovo_rpc._ObjectChangeHandler.handle_event-874562', 'neutron.api.rpc.agentnotifiers.dhcp_rpc_agent_api.DhcpAgentNotifyAPI._native_event_send_dhcp_notification-1553524', 'neutron.db.l3_db.L3RpcNotifierMixin._notify_gateway_port_ip_changed-8763100088549', 'neutron.db.l3_dvrscheduler_db._notify_l3_agent_port_update-8763099538881', 'neutron.db.l3_hascheduler_db._notify_l3_agent_ha_port_update-8763099538899'] for port, after_update {{(pid=103595) _notify_loop /usr/local/lib/python3.8/dist-packages/neutron_lib/callbacks/manager.py:175}}
Dec 10 18:29:57.090666 dv-neutron-821434-1-hyperv neutron-server[103593]: DEBUG neutron_lib.callbacks.manager [None req-028ec355-e4d3-44ab-b981-9f368969808c tempest-ExternalNetworksTestJSON-334505211 tempest-ExternalNetworksTestJSON-334505211-project-admin] Publish callbacks ['neutron.plugins.ml2.plugin.Ml2Plugin._network_delete_precommit_handler-16058961', 'neutron.services.segments.db._delete_segments_for_network-8763100105602'] for network, precommit_delete {{(pid=103593) _notify_loop /usr/local/lib/python3.8/dist-packages/neutron_lib/callbacks/manager.py:175}}
Dec 10 18:29:57.126776 dv-neutron-821434-1-hyperv neutron-server[103596]: DEBUG neutron.api.rpc.handlers.l3_rpc [None req-ec6bb2e5-7db8-43bf-adf3-39b313e52afa None None] Checking router: cdffd1a3-f591-4d85-9d98-4bc287748c4d for host: dv-neutron-821434-1-hyperv {{(pid=103596) _ensure_host_set_on_ports /opt/stack/neutron/neutron/api/rpc/handlers/l3_rpc.py:155}}
Dec 10 18:29:57.127247 dv-neutron-821434-1-hyperv neutron-server[103596]: DEBUG neutron.api.rpc.handlers.l3_rpc [None req-ec6bb2e5-7db8-43bf-adf3-39b313e52afa None None] Updating router cdffd1a3-f591-4d85-9d98-4bc287748c4d port e9778ef2-9276-4cac-9fdd-ee10a6e321c3 binding host dv-neutron-821434-1-hyperv {{(pid=103596) _ensure_host_set_on_port /opt/stack/neutron/neutron/api/rpc/handlers/l3_rpc.py:205}}
Dec 10 18:29:57.132708 dv-neutron-821434-1-hyperv neutron-server[103594]: DEBUG neutron.wsgi [-] (103594) accepted ('10.222.0.60', 57820) {{(pid=103594) server /usr/local/lib/python3.8/dist-packages/eventlet/wsgi.py:1004}}
Dec 10 18:29:57.148019 dv-neutron-821434-1-hyperv neutron-server[103594]: DEBUG neutron_lib.callbacks.manager [None req-3b0dc20e-e727-41bf-9124-524ed6901df9 tempest-QuotasNegativeTest-1386898464 tempest-QuotasNegativeTest-1386898464-project-admin] Publish callbacks ['neutron.plugins.ml2.ovo_rpc._ObjectChangeHandler.handle_event-1542243'] for security_group, after_create {{(pid=103594) _notify_loop /usr/local/lib/python3.8/dist-packages/neutron_lib/callbacks/manager.py:175}}
Dec 10 18:29:57.159071 dv-neutron-821434-1-hyperv neutron-server[103593]: DEBUG neutron.quota.resource [None req-132607de-041c-423c-8a00-6651dbf99c92 tempest-QuotasTest-1733717120 tempest-QuotasTest-1733717120-project-admin] Usage tracker for resource:floatingip and project:6b2de4e6b74b490194e79c429ef0865f is out of sync, need to count used quota {{(pid=103593) count_used /opt/stack/neutron/neutron/quota/resource.py:291}}
Dec 10 18:29:57.171240 dv-neutron-821434-1-hyperv neutron-server[103596]: DEBUG neutron_lib.callbacks.manager [None req-ec6bb2e5-7db8-43bf-adf3-39b313e52afa None None] Publish callbacks ['neutron.plugins.ml2.plugin.SecurityGroupDbMixin._ensure_default_security_group_handler-16249113'] for port, before_update {{(pid=103596) _notify_loop /usr/local/lib/python3.8/dist-packages/neutron_lib/callbacks/manager.py:175}}
Dec 10 18:29:57.175165 dv-neutron-821434-1-hyperv neutron-server[103594]: DEBUG neutron.api.v2.base [None req-9de0c13d-9e9c-4455-b6c7-fd1bc8fd1477 tempest-PortsAdminExtendedAttrsIpV6TestJSON-640994843 tempest-PortsAdminExtendedAttrsIpV6TestJSON-640994843-project-admin] Request body: {'port': {'network_id': '4796c673-9200-4b80-aae7-ddc2298a93af', 'binding:host_id': 'hv-neutron-8214', 'name': 'tempest-PortsAdminExtendedAttrsIpV6TestJSON-96342085'}} {{(pid=103594) prepare_request_body /opt/stack/neutron/neutron/api/v2/base.py:729}}
Dec 10 18:29:57.183964 dv-neutron-821434-1-hyperv neutron-server[103593]: DEBUG neutron_lib.callbacks.manager [None req-028ec355-e4d3-44ab-b981-9f368969808c tempest-ExternalNetworksTestJSON-334505211 tempest-ExternalNetworksTestJSON-334505211-project-admin] Subscribe: > segment before_delete 55550000 {{(pid=103593) subscribe /usr/local/lib/python3.8/dist-packages/neutron_lib/callbacks/manager.py:45}}
Dec 10 18:29:57.184336 dv-neutron-821434-1-hyperv neutron-server[103593]: DEBUG neutron_lib.callbacks.manager [None req-028ec355-e4d3-44ab-b981-9f368969808c tempest-ExternalNetworksTestJSON-334505211 tempest-ExternalNetworksTestJSON-334505211-project-admin] Subscribe: > subnet precommit_delete_associations 55550000 {{(pid=103593) subscribe /usr/local/lib/python3.8/dist-packages/neutron_lib/callbacks/manager.py:45}}
Dec 10 18:29:57.185099 dv-neutron-821434-1-hyperv neutron-server[103593]: DEBUG neutron_lib.callbacks.manager [None req-028ec355-e4d3-44ab-b981-9f368969808c tempest-ExternalNetworksTestJSON-334505211 tempest-ExternalNetworksTestJSON-334505211-project-admin] Subscribe: > segment_host_mapping after_create 55550000 {{(pid=103593) subscribe /usr/local/lib/python3.8/dist-packages/neutron_lib/callbacks/manager.py:45}}
Dec 10 18:29:57.185450 dv-neutron-821434-1-hyperv neutron-server[103593]: DEBUG neutron_lib.callbacks.manager [None req-028ec355-e4d3-44ab-b981-9f368969808c tempest-ExternalNetworksTestJSON-334505211 tempest-ExternalNetworksTestJSON-334505211-project-admin] Subscribe: > port after_create 55550000 {{(pid=103593) subscribe /usr/local/lib/python3.8/dist-packages/neutron_lib/callbacks/manager.py:45}}
Dec 10 18:29:57.188604 dv-neutron-821434-1-hyperv neutron-server[103595]: DEBUG neutron.api.rpc.handlers.resources_rpc [None req-67757ae5-37a0-4f80-9185-f969adb69a03 None None] Pushing event updated for resources: {'Port': ['ID=f37f8a6b-ea7b-460d-9d3a-9527c159a09c,revision_number=2']} {{(pid=103595) push /opt/stack/neutron/neutron/api/rpc/handlers/resources_rpc.py:237}}
Dec 10 18:29:57.191025 dv-neutron-821434-1-hyperv neutron-server[103593]: DEBUG neutron_lib.callbacks.manager [None req-028ec355-e4d3-44ab-b981-9f368969808c tempest-ExternalNetworksTestJSON-334505211 tempest-ExternalNetworksTestJSON-334505211-project-admin] Subscribe: > port after_delete 55550000 {{(pid=103593) subscribe /usr/local/lib/python3.8/dist-packages/neutron_lib/callbacks/manager.py:45}}
Dec 10 18:29:57.191477 dv-neutron-821434-1-hyperv neutron-server[103593]: DEBUG neutron_lib.callbacks.manager [None req-028ec355-e4d3-44ab-b981-9f368969808c tempest-ExternalNetworksTestJSON-334505211 tempest-ExternalNetworksTestJSON-334505211-project-admin] Subscribe: > port after_update 55550000 {{(pid=103593) subscribe /usr/local/lib/python3.8/dist-packages/neutron_lib/callbacks/manager.py:45}}
Dec 10 18:29:57.191853 dv-neutron-821434-1-hyperv neutron-server[103593]: DEBUG neutron_lib.callbacks.manager [None req-028ec355-e4d3-44ab-b981-9f368969808c tempest-ExternalNetworksTestJSON-334505211 tempest-ExternalNetworksTestJSON-334505211-project-admin] Subscribe: > segment after_delete 55550000 {{(pid=103593) subscribe /usr/local/lib/python3.8/dist-packages/neutron_lib/callbacks/manager.py:45}}
Dec 10 18:29:57.198007 dv-neutron-821434-1-hyperv neutron-server[103593]: DEBUG neutron_lib.callbacks.manager [None req-028ec355-e4d3-44ab-b981-9f368969808c tempest-ExternalNetworksTestJSON-334505211 tempest-ExternalNetworksTestJSON-334505211-project-admin] Subscribe: > subnet after_create 55550000 {{(pid=103593) subscribe /usr/local/lib/python3.8/dist-packages/neutron_lib/callbacks/manager.py:45}}
Dec 10 18:29:57.198303 dv-neutron-821434-1-hyperv neutron-server[103593]: DEBUG neutron_lib.callbacks.manager [None req-028ec355-e4d3-44ab-b981-9f368969808c tempest-ExternalNetworksTestJSON-334505211 tempest-ExternalNetworksTestJSON-334505211-project-admin] Subscribe: > subnet after_delete 55550000 {{(pid=103593) subscribe /usr/local/lib/python3.8/dist-packages/neutron_lib/callbacks/manager.py:45}}
Dec 10 18:29:57.198643 dv-neutron-821434-1-hyperv neutron-server[103593]: DEBUG neutron_lib.callbacks.manager [None req-028ec355-e4d3-44ab-b981-9f368969808c tempest-ExternalNetworksTestJSON-334505211 tempest-ExternalNetworksTestJSON-334505211-project-admin] Subscribe: > subnet after_update 55550000 {{(pid=103593) subscribe /usr/local/lib/python3.8/dist-packages/neutron_lib/callbacks/manager.py:45}}
Dec 10 18:29:57.224536 dv-neutron-821434-1-hyperv neutron-server[103594]: DEBUG neutron.api.rpc.handlers.resources_rpc [None req-3b0dc20e-e727-41bf-9124-524ed6901df9 tempest-QuotasNegativeTest-1386898464 tempest-QuotasNegativeTest-1386898464-project-admin] Pushing event updated for resources: {'SecurityGroup': ['ID=c75b6063-1967-4d66-a6f5-b0c9af4fa8da,revision_number=1']} {{(pid=103594) push /opt/stack/neutron/neutron/api/rpc/handlers/resources_rpc.py:237}}
Dec 10 18:29:57.334547 dv-neutron-821434-1-hyperv neutron-server[103594]: DEBUG neutron.api.v2.base [None req-be1b6ffe-1ab7-4b1c-9e07-8d72c225c39e tempest-NetworksTestDHCPv6-55859780 tempest-NetworksTestDHCPv6-55859780-project] Request body: {'network': {'name': 'tempest-NetworksTestDHCPv6-test-network-2130760010'}} {{(pid=103594) prepare_request_body /opt/stack/neutron/neutron/api/v2/base.py:729}}
Dec 10 18:29:57.359045 dv-neutron-821434-1-hyperv neutron-server[103594]: DEBUG neutron.plugins.ml2.drivers.helpers [None req-3b0dc20e-e727-41bf-9124-524ed6901df9 tempest-QuotasNegativeTest-1386898464 tempest-QuotasNegativeTest-1386898464-project-admin] vlan segment allocate from pool success with {'physical_network': 'physnet1', 'vlan_id': 114} {{(pid=103594) allocate_partially_specified_segment /opt/stack/neutron/neutron/plugins/ml2/drivers/helpers.py:153}}
Dec 10 18:29:57.487073 dv-neutron-821434-1-hyperv neutron-server[103593]: DEBUG neutron_lib.callbacks.manager [None req-028ec355-e4d3-44ab-b981-9f368969808c tempest-ExternalNetworksTestJSON-334505211 tempest-ExternalNetworksTestJSON-334505211-project-admin] Subscribe: > subnet after_create 55550000 {{(pid=103593) subscribe /usr/local/lib/python3.8/dist-packages/neutron_lib/callbacks/manager.py:45}}
Dec 10 18:29:57.487739 dv-neutron-821434-1-hyperv neutron-server[103593]: DEBUG neutron_lib.callbacks.manager [None req-028ec355-e4d3-44ab-b981-9f368969808c tempest-ExternalNetworksTestJSON-334505211 tempest-ExternalNetworksTestJSON-334505211-project-admin] Subscribe: > subnet after_delete 55550000 {{(pid=103593) subscribe /usr/local/lib/python3.8/dist-packages/neutron_lib/callbacks/manager.py:45}}
Dec 10 18:29:57.488707 dv-neutron-821434-1-hyperv neutron-server[103593]: DEBUG neutron_lib.callbacks.manager [None req-028ec355-e4d3-44ab-b981-9f368969808c tempest-ExternalNetworksTestJSON-334505211 tempest-ExternalNetworksTestJSON-334505211-project-admin] Subscribe: > subnet before_create 55550000 {{(pid=103593) subscribe /usr/local/lib/python3.8/dist-packages/neutron_lib/callbacks/manager.py:45}}
Dec 10 18:29:57.489367 dv-neutron-821434-1-hyperv neutron-server[103593]: DEBUG neutron_lib.callbacks.manager [None req-028ec355-e4d3-44ab-b981-9f368969808c tempest-ExternalNetworksTestJSON-334505211 tempest-ExternalNetworksTestJSON-334505211-project-admin] Subscribe: > subnet before_update 55550000 {{(pid=103593) subscribe /usr/local/lib/python3.8/dist-packages/neutron_lib/callbacks/manager.py:45}}
Dec 10 18:29:57.489914 dv-neutron-821434-1-hyperv neutron-server[103593]: DEBUG neutron.services.segments.db [None req-028ec355-e4d3-44ab-b981-9f368969808c tempest-ExternalNetworksTestJSON-334505211 tempest-ExternalNetworksTestJSON-334505211-project-admin] neutron.services.segments.plugin.Plugin method get_segments called with arguments (,) {'filters': {'network_id': ['51ccd39b-87b9-4b76-9883-16d050772199']}} {{(pid=103593) wrapper /usr/local/lib/python3.8/dist-packages/oslo_log/helpers.py:65}}
Dec 10 18:29:57.500646 dv-neutron-821434-1-hyperv neutron-server[103594]: DEBUG neutron_lib.callbacks.manager [None req-3b0dc20e-e727-41bf-9124-524ed6901df9 tempest-QuotasNegativeTest-1386898464 tempest-QuotasNegativeTest-1386898464-project-admin] Publish callbacks ['neutron.plugins.ml2.plugin.Ml2Plugin._handle_segment_change-16071759'] for segment, precommit_create {{(pid=103594) _notify_loop /usr/local/lib/python3.8/dist-packages/neutron_lib/callbacks/manager.py:175}}
Dec 10 18:29:57.500833 dv-neutron-821434-1-hyperv neutron-server[103594]: INFO neutron.db.segments_db [None req-3b0dc20e-e727-41bf-9124-524ed6901df9 tempest-QuotasNegativeTest-1386898464 tempest-QuotasNegativeTest-1386898464-project-admin] Added segment b15dfbdc-8fe1-40f2-ad71-55a161ceaf33 of type vlan for network 1932483c-22ab-46ca-9ea3-826b686e9c10
Dec 10 18:29:57.522092 dv-neutron-821434-1-hyperv neutron-server[103593]: DEBUG neutron.quota.resource [None req-132607de-041c-423c-8a00-6651dbf99c92 tempest-QuotasTest-1733717120 tempest-QuotasTest-1733717120-project-admin] Quota usage for floatingip was recalculated. Used quota:0. {{(pid=103593) count_used /opt/stack/neutron/neutron/quota/resource.py:312}}
Dec 10 18:29:57.541967 dv-neutron-821434-1-hyperv neutron-server[103593]: DEBUG neutron.services.segments.db [None req-028ec355-e4d3-44ab-b981-9f368969808c tempest-ExternalNetworksTestJSON-334505211 tempest-ExternalNetworksTestJSON-334505211-project-admin] neutron.services.segments.plugin.Plugin method delete_segment called with arguments (, 'd5ccb44e-ff00-48de-b25e-6843a908c9a7') {'for_net_delete': True} {{(pid=103593) wrapper /usr/local/lib/python3.8/dist-packages/oslo_log/helpers.py:65}}
Dec 10 18:29:57.542102 dv-neutron-821434-1-hyperv neutron-server[103594]: DEBUG neutron_lib.callbacks.manager [None req-6868656c-6751-4dd4-97cf-9f9c862313c2 admin admin] Publish callbacks [] for router_gateway, before_create {{(pid=103594) _notify_loop /usr/local/lib/python3.8/dist-packages/neutron_lib/callbacks/manager.py:175}}
Dec 10 18:29:57.542702 dv-neutron-821434-1-hyperv neutron-server[103593]: DEBUG neutron.services.segments.db [None req-028ec355-e4d3-44ab-b981-9f368969808c tempest-ExternalNetworksTestJSON-334505211 tempest-ExternalNetworksTestJSON-334505211-project-admin] neutron.services.segments.plugin.Plugin method get_segment called with arguments (, 'd5ccb44e-ff00-48de-b25e-6843a908c9a7') {} {{(pid=103593) wrapper /usr/local/lib/python3.8/dist-packages/oslo_log/helpers.py:65}}
Dec 10 18:29:57.566238 dv-neutron-821434-1-hyperv neutron-server[103593]: DEBUG neutron_lib.callbacks.manager [None req-028ec355-e4d3-44ab-b981-9f368969808c tempest-ExternalNetworksTestJSON-334505211 tempest-ExternalNetworksTestJSON-334505211-project-admin] Publish callbacks ['neutron.plugins.ml2.db._prevent_segment_delete_with_port_bound-8763100108427', 'neutron.services.segments.plugin.Plugin._prevent_segment_delete_with_subnet_associated-3233213'] for segment, before_delete {{(pid=103593) _notify_loop /usr/local/lib/python3.8/dist-packages/neutron_lib/callbacks/manager.py:175}}
Dec 10 18:29:57.595489 dv-neutron-821434-1-hyperv neutron-server[103593]: DEBUG neutron_lib.callbacks.manager [None req-028ec355-e4d3-44ab-b981-9f368969808c tempest-ExternalNetworksTestJSON-334505211 tempest-ExternalNetworksTestJSON-334505211-project-admin] Publish callbacks ['neutron.plugins.ml2.plugin.Ml2Plugin._handle_segment_change-16071759'] for segment, precommit_delete {{(pid=103593) _notify_loop /usr/local/lib/python3.8/dist-packages/neutron_lib/callbacks/manager.py:175}}
Dec 10 18:29:57.602301 dv-neutron-821434-1-hyperv neutron-server[103594]: DEBUG neutron_lib.callbacks.manager [None req-6868656c-6751-4dd4-97cf-9f9c862313c2 admin admin] Publish callbacks ['neutron.plugins.ml2.plugin.SecurityGroupDbMixin._ensure_default_security_group_handler-16249113'] for port, before_create {{(pid=103594) _notify_loop /usr/local/lib/python3.8/dist-packages/neutron_lib/callbacks/manager.py:175}}
Dec 10 18:29:57.604029 dv-neutron-821434-1-hyperv neutron-server[103594]: DEBUG neutron.pecan_wsgi.hooks.quota_enforcement [None req-9de0c13d-9e9c-4455-b6c7-fd1bc8fd1477 tempest-PortsAdminExtendedAttrsIpV6TestJSON-640994843 tempest-PortsAdminExtendedAttrsIpV6TestJSON-640994843-project-admin] Made reservation on behalf of 48efd0b71fc545008ad65fcc09aca645 for: {'port': 1} {{(pid=103594) before /opt/stack/neutron/neutron/pecan_wsgi/hooks/quota_enforcement.py:53}}
Dec 10 18:29:57.605826 dv-neutron-821434-1-hyperv neutron-server[103593]: DEBUG neutron.plugins.ml2.drivers.type_vlan [None req-028ec355-e4d3-44ab-b981-9f368969808c tempest-ExternalNetworksTestJSON-334505211 tempest-ExternalNetworksTestJSON-334505211-project-admin] Releasing vlan 112 on physical network physnet1 to pool {{(pid=103593) release_segment /opt/stack/neutron/neutron/plugins/ml2/drivers/type_vlan.py:304}}
Dec 10 18:29:57.606232 dv-neutron-821434-1-hyperv neutron-server[103593]: DEBUG neutron_lib.callbacks.manager [None req-028ec355-e4d3-44ab-b981-9f368969808c tempest-ExternalNetworksTestJSON-334505211 tempest-ExternalNetworksTestJSON-334505211-project-admin] Publish callbacks ['neutron.plugins.ml2.plugin.Ml2Plugin._handle_segment_change-16071759', 'neutron.services.segments.plugin.NovaSegmentNotifier._notify_segment_deleted-2458604'] for segment, after_delete {{(pid=103593) _notify_loop /usr/local/lib/python3.8/dist-packages/neutron_lib/callbacks/manager.py:175}}
Dec 10 18:29:57.606339 dv-neutron-821434-1-hyperv neutron-server[103594]: DEBUG neutron_lib.callbacks.manager [None req-9de0c13d-9e9c-4455-b6c7-fd1bc8fd1477 tempest-PortsAdminExtendedAttrsIpV6TestJSON-640994843 tempest-PortsAdminExtendedAttrsIpV6TestJSON-640994843-project-admin] Publish callbacks ['neutron.plugins.ml2.plugin.SecurityGroupDbMixin._ensure_default_security_group_handler-16249113'] for port, before_create {{(pid=103594) _notify_loop /usr/local/lib/python3.8/dist-packages/neutron_lib/callbacks/manager.py:175}}
Dec 10 18:29:57.640610 dv-neutron-821434-1-hyperv neutron-server[103594]: DEBUG neutron_lib.callbacks.manager [None req-3b0dc20e-e727-41bf-9124-524ed6901df9 tempest-QuotasNegativeTest-1386898464 tempest-QuotasNegativeTest-1386898464-project-admin] Publish callbacks ['neutron.services.auto_allocate.db._ensure_external_network_default_value_callback-8763099488013'] for network, precommit_create {{(pid=103594) _notify_loop /usr/local/lib/python3.8/dist-packages/neutron_lib/callbacks/manager.py:175}}
Dec 10 18:29:57.648095 dv-neutron-821434-1-hyperv neutron-server[103594]: DEBUG neutron_lib.callbacks.manager [None req-e1ed8eca-3c9c-456f-983d-33bff2415c62 admin admin] Publish callbacks ['neutron.plugins.ml2.plugin.SecurityGroupServerNotifierRpcMixin._notify_sg_on_port_change-16248006', 'neutron.plugins.ml2.ovo_rpc._ObjectChangeHandler.handle_event-874562', 'neutron.api.rpc.agentnotifiers.dhcp_rpc_agent_api.DhcpAgentNotifyAPI._native_event_send_dhcp_notification-1553524', 'neutron.db.l3_dvrscheduler_db._notify_l3_agent_new_port-8763099538863'] for port, after_create {{(pid=103594) _notify_loop /usr/local/lib/python3.8/dist-packages/neutron_lib/callbacks/manager.py:175}}
Dec 10 18:29:57.649905 dv-neutron-821434-1-hyperv neutron-server[103594]: DEBUG neutron_lib.callbacks.manager [None req-9de0c13d-9e9c-4455-b6c7-fd1bc8fd1477 tempest-PortsAdminExtendedAttrsIpV6TestJSON-640994843 tempest-PortsAdminExtendedAttrsIpV6TestJSON-640994843-project-admin] Publish callbacks [] for security_group, before_create {{(pid=103594) _notify_loop /usr/local/lib/python3.8/dist-packages/neutron_lib/callbacks/manager.py:175}}
Dec 10 18:29:57.657330 dv-neutron-821434-1-hyperv neutron-server[103593]: /usr/lib/python3/dist-packages/secretstorage/dhcrypto.py:15: CryptographyDeprecationWarning: int_from_bytes is deprecated, use int.from_bytes instead
Dec 10 18:29:57.657330 dv-neutron-821434-1-hyperv neutron-server[103593]: from cryptography.utils import int_from_bytes
Dec 10 18:29:57.657330 dv-neutron-821434-1-hyperv neutron-server[103593]: /usr/lib/python3/dist-packages/secretstorage/util.py:19: CryptographyDeprecationWarning: int_from_bytes is deprecated, use int.from_bytes instead
Dec 10 18:29:57.657330 dv-neutron-821434-1-hyperv neutron-server[103593]: from cryptography.utils import int_from_bytes
Dec 10 18:29:57.657330 dv-neutron-821434-1-hyperv neutron-server[103593]: Traceback (most recent call last):
Dec 10 18:29:57.657330 dv-neutron-821434-1-hyperv neutron-server[103593]: File "/usr/local/lib/python3.8/dist-packages/eventlet/hubs/hub.py", line 476, in fire_timers
Dec 10 18:29:57.657330 dv-neutron-821434-1-hyperv neutron-server[103593]: timer()
Dec 10 18:29:57.657330 dv-neutron-821434-1-hyperv neutron-server[103593]: File "/usr/local/lib/python3.8/dist-packages/eventlet/hubs/timer.py", line 59, in __call__
Dec 10 18:29:57.657330 dv-neutron-821434-1-hyperv neutron-server[103593]: cb(*args, **kw)
Dec 10 18:29:57.657330 dv-neutron-821434-1-hyperv neutron-server[103593]: File "/opt/stack/neutron/neutron/common/utils.py", line 914, in wrapper
Dec 10 18:29:57.657330 dv-neutron-821434-1-hyperv neutron-server[103593]: return func(*args, **kwargs)
Dec 10 18:29:57.657330 dv-neutron-821434-1-hyperv neutron-server[103593]: File "/opt/stack/neutron/neutron/notifiers/batch_notifier.py", line 58, in synced_send
Dec 10 18:29:57.657330 dv-neutron-821434-1-hyperv neutron-server[103593]: self._notify()
Dec 10 18:29:57.657330 dv-neutron-821434-1-hyperv neutron-server[103593]: File "/opt/stack/neutron/neutron/notifiers/batch_notifier.py", line 69, in _notify
Dec 10 18:29:57.657330 dv-neutron-821434-1-hyperv neutron-server[103593]: self.callback(batched_events)
Dec 10 18:29:57.657330 dv-neutron-821434-1-hyperv neutron-server[103593]: File "/opt/stack/neutron/neutron/services/segments/plugin.py", line 211, in _send_notifications
Dec 10 18:29:57.657330 dv-neutron-821434-1-hyperv neutron-server[103593]: event.method(event)
Dec 10 18:29:57.657330 dv-neutron-821434-1-hyperv neutron-server[103593]: File "/opt/stack/neutron/neutron/services/segments/plugin.py", line 383, in _delete_nova_inventory
Dec 10 18:29:57.657330 dv-neutron-821434-1-hyperv neutron-server[103593]: aggregate_id = self._get_aggregate_id(event.segment_id)
Dec 10 18:29:57.657330 dv-neutron-821434-1-hyperv neutron-server[103593]: File "/opt/stack/neutron/neutron/services/segments/plugin.py", line 370, in _get_aggregate_id
Dec 10 18:29:57.657330 dv-neutron-821434-1-hyperv neutron-server[103593]: aggregate_uuid = self.p_client.list_aggregates(
Dec 10 18:29:57.657330 dv-neutron-821434-1-hyperv neutron-server[103593]: File "/usr/local/lib/python3.8/dist-packages/neutron_lib/placement/client.py", line 58, in wrapper
Dec 10 18:29:57.657330 dv-neutron-821434-1-hyperv neutron-server[103593]: return f(self, *a, **k)
Dec 10 18:29:57.657330 dv-neutron-821434-1-hyperv neutron-server[103593]: File "/usr/local/lib/python3.8/dist-packages/neutron_lib/placement/client.py", line 554, in list_aggregates
Dec 10 18:29:57.657330 dv-neutron-821434-1-hyperv neutron-server[103593]: return self._get(url).json()
Dec 10 18:29:57.657330 dv-neutron-821434-1-hyperv neutron-server[103593]: File "/usr/local/lib/python3.8/dist-packages/neutron_lib/placement/client.py", line 190, in _get
Dec 10 18:29:57.657330 dv-neutron-821434-1-hyperv neutron-server[103593]: return self._client.get(url, endpoint_filter=self._ks_filter,
Dec 10 18:29:57.657330 dv-neutron-821434-1-hyperv neutron-server[103593]: File "/usr/local/lib/python3.8/dist-packages/keystoneauth1/session.py", line 1141, in get
Dec 10 18:29:57.657330 dv-neutron-821434-1-hyperv neutron-server[103593]: return self.request(url, 'GET', **kwargs)
Dec 10 18:29:57.657330 dv-neutron-821434-1-hyperv neutron-server[103593]: File "/usr/local/lib/python3.8/dist-packages/keystoneauth1/session.py", line 811, in request
Dec 10 18:29:57.657330 dv-neutron-821434-1-hyperv neutron-server[103593]: base_url = self.get_endpoint(auth, allow=allow,
Dec 10 18:29:57.657330 dv-neutron-821434-1-hyperv neutron-server[103593]: File "/usr/local/lib/python3.8/dist-packages/keystoneauth1/session.py", line 1241, in get_endpoint
Dec 10 18:29:57.657330 dv-neutron-821434-1-hyperv neutron-server[103593]: auth = self._auth_required(auth, 'determine endpoint URL')
Dec 10 18:29:57.657330 dv-neutron-821434-1-hyperv neutron-server[103593]: File "/usr/local/lib/python3.8/dist-packages/keystoneauth1/session.py", line 1181, in _auth_required
Dec 10 18:29:57.657330 dv-neutron-821434-1-hyperv neutron-server[103593]: raise exceptions.MissingAuthPlugin(msg_fmt % msg)
Dec 10 18:29:57.657330 dv-neutron-821434-1-hyperv neutron-server[103593]: keystoneauth1.exceptions.auth_plugins.MissingAuthPlugin: An auth plugin is required to determine endpoint URL
Dec 10 18:29:57.713844 dv-neutron-821434-1-hyperv neutron-server[103593]: DEBUG neutron.quota.resource [None req-132607de-041c-423c-8a00-6651dbf99c92 tempest-QuotasTest-1733717120 tempest-QuotasTest-1733717120-project-admin] Usage tracker for resource:security_group and project:6b2de4e6b74b490194e79c429ef0865f is out of sync, need to count used quota {{(pid=103593) count_used /opt/stack/neutron/neutron/quota/resource.py:291}}
Dec 10 18:29:57.722561 dv-neutron-821434-1-hyperv neutron-server[103595]: DEBUG neutron.api.rpc.handlers.dhcp_rpc [None req-911cfaa2-9ee8-42db-8884-11a3728ab01f None None] Network 62f9555d-cabd-4fc1-91e0-b246290379c5 requested from dv-neutron-821434-1-hyperv {{(pid=103595) get_network_info /opt/stack/neutron/neutron/api/rpc/handlers/dhcp_rpc.py:219}}
Dec 10 18:29:57.723953 dv-neutron-821434-1-hyperv neutron-server[103593]: DEBUG neutron.quota.resource [None req-132607de-041c-423c-8a00-6651dbf99c92 tempest-QuotasTest-1733717120 tempest-QuotasTest-1733717120-project-admin] Quota usage for security_group was recalculated. Used quota:0. {{(pid=103593) count_used /opt/stack/neutron/neutron/quota/resource.py:312}}
Dec 10 18:29:57.725231 dv-neutron-821434-1-hyperv neutron-server[103594]: DEBUG neutron.scheduler.dhcp_agent_scheduler [None req-e1ed8eca-3c9c-456f-983d-33bff2415c62 admin admin] Network ededa35b-7763-4b19-be47-9fe1ca7d5897 is already hosted by enough agents. {{(pid=103594) _get_dhcp_agents_hosting_network /opt/stack/neutron/neutron/scheduler/dhcp_agent_scheduler.py:275}}
Dec 10 18:29:57.734473 dv-neutron-821434-1-hyperv neutron-server[103593]: DEBUG neutron.quota.resource [None req-132607de-041c-423c-8a00-6651dbf99c92 tempest-QuotasTest-1733717120 tempest-QuotasTest-1733717120-project-admin] Usage tracker for resource:security_group_rule and project:6b2de4e6b74b490194e79c429ef0865f is out of sync, need to count used quota {{(pid=103593) count_used /opt/stack/neutron/neutron/quota/resource.py:291}}
Dec 10 18:29:57.742411 dv-neutron-821434-1-hyperv neutron-server[103593]: DEBUG neutron.quota.resource [None req-132607de-041c-423c-8a00-6651dbf99c92 tempest-QuotasTest-1733717120 tempest-QuotasTest-1733717120-project-admin] Quota usage for security_group_rule was recalculated. Used quota:0. {{(pid=103593) count_used /opt/stack/neutron/neutron/quota/resource.py:312}}
Dec 10 18:29:57.753767 dv-neutron-821434-1-hyperv neutron-server[103593]: INFO neutron.wsgi [None req-132607de-041c-423c-8a00-6651dbf99c92 tempest-QuotasTest-1733717120 tempest-QuotasTest-1733717120-project-admin] 10.222.0.60 "GET /v2.0/quotas/6b2de4e6b74b490194e79c429ef0865f/details.json HTTP/1.1" status: 200 len: 703 time: 1.2474468
Dec 10 18:29:57.775315 dv-neutron-821434-1-hyperv neutron-server[103594]: DEBUG neutron.pecan_wsgi.hooks.quota_enforcement [None req-be1b6ffe-1ab7-4b1c-9e07-8d72c225c39e tempest-NetworksTestDHCPv6-55859780 tempest-NetworksTestDHCPv6-55859780-project] Made reservation on behalf of a6c3b8a24d794da8abac363856818076 for: {'network': 1} {{(pid=103594) before /opt/stack/neutron/neutron/pecan_wsgi/hooks/quota_enforcement.py:53}}
Dec 10 18:29:57.779022 dv-neutron-821434-1-hyperv neutron-server[103594]: DEBUG neutron_lib.callbacks.manager [None req-be1b6ffe-1ab7-4b1c-9e07-8d72c225c39e tempest-NetworksTestDHCPv6-55859780 tempest-NetworksTestDHCPv6-55859780-project] Publish callbacks ['neutron.plugins.ml2.plugin.SecurityGroupDbMixin._ensure_default_security_group_handler-16249113'] for network, before_create {{(pid=103594) _notify_loop /usr/local/lib/python3.8/dist-packages/neutron_lib/callbacks/manager.py:175}}
Dec 10 18:29:57.781849 dv-neutron-821434-1-hyperv neutron-server[103594]: DEBUG neutron.scheduler.base_scheduler [None req-e1ed8eca-3c9c-456f-983d-33bff2415c62 admin admin] Resources bound (agent type, host, resource id): {{(pid=103594) schedule /opt/stack/neutron/neutron/scheduler/base_scheduler.py:57}}
Dec 10 18:29:57.805600 dv-neutron-821434-1-hyperv neutron-server[103595]: DEBUG neutron.db.provisioning_blocks [None req-52f469e6-0f67-480f-bec7-ffda2b880716 None None] Provisioning complete for port 68a156b2-6005-49ab-ba01-afdee35ade77 triggered by entity DHCP. {{(pid=103595) provisioning_complete /opt/stack/neutron/neutron/db/provisioning_blocks.py:139}}
Dec 10 18:29:57.805999 dv-neutron-821434-1-hyperv neutron-server[103595]: DEBUG neutron_lib.callbacks.manager [None req-52f469e6-0f67-480f-bec7-ffda2b880716 None None] Publish callbacks ['neutron.plugins.ml2.plugin.Ml2Plugin._port_provisioned-16061928'] for port, provisioning_complete {{(pid=103595) _notify_loop /usr/local/lib/python3.8/dist-packages/neutron_lib/callbacks/manager.py:175}}
Dec 10 18:29:57.808585 dv-neutron-821434-1-hyperv neutron-server[103593]: DEBUG neutron_lib.callbacks.manager [None req-028ec355-e4d3-44ab-b981-9f368969808c tempest-ExternalNetworksTestJSON-334505211 tempest-ExternalNetworksTestJSON-334505211-project-admin] Publish callbacks ['neutron.plugins.ml2.plugin.Ml2Plugin._network_delete_after_delete_handler-16058968', 'neutron.plugins.ml2.ovo_rpc._ObjectChangeHandler.handle_event-1542194', 'neutron.api.rpc.agentnotifiers.dhcp_rpc_agent_api.DhcpAgentNotifyAPI._native_event_send_dhcp_notification-1553524', 'neutron.services.l3_router.l3_router_plugin.DVRResourceOperationHandler.delete_fip_namespaces_for_ext_net-1582851'] for network, after_delete {{(pid=103593) _notify_loop /usr/local/lib/python3.8/dist-packages/neutron_lib/callbacks/manager.py:175}}
Dec 10 18:29:57.829386 dv-neutron-821434-1-hyperv neutron-server[103594]: DEBUG neutron.db.l3_dvrscheduler_db [None req-e1ed8eca-3c9c-456f-983d-33bff2415c62 admin admin] Received port after_create {{(pid=103594) _notify_l3_agent_new_port /opt/stack/neutron/neutron/db/l3_dvrscheduler_db.py:535}}
Dec 10 18:29:57.915938 dv-neutron-821434-1-hyperv neutron-server[103596]: DEBUG neutron_lib.callbacks.manager [None req-ec6bb2e5-7db8-43bf-adf3-39b313e52afa None None] Publish callbacks [] for port, precommit_update {{(pid=103596) _notify_loop /usr/local/lib/python3.8/dist-packages/neutron_lib/callbacks/manager.py:175}}
Dec 10 18:29:57.924381 dv-neutron-821434-1-hyperv neutron-server[103594]: DEBUG neutron_lib.callbacks.manager [None req-be1b6ffe-1ab7-4b1c-9e07-8d72c225c39e tempest-NetworksTestDHCPv6-55859780 tempest-NetworksTestDHCPv6-55859780-project] Publish callbacks [] for security_group, before_create {{(pid=103594) _notify_loop /usr/local/lib/python3.8/dist-packages/neutron_lib/callbacks/manager.py:175}}
Dec 10 18:29:57.969675 dv-neutron-821434-1-hyperv neutron-server[103594]: DEBUG neutron.api.rpc.handlers.resources_rpc [None req-e1ed8eca-3c9c-456f-983d-33bff2415c62 admin admin] Pushing event updated for resources: {'Port': ['ID=2f108a61-af9a-4ed7-a7ed-3626f5c6139d,revision_number=1']} {{(pid=103594) push /opt/stack/neutron/neutron/api/rpc/handlers/resources_rpc.py:237}}
Dec 10 18:29:57.972323 dv-neutron-821434-1-hyperv neutron-server[103595]: DEBUG neutron_lib.callbacks.manager [None req-52f469e6-0f67-480f-bec7-ffda2b880716 None None] Publish callbacks ['neutron.plugins.ml2.plugin.SecurityGroupDbMixin._ensure_default_security_group_handler-16249113'] for port, before_update {{(pid=103595) _notify_loop /usr/local/lib/python3.8/dist-packages/neutron_lib/callbacks/manager.py:175}}
Dec 10 18:29:57.990295 dv-neutron-821434-1-hyperv neutron-server[103594]: DEBUG neutron_lib.callbacks.manager [None req-3b0dc20e-e727-41bf-9124-524ed6901df9 tempest-QuotasNegativeTest-1386898464 tempest-QuotasNegativeTest-1386898464-project-admin] Publish callbacks ['neutron.plugins.ml2.ovo_rpc._ObjectChangeHandler.handle_event-1542194', 'neutron.api.rpc.agentnotifiers.dhcp_rpc_agent_api.DhcpAgentNotifyAPI._native_event_send_dhcp_notification-1553524'] for network, after_create {{(pid=103594) _notify_loop /usr/local/lib/python3.8/dist-packages/neutron_lib/callbacks/manager.py:175}}
Dec 10 18:29:57.993071 dv-neutron-821434-1-hyperv neutron-server[103594]: DEBUG neutron.pecan_wsgi.hooks.policy_enforcement [None req-3b0dc20e-e727-41bf-9124-524ed6901df9 tempest-QuotasNegativeTest-1386898464 tempest-QuotasNegativeTest-1386898464-project-admin] Attributes excluded by policy engine: ['standard_attr_id', 'vlan_transparent'] {{(pid=103594) _exclude_attributes_by_policy /opt/stack/neutron/neutron/pecan_wsgi/hooks/policy_enforcement.py:255}}
Dec 10 18:29:57.993071 dv-neutron-821434-1-hyperv neutron-server[103594]: DEBUG neutron_lib.callbacks.manager [None req-3b0dc20e-e727-41bf-9124-524ed6901df9 tempest-QuotasNegativeTest-1386898464 tempest-QuotasNegativeTest-1386898464-project-admin] Publish callbacks ['neutron.api.rpc.agentnotifiers.dhcp_rpc_agent_api.DhcpAgentNotifyAPI._send_dhcp_notification-1553514'] for network, before_response {{(pid=103594) _notify_loop /usr/local/lib/python3.8/dist-packages/neutron_lib/callbacks/manager.py:175}}
Dec 10 18:29:58.012530 dv-neutron-821434-1-hyperv neutron-server[103596]: DEBUG neutron_lib.callbacks.manager [None req-ec6bb2e5-7db8-43bf-adf3-39b313e52afa None None] Publish callbacks ['neutron.plugins.ml2.plugin.SecurityGroupServerNotifierRpcMixin._notify_sg_on_port_change-16248006', 'neutron.plugins.ml2.ovo_rpc._ObjectChangeHandler.handle_event-874562', 'neutron.api.rpc.agentnotifiers.dhcp_rpc_agent_api.DhcpAgentNotifyAPI._native_event_send_dhcp_notification-1553524', 'neutron.db.l3_db.L3RpcNotifierMixin._notify_gateway_port_ip_changed-8763100088549', 'neutron.db.l3_dvrscheduler_db._notify_l3_agent_port_update-8763099538881', 'neutron.db.l3_hascheduler_db._notify_l3_agent_ha_port_update-8763099538899'] for port, after_update {{(pid=103596) _notify_loop /usr/local/lib/python3.8/dist-packages/neutron_lib/callbacks/manager.py:175}}
Dec 10 18:29:58.026731 dv-neutron-821434-1-hyperv neutron-server[103595]: DEBUG neutron.plugins.ml2.db [None req-52f469e6-0f67-480f-bec7-ffda2b880716 None None] For port 68a156b2-6005-49ab-ba01-afdee35ade77, host dv-neutron-821434-1-hyperv, got binding levels [PortBindingLevel(driver='openvswitch',host='dv-neutron-821434-1-hyperv',level=0,port_id=68a156b2-6005-49ab-ba01-afdee35ade77,segment=NetworkSegment(e5e6aa80-20a5-4b0c-989a-59d560e97b40),segment_id=e5e6aa80-20a5-4b0c-989a-59d560e97b40)] {{(pid=103595) get_binding_level_objs /opt/stack/neutron/neutron/plugins/ml2/db.py:74}}
Dec 10 18:29:58.040717 dv-neutron-821434-1-hyperv neutron-server[103593]: DEBUG neutron.api.rpc.agentnotifiers.l3_rpc_agent_api [None req-028ec355-e4d3-44ab-b981-9f368969808c tempest-ExternalNetworksTestJSON-334505211 tempest-ExternalNetworksTestJSON-334505211-project-admin] Fanout notify agent at l3_agent the message fipnamespace_delete_on_ext_net for external_network 51ccd39b-87b9-4b76-9883-16d050772199 {{(pid=103593) _notification_fanout /opt/stack/neutron/neutron/api/rpc/agentnotifiers/l3_rpc_agent_api.py:120}}
Dec 10 18:29:58.047505 dv-neutron-821434-1-hyperv neutron-server[103593]: DEBUG neutron_lib.callbacks.manager [None req-028ec355-e4d3-44ab-b981-9f368969808c tempest-ExternalNetworksTestJSON-334505211 tempest-ExternalNetworksTestJSON-334505211-project-admin] Publish callbacks ['neutron.api.rpc.agentnotifiers.dhcp_rpc_agent_api.DhcpAgentNotifyAPI._send_dhcp_notification-1553514'] for network, before_response {{(pid=103593) _notify_loop /usr/local/lib/python3.8/dist-packages/neutron_lib/callbacks/manager.py:175}}
Dec 10 18:29:58.059737 dv-neutron-821434-1-hyperv neutron-server[103596]: DEBUG neutron.plugins.ml2.managers [None req-ec6bb2e5-7db8-43bf-adf3-39b313e52afa None None] Attempting to bind port e9778ef2-9276-4cac-9fdd-ee10a6e321c3 on host dv-neutron-821434-1-hyperv for vnic_type normal with profile {{(pid=103596) bind_port /opt/stack/neutron/neutron/plugins/ml2/managers.py:795}}
Dec 10 18:29:58.059737 dv-neutron-821434-1-hyperv neutron-server[103596]: DEBUG neutron.plugins.ml2.managers [None req-ec6bb2e5-7db8-43bf-adf3-39b313e52afa None None] Attempting to bind port e9778ef2-9276-4cac-9fdd-ee10a6e321c3 by drivers openvswitch,hyperv on host dv-neutron-821434-1-hyperv at level 0 using segments [{'id': '032f8d3e-30ea-42f1-bef1-c475b8368535', 'network_type': 'flat', 'physical_network': 'physnet1', 'segmentation_id': None, 'network_id': 'ededa35b-7763-4b19-be47-9fe1ca7d5897'}] {{(pid=103596) _bind_port_level /opt/stack/neutron/neutron/plugins/ml2/managers.py:820}}
Dec 10 18:29:58.059737 dv-neutron-821434-1-hyperv neutron-server[103596]: DEBUG neutron.plugins.ml2.drivers.mech_agent [None req-ec6bb2e5-7db8-43bf-adf3-39b313e52afa None None] Attempting to bind port e9778ef2-9276-4cac-9fdd-ee10a6e321c3 on network ededa35b-7763-4b19-be47-9fe1ca7d5897 {{(pid=103596) bind_port /opt/stack/neutron/neutron/plugins/ml2/drivers/mech_agent.py:91}}
Dec 10 18:29:58.061354 dv-neutron-821434-1-hyperv neutron-server[103593]: INFO neutron.wsgi [None req-028ec355-e4d3-44ab-b981-9f368969808c tempest-ExternalNetworksTestJSON-334505211 tempest-ExternalNetworksTestJSON-334505211-project-admin] 10.222.0.60 "DELETE /v2.0/networks/51ccd39b-87b9-4b76-9883-16d050772199 HTTP/1.1" status: 204 len: 168 time: 1.4486067
Dec 10 18:29:58.062344 dv-neutron-821434-1-hyperv neutron-server[103593]: DEBUG neutron.api.rpc.handlers.resources_rpc [None req-028ec355-e4d3-44ab-b981-9f368969808c tempest-ExternalNetworksTestJSON-334505211 tempest-ExternalNetworksTestJSON-334505211-project-admin] Pushing event deleted for resources: {'Network': ['ID=51ccd39b-87b9-4b76-9883-16d050772199,revision_number=None']} {{(pid=103593) push /opt/stack/neutron/neutron/api/rpc/handlers/resources_rpc.py:237}}
Dec 10 18:29:58.065976 dv-neutron-821434-1-hyperv neutron-server[103593]: DEBUG neutron.wsgi [-] (103593) accepted ('10.222.0.60', 57828) {{(pid=103593) server /usr/local/lib/python3.8/dist-packages/eventlet/wsgi.py:1004}}
Dec 10 18:29:58.081208 dv-neutron-821434-1-hyperv neutron-server[103593]: DEBUG neutron.api.v2.base [None req-09bf1355-d246-48ce-88ac-098297148c03 tempest-ExternalNetworksTestJSON-334505211 tempest-ExternalNetworksTestJSON-334505211-project-admin] Request body: {'network': {'router:external': True}} {{(pid=103593) prepare_request_body /opt/stack/neutron/neutron/api/v2/base.py:729}}
Dec 10 18:29:58.102228 dv-neutron-821434-1-hyperv neutron-server[103596]: DEBUG neutron.plugins.ml2.drivers.mech_agent [None req-ec6bb2e5-7db8-43bf-adf3-39b313e52afa None None] Checking agent: {'id': 'c3d7c643-342d-4e0a-b7cf-1d41c08f65bd', 'agent_type': 'Open vSwitch agent', 'binary': 'neutron-openvswitch-agent', 'topic': 'N/A', 'host': 'dv-neutron-821434-1-hyperv', 'admin_state_up': True, 'created_at': datetime.datetime(2021, 12, 10, 18, 22, 22), 'started_at': datetime.datetime(2021, 12, 10, 18, 22, 52), 'heartbeat_timestamp': datetime.datetime(2021, 12, 10, 18, 29, 52), 'description': None, 'resources_synced': None, 'availability_zone': None, 'alive': True, 'configurations': {'arp_responder_enabled': False, 'baremetal_smartnic': False, 'bridge_mappings': {'physnet1': 'br-data'}, 'datapath_type': 'system', 'devices': 0, 'enable_distributed_routing': False, 'extensions': [], 'in_distributed_mode': False, 'integration_bridge': 'br-int', 'l2_population': False, 'log_agent_heartbeats': False, 'ovs_capabilities': {'datapath_types': ['netdev', 'system'], 'iface_types': ['erspan', 'geneve', 'gre', 'internal', 'ip6erspan', 'ip6gre', 'lisp', 'patch', 'stt', 'system', 'tap', 'vxlan']}, 'ovs_hybrid_plug': False, 'resource_provider_bandwidths': {}, 'resource_provider_hypervisors': {'br-data': 'dv-neutron-821434-1-hyperv'}, 'resource_provider_inventory_defaults': {'allocation_ratio': 1.0, 'min_unit': 1, 'step_size': 1, 'reserved': 0}, 'resource_provider_packet_processing_inventory_defaults': {'allocation_ratio': 1.0, 'min_unit': 1, 'step_size': 1, 'reserved': 0}, 'resource_provider_packet_processing_with_direction': {}, 'resource_provider_packet_processing_without_direction': {}, 'tunnel_types': [], 'tunneling_ip': None, 'vhostuser_socket_dir': '/var/run/openvswitch'}, 'resource_versions': {'AddressGroup': '1.2', 'ConntrackHelper': '1.0', 'LocalIPAssociation': '1.0', 'Log': '1.0', 'Network': '1.1', 'Port': '1.7', 'PortForwarding': '1.2', 'QosPolicy': '1.10', 'SecurityGroup': '1.5', 'SecurityGroupRule': '1.2', 'SubPort': '1.0', 'Subnet': '1.1', 'Trunk': '1.1'}} {{(pid=103596) bind_port /opt/stack/neutron/neutron/plugins/ml2/drivers/mech_agent.py:110}}
Dec 10 18:29:58.102615 dv-neutron-821434-1-hyperv neutron-server[103596]: DEBUG neutron.plugins.ml2.drivers.mech_agent [None req-ec6bb2e5-7db8-43bf-adf3-39b313e52afa None None] Checking segment: {'id': '032f8d3e-30ea-42f1-bef1-c475b8368535', 'network_type': 'flat', 'physical_network': 'physnet1', 'segmentation_id': None, 'network_id': 'ededa35b-7763-4b19-be47-9fe1ca7d5897'} for mappings: {'physnet1': 'br-data'} with network types: ['local', 'flat', 'vlan'] {{(pid=103596) check_segment_for_agent /opt/stack/neutron/neutron/plugins/ml2/drivers/mech_agent.py:371}}
Dec 10 18:29:58.103027 dv-neutron-821434-1-hyperv neutron-server[103596]: DEBUG neutron_lib.callbacks.manager [None req-ec6bb2e5-7db8-43bf-adf3-39b313e52afa None None] Publish callbacks [] for ovs_bridge_name, before_read {{(pid=103596) _notify_loop /usr/local/lib/python3.8/dist-packages/neutron_lib/callbacks/manager.py:175}}
Dec 10 18:29:58.103428 dv-neutron-821434-1-hyperv neutron-server[103596]: DEBUG neutron.plugins.ml2.drivers.mech_agent [None req-ec6bb2e5-7db8-43bf-adf3-39b313e52afa None None] Bound using segment: {'id': '032f8d3e-30ea-42f1-bef1-c475b8368535', 'network_type': 'flat', 'physical_network': 'physnet1', 'segmentation_id': None, 'network_id': 'ededa35b-7763-4b19-be47-9fe1ca7d5897'} {{(pid=103596) bind_port /opt/stack/neutron/neutron/plugins/ml2/drivers/mech_agent.py:120}}
Dec 10 18:29:58.105900 dv-neutron-821434-1-hyperv neutron-server[103595]: DEBUG neutron_lib.callbacks.manager [None req-52f469e6-0f67-480f-bec7-ffda2b880716 None None] Publish callbacks ['neutron.plugins.ml2.plugin.SecurityGroupServerNotifierRpcMixin._notify_sg_on_port_change-16248006', 'neutron.plugins.ml2.ovo_rpc._ObjectChangeHandler.handle_event-874562', 'neutron.api.rpc.agentnotifiers.dhcp_rpc_agent_api.DhcpAgentNotifyAPI._native_event_send_dhcp_notification-1553524', 'neutron.db.l3_db.L3RpcNotifierMixin._notify_gateway_port_ip_changed-8763100088549', 'neutron.db.l3_dvrscheduler_db._notify_l3_agent_port_update-8763099538881', 'neutron.db.l3_hascheduler_db._notify_l3_agent_ha_port_update-8763099538899'] for port, after_update {{(pid=103595) _notify_loop /usr/local/lib/python3.8/dist-packages/neutron_lib/callbacks/manager.py:175}}
Dec 10 18:29:58.114178 dv-neutron-821434-1-hyperv neutron-server[103596]: DEBUG neutron.plugins.ml2.managers [None req-ec6bb2e5-7db8-43bf-adf3-39b313e52afa None None] Bound port: e9778ef2-9276-4cac-9fdd-ee10a6e321c3, host: dv-neutron-821434-1-hyperv, vif_type: ovs, vif_details: {"connectivity": "l2", "port_filter": true, "ovs_hybrid_plug": false, "datapath_type": "system", "bridge_name": "br-int"}, binding_levels: [{'bound_driver': 'openvswitch', 'bound_segment': {'id': '032f8d3e-30ea-42f1-bef1-c475b8368535', 'network_type': 'flat', 'physical_network': 'physnet1', 'segmentation_id': None, 'network_id': 'ededa35b-7763-4b19-be47-9fe1ca7d5897'}}] {{(pid=103596) _bind_port_level /opt/stack/neutron/neutron/plugins/ml2/managers.py:932}}
Dec 10 18:29:58.115017 dv-neutron-821434-1-hyperv neutron-server[103596]: DEBUG neutron_lib.callbacks.manager [None req-ec6bb2e5-7db8-43bf-adf3-39b313e52afa None None] Publish callbacks ['neutron.plugins.ml2.plugin.SecurityGroupDbMixin._ensure_default_security_group_handler-16249113'] for port, before_update {{(pid=103596) _notify_loop /usr/local/lib/python3.8/dist-packages/neutron_lib/callbacks/manager.py:175}}
Dec 10 18:29:58.159639 dv-neutron-821434-1-hyperv neutron-server[103595]: DEBUG neutron.api.rpc.handlers.resources_rpc [None req-52f469e6-0f67-480f-bec7-ffda2b880716 None None] Pushing event updated for resources: {'Port': ['ID=68a156b2-6005-49ab-ba01-afdee35ade77,revision_number=3']} {{(pid=103595) push /opt/stack/neutron/neutron/api/rpc/handlers/resources_rpc.py:237}}
Dec 10 18:29:58.183912 dv-neutron-821434-1-hyperv neutron-server[103596]: DEBUG neutron.api.rpc.handlers.resources_rpc [None req-fa8b302a-71bf-41ed-8e4c-f3f2f833c28d None None] Pushing event updated for resources: {'Port': ['ID=e9778ef2-9276-4cac-9fdd-ee10a6e321c3,revision_number=2']} {{(pid=103596) push /opt/stack/neutron/neutron/api/rpc/handlers/resources_rpc.py:237}}
Dec 10 18:29:58.232398 dv-neutron-821434-1-hyperv neutron-server[103596]: DEBUG neutron.api.rpc.callbacks.version_manager [None req-fa8b302a-71bf-41ed-8e4c-f3f2f833c28d None None] Version for resource type AddressGroup changed None to 1.2 on consumer Open vSwitch agent@dv-neutron-821434-1-hyperv {{(pid=103596) _set_version /opt/stack/neutron/neutron/api/rpc/callbacks/version_manager.py:113}}
