Jun 20 12:06:13.584918 dv-neutron-821401-8-hyperv devstack@keystone.service[80414]: DEBUG keystone.common.rbac_enforcer.enforcer [None req-d0fa5b24-fd2f-45d3-b6a2-e90a58532983 None admin] RBAC: Adding query filter params (name=reader) {{(pid=80414) _extract_filter_values /opt/stack/keystone/keystone/common/rbac_enforcer/enforcer.py:167}}
Jun 20 12:06:13.585270 dv-neutron-821401-8-hyperv devstack@keystone.service[80414]: DEBUG keystone.common.rbac_enforcer.enforcer [None req-d0fa5b24-fd2f-45d3-b6a2-e90a58532983 None admin] RBAC: Authorizing `identity:list_roles()` {{(pid=80414) enforce_call /opt/stack/keystone/keystone/common/rbac_enforcer/enforcer.py:449}}
Jun 20 12:06:13.586617 dv-neutron-821401-8-hyperv devstack@keystone.service[80414]: DEBUG keystone.common.rbac_enforcer.enforcer [None req-d0fa5b24-fd2f-45d3-b6a2-e90a58532983 None admin] RBAC: Authorization granted {{(pid=80414) enforce_call /opt/stack/keystone/keystone/common/rbac_enforcer/enforcer.py:457}}
Jun 20 12:06:13.596060 dv-neutron-821401-8-hyperv devstack@keystone.service[80414]: [pid: 80414|app: 0|req: 89/186] 10.222.0.33 () {56 vars in 1101 bytes} [Mon Jun 20 12:06:13 2022] GET /identity/v3/roles?name=reader => generated 341 bytes in 172 msecs (HTTP/1.1 200) 5 headers in 177 bytes (1 switches on core 0)
Jun 20 12:06:13.596748 dv-neutron-821401-8-hyperv devstack@keystone.service[80414]: DEBUG keystone.server.flask.request_processing.middleware.auth_context [None req-d0fa5b24-fd2f-45d3-b6a2-e90a58532983 None admin] Authenticating user token {{(pid=80414) process_request /usr/local/lib/python3.8/dist-packages/keystonemiddleware/auth_token/__init__.py:407}}
Jun 20 12:06:13.677908 dv-neutron-821401-8-hyperv devstack@keystone.service[80414]: DEBUG dbcounter [-] [80414] Writing DB stats keystone:SELECT=100 {{(pid=80414) stat_writer /usr/local/lib/python3.8/dist-packages/dbcounter.py:114}}
Jun 20 12:06:13.688224 dv-neutron-821401-8-hyperv devstack@keystone.service[80413]: DEBUG keystone.server.flask.request_processing.middleware.auth_context [None req-7d98c0a1-424d-4eba-8aa0-4ce3911cf6be None None] Validating token access rules against request {{(pid=80413) validate_allowed_request /usr/local/lib/python3.8/dist-packages/keystonemiddleware/auth_token/__init__.py:545}}
Jun 20 12:06:13.697329 dv-neutron-821401-8-hyperv devstack@keystone.service[80414]: DEBUG keystone.server.flask.request_processing.middleware.auth_context [None req-d0fa5b24-fd2f-45d3-b6a2-e90a58532983 None admin] Validating token access rules against request {{(pid=80414) validate_allowed_request /usr/local/lib/python3.8/dist-packages/keystonemiddleware/auth_token/__init__.py:545}}
Jun 20 12:06:13.708689 dv-neutron-821401-8-hyperv devstack@keystone.service[80413]: DEBUG dbcounter [-] [80413] Writing DB stats keystone:SELECT=100 {{(pid=80413) stat_writer /usr/local/lib/python3.8/dist-packages/dbcounter.py:114}}
Jun 20 12:06:13.724221 dv-neutron-821401-8-hyperv devstack@keystone.service[80413]: DEBUG keystone.server.flask.request_processing.middleware.auth_context [None req-c1432dc6-fb21-4386-b038-cd98985122f8 None admin] RBAC: auth_context: {'token': , 'domain_id': None, 'trust_id': None, 'trustor_id': None, 'trustee_id': None, 'domain_name': None, 'group_ids': [], 'user_id': '761649a8b52245ec8ea7c6b02580b147', 'user_domain_id': 'default', 'system_scope': 'all', 'project_id': None, 'project_domain_id': None, 'roles': ['admin', 'member', 'reader'], 'is_admin_project': True, 'service_user_id': None, 'service_user_domain_id': None, 'service_project_id': None, 'service_project_domain_id': None, 'service_roles': []} {{(pid=80413) fill_context /opt/stack/keystone/keystone/server/flask/request_processing/middleware/auth_context.py:478}}
Jun 20 12:06:13.724894 dv-neutron-821401-8-hyperv devstack@keystone.service[80413]: DEBUG keystone.server.flask.request_processing.req_logging [None req-c1432dc6-fb21-4386-b038-cd98985122f8 None admin] REQUEST_METHOD: `GET` {{(pid=80413) log_request_info /opt/stack/keystone/keystone/server/flask/request_processing/req_logging.py:27}}
Jun 20 12:06:13.725186 dv-neutron-821401-8-hyperv devstack@keystone.service[80413]: DEBUG keystone.server.flask.request_processing.req_logging [None req-c1432dc6-fb21-4386-b038-cd98985122f8 None admin] SCRIPT_NAME: `/identity` {{(pid=80413) log_request_info /opt/stack/keystone/keystone/server/flask/request_processing/req_logging.py:28}}
Jun 20 12:06:13.725459 dv-neutron-821401-8-hyperv devstack@keystone.service[80413]: DEBUG keystone.server.flask.request_processing.req_logging [None req-c1432dc6-fb21-4386-b038-cd98985122f8 None admin] PATH_INFO: `/v3/role_assignments` {{(pid=80413) log_request_info /opt/stack/keystone/keystone/server/flask/request_processing/req_logging.py:29}}
Jun 20 12:06:13.726308 dv-neutron-821401-8-hyperv devstack@keystone.service[80413]: DEBUG keystone.common.rbac_enforcer.enforcer [None req-c1432dc6-fb21-4386-b038-cd98985122f8 None admin] RBAC: Adding query filter params (role.id=e7e34c71da44456693ebb8be276c03cb, scope.project.id=5b7a3dd97f9d4bf7a5e5c5faa439c14b, user.id=b95569c3fb014dc3a3e6ef40de017cfe) {{(pid=80413) _extract_filter_values /opt/stack/keystone/keystone/common/rbac_enforcer/enforcer.py:167}}
Jun 20 12:06:13.726623 dv-neutron-821401-8-hyperv devstack@keystone.service[80413]: DEBUG keystone.common.rbac_enforcer.enforcer [None req-c1432dc6-fb21-4386-b038-cd98985122f8 None admin] RBAC: Authorizing `identity:list_role_assignments()` {{(pid=80413) enforce_call /opt/stack/keystone/keystone/common/rbac_enforcer/enforcer.py:449}}
Jun 20 12:06:13.728139 dv-neutron-821401-8-hyperv devstack@keystone.service[80413]: DEBUG keystone.common.rbac_enforcer.enforcer [None req-c1432dc6-fb21-4386-b038-cd98985122f8 None admin] RBAC: Authorization granted {{(pid=80413) enforce_call /opt/stack/keystone/keystone/common/rbac_enforcer/enforcer.py:457}}
Jun 20 12:06:13.732389 dv-neutron-821401-8-hyperv devstack@keystone.service[80414]: DEBUG keystone.server.flask.request_processing.middleware.auth_context [None req-372d04e3-8e40-483b-9cec-b6c1708b0bab None admin] RBAC: auth_context: {'token': , 'domain_id': None, 'trust_id': None, 'trustor_id': None, 'trustee_id': None, 'domain_name': None, 'group_ids': [], 'user_id': '761649a8b52245ec8ea7c6b02580b147', 'user_domain_id': 'default', 'system_scope': 'all', 'project_id': None, 'project_domain_id': None, 'roles': ['admin', 'member', 'reader'], 'is_admin_project': True, 'service_user_id': None, 'service_user_domain_id': None, 'service_project_id': None, 'service_project_domain_id': None, 'service_roles': []} {{(pid=80414) fill_context /opt/stack/keystone/keystone/server/flask/request_processing/middleware/auth_context.py:478}}
Jun 20 12:06:13.733065 dv-neutron-821401-8-hyperv devstack@keystone.service[80414]: DEBUG keystone.server.flask.request_processing.req_logging [None req-372d04e3-8e40-483b-9cec-b6c1708b0bab None admin] REQUEST_METHOD: `GET` {{(pid=80414) log_request_info /opt/stack/keystone/keystone/server/flask/request_processing/req_logging.py:27}}
Jun 20 12:06:13.733348 dv-neutron-821401-8-hyperv devstack@keystone.service[80414]: DEBUG keystone.server.flask.request_processing.req_logging [None req-372d04e3-8e40-483b-9cec-b6c1708b0bab None admin] SCRIPT_NAME: `/identity` {{(pid=80414) log_request_info /opt/stack/keystone/keystone/server/flask/request_processing/req_logging.py:28}}
Jun 20 12:06:13.733626 dv-neutron-821401-8-hyperv devstack@keystone.service[80414]: DEBUG keystone.server.flask.request_processing.req_logging [None req-372d04e3-8e40-483b-9cec-b6c1708b0bab None admin] PATH_INFO: `/v3/roles` {{(pid=80414) log_request_info /opt/stack/keystone/keystone/server/flask/request_processing/req_logging.py:29}}
Jun 20 12:06:13.734382 dv-neutron-821401-8-hyperv devstack@keystone.service[80414]: DEBUG keystone.common.rbac_enforcer.enforcer [None req-372d04e3-8e40-483b-9cec-b6c1708b0bab None admin] RBAC: Adding query filter params (name=admin) {{(pid=80414) _extract_filter_values /opt/stack/keystone/keystone/common/rbac_enforcer/enforcer.py:167}}
Jun 20 12:06:13.734524 dv-neutron-821401-8-hyperv devstack@keystone.service[80413]: [pid: 80413|app: 0|req: 98/187] 10.222.0.33 () {56 vars in 1374 bytes} [Mon Jun 20 12:06:13 2022] GET /identity/v3/role_assignments?user.id=b95569c3fb014dc3a3e6ef40de017cfe&scope.project.id=5b7a3dd97f9d4bf7a5e5c5faa439c14b&role.id=e7e34c71da44456693ebb8be276c03cb => generated 608 bytes in 154 msecs (HTTP/1.1 200) 5 headers in 177 bytes (1 switches on core 0)
Jun 20 12:06:13.743516 dv-neutron-821401-8-hyperv devstack@keystone.service[80414]: DEBUG keystone.common.rbac_enforcer.enforcer [None req-372d04e3-8e40-483b-9cec-b6c1708b0bab None admin] RBAC: Authorizing `identity:list_roles()` {{(pid=80414) enforce_call /opt/stack/keystone/keystone/common/rbac_enforcer/enforcer.py:449}}
Jun 20 12:06:13.743607 dv-neutron-821401-8-hyperv devstack@keystone.service[80413]: DEBUG keystone.server.flask.request_processing.middleware.auth_context [None req-c1432dc6-fb21-4386-b038-cd98985122f8 None admin] Authenticating user token {{(pid=80413) process_request /usr/local/lib/python3.8/dist-packages/keystonemiddleware/auth_token/__init__.py:407}}
Jun 20 12:06:13.743708 dv-neutron-821401-8-hyperv devstack@keystone.service[80414]: DEBUG keystone.common.rbac_enforcer.enforcer [None req-372d04e3-8e40-483b-9cec-b6c1708b0bab None admin] RBAC: Authorization granted {{(pid=80414) enforce_call /opt/stack/keystone/keystone/common/rbac_enforcer/enforcer.py:457}}
Jun 20 12:06:13.745024 dv-neutron-821401-8-hyperv devstack@keystone.service[80414]: [pid: 80414|app: 0|req: 90/188] 10.222.0.33 () {56 vars in 1099 bytes} [Mon Jun 20 12:06:13 2022] GET /identity/v3/roles?name=admin => generated 339 bytes in 148 msecs (HTTP/1.1 200) 5 headers in 177 bytes (1 switches on core 0)
Jun 20 12:06:13.746248 dv-neutron-821401-8-hyperv devstack@keystone.service[80414]: DEBUG keystone.server.flask.request_processing.req_logging [None req-8ae3f7ec-f5a4-46ec-a86a-854d1d2fa7ee None None] REQUEST_METHOD: `POST` {{(pid=80414) log_request_info /opt/stack/keystone/keystone/server/flask/request_processing/req_logging.py:27}}
Jun 20 12:06:13.746543 dv-neutron-821401-8-hyperv devstack@keystone.service[80414]: DEBUG keystone.server.flask.request_processing.req_logging [None req-8ae3f7ec-f5a4-46ec-a86a-854d1d2fa7ee None None] SCRIPT_NAME: `/identity` {{(pid=80414) log_request_info /opt/stack/keystone/keystone/server/flask/request_processing/req_logging.py:28}}
Jun 20 12:06:13.746823 dv-neutron-821401-8-hyperv devstack@keystone.service[80414]: DEBUG keystone.server.flask.request_processing.req_logging [None req-8ae3f7ec-f5a4-46ec-a86a-854d1d2fa7ee None None] PATH_INFO: `/v3/auth/tokens` {{(pid=80414) log_request_info /opt/stack/keystone/keystone/server/flask/request_processing/req_logging.py:29}}
Jun 20 12:06:13.764742 dv-neutron-821401-8-hyperv devstack@keystone.service[80414]: DEBUG keystone.auth.core [None req-8ae3f7ec-f5a4-46ec-a86a-854d1d2fa7ee None None] MFA Rules not processed for user `761649a8b52245ec8ea7c6b02580b147`. Rule list: `[]` (Enabled: `True`). {{(pid=80414) check_auth_methods_against_rules /opt/stack/keystone/keystone/auth/core.py:438}}
Jun 20 12:06:13.765990 dv-neutron-821401-8-hyperv devstack@keystone.service[80414]: DEBUG keystone.common.fernet_utils [None req-8ae3f7ec-f5a4-46ec-a86a-854d1d2fa7ee None None] Loaded 2 Fernet keys from /etc/keystone/fernet-keys/, but `[fernet_tokens] max_active_keys = 3`; perhaps there have not been enough key rotations to reach `max_active_keys` yet? {{(pid=80414) load_keys /opt/stack/keystone/keystone/common/fernet_utils.py:286}}
Jun 20 12:06:13.840843 dv-neutron-821401-8-hyperv devstack@keystone.service[80414]: [pid: 80414|app: 0|req: 91/189] 10.222.0.33 () {58 vars in 1023 bytes} [Mon Jun 20 12:06:13 2022] POST /identity/v3/auth/tokens => generated 799 bytes in 95 msecs (HTTP/1.1 201) 6 headers in 363 bytes (1 switches on core 0)
Jun 20 12:06:13.841715 dv-neutron-821401-8-hyperv devstack@keystone.service[80414]: DEBUG keystone.server.flask.request_processing.middleware.auth_context [None req-8ae3f7ec-f5a4-46ec-a86a-854d1d2fa7ee None None] Authenticating user token {{(pid=80414) process_request /usr/local/lib/python3.8/dist-packages/keystonemiddleware/auth_token/__init__.py:407}}
Jun 20 12:06:13.878062 dv-neutron-821401-8-hyperv devstack@keystone.service[80413]: DEBUG keystone.server.flask.request_processing.middleware.auth_context [None req-c1432dc6-fb21-4386-b038-cd98985122f8 None admin] Validating token access rules against request {{(pid=80413) validate_allowed_request /usr/local/lib/python3.8/dist-packages/keystonemiddleware/auth_token/__init__.py:545}}
Jun 20 12:06:13.918354 dv-neutron-821401-8-hyperv devstack@keystone.service[80413]: DEBUG keystone.server.flask.request_processing.middleware.auth_context [None req-01a937b3-6db9-4a70-90c9-b6fac4d346e4 None admin] RBAC: auth_context: {'token': , 'domain_id': None, 'trust_id': None, 'trustor_id': None, 'trustee_id': None, 'domain_name': None, 'group_ids': [], 'user_id': '761649a8b52245ec8ea7c6b02580b147', 'user_domain_id': 'default', 'system_scope': 'all', 'project_id': None, 'project_domain_id': None, 'roles': ['admin', 'member', 'reader'], 'is_admin_project': True, 'service_user_id': None, 'service_user_domain_id': None, 'service_project_id': None, 'service_project_domain_id': None, 'service_roles': []} {{(pid=80413) fill_context /opt/stack/keystone/keystone/server/flask/request_processing/middleware/auth_context.py:478}}
Jun 20 12:06:13.919048 dv-neutron-821401-8-hyperv devstack@keystone.service[80413]: DEBUG keystone.server.flask.request_processing.req_logging [None req-01a937b3-6db9-4a70-90c9-b6fac4d346e4 None admin] REQUEST_METHOD: `GET` {{(pid=80413) log_request_info /opt/stack/keystone/keystone/server/flask/request_processing/req_logging.py:27}}
Jun 20 12:06:13.919358 dv-neutron-821401-8-hyperv devstack@keystone.service[80413]: DEBUG keystone.server.flask.request_processing.req_logging [None req-01a937b3-6db9-4a70-90c9-b6fac4d346e4 None admin] SCRIPT_NAME: `/identity` {{(pid=80413) log_request_info /opt/stack/keystone/keystone/server/flask/request_processing/req_logging.py:28}}
Jun 20 12:06:13.919660 dv-neutron-821401-8-hyperv devstack@keystone.service[80413]: DEBUG keystone.server.flask.request_processing.req_logging [None req-01a937b3-6db9-4a70-90c9-b6fac4d346e4 None admin] PATH_INFO: `/v3/auth/tokens` {{(pid=80413) log_request_info /opt/stack/keystone/keystone/server/flask/request_processing/req_logging.py:29}}
Jun 20 12:06:13.922363 dv-neutron-821401-8-hyperv devstack@keystone.service[80414]: DEBUG dbcounter [-] [80414] Writing DB stats keystone:SELECT=100 {{(pid=80414) stat_writer /usr/local/lib/python3.8/dist-packages/dbcounter.py:114}}
Jun 20 12:06:13.954096 dv-neutron-821401-8-hyperv devstack@keystone.service[80414]: DEBUG keystone.server.flask.request_processing.middleware.auth_context [None req-8ae3f7ec-f5a4-46ec-a86a-854d1d2fa7ee None None] Validating token access rules against request {{(pid=80414) validate_allowed_request /usr/local/lib/python3.8/dist-packages/keystonemiddleware/auth_token/__init__.py:545}}
Jun 20 12:06:13.978545 dv-neutron-821401-8-hyperv devstack@keystone.service[80413]: DEBUG dbcounter [-] [80413] Writing DB stats keystone:SELECT=100 {{(pid=80413) stat_writer /usr/local/lib/python3.8/dist-packages/dbcounter.py:114}}
Jun 20 12:06:13.990168 dv-neutron-821401-8-hyperv devstack@keystone.service[80414]: DEBUG keystone.server.flask.request_processing.middleware.auth_context [None req-be897da0-9090-433e-9aeb-63f42681592f None admin] RBAC: auth_context: {'token': , 'domain_id': None, 'trust_id': None, 'trustor_id': None, 'trustee_id': None, 'domain_name': None, 'group_ids': [], 'user_id': '761649a8b52245ec8ea7c6b02580b147', 'user_domain_id': 'default', 'system_scope': 'all', 'project_id': None, 'project_domain_id': None, 'roles': ['admin', 'member', 'reader'], 'is_admin_project': True, 'service_user_id': None, 'service_user_domain_id': None, 'service_project_id': None, 'service_project_domain_id': None, 'service_roles': []} {{(pid=80414) fill_context /opt/stack/keystone/keystone/server/flask/request_processing/middleware/auth_context.py:478}}
Jun 20 12:06:13.990984 dv-neutron-821401-8-hyperv devstack@keystone.service[80414]: DEBUG keystone.server.flask.request_processing.req_logging [None req-be897da0-9090-433e-9aeb-63f42681592f None admin] REQUEST_METHOD: `GET` {{(pid=80414) log_request_info /opt/stack/keystone/keystone/server/flask/request_processing/req_logging.py:27}}
Jun 20 12:06:13.991301 dv-neutron-821401-8-hyperv devstack@keystone.service[80414]: DEBUG keystone.server.flask.request_processing.req_logging [None req-be897da0-9090-433e-9aeb-63f42681592f None admin] SCRIPT_NAME: `/identity` {{(pid=80414) log_request_info /opt/stack/keystone/keystone/server/flask/request_processing/req_logging.py:28}}
Jun 20 12:06:13.991578 dv-neutron-821401-8-hyperv devstack@keystone.service[80414]: DEBUG keystone.server.flask.request_processing.req_logging [None req-be897da0-9090-433e-9aeb-63f42681592f None admin] PATH_INFO: `/v3/domains/default` {{(pid=80414) log_request_info /opt/stack/keystone/keystone/server/flask/request_processing/req_logging.py:29}}
Jun 20 12:06:13.992751 dv-neutron-821401-8-hyperv devstack@keystone.service[80414]: DEBUG keystone.common.rbac_enforcer.enforcer [None req-be897da0-9090-433e-9aeb-63f42681592f None admin] RBAC: Authorizing `identity:get_domain(domain_id=default)` {{(pid=80414) enforce_call /opt/stack/keystone/keystone/common/rbac_enforcer/enforcer.py:449}}
Jun 20 12:06:13.994277 dv-neutron-821401-8-hyperv devstack@keystone.service[80414]: DEBUG keystone.common.rbac_enforcer.enforcer [None req-be897da0-9090-433e-9aeb-63f42681592f None admin] RBAC: Authorization granted {{(pid=80414) enforce_call /opt/stack/keystone/keystone/common/rbac_enforcer/enforcer.py:457}}
Jun 20 12:06:13.994922 dv-neutron-821401-8-hyperv devstack@keystone.service[80413]: DEBUG keystone.common.rbac_enforcer.enforcer [None req-01a937b3-6db9-4a70-90c9-b6fac4d346e4 None admin] RBAC: Authorizing `identity:validate_token()` {{(pid=80413) enforce_call /opt/stack/keystone/keystone/common/rbac_enforcer/enforcer.py:449}}
Jun 20 12:06:13.995939 dv-neutron-821401-8-hyperv devstack@keystone.service[80414]: [pid: 80414|app: 0|req: 92/190] 10.222.0.33 () {56 vars in 1108 bytes} [Mon Jun 20 12:06:13 2022] GET /identity/v3/domains/default => generated 199 bytes in 155 msecs (HTTP/1.1 200) 5 headers in 177 bytes (1 switches on core 0)
Jun 20 12:06:13.996886 dv-neutron-821401-8-hyperv devstack@keystone.service[80414]: DEBUG keystone.server.flask.request_processing.middleware.auth_context [None req-be897da0-9090-433e-9aeb-63f42681592f None admin] Authenticating user token {{(pid=80414) process_request /usr/local/lib/python3.8/dist-packages/keystonemiddleware/auth_token/__init__.py:407}}
Jun 20 12:06:14.000964 dv-neutron-821401-8-hyperv devstack@keystone.service[80413]: DEBUG keystone.common.rbac_enforcer.enforcer [None req-01a937b3-6db9-4a70-90c9-b6fac4d346e4 None admin] RBAC: Authorization granted {{(pid=80413) enforce_call /opt/stack/keystone/keystone/common/rbac_enforcer/enforcer.py:457}}
Jun 20 12:06:14.093980 dv-neutron-821401-8-hyperv devstack@keystone.service[80414]: DEBUG keystone.server.flask.request_processing.middleware.auth_context [None req-be897da0-9090-433e-9aeb-63f42681592f None admin] Validating token access rules against request {{(pid=80414) validate_allowed_request /usr/local/lib/python3.8/dist-packages/keystonemiddleware/auth_token/__init__.py:545}}
Jun 20 12:06:14.099259 dv-neutron-821401-8-hyperv devstack@keystone.service[80413]: [pid: 80413|app: 0|req: 99/191] 10.222.0.33 () {58 vars in 1282 bytes} [Mon Jun 20 12:06:13 2022] GET /identity/v3/auth/tokens => generated 799 bytes in 364 msecs (HTTP/1.1 200) 6 headers in 358 bytes (1 switches on core 0)
Jun 20 12:06:14.100138 dv-neutron-821401-8-hyperv devstack@keystone.service[80413]: DEBUG keystone.server.flask.request_processing.middleware.auth_context [None req-01a937b3-6db9-4a70-90c9-b6fac4d346e4 None admin] Authenticating user token {{(pid=80413) process_request /usr/local/lib/python3.8/dist-packages/keystonemiddleware/auth_token/__init__.py:407}}
Jun 20 12:06:14.128333 dv-neutron-821401-8-hyperv devstack@keystone.service[80414]: DEBUG keystone.server.flask.request_processing.middleware.auth_context [None req-d4fbd203-afb7-423c-8384-1dc71de86e42 None admin] RBAC: auth_context: {'token': , 'domain_id': None, 'trust_id': None, 'trustor_id': None, 'trustee_id': None, 'domain_name': None, 'group_ids': [], 'user_id': '761649a8b52245ec8ea7c6b02580b147', 'user_domain_id': 'default', 'system_scope': 'all', 'project_id': None, 'project_domain_id': None, 'roles': ['admin', 'member', 'reader'], 'is_admin_project': True, 'service_user_id': None, 'service_user_domain_id': None, 'service_project_id': None, 'service_project_domain_id': None, 'service_roles': []} {{(pid=80414) fill_context /opt/stack/keystone/keystone/server/flask/request_processing/middleware/auth_context.py:478}}
Jun 20 12:06:14.129202 dv-neutron-821401-8-hyperv devstack@keystone.service[80414]: DEBUG keystone.server.flask.request_processing.req_logging [None req-d4fbd203-afb7-423c-8384-1dc71de86e42 None admin] REQUEST_METHOD: `GET` {{(pid=80414) log_request_info /opt/stack/keystone/keystone/server/flask/request_processing/req_logging.py:27}}
Jun 20 12:06:14.129479 dv-neutron-821401-8-hyperv devstack@keystone.service[80414]: DEBUG keystone.server.flask.request_processing.req_logging [None req-d4fbd203-afb7-423c-8384-1dc71de86e42 None admin] SCRIPT_NAME: `/identity` {{(pid=80414) log_request_info /opt/stack/keystone/keystone/server/flask/request_processing/req_logging.py:28}}
Jun 20 12:06:14.129736 dv-neutron-821401-8-hyperv devstack@keystone.service[80414]: DEBUG keystone.server.flask.request_processing.req_logging [None req-d4fbd203-afb7-423c-8384-1dc71de86e42 None admin] PATH_INFO: `/v3/users/6ecc574110274ca3bffc5a658df4128e` {{(pid=80414) log_request_info /opt/stack/keystone/keystone/server/flask/request_processing/req_logging.py:29}}
Jun 20 12:06:14.130917 dv-neutron-821401-8-hyperv devstack@keystone.service[80414]: DEBUG keystone.common.rbac_enforcer.enforcer [None req-d4fbd203-afb7-423c-8384-1dc71de86e42 None admin] RBAC: Authorizing `identity:get_user(user_id=6ecc574110274ca3bffc5a658df4128e)` {{(pid=80414) enforce_call /opt/stack/keystone/keystone/common/rbac_enforcer/enforcer.py:449}}
Jun 20 12:06:14.132420 dv-neutron-821401-8-hyperv devstack@keystone.service[80414]: DEBUG keystone.common.rbac_enforcer.enforcer [None req-d4fbd203-afb7-423c-8384-1dc71de86e42 None admin] RBAC: Authorization granted {{(pid=80414) enforce_call /opt/stack/keystone/keystone/common/rbac_enforcer/enforcer.py:457}}
Jun 20 12:06:14.134045 dv-neutron-821401-8-hyperv devstack@keystone.service[80414]: [pid: 80414|app: 0|req: 93/192] 10.222.0.33 () {56 vars in 1177 bytes} [Mon Jun 20 12:06:13 2022] GET /identity/v3/users/6ecc574110274ca3bffc5a658df4128e => generated 289 bytes in 138 msecs (HTTP/1.1 200) 5 headers in 177 bytes (1 switches on core 0)
Jun 20 12:06:14.136058 dv-neutron-821401-8-hyperv devstack@keystone.service[80414]: DEBUG keystone.server.flask.request_processing.middleware.auth_context [None req-d4fbd203-afb7-423c-8384-1dc71de86e42 None admin] Authenticating user token {{(pid=80414) process_request /usr/local/lib/python3.8/dist-packages/keystonemiddleware/auth_token/__init__.py:407}}
Jun 20 12:06:14.145951 dv-neutron-821401-8-hyperv devstack@keystone.service[80414]: DEBUG dbcounter [-] [80414] Writing DB stats keystone:SELECT=100 {{(pid=80414) stat_writer /usr/local/lib/python3.8/dist-packages/dbcounter.py:114}}
Jun 20 12:06:14.187071 dv-neutron-821401-8-hyperv devstack@keystone.service[80413]: DEBUG dbcounter [-] [80413] Writing DB stats keystone:SELECT=100 {{(pid=80413) stat_writer /usr/local/lib/python3.8/dist-packages/dbcounter.py:114}}
Jun 20 12:06:14.206765 dv-neutron-821401-8-hyperv devstack@keystone.service[80413]: DEBUG keystone.server.flask.request_processing.middleware.auth_context [None req-01a937b3-6db9-4a70-90c9-b6fac4d346e4 None admin] Validating token access rules against request {{(pid=80413) validate_allowed_request /usr/local/lib/python3.8/dist-packages/keystonemiddleware/auth_token/__init__.py:545}}
Jun 20 12:06:14.233708 dv-neutron-821401-8-hyperv devstack@keystone.service[80414]: DEBUG keystone.server.flask.request_processing.middleware.auth_context [None req-d4fbd203-afb7-423c-8384-1dc71de86e42 None admin] Validating token access rules against request {{(pid=80414) validate_allowed_request /usr/local/lib/python3.8/dist-packages/keystonemiddleware/auth_token/__init__.py:545}}
Jun 20 12:06:14.245693 dv-neutron-821401-8-hyperv devstack@keystone.service[80413]: DEBUG keystone.server.flask.request_processing.middleware.auth_context [None req-0a056a0b-0d8b-4f70-9e4b-6e1835ff47c6 None admin] RBAC: auth_context: {'token': , 'domain_id': None, 'trust_id': None, 'trustor_id': None, 'trustee_id': None, 'domain_name': None, 'group_ids': [], 'user_id': '761649a8b52245ec8ea7c6b02580b147', 'user_domain_id': 'default', 'system_scope': 'all', 'project_id': None, 'project_domain_id': None, 'roles': ['admin', 'member', 'reader'], 'is_admin_project': True, 'service_user_id': None, 'service_user_domain_id': None, 'service_project_id': None, 'service_project_domain_id': None, 'service_roles': []} {{(pid=80413) fill_context /opt/stack/keystone/keystone/server/flask/request_processing/middleware/auth_context.py:478}}
Jun 20 12:06:14.246579 dv-neutron-821401-8-hyperv devstack@keystone.service[80413]: DEBUG keystone.server.flask.request_processing.req_logging [None req-0a056a0b-0d8b-4f70-9e4b-6e1835ff47c6 None admin] REQUEST_METHOD: `GET` {{(pid=80413) log_request_info /opt/stack/keystone/keystone/server/flask/request_processing/req_logging.py:27}}
Jun 20 12:06:14.246863 dv-neutron-821401-8-hyperv devstack@keystone.service[80413]: DEBUG keystone.server.flask.request_processing.req_logging [None req-0a056a0b-0d8b-4f70-9e4b-6e1835ff47c6 None admin] SCRIPT_NAME: `/identity` {{(pid=80413) log_request_info /opt/stack/keystone/keystone/server/flask/request_processing/req_logging.py:28}}
Jun 20 12:06:14.247143 dv-neutron-821401-8-hyperv devstack@keystone.service[80413]: DEBUG keystone.server.flask.request_processing.req_logging [None req-0a056a0b-0d8b-4f70-9e4b-6e1835ff47c6 None admin] PATH_INFO: `/v3/users/1109f2c3c3444f02bd0c92d18dc323eb` {{(pid=80413) log_request_info /opt/stack/keystone/keystone/server/flask/request_processing/req_logging.py:29}}
Jun 20 12:06:14.259824 dv-neutron-821401-8-hyperv devstack@keystone.service[80413]: DEBUG keystone.common.rbac_enforcer.enforcer [None req-0a056a0b-0d8b-4f70-9e4b-6e1835ff47c6 None admin] RBAC: Authorizing `identity:get_user(user_id=1109f2c3c3444f02bd0c92d18dc323eb)` {{(pid=80413) enforce_call /opt/stack/keystone/keystone/common/rbac_enforcer/enforcer.py:449}}
Jun 20 12:06:14.261280 dv-neutron-821401-8-hyperv devstack@keystone.service[80413]: DEBUG keystone.common.rbac_enforcer.enforcer [None req-0a056a0b-0d8b-4f70-9e4b-6e1835ff47c6 None admin] RBAC: Authorization granted {{(pid=80413) enforce_call /opt/stack/keystone/keystone/common/rbac_enforcer/enforcer.py:457}}
Jun 20 12:06:14.262964 dv-neutron-821401-8-hyperv devstack@keystone.service[80413]: [pid: 80413|app: 0|req: 100/193] 10.222.0.33 () {56 vars in 1177 bytes} [Mon Jun 20 12:06:14 2022] GET /identity/v3/users/1109f2c3c3444f02bd0c92d18dc323eb => generated 283 bytes in 163 msecs (HTTP/1.1 200) 5 headers in 177 bytes (1 switches on core 0)
Jun 20 12:06:14.263747 dv-neutron-821401-8-hyperv devstack@keystone.service[80413]: DEBUG keystone.server.flask.request_processing.middleware.auth_context [None req-0a056a0b-0d8b-4f70-9e4b-6e1835ff47c6 None admin] Authenticating user token {{(pid=80413) process_request /usr/local/lib/python3.8/dist-packages/keystonemiddleware/auth_token/__init__.py:407}}
Jun 20 12:06:14.269323 dv-neutron-821401-8-hyperv devstack@keystone.service[80414]: DEBUG keystone.server.flask.request_processing.middleware.auth_context [None req-944a5503-8db1-4f94-a150-a856c7decf6a None admin] RBAC: auth_context: {'token': , 'domain_id': None, 'trust_id': None, 'trustor_id': None, 'trustee_id': None, 'domain_name': None, 'group_ids': [], 'user_id': '761649a8b52245ec8ea7c6b02580b147', 'user_domain_id': 'default', 'system_scope': 'all', 'project_id': None, 'project_domain_id': None, 'roles': ['admin', 'member', 'reader'], 'is_admin_project': True, 'service_user_id': None, 'service_user_domain_id': None, 'service_project_id': None, 'service_project_domain_id': None, 'service_roles': []} {{(pid=80414) fill_context /opt/stack/keystone/keystone/server/flask/request_processing/middleware/auth_context.py:478}}
Jun 20 12:06:14.270164 dv-neutron-821401-8-hyperv devstack@keystone.service[80414]: DEBUG keystone.server.flask.request_processing.req_logging [None req-944a5503-8db1-4f94-a150-a856c7decf6a None admin] REQUEST_METHOD: `GET` {{(pid=80414) log_request_info /opt/stack/keystone/keystone/server/flask/request_processing/req_logging.py:27}}
Jun 20 12:06:14.270445 dv-neutron-821401-8-hyperv devstack@keystone.service[80414]: DEBUG keystone.server.flask.request_processing.req_logging [None req-944a5503-8db1-4f94-a150-a856c7decf6a None admin] SCRIPT_NAME: `/identity` {{(pid=80414) log_request_info /opt/stack/keystone/keystone/server/flask/request_processing/req_logging.py:28}}
Jun 20 12:06:14.270718 dv-neutron-821401-8-hyperv devstack@keystone.service[80414]: DEBUG keystone.server.flask.request_processing.req_logging [None req-944a5503-8db1-4f94-a150-a856c7decf6a None admin] PATH_INFO: `/v3/roles/anotherrole` {{(pid=80414) log_request_info /opt/stack/keystone/keystone/server/flask/request_processing/req_logging.py:29}}
Jun 20 12:06:14.281137 dv-neutron-821401-8-hyperv devstack@keystone.service[80414]: DEBUG keystone.common.rbac_enforcer.enforcer [None req-944a5503-8db1-4f94-a150-a856c7decf6a None admin] Extracting inferred target data resulted in "NOT FOUND (404)". {{(pid=80414) enforce_call /opt/stack/keystone/keystone/common/rbac_enforcer/enforcer.py:409}}
Jun 20 12:06:14.289006 dv-neutron-821401-8-hyperv devstack@keystone.service[80414]: ERROR keystone.server.flask.application [None req-944a5503-8db1-4f94-a150-a856c7decf6a None admin] Could not find role: anotherrole.: keystone.exception.RoleNotFound: Could not find role: anotherrole.
Jun 20 12:06:14.289006 dv-neutron-821401-8-hyperv devstack@keystone.service[80414]: ERROR keystone.server.flask.application
Traceback (most recent call last):
Jun 20 12:06:14.289006 dv-neutron-821401-8-hyperv devstack@keystone.service[80414]: ERROR keystone.server.flask.application
File "/usr/local/lib/python3.8/dist-packages/flask/app.py", line 1523, in full_dispatch_request
Jun 20 12:06:14.289006 dv-neutron-821401-8-hyperv devstack@keystone.service[80414]: ERROR keystone.server.flask.application rv = self.dispatch_request()
Jun 20 12:06:14.289006 dv-neutron-821401-8-hyperv devstack@keystone.service[80414]: ERROR keystone.server.flask.application
File "/usr/local/lib/python3.8/dist-packages/flask/app.py", line 1509, in dispatch_request
Jun 20 12:06:14.289006 dv-neutron-821401-8-hyperv devstack@keystone.service[80414]: ERROR keystone.server.flask.application return self.ensure_sync(self.view_functions[rule.endpoint])(**req.view_args)
Jun 20 12:06:14.289006 dv-neutron-821401-8-hyperv devstack@keystone.service[80414]: ERROR keystone.server.flask.application
File "/usr/local/lib/python3.8/dist-packages/flask_restful/__init__.py", line 467, in wrapper
Jun 20 12:06:14.289006 dv-neutron-821401-8-hyperv devstack@keystone.service[80414]: ERROR keystone.server.flask.application resp = resource(*args, **kwargs)
Jun 20 12:06:14.289006 dv-neutron-821401-8-hyperv devstack@keystone.service[80414]: ERROR keystone.server.flask.application
File "/usr/local/lib/python3.8/dist-packages/flask/views.py", line 84, in view
Jun 20 12:06:14.289006 dv-neutron-821401-8-hyperv devstack@keystone.service[80414]: ERROR keystone.server.flask.application return current_app.ensure_sync(self.dispatch_request)(*args, **kwargs)
Jun 20 12:06:14.289006 dv-neutron-821401-8-hyperv devstack@keystone.service[80414]: ERROR keystone.server.flask.application
File "/usr/local/lib/python3.8/dist-packages/flask_restful/__init__.py", line 582, in dispatch_request
Jun 20 12:06:14.289006 dv-neutron-821401-8-hyperv devstack@keystone.service[80414]: ERROR keystone.server.flask.application resp = meth(*args, **kwargs)
Jun 20 12:06:14.289006 dv-neutron-821401-8-hyperv devstack@keystone.service[80414]: ERROR keystone.server.flask.application
File "/opt/stack/keystone/keystone/api/roles.py", line 50, in get
Jun 20 12:06:14.289006 dv-neutron-821401-8-hyperv devstack@keystone.service[80414]: ERROR keystone.server.flask.application return self._get_role(role_id)
Jun 20 12:06:14.289006 dv-neutron-821401-8-hyperv devstack@keystone.service[80414]: ERROR keystone.server.flask.application
File "/opt/stack/keystone/keystone/api/roles.py", line 70, in _get_role
Jun 20 12:06:14.289006 dv-neutron-821401-8-hyperv devstack@keystone.service[80414]: ERROR keystone.server.flask.application ENFORCER.enforce_call(action='identity:get_role')
Jun 20 12:06:14.289983 dv-neutron-821401-8-hyperv devstack@keystone.service[80414]: ERROR keystone.server.flask.application
File "/opt/stack/keystone/keystone/common/rbac_enforcer/enforcer.py", line 402, in enforce_call
Jun 20 12:06:14.289983 dv-neutron-821401-8-hyperv devstack@keystone.service[80414]: ERROR keystone.server.flask.application policy_dict.update(cls._extract_member_target_data(
Jun 20 12:06:14.289983 dv-neutron-821401-8-hyperv devstack@keystone.service[80414]: ERROR keystone.server.flask.application
File "/opt/stack/keystone/keystone/common/rbac_enforcer/enforcer.py", line 234, in _extract_member_target_data
Jun 20 12:06:14.289983 dv-neutron-821401-8-hyperv devstack@keystone.service[80414]: ERROR keystone.server.flask.application member_name: func(flask.request.view_args[key])
Jun 20 12:06:14.289983 dv-neutron-821401-8-hyperv devstack@keystone.service[80414]: ERROR keystone.server.flask.application
File "/opt/stack/keystone/keystone/common/manager.py", line 115, in wrapped
Jun 20 12:06:14.289983 dv-neutron-821401-8-hyperv devstack@keystone.service[80414]: ERROR keystone.server.flask.application __ret_val = __f(*args, **kwargs)
Jun 20 12:06:14.289983 dv-neutron-821401-8-hyperv devstack@keystone.service[80414]: ERROR keystone.server.flask.application
File "/usr/local/lib/python3.8/dist-packages/decorator.py", line 232, in fun
Jun 20 12:06:14.289983 dv-neutron-821401-8-hyperv devstack@keystone.service[80414]: ERROR keystone.server.flask.application return caller(func, *(extras + args), **kw)
Jun 20 12:06:14.289983 dv-neutron-821401-8-hyperv devstack@keystone.service[80414]: ERROR keystone.server.flask.application
File "/usr/local/lib/python3.8/dist-packages/dogpile/cache/region.py", line 1577, in get_or_create_for_user_func
Jun 20 12:06:14.289983 dv-neutron-821401-8-hyperv devstack@keystone.service[80414]: ERROR keystone.server.flask.application return self.get_or_create(
Jun 20 12:06:14.289983 dv-neutron-821401-8-hyperv devstack@keystone.service[80414]: ERROR keystone.server.flask.application
File "/usr/local/lib/python3.8/dist-packages/dogpile/cache/region.py", line 1042, in get_or_create
Jun 20 12:06:14.289983 dv-neutron-821401-8-hyperv devstack@keystone.service[80414]: ERROR keystone.server.flask.application with Lock(
Jun 20 12:06:14.289983 dv-neutron-821401-8-hyperv devstack@keystone.service[80414]: ERROR keystone.server.flask.application
File "/usr/local/lib/python3.8/dist-packages/dogpile/lock.py", line 185, in __enter__
Jun 20 12:06:14.289983 dv-neutron-821401-8-hyperv devstack@keystone.service[80414]: ERROR keystone.server.flask.application return self._enter()
Jun 20 12:06:14.289983 dv-neutron-821401-8-hyperv devstack@keystone.service[80414]: ERROR keystone.server.flask.application
File "/usr/local/lib/python3.8/dist-packages/dogpile/lock.py", line 94, in _enter
Jun 20 12:06:14.289983 dv-neutron-821401-8-hyperv devstack@keystone.service[80414]: ERROR keystone.server.flask.application generated = self._enter_create(value, createdtime)
Jun 20 12:06:14.295692 dv-neutron-821401-8-hyperv devstack@keystone.service[80414]: ERROR keystone.server.flask.application
File "/usr/local/lib/python3.8/dist-packages/dogpile/lock.py", line 178, in _enter_create
Jun 20 12:06:14.295692 dv-neutron-821401-8-hyperv devstack@keystone.service[80414]: ERROR keystone.server.flask.application return self.creator()
Jun 20 12:06:14.295692 dv-neutron-821401-8-hyperv devstack@keystone.service[80414]: ERROR keystone.server.flask.application
File "/usr/local/lib/python3.8/dist-packages/dogpile/cache/region.py", line 995, in gen_value
Jun 20 12:06:14.295692 dv-neutron-821401-8-hyperv devstack@keystone.service[80414]: ERROR keystone.server.flask.application created_value = creator(
Jun 20 12:06:14.295692 dv-neutron-821401-8-hyperv devstack@keystone.service[80414]: ERROR keystone.server.flask.application
File "/opt/stack/keystone/keystone/assignment/core.py", line 1276, in get_role
Jun 20 12:06:14.295692 dv-neutron-821401-8-hyperv devstack@keystone.service[80414]: ERROR keystone.server.flask.application return self.driver.get_role(role_id)
Jun 20 12:06:14.295692 dv-neutron-821401-8-hyperv devstack@keystone.service[80414]: ERROR keystone.server.flask.application
File "/opt/stack/keystone/keystone/assignment/role_backends/sql.py", line 70, in get_role
Jun 20 12:06:14.295692 dv-neutron-821401-8-hyperv devstack@keystone.service[80414]: ERROR keystone.server.flask.application return self._get_role(session, role_id).to_dict()
Jun 20 12:06:14.295692 dv-neutron-821401-8-hyperv devstack@keystone.service[80414]: ERROR keystone.server.flask.application
File "/opt/stack/keystone/keystone/assignment/role_backends/sql.py", line 65, in _get_role
Jun 20 12:06:14.295692 dv-neutron-821401-8-hyperv devstack@keystone.service[80414]: ERROR keystone.server.flask.application raise exception.RoleNotFound(role_id=role_id)
Jun 20 12:06:14.295692 dv-neutron-821401-8-hyperv devstack@keystone.service[80414]: ERROR keystone.server.flask.application keystone.exception.RoleNotFound: Could not find role: anotherrole.
Jun 20 12:06:14.295692 dv-neutron-821401-8-hyperv devstack@keystone.service[80414]: ERROR keystone.server.flask.application
Jun 20 12:06:14.295692 dv-neutron-821401-8-hyperv devstack@keystone.service[80414]: [pid: 80414|app: 0|req: 94/194] 10.222.0.33 () {56 vars in 1114 bytes} [Mon Jun 20 12:06:14 2022] GET /identity/v3/roles/anotherrole => generated 89 bytes in 156 msecs (HTTP/1.1 404) 5 headers in 183 bytes (1 switches on core 0)
Jun 20 12:06:14.295692 dv-neutron-821401-8-hyperv devstack@keystone.service[80414]: DEBUG keystone.server.flask.request_processing.middleware.auth_context [None req-944a5503-8db1-4f94-a150-a856c7decf6a None admin] Authenticating user token {{(pid=80414) process_request /usr/local/lib/python3.8/dist-packages/keystonemiddleware/auth_token/__init__.py:407}}
Jun 20 12:06:14.353949 dv-neutron-821401-8-hyperv devstack@keystone.service[80414]: DEBUG dbcounter [-] [80414] Writing DB stats keystone:SELECT=100 {{(pid=80414) stat_writer /usr/local/lib/python3.8/dist-packages/dbcounter.py:114}}
Jun 20 12:06:14.370504 dv-neutron-821401-8-hyperv devstack@keystone.service[80413]: DEBUG keystone.server.flask.request_processing.middleware.auth_context [None req-0a056a0b-0d8b-4f70-9e4b-6e1835ff47c6 None admin] Validating token access rules against request {{(pid=80413) validate_allowed_request /usr/local/lib/python3.8/dist-packages/keystonemiddleware/auth_token/__init__.py:545}}
Jun 20 12:06:14.386599 dv-neutron-821401-8-hyperv devstack@keystone.service[80414]: DEBUG keystone.server.flask.request_processing.middleware.auth_context [None req-944a5503-8db1-4f94-a150-a856c7decf6a None admin] Validating token access rules against request {{(pid=80414) validate_allowed_request /usr/local/lib/python3.8/dist-packages/keystonemiddleware/auth_token/__init__.py:545}}
Jun 20 12:06:14.405448 dv-neutron-821401-8-hyperv devstack@keystone.service[80413]: DEBUG keystone.server.flask.request_processing.middleware.auth_context [None req-8f8a1cd8-e6f5-44f1-b731-9803bfaa0fb0 None admin] RBAC: auth_context: {'token': , 'domain_id': None, 'trust_id': None, 'trustor_id': None, 'trustee_id': None, 'domain_name': None, 'group_ids': [], 'user_id': '761649a8b52245ec8ea7c6b02580b147', 'user_domain_id': 'default', 'system_scope': 'all', 'project_id': None, 'project_domain_id': None, 'roles': ['admin', 'member', 'reader'], 'is_admin_project': True, 'service_user_id': None, 'service_user_domain_id': None, 'service_project_id': None, 'service_project_domain_id': None, 'service_roles': []} {{(pid=80413) fill_context /opt/stack/keystone/keystone/server/flask/request_processing/middleware/auth_context.py:478}}
Jun 20 12:06:14.406149 dv-neutron-821401-8-hyperv devstack@keystone.service[80413]: DEBUG keystone.server.flask.request_processing.req_logging [None req-8f8a1cd8-e6f5-44f1-b731-9803bfaa0fb0 None admin] REQUEST_METHOD: `POST` {{(pid=80413) log_request_info /opt/stack/keystone/keystone/server/flask/request_processing/req_logging.py:27}}
Jun 20 12:06:14.406436 dv-neutron-821401-8-hyperv devstack@keystone.service[80413]: DEBUG keystone.server.flask.request_processing.req_logging [None req-8f8a1cd8-e6f5-44f1-b731-9803bfaa0fb0 None admin] SCRIPT_NAME: `/identity` {{(pid=80413) log_request_info /opt/stack/keystone/keystone/server/flask/request_processing/req_logging.py:28}}
Jun 20 12:06:14.406716 dv-neutron-821401-8-hyperv devstack@keystone.service[80413]: DEBUG keystone.server.flask.request_processing.req_logging [None req-8f8a1cd8-e6f5-44f1-b731-9803bfaa0fb0 None admin] PATH_INFO: `/v3/users` {{(pid=80413) log_request_info /opt/stack/keystone/keystone/server/flask/request_processing/req_logging.py:29}}
Jun 20 12:06:14.407468 dv-neutron-821401-8-hyperv devstack@keystone.service[80413]: DEBUG keystone.common.rbac_enforcer.enforcer [None req-8f8a1cd8-e6f5-44f1-b731-9803bfaa0fb0 None admin] RBAC: Authorizing `identity:create_user()` {{(pid=80413) enforce_call /opt/stack/keystone/keystone/common/rbac_enforcer/enforcer.py:449}}
Jun 20 12:06:14.408921 dv-neutron-821401-8-hyperv devstack@keystone.service[80413]: DEBUG keystone.common.rbac_enforcer.enforcer [None req-8f8a1cd8-e6f5-44f1-b731-9803bfaa0fb0 None admin] RBAC: Authorization granted {{(pid=80413) enforce_call /opt/stack/keystone/keystone/common/rbac_enforcer/enforcer.py:457}}
Jun 20 12:06:14.419169 dv-neutron-821401-8-hyperv devstack@keystone.service[80414]: DEBUG keystone.server.flask.request_processing.middleware.auth_context [None req-0135a8d0-cdcd-4469-82ed-9883c8dd5493 None admin] RBAC: auth_context: {'token': , 'domain_id': None, 'trust_id': None, 'trustor_id': None, 'trustee_id': None, 'domain_name': None, 'group_ids': [], 'user_id': '761649a8b52245ec8ea7c6b02580b147', 'user_domain_id': 'default', 'system_scope': 'all', 'project_id': None, 'project_domain_id': None, 'roles': ['admin', 'member', 'reader'], 'is_admin_project': True, 'service_user_id': None, 'service_user_domain_id': None, 'service_project_id': None, 'service_project_domain_id': None, 'service_roles': []} {{(pid=80414) fill_context /opt/stack/keystone/keystone/server/flask/request_processing/middleware/auth_context.py:478}}
Jun 20 12:06:14.420083 dv-neutron-821401-8-hyperv devstack@keystone.service[80414]: DEBUG keystone.server.flask.request_processing.req_logging [None req-0135a8d0-cdcd-4469-82ed-9883c8dd5493 None admin] REQUEST_METHOD: `GET` {{(pid=80414) log_request_info /opt/stack/keystone/keystone/server/flask/request_processing/req_logging.py:27}}
Jun 20 12:06:14.420352 dv-neutron-821401-8-hyperv devstack@keystone.service[80414]: DEBUG keystone.server.flask.request_processing.req_logging [None req-0135a8d0-cdcd-4469-82ed-9883c8dd5493 None admin] SCRIPT_NAME: `/identity` {{(pid=80414) log_request_info /opt/stack/keystone/keystone/server/flask/request_processing/req_logging.py:28}}
Jun 20 12:06:14.420628 dv-neutron-821401-8-hyperv devstack@keystone.service[80414]: DEBUG keystone.server.flask.request_processing.req_logging [None req-0135a8d0-cdcd-4469-82ed-9883c8dd5493 None admin] PATH_INFO: `/v3/projects/5b7a3dd97f9d4bf7a5e5c5faa439c14b` {{(pid=80414) log_request_info /opt/stack/keystone/keystone/server/flask/request_processing/req_logging.py:29}}
Jun 20 12:06:14.421827 dv-neutron-821401-8-hyperv devstack@keystone.service[80414]: DEBUG keystone.common.rbac_enforcer.enforcer [None req-0135a8d0-cdcd-4469-82ed-9883c8dd5493 None admin] RBAC: Authorizing `identity:get_project(project_id=5b7a3dd97f9d4bf7a5e5c5faa439c14b)` {{(pid=80414) enforce_call /opt/stack/keystone/keystone/common/rbac_enforcer/enforcer.py:449}}
Jun 20 12:06:14.423335 dv-neutron-821401-8-hyperv devstack@keystone.service[80414]: DEBUG keystone.common.rbac_enforcer.enforcer [None req-0135a8d0-cdcd-4469-82ed-9883c8dd5493 None admin] RBAC: Authorization granted {{(pid=80414) enforce_call /opt/stack/keystone/keystone/common/rbac_enforcer/enforcer.py:457}}
Jun 20 12:06:14.425079 dv-neutron-821401-8-hyperv devstack@keystone.service[80414]: [pid: 80414|app: 0|req: 95/195] 10.222.0.33 () {56 vars in 1186 bytes} [Mon Jun 20 12:06:14 2022] GET /identity/v3/projects/5b7a3dd97f9d4bf7a5e5c5faa439c14b => generated 298 bytes in 134 msecs (HTTP/1.1 200) 5 headers in 177 bytes (1 switches on core 0)
Jun 20 12:06:14.425831 dv-neutron-821401-8-hyperv devstack@keystone.service[80414]: DEBUG keystone.server.flask.request_processing.middleware.auth_context [None req-0135a8d0-cdcd-4469-82ed-9883c8dd5493 None admin] Authenticating user token {{(pid=80414) process_request /usr/local/lib/python3.8/dist-packages/keystonemiddleware/auth_token/__init__.py:407}}
Jun 20 12:06:14.434815 dv-neutron-821401-8-hyperv devstack@keystone.service[80413]: DEBUG dbcounter [-] [80413] Writing DB stats keystone:SELECT=97,keystone:INSERT=3 {{(pid=80413) stat_writer /usr/local/lib/python3.8/dist-packages/dbcounter.py:114}}
Jun 20 12:06:14.442037 dv-neutron-821401-8-hyperv devstack@keystone.service[80413]: [pid: 80413|app: 0|req: 101/196] 10.222.0.33 () {60 vars in 1132 bytes} [Mon Jun 20 12:06:14 2022] POST /identity/v3/users => generated 297 bytes in 178 msecs (HTTP/1.1 201) 5 headers in 182 bytes (1 switches on core 0)
Jun 20 12:06:14.442960 dv-neutron-821401-8-hyperv devstack@keystone.service[80413]: DEBUG keystone.server.flask.request_processing.middleware.auth_context [None req-8f8a1cd8-e6f5-44f1-b731-9803bfaa0fb0 None admin] Authenticating user token {{(pid=80413) process_request /usr/local/lib/python3.8/dist-packages/keystonemiddleware/auth_token/__init__.py:407}}
Jun 20 12:06:14.536108 dv-neutron-821401-8-hyperv devstack@keystone.service[80414]: DEBUG keystone.server.flask.request_processing.middleware.auth_context [None req-0135a8d0-cdcd-4469-82ed-9883c8dd5493 None admin] Validating token access rules against request {{(pid=80414) validate_allowed_request /usr/local/lib/python3.8/dist-packages/keystonemiddleware/auth_token/__init__.py:545}}
Jun 20 12:06:14.561857 dv-neutron-821401-8-hyperv devstack@keystone.service[80413]: DEBUG keystone.server.flask.request_processing.middleware.auth_context [None req-8f8a1cd8-e6f5-44f1-b731-9803bfaa0fb0 None admin] Validating token access rules against request {{(pid=80413) validate_allowed_request /usr/local/lib/python3.8/dist-packages/keystonemiddleware/auth_token/__init__.py:545}}
Jun 20 12:06:14.571745 dv-neutron-821401-8-hyperv devstack@keystone.service[80414]: DEBUG keystone.server.flask.request_processing.middleware.auth_context [None req-c82ac5bb-2029-4864-96bc-3c0acd6ed7eb None admin] RBAC: auth_context: {'token': , 'domain_id': None, 'trust_id': None, 'trustor_id': None, 'trustee_id': None, 'domain_name': None, 'group_ids': [], 'user_id': '761649a8b52245ec8ea7c6b02580b147', 'user_domain_id': 'default', 'system_scope': 'all', 'project_id': None, 'project_domain_id': None, 'roles': ['admin', 'member', 'reader'], 'is_admin_project': True, 'service_user_id': None, 'service_user_domain_id': None, 'service_project_id': None, 'service_project_domain_id': None, 'service_roles': []} {{(pid=80414) fill_context /opt/stack/keystone/keystone/server/flask/request_processing/middleware/auth_context.py:478}}
Jun 20 12:06:14.572502 dv-neutron-821401-8-hyperv devstack@keystone.service[80414]: DEBUG keystone.server.flask.request_processing.req_logging [None req-c82ac5bb-2029-4864-96bc-3c0acd6ed7eb None admin] REQUEST_METHOD: `GET` {{(pid=80414) log_request_info /opt/stack/keystone/keystone/server/flask/request_processing/req_logging.py:27}}
Jun 20 12:06:14.572906 dv-neutron-821401-8-hyperv devstack@keystone.service[80414]: DEBUG keystone.server.flask.request_processing.req_logging [None req-c82ac5bb-2029-4864-96bc-3c0acd6ed7eb None admin] SCRIPT_NAME: `/identity` {{(pid=80414) log_request_info /opt/stack/keystone/keystone/server/flask/request_processing/req_logging.py:28}}
Jun 20 12:06:14.573188 dv-neutron-821401-8-hyperv devstack@keystone.service[80414]: DEBUG keystone.server.flask.request_processing.req_logging [None req-c82ac5bb-2029-4864-96bc-3c0acd6ed7eb None admin] PATH_INFO: `/v3/auth/tokens` {{(pid=80414) log_request_info /opt/stack/keystone/keystone/server/flask/request_processing/req_logging.py:29}}
Jun 20 12:06:14.577678 dv-neutron-821401-8-hyperv devstack@keystone.service[80414]: DEBUG dbcounter [-] [80414] Writing DB stats keystone:SELECT=100 {{(pid=80414) stat_writer /usr/local/lib/python3.8/dist-packages/dbcounter.py:114}}
