Jun 20 12:06:26.733362 dv-neutron-821401-8-hyperv devstack@keystone.service[80414]: [pid: 80414|app: 0|req: 141/293] 10.222.0.33 () {56 vars in 1186 bytes} [Mon Jun 20 12:06:26 2022] GET /identity/v3/projects/825fe36f03db40c7b8ac7e85c1575a55 => generated 302 bytes in 168 msecs (HTTP/1.1 200) 5 headers in 177 bytes (1 switches on core 0)
Jun 20 12:06:26.739230 dv-neutron-821401-8-hyperv devstack@keystone.service[80413]: DEBUG keystone.server.flask.request_processing.middleware.auth_context [None req-8d470cd1-c08b-422b-a4ee-5b4223a3655b None admin] Authenticating user token {{(pid=80413) process_request /usr/local/lib/python3.8/dist-packages/keystonemiddleware/auth_token/__init__.py:407}}
Jun 20 12:06:26.886067 dv-neutron-821401-8-hyperv devstack@keystone.service[80413]: DEBUG dbcounter [-] [80413] Writing DB stats keystone:SELECT=100 {{(pid=80413) stat_writer /usr/local/lib/python3.8/dist-packages/dbcounter.py:114}}
Jun 20 12:06:26.901775 dv-neutron-821401-8-hyperv devstack@keystone.service[80413]: DEBUG keystone.server.flask.request_processing.middleware.auth_context [None req-8d470cd1-c08b-422b-a4ee-5b4223a3655b None admin] Validating token access rules against request {{(pid=80413) validate_allowed_request /usr/local/lib/python3.8/dist-packages/keystonemiddleware/auth_token/__init__.py:545}}
Jun 20 12:06:26.949813 dv-neutron-821401-8-hyperv devstack@keystone.service[80413]: DEBUG keystone.server.flask.request_processing.middleware.auth_context [None req-deb4fb8a-5372-4413-b002-2cc95a639d6c None admin] RBAC: auth_context: {'token': , 'domain_id': None, 'trust_id': None, 'trustor_id': None, 'trustee_id': None, 'domain_name': None, 'group_ids': [], 'user_id': '761649a8b52245ec8ea7c6b02580b147', 'user_domain_id': 'default', 'system_scope': 'all', 'project_id': None, 'project_domain_id': None, 'roles': ['admin', 'member', 'reader'], 'is_admin_project': True, 'service_user_id': None, 'service_user_domain_id': None, 'service_project_id': None, 'service_project_domain_id': None, 'service_roles': []} {{(pid=80413) fill_context /opt/stack/keystone/keystone/server/flask/request_processing/middleware/auth_context.py:478}}
Jun 20 12:06:26.950489 dv-neutron-821401-8-hyperv devstack@keystone.service[80413]: DEBUG keystone.server.flask.request_processing.req_logging [None req-deb4fb8a-5372-4413-b002-2cc95a639d6c None admin] REQUEST_METHOD: `GET` {{(pid=80413) log_request_info /opt/stack/keystone/keystone/server/flask/request_processing/req_logging.py:27}}
Jun 20 12:06:26.950765 dv-neutron-821401-8-hyperv devstack@keystone.service[80413]: DEBUG keystone.server.flask.request_processing.req_logging [None req-deb4fb8a-5372-4413-b002-2cc95a639d6c None admin] SCRIPT_NAME: `/identity` {{(pid=80413) log_request_info /opt/stack/keystone/keystone/server/flask/request_processing/req_logging.py:28}}
Jun 20 12:06:26.951040 dv-neutron-821401-8-hyperv devstack@keystone.service[80413]: DEBUG keystone.server.flask.request_processing.req_logging [None req-deb4fb8a-5372-4413-b002-2cc95a639d6c None admin] PATH_INFO: `/v3/role_assignments` {{(pid=80413) log_request_info /opt/stack/keystone/keystone/server/flask/request_processing/req_logging.py:29}}
Jun 20 12:06:26.951923 dv-neutron-821401-8-hyperv devstack@keystone.service[80413]: DEBUG keystone.common.rbac_enforcer.enforcer [None req-deb4fb8a-5372-4413-b002-2cc95a639d6c None admin] RBAC: Adding query filter params (role.id=e7e34c71da44456693ebb8be276c03cb, scope.project.id=825fe36f03db40c7b8ac7e85c1575a55, user.id=efe3f2cc7af3478bb7311f9867ad500c) {{(pid=80413) _extract_filter_values /opt/stack/keystone/keystone/common/rbac_enforcer/enforcer.py:167}}
Jun 20 12:06:26.952233 dv-neutron-821401-8-hyperv devstack@keystone.service[80413]: DEBUG keystone.common.rbac_enforcer.enforcer [None req-deb4fb8a-5372-4413-b002-2cc95a639d6c None admin] RBAC: Authorizing `identity:list_role_assignments()` {{(pid=80413) enforce_call /opt/stack/keystone/keystone/common/rbac_enforcer/enforcer.py:449}}
Jun 20 12:06:26.953690 dv-neutron-821401-8-hyperv devstack@keystone.service[80413]: DEBUG keystone.common.rbac_enforcer.enforcer [None req-deb4fb8a-5372-4413-b002-2cc95a639d6c None admin] RBAC: Authorization granted {{(pid=80413) enforce_call /opt/stack/keystone/keystone/common/rbac_enforcer/enforcer.py:457}}
Jun 20 12:06:26.964504 dv-neutron-821401-8-hyperv devstack@keystone.service[80413]: [pid: 80413|app: 0|req: 153/294] 10.222.0.33 () {56 vars in 1374 bytes} [Mon Jun 20 12:06:26 2022] GET /identity/v3/role_assignments?user.id=efe3f2cc7af3478bb7311f9867ad500c&scope.project.id=825fe36f03db40c7b8ac7e85c1575a55&role.id=e7e34c71da44456693ebb8be276c03cb => generated 608 bytes in 225 msecs (HTTP/1.1 200) 5 headers in 177 bytes (1 switches on core 0)
Jun 20 12:06:27.557041 dv-neutron-821401-8-hyperv devstack@keystone.service[80414]: DEBUG keystone.server.flask.request_processing.req_logging [None req-a3f010a7-b909-4c9d-8d6b-e54a22d0075f None None] REQUEST_METHOD: `GET` {{(pid=80414) log_request_info /opt/stack/keystone/keystone/server/flask/request_processing/req_logging.py:27}}
Jun 20 12:06:27.557229 dv-neutron-821401-8-hyperv devstack@keystone.service[80414]: DEBUG keystone.server.flask.request_processing.req_logging [None req-a3f010a7-b909-4c9d-8d6b-e54a22d0075f None None] SCRIPT_NAME: `/identity` {{(pid=80414) log_request_info /opt/stack/keystone/keystone/server/flask/request_processing/req_logging.py:28}}
Jun 20 12:06:27.557520 dv-neutron-821401-8-hyperv devstack@keystone.service[80414]: DEBUG keystone.server.flask.request_processing.req_logging [None req-a3f010a7-b909-4c9d-8d6b-e54a22d0075f None None] PATH_INFO: `/` {{(pid=80414) log_request_info /opt/stack/keystone/keystone/server/flask/request_processing/req_logging.py:29}}
Jun 20 12:06:27.559176 dv-neutron-821401-8-hyperv devstack@keystone.service[80414]: [pid: 80414|app: 0|req: 142/295] 10.222.0.33 () {54 vars in 926 bytes} [Mon Jun 20 12:06:27 2022] GET /identity => generated 270 bytes in 3 msecs (HTTP/1.1 300) 6 headers in 234 bytes (1 switches on core 0)
Jun 20 12:06:27.564478 dv-neutron-821401-8-hyperv devstack@keystone.service[80413]: DEBUG keystone.server.flask.request_processing.req_logging [None req-61c0f8df-659d-4118-9d22-d08bdc28ed67 None None] REQUEST_METHOD: `POST` {{(pid=80413) log_request_info /opt/stack/keystone/keystone/server/flask/request_processing/req_logging.py:27}}
Jun 20 12:06:27.564950 dv-neutron-821401-8-hyperv devstack@keystone.service[80413]: DEBUG keystone.server.flask.request_processing.req_logging [None req-61c0f8df-659d-4118-9d22-d08bdc28ed67 None None] SCRIPT_NAME: `/identity` {{(pid=80413) log_request_info /opt/stack/keystone/keystone/server/flask/request_processing/req_logging.py:28}}
Jun 20 12:06:27.565045 dv-neutron-821401-8-hyperv devstack@keystone.service[80413]: DEBUG keystone.server.flask.request_processing.req_logging [None req-61c0f8df-659d-4118-9d22-d08bdc28ed67 None None] PATH_INFO: `/v3/auth/tokens` {{(pid=80413) log_request_info /opt/stack/keystone/keystone/server/flask/request_processing/req_logging.py:29}}
Jun 20 12:06:27.585486 dv-neutron-821401-8-hyperv devstack@keystone.service[80413]: DEBUG keystone.auth.core [None req-61c0f8df-659d-4118-9d22-d08bdc28ed67 None None] MFA Rules not processed for user `761649a8b52245ec8ea7c6b02580b147`. Rule list: `[]` (Enabled: `True`). {{(pid=80413) check_auth_methods_against_rules /opt/stack/keystone/keystone/auth/core.py:438}}
Jun 20 12:06:27.586745 dv-neutron-821401-8-hyperv devstack@keystone.service[80413]: DEBUG keystone.common.fernet_utils [None req-61c0f8df-659d-4118-9d22-d08bdc28ed67 None None] Loaded 2 Fernet keys from /etc/keystone/fernet-keys/, but `[fernet_tokens] max_active_keys = 3`; perhaps there have not been enough key rotations to reach `max_active_keys` yet? {{(pid=80413) load_keys /opt/stack/keystone/keystone/common/fernet_utils.py:286}}
Jun 20 12:06:27.668725 dv-neutron-821401-8-hyperv devstack@keystone.service[80414]: DEBUG keystone.server.flask.request_processing.req_logging [None req-3dbeb350-1145-4b2d-9e99-fe10a6f0ff63 None None] REQUEST_METHOD: `GET` {{(pid=80414) log_request_info /opt/stack/keystone/keystone/server/flask/request_processing/req_logging.py:27}}
Jun 20 12:06:27.669234 dv-neutron-821401-8-hyperv devstack@keystone.service[80414]: DEBUG keystone.server.flask.request_processing.req_logging [None req-3dbeb350-1145-4b2d-9e99-fe10a6f0ff63 None None] SCRIPT_NAME: `/identity` {{(pid=80414) log_request_info /opt/stack/keystone/keystone/server/flask/request_processing/req_logging.py:28}}
Jun 20 12:06:27.669338 dv-neutron-821401-8-hyperv devstack@keystone.service[80414]: DEBUG keystone.server.flask.request_processing.req_logging [None req-3dbeb350-1145-4b2d-9e99-fe10a6f0ff63 None None] PATH_INFO: `/` {{(pid=80414) log_request_info /opt/stack/keystone/keystone/server/flask/request_processing/req_logging.py:29}}
Jun 20 12:06:27.670163 dv-neutron-821401-8-hyperv devstack@keystone.service[80413]: [pid: 80413|app: 0|req: 154/296] 10.222.0.33 () {58 vars in 1023 bytes} [Mon Jun 20 12:06:27 2022] POST /identity/v3/auth/tokens => generated 799 bytes in 107 msecs (HTTP/1.1 201) 6 headers in 363 bytes (1 switches on core 0)
Jun 20 12:06:27.670866 dv-neutron-821401-8-hyperv devstack@keystone.service[80414]: [pid: 80414|app: 0|req: 143/297] 10.222.0.33 () {54 vars in 926 bytes} [Mon Jun 20 12:06:27 2022] GET /identity => generated 270 bytes in 3 msecs (HTTP/1.1 300) 6 headers in 234 bytes (1 switches on core 0)
Jun 20 12:06:27.676112 dv-neutron-821401-8-hyperv devstack@keystone.service[80413]: DEBUG keystone.server.flask.request_processing.req_logging [None req-4bf2455b-632e-4d27-953c-f156e8994278 None None] REQUEST_METHOD: `POST` {{(pid=80413) log_request_info /opt/stack/keystone/keystone/server/flask/request_processing/req_logging.py:27}}
Jun 20 12:06:27.676409 dv-neutron-821401-8-hyperv devstack@keystone.service[80413]: DEBUG keystone.server.flask.request_processing.req_logging [None req-4bf2455b-632e-4d27-953c-f156e8994278 None None] SCRIPT_NAME: `/identity` {{(pid=80413) log_request_info /opt/stack/keystone/keystone/server/flask/request_processing/req_logging.py:28}}
Jun 20 12:06:27.676688 dv-neutron-821401-8-hyperv devstack@keystone.service[80413]: DEBUG keystone.server.flask.request_processing.req_logging [None req-4bf2455b-632e-4d27-953c-f156e8994278 None None] PATH_INFO: `/v3/auth/tokens` {{(pid=80413) log_request_info /opt/stack/keystone/keystone/server/flask/request_processing/req_logging.py:29}}
Jun 20 12:06:27.693428 dv-neutron-821401-8-hyperv devstack@keystone.service[80413]: DEBUG keystone.auth.core [None req-4bf2455b-632e-4d27-953c-f156e8994278 None None] MFA Rules not processed for user `761649a8b52245ec8ea7c6b02580b147`. Rule list: `[]` (Enabled: `True`). {{(pid=80413) check_auth_methods_against_rules /opt/stack/keystone/keystone/auth/core.py:438}}
Jun 20 12:06:27.694614 dv-neutron-821401-8-hyperv devstack@keystone.service[80413]: DEBUG keystone.common.fernet_utils [None req-4bf2455b-632e-4d27-953c-f156e8994278 None None] Loaded 2 Fernet keys from /etc/keystone/fernet-keys/, but `[fernet_tokens] max_active_keys = 3`; perhaps there have not been enough key rotations to reach `max_active_keys` yet? {{(pid=80413) load_keys /opt/stack/keystone/keystone/common/fernet_utils.py:286}}
Jun 20 12:06:27.695028 dv-neutron-821401-8-hyperv devstack@keystone.service[80414]: DEBUG keystone.server.flask.request_processing.middleware.auth_context [None req-3dbeb350-1145-4b2d-9e99-fe10a6f0ff63 None None] Authenticating user token {{(pid=80414) process_request /usr/local/lib/python3.8/dist-packages/keystonemiddleware/auth_token/__init__.py:407}}
Jun 20 12:06:27.773594 dv-neutron-821401-8-hyperv devstack@keystone.service[80413]: [pid: 80413|app: 0|req: 155/298] 10.222.0.33 () {58 vars in 1023 bytes} [Mon Jun 20 12:06:27 2022] POST /identity/v3/auth/tokens => generated 799 bytes in 98 msecs (HTTP/1.1 201) 6 headers in 363 bytes (1 switches on core 0)
Jun 20 12:06:27.796095 dv-neutron-821401-8-hyperv devstack@keystone.service[80413]: DEBUG keystone.server.flask.request_processing.middleware.auth_context [None req-4bf2455b-632e-4d27-953c-f156e8994278 None None] Authenticating user token {{(pid=80413) process_request /usr/local/lib/python3.8/dist-packages/keystonemiddleware/auth_token/__init__.py:407}}
Jun 20 12:06:27.811236 dv-neutron-821401-8-hyperv devstack@keystone.service[80413]: DEBUG dbcounter [-] [80413] Writing DB stats keystone:SELECT=100 {{(pid=80413) stat_writer /usr/local/lib/python3.8/dist-packages/dbcounter.py:114}}
Jun 20 12:06:27.813415 dv-neutron-821401-8-hyperv devstack@keystone.service[80414]: DEBUG keystone.server.flask.request_processing.middleware.auth_context [None req-3dbeb350-1145-4b2d-9e99-fe10a6f0ff63 None None] Validating token access rules against request {{(pid=80414) validate_allowed_request /usr/local/lib/python3.8/dist-packages/keystonemiddleware/auth_token/__init__.py:545}}
Jun 20 12:06:27.848326 dv-neutron-821401-8-hyperv devstack@keystone.service[80414]: DEBUG keystone.server.flask.request_processing.middleware.auth_context [None req-876393a0-446b-435b-887d-255ba8b2f1d6 None admin] RBAC: auth_context: {'token': , 'domain_id': None, 'trust_id': None, 'trustor_id': None, 'trustee_id': None, 'domain_name': None, 'group_ids': [], 'user_id': '761649a8b52245ec8ea7c6b02580b147', 'user_domain_id': 'default', 'system_scope': 'all', 'project_id': None, 'project_domain_id': None, 'roles': ['admin', 'member', 'reader'], 'is_admin_project': True, 'service_user_id': None, 'service_user_domain_id': None, 'service_project_id': None, 'service_project_domain_id': None, 'service_roles': []} {{(pid=80414) fill_context /opt/stack/keystone/keystone/server/flask/request_processing/middleware/auth_context.py:478}}
Jun 20 12:06:27.849144 dv-neutron-821401-8-hyperv devstack@keystone.service[80414]: DEBUG keystone.server.flask.request_processing.req_logging [None req-876393a0-446b-435b-887d-255ba8b2f1d6 None admin] REQUEST_METHOD: `GET` {{(pid=80414) log_request_info /opt/stack/keystone/keystone/server/flask/request_processing/req_logging.py:27}}
Jun 20 12:06:27.849425 dv-neutron-821401-8-hyperv devstack@keystone.service[80414]: DEBUG keystone.server.flask.request_processing.req_logging [None req-876393a0-446b-435b-887d-255ba8b2f1d6 None admin] SCRIPT_NAME: `/identity` {{(pid=80414) log_request_info /opt/stack/keystone/keystone/server/flask/request_processing/req_logging.py:28}}
Jun 20 12:06:27.849696 dv-neutron-821401-8-hyperv devstack@keystone.service[80414]: DEBUG keystone.server.flask.request_processing.req_logging [None req-876393a0-446b-435b-887d-255ba8b2f1d6 None admin] PATH_INFO: `/v3/roles/reader` {{(pid=80414) log_request_info /opt/stack/keystone/keystone/server/flask/request_processing/req_logging.py:29}}
Jun 20 12:06:27.859596 dv-neutron-821401-8-hyperv devstack@keystone.service[80414]: DEBUG dbcounter [-] [80414] Writing DB stats keystone:SELECT=100 {{(pid=80414) stat_writer /usr/local/lib/python3.8/dist-packages/dbcounter.py:114}}
Jun 20 12:06:27.863840 dv-neutron-821401-8-hyperv devstack@keystone.service[80414]: DEBUG keystone.common.rbac_enforcer.enforcer [None req-876393a0-446b-435b-887d-255ba8b2f1d6 None admin] Extracting inferred target data resulted in "NOT FOUND (404)". {{(pid=80414) enforce_call /opt/stack/keystone/keystone/common/rbac_enforcer/enforcer.py:409}}
Jun 20 12:06:27.874164 dv-neutron-821401-8-hyperv devstack@keystone.service[80414]: ERROR keystone.server.flask.application [None req-876393a0-446b-435b-887d-255ba8b2f1d6 None admin] Could not find role: reader.: keystone.exception.RoleNotFound: Could not find role: reader.
Jun 20 12:06:27.874164 dv-neutron-821401-8-hyperv devstack@keystone.service[80414]: ERROR keystone.server.flask.application
Traceback (most recent call last):
Jun 20 12:06:27.874164 dv-neutron-821401-8-hyperv devstack@keystone.service[80414]: ERROR keystone.server.flask.application
File "/usr/local/lib/python3.8/dist-packages/flask/app.py", line 1523, in full_dispatch_request
Jun 20 12:06:27.874164 dv-neutron-821401-8-hyperv devstack@keystone.service[80414]: ERROR keystone.server.flask.application rv = self.dispatch_request()
Jun 20 12:06:27.874164 dv-neutron-821401-8-hyperv devstack@keystone.service[80414]: ERROR keystone.server.flask.application
File "/usr/local/lib/python3.8/dist-packages/flask/app.py", line 1509, in dispatch_request
Jun 20 12:06:27.874164 dv-neutron-821401-8-hyperv devstack@keystone.service[80414]: ERROR keystone.server.flask.application return self.ensure_sync(self.view_functions[rule.endpoint])(**req.view_args)
Jun 20 12:06:27.874164 dv-neutron-821401-8-hyperv devstack@keystone.service[80414]: ERROR keystone.server.flask.application
File "/usr/local/lib/python3.8/dist-packages/flask_restful/__init__.py", line 467, in wrapper
Jun 20 12:06:27.874164 dv-neutron-821401-8-hyperv devstack@keystone.service[80414]: ERROR keystone.server.flask.application resp = resource(*args, **kwargs)
Jun 20 12:06:27.874164 dv-neutron-821401-8-hyperv devstack@keystone.service[80414]: ERROR keystone.server.flask.application
File "/usr/local/lib/python3.8/dist-packages/flask/views.py", line 84, in view
Jun 20 12:06:27.874164 dv-neutron-821401-8-hyperv devstack@keystone.service[80414]: ERROR keystone.server.flask.application return current_app.ensure_sync(self.dispatch_request)(*args, **kwargs)
Jun 20 12:06:27.874164 dv-neutron-821401-8-hyperv devstack@keystone.service[80414]: ERROR keystone.server.flask.application
File "/usr/local/lib/python3.8/dist-packages/flask_restful/__init__.py", line 582, in dispatch_request
Jun 20 12:06:27.874164 dv-neutron-821401-8-hyperv devstack@keystone.service[80414]: ERROR keystone.server.flask.application resp = meth(*args, **kwargs)
Jun 20 12:06:27.874164 dv-neutron-821401-8-hyperv devstack@keystone.service[80414]: ERROR keystone.server.flask.application
File "/opt/stack/keystone/keystone/api/roles.py", line 50, in get
Jun 20 12:06:27.874164 dv-neutron-821401-8-hyperv devstack@keystone.service[80414]: ERROR keystone.server.flask.application return self._get_role(role_id)
Jun 20 12:06:27.874164 dv-neutron-821401-8-hyperv devstack@keystone.service[80414]: ERROR keystone.server.flask.application
File "/opt/stack/keystone/keystone/api/roles.py", line 70, in _get_role
Jun 20 12:06:27.874164 dv-neutron-821401-8-hyperv devstack@keystone.service[80414]: ERROR keystone.server.flask.application ENFORCER.enforce_call(action='identity:get_role')
Jun 20 12:06:27.875303 dv-neutron-821401-8-hyperv devstack@keystone.service[80414]: ERROR keystone.server.flask.application
File "/opt/stack/keystone/keystone/common/rbac_enforcer/enforcer.py", line 402, in enforce_call
Jun 20 12:06:27.875303 dv-neutron-821401-8-hyperv devstack@keystone.service[80414]: ERROR keystone.server.flask.application policy_dict.update(cls._extract_member_target_data(
Jun 20 12:06:27.875303 dv-neutron-821401-8-hyperv devstack@keystone.service[80414]: ERROR keystone.server.flask.application
File "/opt/stack/keystone/keystone/common/rbac_enforcer/enforcer.py", line 234, in _extract_member_target_data
Jun 20 12:06:27.875303 dv-neutron-821401-8-hyperv devstack@keystone.service[80414]: ERROR keystone.server.flask.application member_name: func(flask.request.view_args[key])
Jun 20 12:06:27.875303 dv-neutron-821401-8-hyperv devstack@keystone.service[80414]: ERROR keystone.server.flask.application
File "/opt/stack/keystone/keystone/common/manager.py", line 115, in wrapped
Jun 20 12:06:27.875303 dv-neutron-821401-8-hyperv devstack@keystone.service[80414]: ERROR keystone.server.flask.application __ret_val = __f(*args, **kwargs)
Jun 20 12:06:27.875303 dv-neutron-821401-8-hyperv devstack@keystone.service[80414]: ERROR keystone.server.flask.application
File "/usr/local/lib/python3.8/dist-packages/decorator.py", line 232, in fun
Jun 20 12:06:27.875303 dv-neutron-821401-8-hyperv devstack@keystone.service[80414]: ERROR keystone.server.flask.application return caller(func, *(extras + args), **kw)
Jun 20 12:06:27.875303 dv-neutron-821401-8-hyperv devstack@keystone.service[80414]: ERROR keystone.server.flask.application
File "/usr/local/lib/python3.8/dist-packages/dogpile/cache/region.py", line 1577, in get_or_create_for_user_func
Jun 20 12:06:27.875303 dv-neutron-821401-8-hyperv devstack@keystone.service[80414]: ERROR keystone.server.flask.application return self.get_or_create(
Jun 20 12:06:27.875303 dv-neutron-821401-8-hyperv devstack@keystone.service[80414]: ERROR keystone.server.flask.application
File "/usr/local/lib/python3.8/dist-packages/dogpile/cache/region.py", line 1042, in get_or_create
Jun 20 12:06:27.875303 dv-neutron-821401-8-hyperv devstack@keystone.service[80414]: ERROR keystone.server.flask.application with Lock(
Jun 20 12:06:27.875303 dv-neutron-821401-8-hyperv devstack@keystone.service[80414]: ERROR keystone.server.flask.application
File "/usr/local/lib/python3.8/dist-packages/dogpile/lock.py", line 185, in __enter__
Jun 20 12:06:27.875303 dv-neutron-821401-8-hyperv devstack@keystone.service[80414]: ERROR keystone.server.flask.application return self._enter()
Jun 20 12:06:27.875303 dv-neutron-821401-8-hyperv devstack@keystone.service[80414]: ERROR keystone.server.flask.application
File "/usr/local/lib/python3.8/dist-packages/dogpile/lock.py", line 94, in _enter
Jun 20 12:06:27.875303 dv-neutron-821401-8-hyperv devstack@keystone.service[80414]: ERROR keystone.server.flask.application generated = self._enter_create(value, createdtime)
Jun 20 12:06:27.876272 dv-neutron-821401-8-hyperv devstack@keystone.service[80414]: ERROR keystone.server.flask.application
File "/usr/local/lib/python3.8/dist-packages/dogpile/lock.py", line 178, in _enter_create
Jun 20 12:06:27.876272 dv-neutron-821401-8-hyperv devstack@keystone.service[80414]: ERROR keystone.server.flask.application return self.creator()
Jun 20 12:06:27.876272 dv-neutron-821401-8-hyperv devstack@keystone.service[80414]: ERROR keystone.server.flask.application
File "/usr/local/lib/python3.8/dist-packages/dogpile/cache/region.py", line 995, in gen_value
Jun 20 12:06:27.876272 dv-neutron-821401-8-hyperv devstack@keystone.service[80414]: ERROR keystone.server.flask.application created_value = creator(
Jun 20 12:06:27.876272 dv-neutron-821401-8-hyperv devstack@keystone.service[80414]: ERROR keystone.server.flask.application
File "/opt/stack/keystone/keystone/assignment/core.py", line 1276, in get_role
Jun 20 12:06:27.876272 dv-neutron-821401-8-hyperv devstack@keystone.service[80414]: ERROR keystone.server.flask.application return self.driver.get_role(role_id)
Jun 20 12:06:27.876272 dv-neutron-821401-8-hyperv devstack@keystone.service[80414]: ERROR keystone.server.flask.application
File "/opt/stack/keystone/keystone/assignment/role_backends/sql.py", line 70, in get_role
Jun 20 12:06:27.876272 dv-neutron-821401-8-hyperv devstack@keystone.service[80414]: ERROR keystone.server.flask.application return self._get_role(session, role_id).to_dict()
Jun 20 12:06:27.876272 dv-neutron-821401-8-hyperv devstack@keystone.service[80414]: ERROR keystone.server.flask.application
File "/opt/stack/keystone/keystone/assignment/role_backends/sql.py", line 65, in _get_role
Jun 20 12:06:27.876272 dv-neutron-821401-8-hyperv devstack@keystone.service[80414]: ERROR keystone.server.flask.application raise exception.RoleNotFound(role_id=role_id)
Jun 20 12:06:27.876272 dv-neutron-821401-8-hyperv devstack@keystone.service[80414]: ERROR keystone.server.flask.application keystone.exception.RoleNotFound: Could not find role: reader.
Jun 20 12:06:27.876272 dv-neutron-821401-8-hyperv devstack@keystone.service[80414]: ERROR keystone.server.flask.application
Jun 20 12:06:27.876929 dv-neutron-821401-8-hyperv devstack@keystone.service[80414]: [pid: 80414|app: 0|req: 144/299] 10.222.0.33 () {56 vars in 1099 bytes} [Mon Jun 20 12:06:27 2022] GET /identity/v3/roles/reader => generated 84 bytes in 182 msecs (HTTP/1.1 404) 5 headers in 183 bytes (2 switches on core 0)
Jun 20 12:06:27.882324 dv-neutron-821401-8-hyperv devstack@keystone.service[80414]: DEBUG keystone.server.flask.request_processing.middleware.auth_context [None req-876393a0-446b-435b-887d-255ba8b2f1d6 None admin] Authenticating user token {{(pid=80414) process_request /usr/local/lib/python3.8/dist-packages/keystonemiddleware/auth_token/__init__.py:407}}
Jun 20 12:06:27.924018 dv-neutron-821401-8-hyperv devstack@keystone.service[80413]: DEBUG keystone.server.flask.request_processing.middleware.auth_context [None req-4bf2455b-632e-4d27-953c-f156e8994278 None None] Validating token access rules against request {{(pid=80413) validate_allowed_request /usr/local/lib/python3.8/dist-packages/keystonemiddleware/auth_token/__init__.py:545}}
Jun 20 12:06:27.959779 dv-neutron-821401-8-hyperv devstack@keystone.service[80413]: DEBUG keystone.server.flask.request_processing.middleware.auth_context [None req-91f62723-83d4-4c14-b6ba-2dcdfe0b38ae None admin] RBAC: auth_context: {'token': , 'domain_id': None, 'trust_id': None, 'trustor_id': None, 'trustee_id': None, 'domain_name': None, 'group_ids': [], 'user_id': '761649a8b52245ec8ea7c6b02580b147', 'user_domain_id': 'default', 'system_scope': 'all', 'project_id': None, 'project_domain_id': None, 'roles': ['admin', 'member', 'reader'], 'is_admin_project': True, 'service_user_id': None, 'service_user_domain_id': None, 'service_project_id': None, 'service_project_domain_id': None, 'service_roles': []} {{(pid=80413) fill_context /opt/stack/keystone/keystone/server/flask/request_processing/middleware/auth_context.py:478}}
Jun 20 12:06:27.960603 dv-neutron-821401-8-hyperv devstack@keystone.service[80413]: DEBUG keystone.server.flask.request_processing.req_logging [None req-91f62723-83d4-4c14-b6ba-2dcdfe0b38ae None admin] REQUEST_METHOD: `GET` {{(pid=80413) log_request_info /opt/stack/keystone/keystone/server/flask/request_processing/req_logging.py:27}}
Jun 20 12:06:27.960870 dv-neutron-821401-8-hyperv devstack@keystone.service[80413]: DEBUG keystone.server.flask.request_processing.req_logging [None req-91f62723-83d4-4c14-b6ba-2dcdfe0b38ae None admin] SCRIPT_NAME: `/identity` {{(pid=80413) log_request_info /opt/stack/keystone/keystone/server/flask/request_processing/req_logging.py:28}}
Jun 20 12:06:27.961248 dv-neutron-821401-8-hyperv devstack@keystone.service[80413]: DEBUG keystone.server.flask.request_processing.req_logging [None req-91f62723-83d4-4c14-b6ba-2dcdfe0b38ae None admin] PATH_INFO: `/v3/domains/default` {{(pid=80413) log_request_info /opt/stack/keystone/keystone/server/flask/request_processing/req_logging.py:29}}
Jun 20 12:06:27.962610 dv-neutron-821401-8-hyperv devstack@keystone.service[80413]: DEBUG keystone.common.rbac_enforcer.enforcer [None req-91f62723-83d4-4c14-b6ba-2dcdfe0b38ae None admin] RBAC: Authorizing `identity:get_domain(domain_id=default)` {{(pid=80413) enforce_call /opt/stack/keystone/keystone/common/rbac_enforcer/enforcer.py:449}}
Jun 20 12:06:27.964239 dv-neutron-821401-8-hyperv devstack@keystone.service[80413]: DEBUG keystone.common.rbac_enforcer.enforcer [None req-91f62723-83d4-4c14-b6ba-2dcdfe0b38ae None admin] RBAC: Authorization granted {{(pid=80413) enforce_call /opt/stack/keystone/keystone/common/rbac_enforcer/enforcer.py:457}}
Jun 20 12:06:27.970754 dv-neutron-821401-8-hyperv devstack@keystone.service[80413]: [pid: 80413|app: 0|req: 156/300] 10.222.0.33 () {56 vars in 1108 bytes} [Mon Jun 20 12:06:27 2022] GET /identity/v3/domains/default => generated 199 bytes in 171 msecs (HTTP/1.1 200) 5 headers in 177 bytes (2 switches on core 0)
Jun 20 12:06:27.971694 dv-neutron-821401-8-hyperv devstack@keystone.service[80413]: DEBUG keystone.server.flask.request_processing.middleware.auth_context [None req-91f62723-83d4-4c14-b6ba-2dcdfe0b38ae None admin] Authenticating user token {{(pid=80413) process_request /usr/local/lib/python3.8/dist-packages/keystonemiddleware/auth_token/__init__.py:407}}
Jun 20 12:06:28.015271 dv-neutron-821401-8-hyperv devstack@keystone.service[80414]: DEBUG keystone.server.flask.request_processing.middleware.auth_context [None req-876393a0-446b-435b-887d-255ba8b2f1d6 None admin] Validating token access rules against request {{(pid=80414) validate_allowed_request /usr/local/lib/python3.8/dist-packages/keystonemiddleware/auth_token/__init__.py:545}}
Jun 20 12:06:28.063053 dv-neutron-821401-8-hyperv devstack@keystone.service[80413]: DEBUG dbcounter [-] [80413] Writing DB stats keystone:SELECT=100 {{(pid=80413) stat_writer /usr/local/lib/python3.8/dist-packages/dbcounter.py:114}}
Jun 20 12:06:28.063664 dv-neutron-821401-8-hyperv devstack@keystone.service[80414]: DEBUG keystone.server.flask.request_processing.middleware.auth_context [None req-0ad73d31-3c19-41e0-8981-dd93b91b1d3e None admin] RBAC: auth_context: {'token': , 'domain_id': None, 'trust_id': None, 'trustor_id': None, 'trustee_id': None, 'domain_name': None, 'group_ids': [], 'user_id': '761649a8b52245ec8ea7c6b02580b147', 'user_domain_id': 'default', 'system_scope': 'all', 'project_id': None, 'project_domain_id': None, 'roles': ['admin', 'member', 'reader'], 'is_admin_project': True, 'service_user_id': None, 'service_user_domain_id': None, 'service_project_id': None, 'service_project_domain_id': None, 'service_roles': []} {{(pid=80414) fill_context /opt/stack/keystone/keystone/server/flask/request_processing/middleware/auth_context.py:478}}
Jun 20 12:06:28.064423 dv-neutron-821401-8-hyperv devstack@keystone.service[80414]: DEBUG keystone.server.flask.request_processing.req_logging [None req-0ad73d31-3c19-41e0-8981-dd93b91b1d3e None admin] REQUEST_METHOD: `GET` {{(pid=80414) log_request_info /opt/stack/keystone/keystone/server/flask/request_processing/req_logging.py:27}}
Jun 20 12:06:28.064753 dv-neutron-821401-8-hyperv devstack@keystone.service[80414]: DEBUG keystone.server.flask.request_processing.req_logging [None req-0ad73d31-3c19-41e0-8981-dd93b91b1d3e None admin] SCRIPT_NAME: `/identity` {{(pid=80414) log_request_info /opt/stack/keystone/keystone/server/flask/request_processing/req_logging.py:28}}
Jun 20 12:06:28.065233 dv-neutron-821401-8-hyperv devstack@keystone.service[80414]: DEBUG keystone.server.flask.request_processing.req_logging [None req-0ad73d31-3c19-41e0-8981-dd93b91b1d3e None admin] PATH_INFO: `/v3/roles` {{(pid=80414) log_request_info /opt/stack/keystone/keystone/server/flask/request_processing/req_logging.py:29}}
Jun 20 12:06:28.065714 dv-neutron-821401-8-hyperv devstack@keystone.service[80414]: DEBUG keystone.common.rbac_enforcer.enforcer [None req-0ad73d31-3c19-41e0-8981-dd93b91b1d3e None admin] RBAC: Adding query filter params (name=reader) {{(pid=80414) _extract_filter_values /opt/stack/keystone/keystone/common/rbac_enforcer/enforcer.py:167}}
Jun 20 12:06:28.066017 dv-neutron-821401-8-hyperv devstack@keystone.service[80414]: DEBUG keystone.common.rbac_enforcer.enforcer [None req-0ad73d31-3c19-41e0-8981-dd93b91b1d3e None admin] RBAC: Authorizing `identity:list_roles()` {{(pid=80414) enforce_call /opt/stack/keystone/keystone/common/rbac_enforcer/enforcer.py:449}}
Jun 20 12:06:28.068455 dv-neutron-821401-8-hyperv devstack@keystone.service[80414]: DEBUG keystone.common.rbac_enforcer.enforcer [None req-0ad73d31-3c19-41e0-8981-dd93b91b1d3e None admin] RBAC: Authorization granted {{(pid=80414) enforce_call /opt/stack/keystone/keystone/common/rbac_enforcer/enforcer.py:457}}
Jun 20 12:06:28.081185 dv-neutron-821401-8-hyperv devstack@keystone.service[80414]: [pid: 80414|app: 0|req: 145/301] 10.222.0.33 () {56 vars in 1101 bytes} [Mon Jun 20 12:06:27 2022] GET /identity/v3/roles?name=reader => generated 341 bytes in 199 msecs (HTTP/1.1 200) 5 headers in 177 bytes (2 switches on core 0)
Jun 20 12:06:28.087410 dv-neutron-821401-8-hyperv devstack@keystone.service[80414]: DEBUG keystone.server.flask.request_processing.middleware.auth_context [None req-0ad73d31-3c19-41e0-8981-dd93b91b1d3e None admin] Authenticating user token {{(pid=80414) process_request /usr/local/lib/python3.8/dist-packages/keystonemiddleware/auth_token/__init__.py:407}}
Jun 20 12:06:28.090932 dv-neutron-821401-8-hyperv devstack@keystone.service[80413]: DEBUG keystone.server.flask.request_processing.middleware.auth_context [None req-91f62723-83d4-4c14-b6ba-2dcdfe0b38ae None admin] Validating token access rules against request {{(pid=80413) validate_allowed_request /usr/local/lib/python3.8/dist-packages/keystonemiddleware/auth_token/__init__.py:545}}
Jun 20 12:06:28.126521 dv-neutron-821401-8-hyperv devstack@keystone.service[80413]: DEBUG keystone.server.flask.request_processing.middleware.auth_context [None req-776da131-9544-4a1f-84dd-3a03e4acef7f None admin] RBAC: auth_context: {'token': , 'domain_id': None, 'trust_id': None, 'trustor_id': None, 'trustee_id': None, 'domain_name': None, 'group_ids': [], 'user_id': '761649a8b52245ec8ea7c6b02580b147', 'user_domain_id': 'default', 'system_scope': 'all', 'project_id': None, 'project_domain_id': None, 'roles': ['admin', 'member', 'reader'], 'is_admin_project': True, 'service_user_id': None, 'service_user_domain_id': None, 'service_project_id': None, 'service_project_domain_id': None, 'service_roles': []} {{(pid=80413) fill_context /opt/stack/keystone/keystone/server/flask/request_processing/middleware/auth_context.py:478}}
Jun 20 12:06:28.127199 dv-neutron-821401-8-hyperv devstack@keystone.service[80413]: DEBUG keystone.server.flask.request_processing.req_logging [None req-776da131-9544-4a1f-84dd-3a03e4acef7f None admin] REQUEST_METHOD: `POST` {{(pid=80413) log_request_info /opt/stack/keystone/keystone/server/flask/request_processing/req_logging.py:27}}
Jun 20 12:06:28.127507 dv-neutron-821401-8-hyperv devstack@keystone.service[80413]: DEBUG keystone.server.flask.request_processing.req_logging [None req-776da131-9544-4a1f-84dd-3a03e4acef7f None admin] SCRIPT_NAME: `/identity` {{(pid=80413) log_request_info /opt/stack/keystone/keystone/server/flask/request_processing/req_logging.py:28}}
Jun 20 12:06:28.127780 dv-neutron-821401-8-hyperv devstack@keystone.service[80413]: DEBUG keystone.server.flask.request_processing.req_logging [None req-776da131-9544-4a1f-84dd-3a03e4acef7f None admin] PATH_INFO: `/v3/groups` {{(pid=80413) log_request_info /opt/stack/keystone/keystone/server/flask/request_processing/req_logging.py:29}}
Jun 20 12:06:28.128472 dv-neutron-821401-8-hyperv devstack@keystone.service[80413]: DEBUG keystone.common.rbac_enforcer.enforcer [None req-776da131-9544-4a1f-84dd-3a03e4acef7f None admin] RBAC: Authorizing `identity:create_group()` {{(pid=80413) enforce_call /opt/stack/keystone/keystone/common/rbac_enforcer/enforcer.py:449}}
Jun 20 12:06:28.129918 dv-neutron-821401-8-hyperv devstack@keystone.service[80413]: DEBUG keystone.common.rbac_enforcer.enforcer [None req-776da131-9544-4a1f-84dd-3a03e4acef7f None admin] RBAC: Authorization granted {{(pid=80413) enforce_call /opt/stack/keystone/keystone/common/rbac_enforcer/enforcer.py:457}}
Jun 20 12:06:28.155519 dv-neutron-821401-8-hyperv devstack@keystone.service[80413]: [pid: 80413|app: 0|req: 157/302] 10.222.0.33 () {60 vars in 1134 bytes} [Mon Jun 20 12:06:27 2022] POST /identity/v3/groups => generated 229 bytes in 178 msecs (HTTP/1.1 201) 5 headers in 182 bytes (1 switches on core 0)
Jun 20 12:06:28.168389 dv-neutron-821401-8-hyperv devstack@keystone.service[80414]: DEBUG dbcounter [-] [80414] Writing DB stats keystone:SELECT=100 {{(pid=80414) stat_writer /usr/local/lib/python3.8/dist-packages/dbcounter.py:114}}
Jun 20 12:06:28.210075 dv-neutron-821401-8-hyperv devstack@keystone.service[80413]: DEBUG keystone.server.flask.request_processing.req_logging [None req-6f897ee3-757c-4d5c-9735-589b9690196b None None] REQUEST_METHOD: `GET` {{(pid=80413) log_request_info /opt/stack/keystone/keystone/server/flask/request_processing/req_logging.py:27}}
Jun 20 12:06:28.210398 dv-neutron-821401-8-hyperv devstack@keystone.service[80413]: DEBUG keystone.server.flask.request_processing.req_logging [None req-6f897ee3-757c-4d5c-9735-589b9690196b None None] SCRIPT_NAME: `/identity` {{(pid=80413) log_request_info /opt/stack/keystone/keystone/server/flask/request_processing/req_logging.py:28}}
Jun 20 12:06:28.210635 dv-neutron-821401-8-hyperv devstack@keystone.service[80413]: DEBUG keystone.server.flask.request_processing.req_logging [None req-6f897ee3-757c-4d5c-9735-589b9690196b None None] PATH_INFO: `/` {{(pid=80413) log_request_info /opt/stack/keystone/keystone/server/flask/request_processing/req_logging.py:29}}
Jun 20 12:06:28.212597 dv-neutron-821401-8-hyperv devstack@keystone.service[80413]: [pid: 80413|app: 0|req: 158/303] 10.222.0.33 () {54 vars in 926 bytes} [Mon Jun 20 12:06:28 2022] GET /identity => generated 270 bytes in 4 msecs (HTTP/1.1 300) 6 headers in 234 bytes (2 switches on core 0)
Jun 20 12:06:28.218458 dv-neutron-821401-8-hyperv devstack@keystone.service[80413]: DEBUG keystone.server.flask.request_processing.req_logging [None req-4fcf3427-a7af-4feb-8bf2-33628878fb98 None None] REQUEST_METHOD: `POST` {{(pid=80413) log_request_info /opt/stack/keystone/keystone/server/flask/request_processing/req_logging.py:27}}
Jun 20 12:06:28.218798 dv-neutron-821401-8-hyperv devstack@keystone.service[80413]: DEBUG keystone.server.flask.request_processing.req_logging [None req-4fcf3427-a7af-4feb-8bf2-33628878fb98 None None] SCRIPT_NAME: `/identity` {{(pid=80413) log_request_info /opt/stack/keystone/keystone/server/flask/request_processing/req_logging.py:28}}
Jun 20 12:06:28.219019 dv-neutron-821401-8-hyperv devstack@keystone.service[80413]: DEBUG keystone.server.flask.request_processing.req_logging [None req-4fcf3427-a7af-4feb-8bf2-33628878fb98 None None] PATH_INFO: `/v3/auth/tokens` {{(pid=80413) log_request_info /opt/stack/keystone/keystone/server/flask/request_processing/req_logging.py:29}}
Jun 20 12:06:28.232970 dv-neutron-821401-8-hyperv devstack@keystone.service[80414]: DEBUG keystone.server.flask.request_processing.middleware.auth_context [None req-0ad73d31-3c19-41e0-8981-dd93b91b1d3e None admin] Validating token access rules against request {{(pid=80414) validate_allowed_request /usr/local/lib/python3.8/dist-packages/keystonemiddleware/auth_token/__init__.py:545}}
Jun 20 12:06:28.238519 dv-neutron-821401-8-hyperv devstack@keystone.service[80413]: DEBUG keystone.auth.core [None req-4fcf3427-a7af-4feb-8bf2-33628878fb98 None None] MFA Rules not processed for user `761649a8b52245ec8ea7c6b02580b147`. Rule list: `[]` (Enabled: `True`). {{(pid=80413) check_auth_methods_against_rules /opt/stack/keystone/keystone/auth/core.py:438}}
Jun 20 12:06:28.239781 dv-neutron-821401-8-hyperv devstack@keystone.service[80413]: DEBUG keystone.common.fernet_utils [None req-4fcf3427-a7af-4feb-8bf2-33628878fb98 None None] Loaded 2 Fernet keys from /etc/keystone/fernet-keys/, but `[fernet_tokens] max_active_keys = 3`; perhaps there have not been enough key rotations to reach `max_active_keys` yet? {{(pid=80413) load_keys /opt/stack/keystone/keystone/common/fernet_utils.py:286}}
Jun 20 12:06:28.270252 dv-neutron-821401-8-hyperv devstack@keystone.service[80414]: DEBUG keystone.server.flask.request_processing.middleware.auth_context [None req-3004e06e-48a8-4d13-a1b3-ee2665f3ee07 None admin] RBAC: auth_context: {'token': , 'domain_id': None, 'trust_id': None, 'trustor_id': None, 'trustee_id': None, 'domain_name': None, 'group_ids': [], 'user_id': '761649a8b52245ec8ea7c6b02580b147', 'user_domain_id': 'default', 'system_scope': 'all', 'project_id': None, 'project_domain_id': None, 'roles': ['admin', 'member', 'reader'], 'is_admin_project': True, 'service_user_id': None, 'service_user_domain_id': None, 'service_project_id': None, 'service_project_domain_id': None, 'service_roles': []} {{(pid=80414) fill_context /opt/stack/keystone/keystone/server/flask/request_processing/middleware/auth_context.py:478}}
Jun 20 12:06:28.271622 dv-neutron-821401-8-hyperv devstack@keystone.service[80414]: DEBUG keystone.server.flask.request_processing.req_logging [None req-3004e06e-48a8-4d13-a1b3-ee2665f3ee07 None admin] REQUEST_METHOD: `GET` {{(pid=80414) log_request_info /opt/stack/keystone/keystone/server/flask/request_processing/req_logging.py:27}}
Jun 20 12:06:28.272166 dv-neutron-821401-8-hyperv devstack@keystone.service[80414]: DEBUG keystone.server.flask.request_processing.req_logging [None req-3004e06e-48a8-4d13-a1b3-ee2665f3ee07 None admin] SCRIPT_NAME: `/identity` {{(pid=80414) log_request_info /opt/stack/keystone/keystone/server/flask/request_processing/req_logging.py:28}}
Jun 20 12:06:28.272693 dv-neutron-821401-8-hyperv devstack@keystone.service[80414]: DEBUG keystone.server.flask.request_processing.req_logging [None req-3004e06e-48a8-4d13-a1b3-ee2665f3ee07 None admin] PATH_INFO: `/v3/users/73ade7854d614b9cb75b662b4800f6e5` {{(pid=80414) log_request_info /opt/stack/keystone/keystone/server/flask/request_processing/req_logging.py:29}}
Jun 20 12:06:28.287907 dv-neutron-821401-8-hyperv devstack@keystone.service[80414]: DEBUG keystone.common.rbac_enforcer.enforcer [None req-3004e06e-48a8-4d13-a1b3-ee2665f3ee07 None admin] RBAC: Authorizing `identity:get_user(user_id=73ade7854d614b9cb75b662b4800f6e5)` {{(pid=80414) enforce_call /opt/stack/keystone/keystone/common/rbac_enforcer/enforcer.py:449}}
Jun 20 12:06:28.289909 dv-neutron-821401-8-hyperv devstack@keystone.service[80414]: DEBUG keystone.common.rbac_enforcer.enforcer [None req-3004e06e-48a8-4d13-a1b3-ee2665f3ee07 None admin] RBAC: Authorization granted {{(pid=80414) enforce_call /opt/stack/keystone/keystone/common/rbac_enforcer/enforcer.py:457}}
Jun 20 12:06:28.291997 dv-neutron-821401-8-hyperv devstack@keystone.service[80414]: [pid: 80414|app: 0|req: 146/304] 10.222.0.33 () {56 vars in 1177 bytes} [Mon Jun 20 12:06:28 2022] GET /identity/v3/users/73ade7854d614b9cb75b662b4800f6e5 => generated 293 bytes in 205 msecs (HTTP/1.1 200) 5 headers in 177 bytes (1 switches on core 0)
Jun 20 12:06:28.298035 dv-neutron-821401-8-hyperv devstack@keystone.service[80414]: DEBUG keystone.server.flask.request_processing.middleware.auth_context [None req-3004e06e-48a8-4d13-a1b3-ee2665f3ee07 None admin] Authenticating user token {{(pid=80414) process_request /usr/local/lib/python3.8/dist-packages/keystonemiddleware/auth_token/__init__.py:407}}
Jun 20 12:06:28.339388 dv-neutron-821401-8-hyperv devstack@keystone.service[80413]: [pid: 80413|app: 0|req: 159/305] 10.222.0.33 () {58 vars in 1023 bytes} [Mon Jun 20 12:06:28 2022] POST /identity/v3/auth/tokens => generated 799 bytes in 118 msecs (HTTP/1.1 201) 6 headers in 363 bytes (1 switches on core 0)
Jun 20 12:06:28.356914 dv-neutron-821401-8-hyperv devstack@keystone.service[80413]: DEBUG keystone.server.flask.request_processing.middleware.auth_context [None req-4fcf3427-a7af-4feb-8bf2-33628878fb98 None None] Authenticating user token {{(pid=80413) process_request /usr/local/lib/python3.8/dist-packages/keystonemiddleware/auth_token/__init__.py:407}}
Jun 20 12:06:28.434632 dv-neutron-821401-8-hyperv devstack@keystone.service[80414]: DEBUG keystone.server.flask.request_processing.middleware.auth_context [None req-3004e06e-48a8-4d13-a1b3-ee2665f3ee07 None admin] Validating token access rules against request {{(pid=80414) validate_allowed_request /usr/local/lib/python3.8/dist-packages/keystonemiddleware/auth_token/__init__.py:545}}
Jun 20 12:06:28.444184 dv-neutron-821401-8-hyperv devstack@keystone.service[80413]: DEBUG dbcounter [-] [80413] Writing DB stats keystone:SELECT=99,keystone:INSERT=1 {{(pid=80413) stat_writer /usr/local/lib/python3.8/dist-packages/dbcounter.py:114}}
Jun 20 12:06:28.461270 dv-neutron-821401-8-hyperv devstack@keystone.service[80414]: DEBUG dbcounter [-] [80414] Writing DB stats keystone:SELECT=100 {{(pid=80414) stat_writer /usr/local/lib/python3.8/dist-packages/dbcounter.py:114}}
Jun 20 12:06:28.481973 dv-neutron-821401-8-hyperv devstack@keystone.service[80414]: DEBUG keystone.server.flask.request_processing.middleware.auth_context [None req-8962369c-04cd-4990-a394-5634958b68c0 None admin] RBAC: auth_context: {'token': , 'domain_id': None, 'trust_id': None, 'trustor_id': None, 'trustee_id': None, 'domain_name': None, 'group_ids': [], 'user_id': '761649a8b52245ec8ea7c6b02580b147', 'user_domain_id': 'default', 'system_scope': 'all', 'project_id': None, 'project_domain_id': None, 'roles': ['admin', 'member', 'reader'], 'is_admin_project': True, 'service_user_id': None, 'service_user_domain_id': None, 'service_project_id': None, 'service_project_domain_id': None, 'service_roles': []} {{(pid=80414) fill_context /opt/stack/keystone/keystone/server/flask/request_processing/middleware/auth_context.py:478}}
Jun 20 12:06:28.482650 dv-neutron-821401-8-hyperv devstack@keystone.service[80414]: DEBUG keystone.server.flask.request_processing.req_logging [None req-8962369c-04cd-4990-a394-5634958b68c0 None admin] REQUEST_METHOD: `GET` {{(pid=80414) log_request_info /opt/stack/keystone/keystone/server/flask/request_processing/req_logging.py:27}}
Jun 20 12:06:28.482952 dv-neutron-821401-8-hyperv devstack@keystone.service[80414]: DEBUG keystone.server.flask.request_processing.req_logging [None req-8962369c-04cd-4990-a394-5634958b68c0 None admin] SCRIPT_NAME: `/identity` {{(pid=80414) log_request_info /opt/stack/keystone/keystone/server/flask/request_processing/req_logging.py:28}}
Jun 20 12:06:28.483238 dv-neutron-821401-8-hyperv devstack@keystone.service[80414]: DEBUG keystone.server.flask.request_processing.req_logging [None req-8962369c-04cd-4990-a394-5634958b68c0 None admin] PATH_INFO: `/v3/role_assignments` {{(pid=80414) log_request_info /opt/stack/keystone/keystone/server/flask/request_processing/req_logging.py:29}}
Jun 20 12:06:28.484101 dv-neutron-821401-8-hyperv devstack@keystone.service[80414]: DEBUG keystone.common.rbac_enforcer.enforcer [None req-8962369c-04cd-4990-a394-5634958b68c0 None admin] RBAC: Adding query filter params (role.id=c6d7a08d9e414ae5823e4cb591237554, user.id=73ade7854d614b9cb75b662b4800f6e5, scope.system=all) {{(pid=80414) _extract_filter_values /opt/stack/keystone/keystone/common/rbac_enforcer/enforcer.py:167}}
Jun 20 12:06:28.484416 dv-neutron-821401-8-hyperv devstack@keystone.service[80414]: DEBUG keystone.common.rbac_enforcer.enforcer [None req-8962369c-04cd-4990-a394-5634958b68c0 None admin] RBAC: Authorizing `identity:list_role_assignments()` {{(pid=80414) enforce_call /opt/stack/keystone/keystone/common/rbac_enforcer/enforcer.py:449}}
Jun 20 12:06:28.485071 dv-neutron-821401-8-hyperv devstack@keystone.service[80413]: DEBUG keystone.server.flask.request_processing.middleware.auth_context [None req-4fcf3427-a7af-4feb-8bf2-33628878fb98 None None] Validating token access rules against request {{(pid=80413) validate_allowed_request /usr/local/lib/python3.8/dist-packages/keystonemiddleware/auth_token/__init__.py:545}}
Jun 20 12:06:28.485875 dv-neutron-821401-8-hyperv devstack@keystone.service[80414]: DEBUG keystone.common.rbac_enforcer.enforcer [None req-8962369c-04cd-4990-a394-5634958b68c0 None admin] RBAC: Authorization granted {{(pid=80414) enforce_call /opt/stack/keystone/keystone/common/rbac_enforcer/enforcer.py:457}}
Jun 20 12:06:28.491289 dv-neutron-821401-8-hyperv devstack@keystone.service[80414]: [pid: 80414|app: 0|req: 147/306] 10.222.0.33 () {56 vars in 1308 bytes} [Mon Jun 20 12:06:28 2022] GET /identity/v3/role_assignments?user.id=73ade7854d614b9cb75b662b4800f6e5&scope.system=all&role.id=c6d7a08d9e414ae5823e4cb591237554 => generated 226 bytes in 194 msecs (HTTP/1.1 200) 5 headers in 177 bytes (2 switches on core 0)
Jun 20 12:06:28.492363 dv-neutron-821401-8-hyperv devstack@keystone.service[80414]: DEBUG keystone.server.flask.request_processing.req_logging [None req-8811f626-5419-40be-a6a7-5b578d7e574b None None] REQUEST_METHOD: `GET` {{(pid=80414) log_request_info /opt/stack/keystone/keystone/server/flask/request_processing/req_logging.py:27}}
Jun 20 12:06:28.492660 dv-neutron-821401-8-hyperv devstack@keystone.service[80414]: DEBUG keystone.server.flask.request_processing.req_logging [None req-8811f626-5419-40be-a6a7-5b578d7e574b None None] SCRIPT_NAME: `/identity` {{(pid=80414) log_request_info /opt/stack/keystone/keystone/server/flask/request_processing/req_logging.py:28}}
Jun 20 12:06:28.492937 dv-neutron-821401-8-hyperv devstack@keystone.service[80414]: DEBUG keystone.server.flask.request_processing.req_logging [None req-8811f626-5419-40be-a6a7-5b578d7e574b None None] PATH_INFO: `/` {{(pid=80414) log_request_info /opt/stack/keystone/keystone/server/flask/request_processing/req_logging.py:29}}
Jun 20 12:06:28.494175 dv-neutron-821401-8-hyperv devstack@keystone.service[80414]: [pid: 80414|app: 0|req: 148/307] 10.222.0.33 () {54 vars in 926 bytes} [Mon Jun 20 12:06:28 2022] GET /identity => generated 270 bytes in 3 msecs (HTTP/1.1 300) 6 headers in 234 bytes (1 switches on core 0)
Jun 20 12:06:28.501144 dv-neutron-821401-8-hyperv devstack@keystone.service[80414]: DEBUG keystone.server.flask.request_processing.req_logging [None req-18e694bc-3c68-4167-893e-f4627f4f6b31 None None] REQUEST_METHOD: `POST` {{(pid=80414) log_request_info /opt/stack/keystone/keystone/server/flask/request_processing/req_logging.py:27}}
Jun 20 12:06:28.502489 dv-neutron-821401-8-hyperv devstack@keystone.service[80414]: DEBUG keystone.server.flask.request_processing.req_logging [None req-18e694bc-3c68-4167-893e-f4627f4f6b31 None None] SCRIPT_NAME: `/identity` {{(pid=80414) log_request_info /opt/stack/keystone/keystone/server/flask/request_processing/req_logging.py:28}}
Jun 20 12:06:28.502934 dv-neutron-821401-8-hyperv devstack@keystone.service[80414]: DEBUG keystone.server.flask.request_processing.req_logging [None req-18e694bc-3c68-4167-893e-f4627f4f6b31 None None] PATH_INFO: `/v3/auth/tokens` {{(pid=80414) log_request_info /opt/stack/keystone/keystone/server/flask/request_processing/req_logging.py:29}}
