Dec 16 21:58:39.923948 dv-neutron-821401-5-hyperv neutron-server[115315]: DEBUG neutron.db.l3_hamode_db [None req-f1c16d6b-e2ba-4906-b47c-fc2ea1502a5f None None] neutron.services.l3_router.l3_router_plugin.L3RouterPlugin method _process_sync_ha_data called with arguments (, [{'id': '36132fb4-e428-4687-b3a9-26b1e1c1f113', 'name': 'tempest-ServerActionsTestJSON-1347321720-router', 'tenant_id': 'ca83e2ff0f7a40d388e5a20c8870ea1c', 'admin_state_up': True, 'status': 'ACTIVE', 'external_gateway_info': {'network_id': 'b694fe68-d8d0-4380-8450-1cbd2817e45f', 'external_fixed_ips': [{'subnet_id': '60f5bb43-af23-40d2-9075-35332d16ac48', 'ip_address': '172.26.5.40'}], 'enable_snat': True}, 'gw_port_id': '886e90bb-957c-4567-a0bb-8974444059b2', 'description': '', 'availability_zones': ['nova'], 'distributed': False, 'ha': False, 'ha_vr_id': 0, 'availability_zone_hints': [], 'routes': [], 'flavor_id': None, 'tags': [], 'created_at': '2021-12-16T21:58:22Z', 'updated_at': '2021-12-16T21:58:34Z', 'revision_number': 4, 'project_id': 'ca83e2ff0f7a40d388e5a20c8870ea1c', 'gw_port': {'id': '886e90bb-957c-4567-a0bb-8974444059b2', 'name': '', 'network_id': 'b694fe68-d8d0-4380-8450-1cbd2817e45f', 'tenant_id': '', 'mac_address': 'fa:16:3e:e5:9b:ea', 'admin_state_up': True, 'status': 'ACTIVE', 'device_id': '36132fb4-e428-4687-b3a9-26b1e1c1f113', 'device_owner': 'network:router_gateway', 'standard_attr_id': 71, 'fixed_ips': [{'subnet_id': '60f5bb43-af23-40d2-9075-35332d16ac48', 'ip_address': '172.26.5.40', 'prefixlen': 24}], 'allowed_address_pairs': [], 'extra_dhcp_opts': [], 'security_groups': [], 'description': '', 'binding:vnic_type': 'normal', 'binding:profile': {}, 'binding:host_id': 'dv-neutron-821401-5-hyperv', 'binding:vif_type': 'ovs', 'binding:vif_details': {'connectivity': 'l2', 'port_filter': True, 'ovs_hybrid_plug': False, 'datapath_type': 'system', 'bridge_name': 'br-int'}, 'port_security_enabled': False, 'tags': [], 'created_at': '2021-12-16T21:58:23Z', 'updated_at': '2021-12-16T21:58:35Z', 'revision_number': 4, 'project_id': '', 'subnets': [{'id': '60f5bb43-af23-40d2-9075-35332d16ac48', 'cidr': '172.26.5.0/24', 'gateway_ip': '172.26.5.1', 'dns_nameservers': [], 'ipv6_ra_mode': None, 'subnetpool_id': None}], 'extra_subnets': [], 'address_scopes': {4: None, 6: None}, 'mtu': 1500}, 'enable_snat': True, 'gw_port_host': 'dv-neutron-821401-5-hyperv', '_interfaces': [{'id': 'a01f0abf-a555-4c5a-b689-46075b31f532', 'name': '', 'network_id': '2f98a004-557b-4511-b396-23486030f0d7', 'tenant_id': 'ca83e2ff0f7a40d388e5a20c8870ea1c', 'mac_address': 'fa:16:3e:9f:8f:e8', 'admin_state_up': True, 'status': 'DOWN', 'device_id': '36132fb4-e428-4687-b3a9-26b1e1c1f113', 'device_owner': 'network:router_interface', 'standard_attr_id': 123, 'fixed_ips': [{'subnet_id': 'ff107cce-a5e0-4933-94aa-891d8116bd42', 'ip_address': '172.20.0.1', 'prefixlen': 28}], 'allowed_address_pairs': [], 'extra_dhcp_opts': [], 'security_groups': [], 'description': '', 'binding:vnic_type': 'normal', 'binding:profile': {}, 'binding:host_id': '', 'binding:vif_type': 'unbound', 'binding:vif_details': {}, 'port_security_enabled': False, 'tags': [], 'created_at': '2021-12-16T21:58:32Z', 'updated_at': '2021-12-16T21:58:35Z', 'revision_number': 2, 'project_id': 'ca83e2ff0f7a40d388e5a20c8870ea1c', 'subnets': [{'id': 'ff107cce-a5e0-4933-94aa-891d8116bd42', 'cidr': '172.20.0.0/28', 'gateway_ip': '172.20.0.1', 'dns_nameservers': [], 'ipv6_ra_mode': None, 'subnetpool_id': None}], 'extra_subnets': [], 'address_scopes': {4: None, 6: None}, 'mtu': 1500}]}], 'dv-neutron-821401-5-hyperv', False) {} {{(pid=115315) wrapper /usr/local/lib/python3.8/dist-packages/oslo_log/helpers.py:65}}
Dec 16 21:58:39.970660 dv-neutron-821401-5-hyperv neutron-server[115316]: DEBUG neutron.db.l3_dvr_db [None req-b903bcc6-8bd8-46ef-9327-ac70d84bcbe1 None None] Set router e4c7d2b4-a498-4eb2-aa9e-d08beb2cfbdb gateway port host: dv-neutron-821401-5-hyperv {{(pid=115316) _build_routers_list /opt/stack/neutron/neutron/db/l3_dvr_db.py:906}}
Dec 16 21:58:39.984060 dv-neutron-821401-5-hyperv neutron-server[115315]: DEBUG neutron_lib.callbacks.manager [None req-6c0c0afe-54aa-4503-9ee8-9dfe400596fd None None] Publish callbacks ['neutron.services.segments.db._update_segment_host_mapping_for_agent-8729495758677', 'neutron.plugins.ml2.plugin.Ml2Plugin._retry_binding_revived_agents-16379268'] for agent, after_update {{(pid=115315) _notify_loop /usr/local/lib/python3.8/dist-packages/neutron_lib/callbacks/manager.py:175}}
Dec 16 21:58:40.008140 dv-neutron-821401-5-hyperv neutron-server[115313]: DEBUG neutron.wsgi [-] (115313) accepted ('10.222.0.67', 45554) {{(pid=115313) server /usr/local/lib/python3.8/dist-packages/eventlet/wsgi.py:1004}}
Dec 16 21:58:40.008342 dv-neutron-821401-5-hyperv neutron-server[115313]: DEBUG neutron.wsgi [-] (115313) accepted ('10.222.0.67', 45556) {{(pid=115313) server /usr/local/lib/python3.8/dist-packages/eventlet/wsgi.py:1004}}
Dec 16 21:58:40.009065 dv-neutron-821401-5-hyperv neutron-server[115313]: DEBUG neutron.api.rpc.handlers.resources_rpc [None req-f2e6fd2f-21d6-49e2-a0c7-d85a9ffb0d0f tempest-PortsAdminExtendedAttrsTestJSON-873324392 tempest-PortsAdminExtendedAttrsTestJSON-873324392-project-admin] Pushing event updated for resources: {'Port': ['ID=0a07c662-ad03-415c-9409-a4561efaf582,revision_number=3']} {{(pid=115313) push /opt/stack/neutron/neutron/api/rpc/handlers/resources_rpc.py:237}}
Dec 16 21:58:40.018801 dv-neutron-821401-5-hyperv neutron-server[115313]: DEBUG neutron.api.v2.base [None req-6e3ec8ae-7bb3-456f-b071-74dac131d64f tempest-ServerActionsTestJSON-274125913 tempest-ServerActionsTestJSON-274125913-project] Request body: {'security_group': {'name': 'tempest-securitygroup--1229044477', 'description': 'tempest-description--1575922390'}} {{(pid=115313) prepare_request_body /opt/stack/neutron/neutron/api/v2/base.py:729}}
Dec 16 21:58:40.057795 dv-neutron-821401-5-hyperv neutron-server[115313]: DEBUG neutron.plugins.ml2.plugin [None req-f2e6fd2f-21d6-49e2-a0c7-d85a9ffb0d0f tempest-PortsAdminExtendedAttrsTestJSON-873324392 tempest-PortsAdminExtendedAttrsTestJSON-873324392-project-admin] In _notify_port_updated(), no bound segment for port 0a07c662-ad03-415c-9409-a4561efaf582 on network 9bbf1f08-b2a3-4feb-9429-5ddc705242e6 {{(pid=115313) _notify_port_updated /opt/stack/neutron/neutron/plugins/ml2/plugin.py:877}}
Dec 16 21:58:40.058975 dv-neutron-821401-5-hyperv neutron-server[115313]: DEBUG neutron.pecan_wsgi.hooks.policy_enforcement [None req-f2e6fd2f-21d6-49e2-a0c7-d85a9ffb0d0f tempest-PortsAdminExtendedAttrsTestJSON-873324392 tempest-PortsAdminExtendedAttrsTestJSON-873324392-project-admin] Attributes excluded by policy engine: ['standard_attr_id'] {{(pid=115313) _exclude_attributes_by_policy /opt/stack/neutron/neutron/pecan_wsgi/hooks/policy_enforcement.py:255}}
Dec 16 21:58:40.059736 dv-neutron-821401-5-hyperv neutron-server[115313]: DEBUG neutron_lib.callbacks.manager [None req-f2e6fd2f-21d6-49e2-a0c7-d85a9ffb0d0f tempest-PortsAdminExtendedAttrsTestJSON-873324392 tempest-PortsAdminExtendedAttrsTestJSON-873324392-project-admin] Publish callbacks ['neutron.notifiers.nova.Notifier._send_nova_notification-55926'] for port, before_response {{(pid=115313) _notify_loop /usr/local/lib/python3.8/dist-packages/neutron_lib/callbacks/manager.py:175}}
Dec 16 21:58:40.062931 dv-neutron-821401-5-hyperv neutron-server[115313]: INFO neutron.wsgi [None req-f2e6fd2f-21d6-49e2-a0c7-d85a9ffb0d0f tempest-PortsAdminExtendedAttrsTestJSON-873324392 tempest-PortsAdminExtendedAttrsTestJSON-873324392-project-admin] 10.222.0.67 "PUT /v2.0/ports/0a07c662-ad03-415c-9409-a4561efaf582 HTTP/1.1" status: 200 len: 976 time: 3.6231494
Dec 16 21:58:40.066131 dv-neutron-821401-5-hyperv neutron-server[115313]: DEBUG neutron.wsgi [-] (115313) accepted ('10.222.0.67', 45560) {{(pid=115313) server /usr/local/lib/python3.8/dist-packages/eventlet/wsgi.py:1004}}
Dec 16 21:58:40.099180 dv-neutron-821401-5-hyperv neutron-server[115315]: DEBUG neutron.api.rpc.handlers.l3_rpc [None req-f1c16d6b-e2ba-4906-b47c-fc2ea1502a5f None None] Checking router: 36132fb4-e428-4687-b3a9-26b1e1c1f113 for host: dv-neutron-821401-5-hyperv {{(pid=115315) _ensure_host_set_on_ports /opt/stack/neutron/neutron/api/rpc/handlers/l3_rpc.py:155}}
Dec 16 21:58:40.099180 dv-neutron-821401-5-hyperv neutron-server[115315]: DEBUG neutron.api.rpc.handlers.l3_rpc [None req-f1c16d6b-e2ba-4906-b47c-fc2ea1502a5f None None] Updating router 36132fb4-e428-4687-b3a9-26b1e1c1f113 port a01f0abf-a555-4c5a-b689-46075b31f532 binding host dv-neutron-821401-5-hyperv {{(pid=115315) _ensure_host_set_on_port /opt/stack/neutron/neutron/api/rpc/handlers/l3_rpc.py:205}}
Dec 16 21:58:40.127438 dv-neutron-821401-5-hyperv neutron-server[115315]: DEBUG neutron_lib.callbacks.manager [None req-f1c16d6b-e2ba-4906-b47c-fc2ea1502a5f None None] Publish callbacks ['neutron.plugins.ml2.plugin.SecurityGroupDbMixin._ensure_default_security_group_handler-16299546'] for port, before_update {{(pid=115315) _notify_loop /usr/local/lib/python3.8/dist-packages/neutron_lib/callbacks/manager.py:175}}
Dec 16 21:58:40.133823 dv-neutron-821401-5-hyperv neutron-server[115314]: DEBUG neutron_lib.callbacks.manager [None req-69b57490-3be7-40f8-9e01-211699b32784 admin admin] Publish callbacks ['neutron.api.rpc.agentnotifiers.dhcp_rpc_agent_api.DhcpAgentNotifyAPI._after_router_interface_created-561776', 'neutron.services.l3_router.l3_router_plugin.DVRResourceOperationHandler._update_snat_v6_addrs_after_intf_update-532261'] for router_interface, after_create {{(pid=115314) _notify_loop /usr/local/lib/python3.8/dist-packages/neutron_lib/callbacks/manager.py:175}}
Dec 16 21:58:40.246433 dv-neutron-821401-5-hyperv neutron-server[115313]: DEBUG neutron.api.v2.base [None req-08746b68-77bf-4fbd-aaed-a0b37f1b247b tempest-MeteringTestJSON-452442159 tempest-MeteringTestJSON-452442159-project-admin] Request body: {'metering_label': {'description': 'metering label created by tempest', 'name': 'tempest-metering-label-824144812'}} {{(pid=115313) prepare_request_body /opt/stack/neutron/neutron/api/v2/base.py:729}}
Dec 16 21:58:40.250649 dv-neutron-821401-5-hyperv neutron-server[115313]: DEBUG neutron.api.v2.base [None req-08746b68-77bf-4fbd-aaed-a0b37f1b247b tempest-MeteringTestJSON-452442159 tempest-MeteringTestJSON-452442159-project-admin] Unknown quota resources ['metering_label']. {{(pid=115313) _create /opt/stack/neutron/neutron/api/v2/base.py:496}}
Dec 16 21:58:40.318055 dv-neutron-821401-5-hyperv neutron-server[115314]: DEBUG neutron_lib.callbacks.manager [None req-a9209964-cf0f-4f69-863b-a9675c63b311 tempest-DHCPAgentSchedulersTestJSON-888251277 tempest-DHCPAgentSchedulersTestJSON-888251277-project] Publish callbacks ['neutron.plugins.ml2.plugin.Ml2Plugin._network_delete_precommit_handler-16375378', 'neutron.services.segments.db._delete_segments_for_network-8729495758722'] for network, precommit_delete {{(pid=115314) _notify_loop /usr/local/lib/python3.8/dist-packages/neutron_lib/callbacks/manager.py:175}}
Dec 16 21:58:40.336670 dv-neutron-821401-5-hyperv neutron-server[115314]: DEBUG neutron.scheduler.dhcp_agent_scheduler [None req-69b57490-3be7-40f8-9e01-211699b32784 admin admin] Network fa517642-ab15-4fd2-ad8b-34776a3cfc65 is already hosted by enough agents. {{(pid=115314) _get_dhcp_agents_hosting_network /opt/stack/neutron/neutron/scheduler/dhcp_agent_scheduler.py:275}}
Dec 16 21:58:40.347699 dv-neutron-821401-5-hyperv neutron-server[115315]: DEBUG neutron.plugins.ml2.rpc [None req-6c0c0afe-54aa-4503-9ee8-9dfe400596fd None None] Device 5623b90c-ec41-4271-a64e-ae5d5c2a1004 up at agent ovs-agent-dv-neutron-821401-5-hyperv {{(pid=115315) update_device_up /opt/stack/neutron/neutron/plugins/ml2/rpc.py:296}}
Dec 16 21:58:40.357490 dv-neutron-821401-5-hyperv neutron-server[115314]: DEBUG neutron.scheduler.base_scheduler [None req-69b57490-3be7-40f8-9e01-211699b32784 admin admin] Resources bound (agent type, host, resource id): {{(pid=115314) schedule /opt/stack/neutron/neutron/scheduler/base_scheduler.py:57}}
Dec 16 21:58:40.398319 dv-neutron-821401-5-hyperv neutron-server[115316]: DEBUG neutron.db.l3_hamode_db [None req-b903bcc6-8bd8-46ef-9327-ac70d84bcbe1 None None] neutron.services.l3_router.l3_router_plugin.L3RouterPlugin method _process_sync_ha_data called with arguments (, [{'id': 'e4c7d2b4-a498-4eb2-aa9e-d08beb2cfbdb', 'name': 'tempest-ServersTestJSON-280182552-router', 'tenant_id': 'e9138cc82ff44758a42d97ea74a8e620', 'admin_state_up': True, 'status': 'ACTIVE', 'external_gateway_info': {'network_id': 'b694fe68-d8d0-4380-8450-1cbd2817e45f', 'external_fixed_ips': [{'subnet_id': '60f5bb43-af23-40d2-9075-35332d16ac48', 'ip_address': '172.26.5.102'}], 'enable_snat': True}, 'gw_port_id': '0a996cec-d7c1-4679-a9e2-450a14e6fe94', 'description': '', 'availability_zones': ['nova'], 'distributed': False, 'ha': False, 'ha_vr_id': 0, 'availability_zone_hints': [], 'routes': [], 'flavor_id': None, 'tags': [], 'created_at': '2021-12-16T21:58:24Z', 'updated_at': '2021-12-16T21:58:37Z', 'revision_number': 4, 'project_id': 'e9138cc82ff44758a42d97ea74a8e620', 'gw_port': {'id': '0a996cec-d7c1-4679-a9e2-450a14e6fe94', 'name': '', 'network_id': 'b694fe68-d8d0-4380-8450-1cbd2817e45f', 'tenant_id': '', 'mac_address': 'fa:16:3e:e9:99:02', 'admin_state_up': True, 'status': 'ACTIVE', 'device_id': 'e4c7d2b4-a498-4eb2-aa9e-d08beb2cfbdb', 'device_owner': 'network:router_gateway', 'standard_attr_id': 87, 'fixed_ips': [{'subnet_id': '60f5bb43-af23-40d2-9075-35332d16ac48', 'ip_address': '172.26.5.102', 'prefixlen': 24}], 'allowed_address_pairs': [], 'extra_dhcp_opts': [], 'security_groups': [], 'description': '', 'binding:vnic_type': 'normal', 'binding:profile': {}, 'binding:host_id': 'dv-neutron-821401-5-hyperv', 'binding:vif_type': 'ovs', 'binding:vif_details': {'connectivity': 'l2', 'port_filter': True, 'ovs_hybrid_plug': False, 'datapath_type': 'system', 'bridge_name': 'br-int'}, 'port_security_enabled': False, 'tags': [], 'created_at': '2021-12-16T21:58:25Z', 'updated_at': '2021-12-16T21:58:39Z', 'revision_number': 4, 'project_id': '', 'subnets': [{'id': '60f5bb43-af23-40d2-9075-35332d16ac48', 'cidr': '172.26.5.0/24', 'gateway_ip': '172.26.5.1', 'dns_nameservers': [], 'ipv6_ra_mode': None, 'subnetpool_id': None}], 'extra_subnets': [], 'address_scopes': {4: None, 6: None}, 'mtu': 1500}, 'enable_snat': True, 'gw_port_host': 'dv-neutron-821401-5-hyperv', '_interfaces': [{'id': '345d0959-c7b8-4141-8fe1-bdcf1a8e6e79', 'name': '', 'network_id': '9101b9f2-d3fc-4ca1-8b5f-b57d5cb87e43', 'tenant_id': 'e9138cc82ff44758a42d97ea74a8e620', 'mac_address': 'fa:16:3e:f2:53:13', 'admin_state_up': True, 'status': 'DOWN', 'device_id': 'e4c7d2b4-a498-4eb2-aa9e-d08beb2cfbdb', 'device_owner': 'network:router_interface', 'standard_attr_id': 132, 'fixed_ips': [{'subnet_id': '42ea2c5c-62a3-4036-92dd-412a9aa164c8', 'ip_address': '172.20.0.1', 'prefixlen': 28}], 'allowed_address_pairs': [], 'extra_dhcp_opts': [], 'security_groups': [], 'description': '', 'binding:vnic_type': 'normal', 'binding:profile': {}, 'binding:host_id': '', 'binding:vif_type': 'unbound', 'binding:vif_details': {}, 'port_security_enabled': False, 'tags': [], 'created_at': '2021-12-16T21:58:33Z', 'updated_at': '2021-12-16T21:58:38Z', 'revision_number': 2, 'project_id': 'e9138cc82ff44758a42d97ea74a8e620', 'subnets': [{'id': '42ea2c5c-62a3-4036-92dd-412a9aa164c8', 'cidr': '172.20.0.0/28', 'gateway_ip': '172.20.0.1', 'dns_nameservers': [], 'ipv6_ra_mode': None, 'subnetpool_id': None}], 'extra_subnets': [], 'address_scopes': {4: None, 6: None}, 'mtu': 1500}]}], 'dv-neutron-821401-5-hyperv', False) {} {{(pid=115316) wrapper /usr/local/lib/python3.8/dist-packages/oslo_log/helpers.py:65}}
Dec 16 21:58:40.426535 dv-neutron-821401-5-hyperv neutron-server[115314]: DEBUG neutron.api.rpc.handlers.resources_rpc [None req-69b57490-3be7-40f8-9e01-211699b32784 admin admin] Pushing event updated for resources: {'Port': ['ID=abf68c55-2fd2-432e-aaa3-cc418dc4790e,revision_number=2']} {{(pid=115314) push /opt/stack/neutron/neutron/api/rpc/handlers/resources_rpc.py:237}}
Dec 16 21:58:40.461314 dv-neutron-821401-5-hyperv neutron-server[115313]: DEBUG neutron_lib.callbacks.manager [None req-6e3ec8ae-7bb3-456f-b071-74dac131d64f tempest-ServerActionsTestJSON-274125913 tempest-ServerActionsTestJSON-274125913-project] Publish callbacks [] for security_group, before_create {{(pid=115313) _notify_loop /usr/local/lib/python3.8/dist-packages/neutron_lib/callbacks/manager.py:175}}
Dec 16 21:58:40.473863 dv-neutron-821401-5-hyperv neutron-server[115314]: DEBUG neutron.services.segments.db [None req-a9209964-cf0f-4f69-863b-a9675c63b311 tempest-DHCPAgentSchedulersTestJSON-888251277 tempest-DHCPAgentSchedulersTestJSON-888251277-project] neutron.services.segments.plugin.Plugin method get_segments called with arguments (,) {'filters': {'network_id': ['311b8cab-7108-4297-9bcb-1387a3158836']}} {{(pid=115314) wrapper /usr/local/lib/python3.8/dist-packages/oslo_log/helpers.py:65}}
Dec 16 21:58:40.474062 dv-neutron-821401-5-hyperv neutron-server[115315]: DEBUG neutron.db.provisioning_blocks [None req-6c0c0afe-54aa-4503-9ee8-9dfe400596fd None None] Provisioning complete for port 5623b90c-ec41-4271-a64e-ae5d5c2a1004 triggered by entity L2. {{(pid=115315) provisioning_complete /opt/stack/neutron/neutron/db/provisioning_blocks.py:139}}
Dec 16 21:58:40.474326 dv-neutron-821401-5-hyperv neutron-server[115315]: DEBUG neutron_lib.callbacks.manager [None req-6c0c0afe-54aa-4503-9ee8-9dfe400596fd None None] Publish callbacks ['neutron.plugins.ml2.plugin.Ml2Plugin._port_provisioned-16379371'] for port, provisioning_complete {{(pid=115315) _notify_loop /usr/local/lib/python3.8/dist-packages/neutron_lib/callbacks/manager.py:175}}
Dec 16 21:58:40.484232 dv-neutron-821401-5-hyperv neutron-server[115316]: DEBUG neutron.api.rpc.handlers.l3_rpc [None req-b903bcc6-8bd8-46ef-9327-ac70d84bcbe1 None None] Checking router: e4c7d2b4-a498-4eb2-aa9e-d08beb2cfbdb for host: dv-neutron-821401-5-hyperv {{(pid=115316) _ensure_host_set_on_ports /opt/stack/neutron/neutron/api/rpc/handlers/l3_rpc.py:155}}
Dec 16 21:58:40.484682 dv-neutron-821401-5-hyperv neutron-server[115316]: DEBUG neutron.api.rpc.handlers.l3_rpc [None req-b903bcc6-8bd8-46ef-9327-ac70d84bcbe1 None None] Updating router e4c7d2b4-a498-4eb2-aa9e-d08beb2cfbdb port 345d0959-c7b8-4141-8fe1-bdcf1a8e6e79 binding host dv-neutron-821401-5-hyperv {{(pid=115316) _ensure_host_set_on_port /opt/stack/neutron/neutron/api/rpc/handlers/l3_rpc.py:205}}
Dec 16 21:58:40.497097 dv-neutron-821401-5-hyperv neutron-server[115314]: DEBUG neutron.services.segments.db [None req-a9209964-cf0f-4f69-863b-a9675c63b311 tempest-DHCPAgentSchedulersTestJSON-888251277 tempest-DHCPAgentSchedulersTestJSON-888251277-project] neutron.services.segments.plugin.Plugin method delete_segment called with arguments (, '03c8833c-d9e0-487f-823c-c7991fc7283b') {'for_net_delete': True} {{(pid=115314) wrapper /usr/local/lib/python3.8/dist-packages/oslo_log/helpers.py:65}}
Dec 16 21:58:40.498168 dv-neutron-821401-5-hyperv neutron-server[115314]: DEBUG neutron.services.segments.db [None req-a9209964-cf0f-4f69-863b-a9675c63b311 tempest-DHCPAgentSchedulersTestJSON-888251277 tempest-DHCPAgentSchedulersTestJSON-888251277-project] neutron.services.segments.plugin.Plugin method get_segment called with arguments (, '03c8833c-d9e0-487f-823c-c7991fc7283b') {} {{(pid=115314) wrapper /usr/local/lib/python3.8/dist-packages/oslo_log/helpers.py:65}}
Dec 16 21:58:40.547799 dv-neutron-821401-5-hyperv neutron-server[115316]: DEBUG neutron_lib.callbacks.manager [None req-b903bcc6-8bd8-46ef-9327-ac70d84bcbe1 None None] Publish callbacks ['neutron.plugins.ml2.plugin.SecurityGroupDbMixin._ensure_default_security_group_handler-16299546'] for port, before_update {{(pid=115316) _notify_loop /usr/local/lib/python3.8/dist-packages/neutron_lib/callbacks/manager.py:175}}
Dec 16 21:58:40.565672 dv-neutron-821401-5-hyperv neutron-server[115314]: DEBUG neutron_lib.callbacks.manager [None req-a9209964-cf0f-4f69-863b-a9675c63b311 tempest-DHCPAgentSchedulersTestJSON-888251277 tempest-DHCPAgentSchedulersTestJSON-888251277-project] Publish callbacks ['neutron.plugins.ml2.db._prevent_segment_delete_with_port_bound-8729495759499', 'neutron.services.segments.plugin.Plugin._prevent_segment_delete_with_subnet_associated-2539704'] for segment, before_delete {{(pid=115314) _notify_loop /usr/local/lib/python3.8/dist-packages/neutron_lib/callbacks/manager.py:175}}
Dec 16 21:58:40.604997 dv-neutron-821401-5-hyperv neutron-server[115314]: DEBUG neutron_lib.callbacks.manager [None req-a9209964-cf0f-4f69-863b-a9675c63b311 tempest-DHCPAgentSchedulersTestJSON-888251277 tempest-DHCPAgentSchedulersTestJSON-888251277-project] Publish callbacks ['neutron.plugins.ml2.plugin.Ml2Plugin._handle_segment_change-16369996'] for segment, precommit_delete {{(pid=115314) _notify_loop /usr/local/lib/python3.8/dist-packages/neutron_lib/callbacks/manager.py:175}}
Dec 16 21:58:40.621471 dv-neutron-821401-5-hyperv neutron-server[115315]: DEBUG neutron_lib.callbacks.manager [None req-f1c16d6b-e2ba-4906-b47c-fc2ea1502a5f None None] Publish callbacks [] for port, precommit_update {{(pid=115315) _notify_loop /usr/local/lib/python3.8/dist-packages/neutron_lib/callbacks/manager.py:175}}
Dec 16 21:58:40.685956 dv-neutron-821401-5-hyperv neutron-server[115314]: DEBUG neutron.scheduler.l3_agent_scheduler [None req-ddbc81ed-2fff-42dd-b873-96ef8f746507 tempest-FloatingIPAdminTestJSON-567403058 tempest-FloatingIPAdminTestJSON-567403058-project] Router fc286b7d-fcfd-4967-9e30-9a168e1e9628 is scheduled to L3 agent 56190b3f-dee7-4850-a640-73cca64f2fb0 with binding_index 1 {{(pid=115314) bind_router /opt/stack/neutron/neutron/scheduler/l3_agent_scheduler.py:209}}
Dec 16 21:58:40.695327 dv-neutron-821401-5-hyperv neutron-server[115315]: DEBUG neutron_lib.callbacks.manager [None req-f1c16d6b-e2ba-4906-b47c-fc2ea1502a5f None None] Publish callbacks ['neutron.plugins.ml2.plugin.SecurityGroupServerNotifierRpcMixin._notify_sg_on_port_change-16299461', 'neutron.plugins.ml2.ovo_rpc._ObjectChangeHandler.handle_event-65663', 'neutron.api.rpc.agentnotifiers.dhcp_rpc_agent_api.DhcpAgentNotifyAPI._native_event_send_dhcp_notification-561730', 'neutron.db.l3_db.L3RpcNotifierMixin._notify_gateway_port_ip_changed-8729495821541', 'neutron.db.l3_dvrscheduler_db._notify_l3_agent_port_update-8729495268801', 'neutron.db.l3_hascheduler_db._notify_l3_agent_ha_port_update-8729495268819'] for port, after_update {{(pid=115315) _notify_loop /usr/local/lib/python3.8/dist-packages/neutron_lib/callbacks/manager.py:175}}
Dec 16 21:58:40.715576 dv-neutron-821401-5-hyperv neutron-server[115314]: DEBUG neutron.plugins.ml2.drivers.type_vlan [None req-a9209964-cf0f-4f69-863b-a9675c63b311 tempest-DHCPAgentSchedulersTestJSON-888251277 tempest-DHCPAgentSchedulersTestJSON-888251277-project] Releasing vlan 555 on physical network physnet1 to pool {{(pid=115314) release_segment /opt/stack/neutron/neutron/plugins/ml2/drivers/type_vlan.py:304}}
Dec 16 21:58:40.716058 dv-neutron-821401-5-hyperv neutron-server[115314]: DEBUG neutron_lib.callbacks.manager [None req-a9209964-cf0f-4f69-863b-a9675c63b311 tempest-DHCPAgentSchedulersTestJSON-888251277 tempest-DHCPAgentSchedulersTestJSON-888251277-project] Publish callbacks ['neutron.plugins.ml2.plugin.Ml2Plugin._handle_segment_change-16369996', 'neutron.services.segments.plugin.NovaSegmentNotifier._notify_segment_deleted-3357660'] for segment, after_delete {{(pid=115314) _notify_loop /usr/local/lib/python3.8/dist-packages/neutron_lib/callbacks/manager.py:175}}
Dec 16 21:58:40.731758 dv-neutron-821401-5-hyperv neutron-server[115314]: Traceback (most recent call last):
Dec 16 21:58:40.731758 dv-neutron-821401-5-hyperv neutron-server[115314]: File "/usr/local/lib/python3.8/dist-packages/eventlet/hubs/hub.py", line 476, in fire_timers
Dec 16 21:58:40.731758 dv-neutron-821401-5-hyperv neutron-server[115314]: timer()
Dec 16 21:58:40.731758 dv-neutron-821401-5-hyperv neutron-server[115314]: File "/usr/local/lib/python3.8/dist-packages/eventlet/hubs/timer.py", line 59, in __call__
Dec 16 21:58:40.731758 dv-neutron-821401-5-hyperv neutron-server[115314]: cb(*args, **kw)
Dec 16 21:58:40.731758 dv-neutron-821401-5-hyperv neutron-server[115314]: File "/opt/stack/neutron/neutron/common/utils.py", line 914, in wrapper
Dec 16 21:58:40.731758 dv-neutron-821401-5-hyperv neutron-server[115314]: return func(*args, **kwargs)
Dec 16 21:58:40.731758 dv-neutron-821401-5-hyperv neutron-server[115314]: File "/opt/stack/neutron/neutron/notifiers/batch_notifier.py", line 58, in synced_send
Dec 16 21:58:40.731758 dv-neutron-821401-5-hyperv neutron-server[115314]: self._notify()
Dec 16 21:58:40.731758 dv-neutron-821401-5-hyperv neutron-server[115314]: File "/opt/stack/neutron/neutron/notifiers/batch_notifier.py", line 69, in _notify
Dec 16 21:58:40.731758 dv-neutron-821401-5-hyperv neutron-server[115314]: self.callback(batched_events)
Dec 16 21:58:40.731758 dv-neutron-821401-5-hyperv neutron-server[115314]: File "/opt/stack/neutron/neutron/services/segments/plugin.py", line 211, in _send_notifications
Dec 16 21:58:40.731758 dv-neutron-821401-5-hyperv neutron-server[115314]: event.method(event)
Dec 16 21:58:40.731758 dv-neutron-821401-5-hyperv neutron-server[115314]: File "/opt/stack/neutron/neutron/services/segments/plugin.py", line 383, in _delete_nova_inventory
Dec 16 21:58:40.731758 dv-neutron-821401-5-hyperv neutron-server[115314]: aggregate_id = self._get_aggregate_id(event.segment_id)
Dec 16 21:58:40.731758 dv-neutron-821401-5-hyperv neutron-server[115314]: File "/opt/stack/neutron/neutron/services/segments/plugin.py", line 370, in _get_aggregate_id
Dec 16 21:58:40.731758 dv-neutron-821401-5-hyperv neutron-server[115314]: aggregate_uuid = self.p_client.list_aggregates(
Dec 16 21:58:40.731758 dv-neutron-821401-5-hyperv neutron-server[115314]: File "/usr/local/lib/python3.8/dist-packages/neutron_lib/placement/client.py", line 58, in wrapper
Dec 16 21:58:40.731758 dv-neutron-821401-5-hyperv neutron-server[115314]: return f(self, *a, **k)
Dec 16 21:58:40.731758 dv-neutron-821401-5-hyperv neutron-server[115314]: File "/usr/local/lib/python3.8/dist-packages/neutron_lib/placement/client.py", line 554, in list_aggregates
Dec 16 21:58:40.731758 dv-neutron-821401-5-hyperv neutron-server[115314]: return self._get(url).json()
Dec 16 21:58:40.731758 dv-neutron-821401-5-hyperv neutron-server[115314]: File "/usr/local/lib/python3.8/dist-packages/neutron_lib/placement/client.py", line 190, in _get
Dec 16 21:58:40.731758 dv-neutron-821401-5-hyperv neutron-server[115314]: return self._client.get(url, endpoint_filter=self._ks_filter,
Dec 16 21:58:40.731758 dv-neutron-821401-5-hyperv neutron-server[115314]: File "/usr/local/lib/python3.8/dist-packages/keystoneauth1/session.py", line 1141, in get
Dec 16 21:58:40.731758 dv-neutron-821401-5-hyperv neutron-server[115314]: return self.request(url, 'GET', **kwargs)
Dec 16 21:58:40.731758 dv-neutron-821401-5-hyperv neutron-server[115314]: File "/usr/local/lib/python3.8/dist-packages/keystoneauth1/session.py", line 811, in request
Dec 16 21:58:40.731758 dv-neutron-821401-5-hyperv neutron-server[115314]: base_url = self.get_endpoint(auth, allow=allow,
Dec 16 21:58:40.731758 dv-neutron-821401-5-hyperv neutron-server[115314]: File "/usr/local/lib/python3.8/dist-packages/keystoneauth1/session.py", line 1241, in get_endpoint
Dec 16 21:58:40.731758 dv-neutron-821401-5-hyperv neutron-server[115314]: auth = self._auth_required(auth, 'determine endpoint URL')
Dec 16 21:58:40.731758 dv-neutron-821401-5-hyperv neutron-server[115314]: File "/usr/local/lib/python3.8/dist-packages/keystoneauth1/session.py", line 1181, in _auth_required
Dec 16 21:58:40.731758 dv-neutron-821401-5-hyperv neutron-server[115314]: raise exceptions.MissingAuthPlugin(msg_fmt % msg)
Dec 16 21:58:40.731758 dv-neutron-821401-5-hyperv neutron-server[115314]: keystoneauth1.exceptions.auth_plugins.MissingAuthPlugin: An auth plugin is required to determine endpoint URL
Dec 16 21:58:40.775161 dv-neutron-821401-5-hyperv neutron-server[115313]: DEBUG neutron_lib.callbacks.manager [None req-08746b68-77bf-4fbd-aaed-a0b37f1b247b tempest-MeteringTestJSON-452442159 tempest-MeteringTestJSON-452442159-project-admin] Publish callbacks [] for metering_label, before_response {{(pid=115313) _notify_loop /usr/local/lib/python3.8/dist-packages/neutron_lib/callbacks/manager.py:175}}
Dec 16 21:58:40.777209 dv-neutron-821401-5-hyperv neutron-server[115313]: INFO neutron.wsgi [None req-08746b68-77bf-4fbd-aaed-a0b37f1b247b tempest-MeteringTestJSON-452442159 tempest-MeteringTestJSON-452442159-project-admin] 10.222.0.67 "POST /v2.0/metering/metering-labels HTTP/1.1" status: 201 len: 477 time: 0.7643445
Dec 16 21:58:40.798707 dv-neutron-821401-5-hyperv neutron-server[115315]: DEBUG neutron.api.rpc.handlers.resources_rpc [None req-ec3c2efc-9389-4056-bd10-6b6b86231e0f None None] Pushing event updated for resources: {'Port': ['ID=a01f0abf-a555-4c5a-b689-46075b31f532,revision_number=3']} {{(pid=115315) push /opt/stack/neutron/neutron/api/rpc/handlers/resources_rpc.py:237}}
Dec 16 21:58:40.802097 dv-neutron-821401-5-hyperv neutron-server[115313]: DEBUG neutron.pecan_wsgi.hooks.policy_enforcement [None req-ea5d5616-04dc-4230-a0cc-f3d66483267b tempest-PortsAdminExtendedAttrsTestJSON-873324392 tempest-PortsAdminExtendedAttrsTestJSON-873324392-project-admin] Attributes excluded by policy engine: ['standard_attr_id'] {{(pid=115313) _exclude_attributes_by_policy /opt/stack/neutron/neutron/pecan_wsgi/hooks/policy_enforcement.py:255}}
Dec 16 21:58:40.810134 dv-neutron-821401-5-hyperv neutron-server[115313]: DEBUG neutron.pecan_wsgi.hooks.policy_enforcement [None req-ea5d5616-04dc-4230-a0cc-f3d66483267b tempest-PortsAdminExtendedAttrsTestJSON-873324392 tempest-PortsAdminExtendedAttrsTestJSON-873324392-project-admin] Attributes excluded by policy engine: ['standard_attr_id'] {{(pid=115313) _exclude_attributes_by_policy /opt/stack/neutron/neutron/pecan_wsgi/hooks/policy_enforcement.py:255}}
Dec 16 21:58:40.811136 dv-neutron-821401-5-hyperv neutron-server[115313]: DEBUG neutron.pecan_wsgi.hooks.policy_enforcement [None req-ea5d5616-04dc-4230-a0cc-f3d66483267b tempest-PortsAdminExtendedAttrsTestJSON-873324392 tempest-PortsAdminExtendedAttrsTestJSON-873324392-project-admin] Attributes excluded by policy engine: ['standard_attr_id'] {{(pid=115313) _exclude_attributes_by_policy /opt/stack/neutron/neutron/pecan_wsgi/hooks/policy_enforcement.py:255}}
Dec 16 21:58:40.811806 dv-neutron-821401-5-hyperv neutron-server[115313]: DEBUG neutron.pecan_wsgi.hooks.policy_enforcement [None req-ea5d5616-04dc-4230-a0cc-f3d66483267b tempest-PortsAdminExtendedAttrsTestJSON-873324392 tempest-PortsAdminExtendedAttrsTestJSON-873324392-project-admin] Attributes excluded by policy engine: ['standard_attr_id'] {{(pid=115313) _exclude_attributes_by_policy /opt/stack/neutron/neutron/pecan_wsgi/hooks/policy_enforcement.py:255}}
Dec 16 21:58:40.812458 dv-neutron-821401-5-hyperv neutron-server[115313]: DEBUG neutron.pecan_wsgi.hooks.policy_enforcement [None req-ea5d5616-04dc-4230-a0cc-f3d66483267b tempest-PortsAdminExtendedAttrsTestJSON-873324392 tempest-PortsAdminExtendedAttrsTestJSON-873324392-project-admin] Attributes excluded by policy engine: ['standard_attr_id'] {{(pid=115313) _exclude_attributes_by_policy /opt/stack/neutron/neutron/pecan_wsgi/hooks/policy_enforcement.py:255}}
Dec 16 21:58:40.813191 dv-neutron-821401-5-hyperv neutron-server[115313]: DEBUG neutron.pecan_wsgi.hooks.policy_enforcement [None req-ea5d5616-04dc-4230-a0cc-f3d66483267b tempest-PortsAdminExtendedAttrsTestJSON-873324392 tempest-PortsAdminExtendedAttrsTestJSON-873324392-project-admin] Attributes excluded by policy engine: ['standard_attr_id'] {{(pid=115313) _exclude_attributes_by_policy /opt/stack/neutron/neutron/pecan_wsgi/hooks/policy_enforcement.py:255}}
Dec 16 21:58:40.813858 dv-neutron-821401-5-hyperv neutron-server[115313]: DEBUG neutron.pecan_wsgi.hooks.policy_enforcement [None req-ea5d5616-04dc-4230-a0cc-f3d66483267b tempest-PortsAdminExtendedAttrsTestJSON-873324392 tempest-PortsAdminExtendedAttrsTestJSON-873324392-project-admin] Attributes excluded by policy engine: ['standard_attr_id'] {{(pid=115313) _exclude_attributes_by_policy /opt/stack/neutron/neutron/pecan_wsgi/hooks/policy_enforcement.py:255}}
Dec 16 21:58:40.814516 dv-neutron-821401-5-hyperv neutron-server[115313]: DEBUG neutron.pecan_wsgi.hooks.policy_enforcement [None req-ea5d5616-04dc-4230-a0cc-f3d66483267b tempest-PortsAdminExtendedAttrsTestJSON-873324392 tempest-PortsAdminExtendedAttrsTestJSON-873324392-project-admin] Attributes excluded by policy engine: ['standard_attr_id'] {{(pid=115313) _exclude_attributes_by_policy /opt/stack/neutron/neutron/pecan_wsgi/hooks/policy_enforcement.py:255}}
Dec 16 21:58:40.815143 dv-neutron-821401-5-hyperv neutron-server[115313]: DEBUG neutron.pecan_wsgi.hooks.policy_enforcement [None req-ea5d5616-04dc-4230-a0cc-f3d66483267b tempest-PortsAdminExtendedAttrsTestJSON-873324392 tempest-PortsAdminExtendedAttrsTestJSON-873324392-project-admin] Attributes excluded by policy engine: ['standard_attr_id'] {{(pid=115313) _exclude_attributes_by_policy /opt/stack/neutron/neutron/pecan_wsgi/hooks/policy_enforcement.py:255}}
Dec 16 21:58:40.815766 dv-neutron-821401-5-hyperv neutron-server[115313]: DEBUG neutron.pecan_wsgi.hooks.policy_enforcement [None req-ea5d5616-04dc-4230-a0cc-f3d66483267b tempest-PortsAdminExtendedAttrsTestJSON-873324392 tempest-PortsAdminExtendedAttrsTestJSON-873324392-project-admin] Attributes excluded by policy engine: ['standard_attr_id'] {{(pid=115313) _exclude_attributes_by_policy /opt/stack/neutron/neutron/pecan_wsgi/hooks/policy_enforcement.py:255}}
Dec 16 21:58:40.816465 dv-neutron-821401-5-hyperv neutron-server[115313]: DEBUG neutron.pecan_wsgi.hooks.policy_enforcement [None req-ea5d5616-04dc-4230-a0cc-f3d66483267b tempest-PortsAdminExtendedAttrsTestJSON-873324392 tempest-PortsAdminExtendedAttrsTestJSON-873324392-project-admin] Attributes excluded by policy engine: ['standard_attr_id'] {{(pid=115313) _exclude_attributes_by_policy /opt/stack/neutron/neutron/pecan_wsgi/hooks/policy_enforcement.py:255}}
Dec 16 21:58:40.817090 dv-neutron-821401-5-hyperv neutron-server[115313]: DEBUG neutron.pecan_wsgi.hooks.policy_enforcement [None req-ea5d5616-04dc-4230-a0cc-f3d66483267b tempest-PortsAdminExtendedAttrsTestJSON-873324392 tempest-PortsAdminExtendedAttrsTestJSON-873324392-project-admin] Attributes excluded by policy engine: ['standard_attr_id'] {{(pid=115313) _exclude_attributes_by_policy /opt/stack/neutron/neutron/pecan_wsgi/hooks/policy_enforcement.py:255}}
Dec 16 21:58:40.817760 dv-neutron-821401-5-hyperv neutron-server[115313]: DEBUG neutron.pecan_wsgi.hooks.policy_enforcement [None req-ea5d5616-04dc-4230-a0cc-f3d66483267b tempest-PortsAdminExtendedAttrsTestJSON-873324392 tempest-PortsAdminExtendedAttrsTestJSON-873324392-project-admin] Attributes excluded by policy engine: ['standard_attr_id'] {{(pid=115313) _exclude_attributes_by_policy /opt/stack/neutron/neutron/pecan_wsgi/hooks/policy_enforcement.py:255}}
Dec 16 21:58:40.818399 dv-neutron-821401-5-hyperv neutron-server[115313]: DEBUG neutron.pecan_wsgi.hooks.policy_enforcement [None req-ea5d5616-04dc-4230-a0cc-f3d66483267b tempest-PortsAdminExtendedAttrsTestJSON-873324392 tempest-PortsAdminExtendedAttrsTestJSON-873324392-project-admin] Attributes excluded by policy engine: ['standard_attr_id'] {{(pid=115313) _exclude_attributes_by_policy /opt/stack/neutron/neutron/pecan_wsgi/hooks/policy_enforcement.py:255}}
Dec 16 21:58:40.819028 dv-neutron-821401-5-hyperv neutron-server[115313]: DEBUG neutron.pecan_wsgi.hooks.policy_enforcement [None req-ea5d5616-04dc-4230-a0cc-f3d66483267b tempest-PortsAdminExtendedAttrsTestJSON-873324392 tempest-PortsAdminExtendedAttrsTestJSON-873324392-project-admin] Attributes excluded by policy engine: ['standard_attr_id'] {{(pid=115313) _exclude_attributes_by_policy /opt/stack/neutron/neutron/pecan_wsgi/hooks/policy_enforcement.py:255}}
Dec 16 21:58:40.819651 dv-neutron-821401-5-hyperv neutron-server[115313]: DEBUG neutron.pecan_wsgi.hooks.policy_enforcement [None req-ea5d5616-04dc-4230-a0cc-f3d66483267b tempest-PortsAdminExtendedAttrsTestJSON-873324392 tempest-PortsAdminExtendedAttrsTestJSON-873324392-project-admin] Attributes excluded by policy engine: ['standard_attr_id'] {{(pid=115313) _exclude_attributes_by_policy /opt/stack/neutron/neutron/pecan_wsgi/hooks/policy_enforcement.py:255}}
Dec 16 21:58:40.821822 dv-neutron-821401-5-hyperv neutron-server[115313]: DEBUG neutron.pecan_wsgi.hooks.policy_enforcement [None req-ea5d5616-04dc-4230-a0cc-f3d66483267b tempest-PortsAdminExtendedAttrsTestJSON-873324392 tempest-PortsAdminExtendedAttrsTestJSON-873324392-project-admin] Attributes excluded by policy engine: ['standard_attr_id'] {{(pid=115313) _exclude_attributes_by_policy /opt/stack/neutron/neutron/pecan_wsgi/hooks/policy_enforcement.py:255}}
Dec 16 21:58:40.821822 dv-neutron-821401-5-hyperv neutron-server[115313]: DEBUG neutron.pecan_wsgi.hooks.policy_enforcement [None req-ea5d5616-04dc-4230-a0cc-f3d66483267b tempest-PortsAdminExtendedAttrsTestJSON-873324392 tempest-PortsAdminExtendedAttrsTestJSON-873324392-project-admin] Attributes excluded by policy engine: ['standard_attr_id'] {{(pid=115313) _exclude_attributes_by_policy /opt/stack/neutron/neutron/pecan_wsgi/hooks/policy_enforcement.py:255}}
Dec 16 21:58:40.821822 dv-neutron-821401-5-hyperv neutron-server[115313]: DEBUG neutron.pecan_wsgi.hooks.policy_enforcement [None req-ea5d5616-04dc-4230-a0cc-f3d66483267b tempest-PortsAdminExtendedAttrsTestJSON-873324392 tempest-PortsAdminExtendedAttrsTestJSON-873324392-project-admin] Attributes excluded by policy engine: ['standard_attr_id'] {{(pid=115313) _exclude_attributes_by_policy /opt/stack/neutron/neutron/pecan_wsgi/hooks/policy_enforcement.py:255}}
Dec 16 21:58:40.823962 dv-neutron-821401-5-hyperv neutron-server[115314]: DEBUG neutron.wsgi [-] (115314) accepted ('10.222.0.67', 45564) {{(pid=115314) server /usr/local/lib/python3.8/dist-packages/eventlet/wsgi.py:1004}}
Dec 16 21:58:40.833009 dv-neutron-821401-5-hyperv neutron-server[115313]: INFO neutron.wsgi [None req-ea5d5616-04dc-4230-a0cc-f3d66483267b tempest-PortsAdminExtendedAttrsTestJSON-873324392 tempest-PortsAdminExtendedAttrsTestJSON-873324392-project-admin] 10.222.0.67 "GET /v2.0/ports HTTP/1.1" status: 200 len: 16776 time: 0.7653859
Dec 16 21:58:40.834012 dv-neutron-821401-5-hyperv neutron-server[115313]: DEBUG neutron.wsgi [-] (115313) accepted ('10.222.0.67', 45566) {{(pid=115313) server /usr/local/lib/python3.8/dist-packages/eventlet/wsgi.py:1004}}
Dec 16 21:58:40.834635 dv-neutron-821401-5-hyperv neutron-server[115314]: DEBUG neutron.api.v2.base [None req-77e5b3e3-4ba8-4703-bd80-82a2561b7205 tempest-MeteringTestJSON-452442159 tempest-MeteringTestJSON-452442159-project-admin] Request body: {'metering_label_rule': {'remote_ip_prefix': '10.0.0.0/24', 'direction': 'ingress', 'metering_label_id': 'd15078ea-d3bf-4a4e-8655-d90b403f690a'}} {{(pid=115314) prepare_request_body /opt/stack/neutron/neutron/api/v2/base.py:729}}
Dec 16 21:58:40.835201 dv-neutron-821401-5-hyperv neutron-server[115314]: DEBUG neutron.api.v2.base [None req-77e5b3e3-4ba8-4703-bd80-82a2561b7205 tempest-MeteringTestJSON-452442159 tempest-MeteringTestJSON-452442159-project-admin] Unknown quota resources ['metering_label_rule']. {{(pid=115314) _create /opt/stack/neutron/neutron/api/v2/base.py:496}}
Dec 16 21:58:40.842643 dv-neutron-821401-5-hyperv neutron-server[115315]: DEBUG neutron.db.provisioning_blocks [None req-4fe4558b-bc16-4105-ba64-688357d372f9 None None] Provisioning complete for port abf68c55-2fd2-432e-aaa3-cc418dc4790e triggered by entity DHCP. {{(pid=115315) provisioning_complete /opt/stack/neutron/neutron/db/provisioning_blocks.py:139}}
Dec 16 21:58:40.843038 dv-neutron-821401-5-hyperv neutron-server[115315]: DEBUG neutron_lib.callbacks.manager [None req-4fe4558b-bc16-4105-ba64-688357d372f9 None None] Publish callbacks ['neutron.plugins.ml2.plugin.Ml2Plugin._port_provisioned-16379371'] for port, provisioning_complete {{(pid=115315) _notify_loop /usr/local/lib/python3.8/dist-packages/neutron_lib/callbacks/manager.py:175}}
Dec 16 21:58:40.906770 dv-neutron-821401-5-hyperv neutron-server[115313]: DEBUG neutron.wsgi [-] (115313) accepted ('10.222.0.67', 45568) {{(pid=115313) server /usr/local/lib/python3.8/dist-packages/eventlet/wsgi.py:1004}}
Dec 16 21:58:40.915733 dv-neutron-821401-5-hyperv neutron-server[115313]: DEBUG neutron.api.v2.base [None req-76233189-4862-489e-9d39-c031605588a6 tempest-ServersTestJSON-179245404 tempest-ServersTestJSON-179245404-project] Request body: {'security_group': {'name': 'tempest-securitygroup--851304980', 'description': 'tempest-description--1657024084'}} {{(pid=115313) prepare_request_body /opt/stack/neutron/neutron/api/v2/base.py:729}}
Dec 16 21:58:40.949297 dv-neutron-821401-5-hyperv neutron-server[115315]: DEBUG neutron.plugins.ml2.managers [None req-f1c16d6b-e2ba-4906-b47c-fc2ea1502a5f None None] Attempting to bind port a01f0abf-a555-4c5a-b689-46075b31f532 on host dv-neutron-821401-5-hyperv for vnic_type normal with profile {{(pid=115315) bind_port /opt/stack/neutron/neutron/plugins/ml2/managers.py:795}}
Dec 16 21:58:40.949948 dv-neutron-821401-5-hyperv neutron-server[115315]: DEBUG neutron.plugins.ml2.managers [None req-f1c16d6b-e2ba-4906-b47c-fc2ea1502a5f None None] Attempting to bind port a01f0abf-a555-4c5a-b689-46075b31f532 by drivers openvswitch,hyperv on host dv-neutron-821401-5-hyperv at level 0 using segments [{'id': '4ff6ee91-723e-42da-8d27-fd555edc6e6b', 'network_type': 'vlan', 'physical_network': 'physnet1', 'segmentation_id': 580, 'network_id': '2f98a004-557b-4511-b396-23486030f0d7'}] {{(pid=115315) _bind_port_level /opt/stack/neutron/neutron/plugins/ml2/managers.py:820}}
Dec 16 21:58:40.950319 dv-neutron-821401-5-hyperv neutron-server[115315]: DEBUG neutron.plugins.ml2.drivers.mech_agent [None req-f1c16d6b-e2ba-4906-b47c-fc2ea1502a5f None None] Attempting to bind port a01f0abf-a555-4c5a-b689-46075b31f532 on network 2f98a004-557b-4511-b396-23486030f0d7 {{(pid=115315) bind_port /opt/stack/neutron/neutron/plugins/ml2/drivers/mech_agent.py:91}}
Dec 16 21:58:40.959099 dv-neutron-821401-5-hyperv neutron-server[115315]: DEBUG neutron.plugins.ml2.drivers.mech_agent [None req-f1c16d6b-e2ba-4906-b47c-fc2ea1502a5f None None] Checking agent: {'id': 'f8972364-d56f-469f-91f8-3716a54350cb', 'agent_type': 'Open vSwitch agent', 'binary': 'neutron-openvswitch-agent', 'topic': 'N/A', 'host': 'dv-neutron-821401-5-hyperv', 'admin_state_up': True, 'created_at': datetime.datetime(2021, 12, 16, 21, 50, 40), 'started_at': datetime.datetime(2021, 12, 16, 21, 51, 10), 'heartbeat_timestamp': datetime.datetime(2021, 12, 16, 21, 58, 40), 'description': None, 'resources_synced': None, 'availability_zone': None, 'alive': True, 'configurations': {'arp_responder_enabled': False, 'baremetal_smartnic': False, 'bridge_mappings': {'physnet1': 'br-data'}, 'datapath_type': 'system', 'devices': 0, 'enable_distributed_routing': False, 'extensions': [], 'in_distributed_mode': False, 'integration_bridge': 'br-int', 'l2_population': False, 'log_agent_heartbeats': False, 'ovs_capabilities': {'datapath_types': ['netdev', 'system'], 'iface_types': ['erspan', 'geneve', 'gre', 'internal', 'ip6erspan', 'ip6gre', 'lisp', 'patch', 'stt', 'system', 'tap', 'vxlan']}, 'ovs_hybrid_plug': False, 'resource_provider_bandwidths': {}, 'resource_provider_hypervisors': {'br-data': 'dv-neutron-821401-5-hyperv'}, 'resource_provider_inventory_defaults': {'allocation_ratio': 1.0, 'min_unit': 1, 'step_size': 1, 'reserved': 0}, 'resource_provider_packet_processing_inventory_defaults': {'allocation_ratio': 1.0, 'min_unit': 1, 'step_size': 1, 'reserved': 0}, 'resource_provider_packet_processing_with_direction': {}, 'resource_provider_packet_processing_without_direction': {}, 'tunnel_types': [], 'tunneling_ip': None, 'vhostuser_socket_dir': '/var/run/openvswitch'}, 'resource_versions': {'AddressGroup': '1.2', 'ConntrackHelper': '1.0', 'LocalIPAssociation': '1.0', 'Log': '1.0', 'Network': '1.1', 'Port': '1.7', 'PortForwarding': '1.2', 'QosPolicy': '1.10', 'SecurityGroup': '1.5', 'SecurityGroupRule': '1.2', 'SubPort': '1.0', 'Subnet': '1.1', 'Trunk': '1.1'}} {{(pid=115315) bind_port /opt/stack/neutron/neutron/plugins/ml2/drivers/mech_agent.py:110}}
Dec 16 21:58:40.959472 dv-neutron-821401-5-hyperv neutron-server[115315]: DEBUG neutron.plugins.ml2.drivers.mech_agent [None req-f1c16d6b-e2ba-4906-b47c-fc2ea1502a5f None None] Checking segment: {'id': '4ff6ee91-723e-42da-8d27-fd555edc6e6b', 'network_type': 'vlan', 'physical_network': 'physnet1', 'segmentation_id': 580, 'network_id': '2f98a004-557b-4511-b396-23486030f0d7'} for mappings: {'physnet1': 'br-data'} with network types: ['local', 'flat', 'vlan'] {{(pid=115315) check_segment_for_agent /opt/stack/neutron/neutron/plugins/ml2/drivers/mech_agent.py:371}}
Dec 16 21:58:40.960128 dv-neutron-821401-5-hyperv neutron-server[115315]: DEBUG neutron_lib.callbacks.manager [None req-f1c16d6b-e2ba-4906-b47c-fc2ea1502a5f None None] Publish callbacks [] for ovs_bridge_name, before_read {{(pid=115315) _notify_loop /usr/local/lib/python3.8/dist-packages/neutron_lib/callbacks/manager.py:175}}
Dec 16 21:58:40.960526 dv-neutron-821401-5-hyperv neutron-server[115315]: DEBUG neutron.plugins.ml2.drivers.mech_agent [None req-f1c16d6b-e2ba-4906-b47c-fc2ea1502a5f None None] Bound using segment: {'id': '4ff6ee91-723e-42da-8d27-fd555edc6e6b', 'network_type': 'vlan', 'physical_network': 'physnet1', 'segmentation_id': 580, 'network_id': '2f98a004-557b-4511-b396-23486030f0d7'} {{(pid=115315) bind_port /opt/stack/neutron/neutron/plugins/ml2/drivers/mech_agent.py:120}}
Dec 16 21:58:40.960999 dv-neutron-821401-5-hyperv neutron-server[115315]: DEBUG neutron.plugins.ml2.managers [None req-f1c16d6b-e2ba-4906-b47c-fc2ea1502a5f None None] Bound port: a01f0abf-a555-4c5a-b689-46075b31f532, host: dv-neutron-821401-5-hyperv, vif_type: ovs, vif_details: {"connectivity": "l2", "port_filter": true, "ovs_hybrid_plug": false, "datapath_type": "system", "bridge_name": "br-int"}, binding_levels: [{'bound_driver': 'openvswitch', 'bound_segment': {'id': '4ff6ee91-723e-42da-8d27-fd555edc6e6b', 'network_type': 'vlan', 'physical_network': 'physnet1', 'segmentation_id': 580, 'network_id': '2f98a004-557b-4511-b396-23486030f0d7'}}] {{(pid=115315) _bind_port_level /opt/stack/neutron/neutron/plugins/ml2/managers.py:932}}
Dec 16 21:58:40.961365 dv-neutron-821401-5-hyperv neutron-server[115315]: DEBUG neutron_lib.callbacks.manager [None req-f1c16d6b-e2ba-4906-b47c-fc2ea1502a5f None None] Publish callbacks ['neutron.plugins.ml2.plugin.SecurityGroupDbMixin._ensure_default_security_group_handler-16299546'] for port, before_update {{(pid=115315) _notify_loop /usr/local/lib/python3.8/dist-packages/neutron_lib/callbacks/manager.py:175}}
Dec 16 21:58:40.965222 dv-neutron-821401-5-hyperv neutron-server[115315]: DEBUG neutron.plugins.ml2.plugin [None req-4fe4558b-bc16-4105-ba64-688357d372f9 None None] Port abf68c55-2fd2-432e-aaa3-cc418dc4790e cannot update to ACTIVE because it is not bound. {{(pid=115315) _port_provisioned /opt/stack/neutron/neutron/plugins/ml2/plugin.py:342}}
Dec 16 21:58:41.038149 dv-neutron-821401-5-hyperv neutron-server[115313]: DEBUG neutron_lib.callbacks.manager [None req-76233189-4862-489e-9d39-c031605588a6 tempest-ServersTestJSON-179245404 tempest-ServersTestJSON-179245404-project] Publish callbacks [] for security_group, before_create {{(pid=115313) _notify_loop /usr/local/lib/python3.8/dist-packages/neutron_lib/callbacks/manager.py:175}}
Dec 16 21:58:41.049157 dv-neutron-821401-5-hyperv neutron-server[115315]: DEBUG neutron.plugins.ml2.db [None req-f1c16d6b-e2ba-4906-b47c-fc2ea1502a5f None None] For port a01f0abf-a555-4c5a-b689-46075b31f532, host dv-neutron-821401-5-hyperv, cleared binding levels {{(pid=115315) clear_binding_levels /opt/stack/neutron/neutron/plugins/ml2/db.py:87}}
Dec 16 21:58:41.053975 dv-neutron-821401-5-hyperv neutron-server[115315]: DEBUG neutron.plugins.ml2.db [None req-f1c16d6b-e2ba-4906-b47c-fc2ea1502a5f None None] For port a01f0abf-a555-4c5a-b689-46075b31f532, host dv-neutron-821401-5-hyperv, set binding levels [PortBindingLevel(driver='openvswitch',host='dv-neutron-821401-5-hyperv',level=0,port_id=a01f0abf-a555-4c5a-b689-46075b31f532,segment=NetworkSegment(4ff6ee91-723e-42da-8d27-fd555edc6e6b),segment_id=4ff6ee91-723e-42da-8d27-fd555edc6e6b)] {{(pid=115315) set_binding_levels /opt/stack/neutron/neutron/plugins/ml2/db.py:59}}
Dec 16 21:58:41.060711 dv-neutron-821401-5-hyperv neutron-server[115314]: DEBUG neutron.scheduler.l3_agent_scheduler [None req-69b57490-3be7-40f8-9e01-211699b32784 admin admin] Router 827d582b-7e11-4828-ab89-a2641c04289e has already been hosted by L3 agent 56190b3f-dee7-4850-a640-73cca64f2fb0 {{(pid=115314) _get_candidates /opt/stack/neutron/neutron/scheduler/l3_agent_scheduler.py:126}}
Dec 16 21:58:41.065402 dv-neutron-821401-5-hyperv neutron-server[115314]: DEBUG neutron_lib.callbacks.manager [None req-efbbd01e-3e47-4766-8989-ad3e26639f00 tempest-ExternalNetworksTestJSON-1343495804 tempest-ExternalNetworksTestJSON-1343495804-project-admin] Publish callbacks [] for port, precommit_update {{(pid=115314) _notify_loop /usr/local/lib/python3.8/dist-packages/neutron_lib/callbacks/manager.py:175}}
