Dec 16 08:47:01.219985 dv-neutron-821271-3-hyperv neutron-server[109850]: DEBUG neutron_lib.callbacks.manager [None req-71bd0225-2c9d-44bd-aeb6-6e5bcf075e97 None None] Publish callbacks ['neutron.plugins.ml2.plugin.SecurityGroupServerNotifierRpcMixin._notify_sg_on_port_change-647115', 'neutron.plugins.ml2.ovo_rpc._ObjectChangeHandler.handle_event-172197', 'neutron.api.rpc.agentnotifiers.dhcp_rpc_agent_api.DhcpAgentNotifyAPI._native_event_send_dhcp_notification-33156179', 'neutron.db.l3_db.L3RpcNotifierMixin._notify_gateway_port_ip_changed-8736953773797', 'neutron.db.l3_dvrscheduler_db._notify_l3_agent_port_update-8736953224156', 'neutron.db.l3_hascheduler_db._notify_l3_agent_ha_port_update-8736953224174'] for port, after_update {{(pid=109850) _notify_loop /usr/local/lib/python3.8/dist-packages/neutron_lib/callbacks/manager.py:175}}
Dec 16 08:47:01.248131 dv-neutron-821271-3-hyperv neutron-server[109848]: DEBUG neutron.wsgi [-] (109848) accepted ('10.222.0.48', 49168) {{(pid=109848) server /usr/local/lib/python3.8/dist-packages/eventlet/wsgi.py:1004}}
Dec 16 08:47:01.309563 dv-neutron-821271-3-hyperv neutron-server[109849]: DEBUG neutron_lib.callbacks.manager [None req-68a3ae94-885e-4e0a-9aec-69082816ffcc tempest-ExternalNetworksTestJSON-168317246 tempest-ExternalNetworksTestJSON-168317246-project-admin] Publish callbacks [] for security_group, precommit_create {{(pid=109849) _notify_loop /usr/local/lib/python3.8/dist-packages/neutron_lib/callbacks/manager.py:175}}
Dec 16 08:47:01.311119 dv-neutron-821271-3-hyperv neutron-server[109850]: DEBUG neutron.api.rpc.handlers.resources_rpc [None req-71bd0225-2c9d-44bd-aeb6-6e5bcf075e97 None None] Pushing event updated for resources: {'Port': ['ID=d6f2381b-12b5-4d4a-8b8f-d2e28f0ceb29,revision_number=3']} {{(pid=109850) push /opt/stack/neutron/neutron/api/rpc/handlers/resources_rpc.py:237}}
Dec 16 08:47:01.318857 dv-neutron-821271-3-hyperv neutron-server[109849]: DEBUG neutron_lib.callbacks.manager [None req-68a3ae94-885e-4e0a-9aec-69082816ffcc tempest-ExternalNetworksTestJSON-168317246 tempest-ExternalNetworksTestJSON-168317246-project-admin] Publish callbacks ['neutron.plugins.ml2.ovo_rpc._ObjectChangeHandler.handle_event-33185928'] for security_group, after_create {{(pid=109849) _notify_loop /usr/local/lib/python3.8/dist-packages/neutron_lib/callbacks/manager.py:175}}
Dec 16 08:47:01.333241 dv-neutron-821271-3-hyperv neutron-server[109849]: DEBUG neutron.plugins.ml2.drivers.helpers [None req-68a3ae94-885e-4e0a-9aec-69082816ffcc tempest-ExternalNetworksTestJSON-168317246 tempest-ExternalNetworksTestJSON-168317246-project-admin] vlan segment allocate from pool success with {'vlan_id': 273, 'physical_network': 'physnet1'} {{(pid=109849) allocate_partially_specified_segment /opt/stack/neutron/neutron/plugins/ml2/drivers/helpers.py:153}}
Dec 16 08:47:01.347111 dv-neutron-821271-3-hyperv neutron-server[109849]: DEBUG neutron_lib.callbacks.manager [None req-68a3ae94-885e-4e0a-9aec-69082816ffcc tempest-ExternalNetworksTestJSON-168317246 tempest-ExternalNetworksTestJSON-168317246-project-admin] Publish callbacks ['neutron.plugins.ml2.plugin.Ml2Plugin._handle_segment_change-707138'] for segment, precommit_create {{(pid=109849) _notify_loop /usr/local/lib/python3.8/dist-packages/neutron_lib/callbacks/manager.py:175}}
Dec 16 08:47:01.347590 dv-neutron-821271-3-hyperv neutron-server[109849]: INFO neutron.db.segments_db [None req-68a3ae94-885e-4e0a-9aec-69082816ffcc tempest-ExternalNetworksTestJSON-168317246 tempest-ExternalNetworksTestJSON-168317246-project-admin] Added segment a28e4a72-0d74-4057-9589-467316b22377 of type vlan for network c86955c4-7e30-42d8-b233-7db369c355c2
Dec 16 08:47:01.380900 dv-neutron-821271-3-hyperv neutron-server[109850]: DEBUG neutron.db.provisioning_blocks [None req-93b06e6b-cd42-4fe6-b13c-95bc0ad586d6 None None] Provisioning complete for port 81483bd0-04db-40a4-bda1-7de8f5b992be triggered by entity DHCP. {{(pid=109850) provisioning_complete /opt/stack/neutron/neutron/db/provisioning_blocks.py:139}}
Dec 16 08:47:01.381376 dv-neutron-821271-3-hyperv neutron-server[109850]: DEBUG neutron_lib.callbacks.manager [None req-93b06e6b-cd42-4fe6-b13c-95bc0ad586d6 None None] Publish callbacks ['neutron.plugins.ml2.plugin.Ml2Plugin._port_provisioned-669157'] for port, provisioning_complete {{(pid=109850) _notify_loop /usr/local/lib/python3.8/dist-packages/neutron_lib/callbacks/manager.py:175}}
Dec 16 08:47:01.404338 dv-neutron-821271-3-hyperv neutron-server[109848]: DEBUG neutron.db.db_base_plugin_common [None req-90e6bab2-b6b3-45c0-a8db-a7c3520ea429 admin admin] Allocated IP 172.26.7.214 (d7bff649-8872-4fe2-b26c-ffede6b75416/5cd8cc2b-d44a-4430-92d1-81c18ab04525/6a4793a0-4673-4a04-bd13-55d265463395) {{(pid=109848) _store_ip_allocation /opt/stack/neutron/neutron/db/db_base_plugin_common.py:131}}
Dec 16 08:47:01.413196 dv-neutron-821271-3-hyperv neutron-server[109849]: DEBUG neutron_lib.callbacks.manager [None req-68a3ae94-885e-4e0a-9aec-69082816ffcc tempest-ExternalNetworksTestJSON-168317246 tempest-ExternalNetworksTestJSON-168317246-project-admin] Publish callbacks ['neutron.services.auto_allocate.db._ensure_external_network_default_value_callback-8736953210399'] for network, precommit_create {{(pid=109849) _notify_loop /usr/local/lib/python3.8/dist-packages/neutron_lib/callbacks/manager.py:175}}
Dec 16 08:47:01.457902 dv-neutron-821271-3-hyperv neutron-server[109850]: DEBUG neutron.plugins.ml2.rpc [None req-7f5ce9a2-68a7-4933-aa2f-05ec76d59759 None None] Device 9fd2acd5-e8b3-4b6e-ac31-f72f05ba7623 up at agent ovs-agent-dv-neutron-821271-3-hyperv {{(pid=109850) update_device_up /opt/stack/neutron/neutron/plugins/ml2/rpc.py:296}}
Dec 16 08:47:01.466560 dv-neutron-821271-3-hyperv neutron-server[109848]: DEBUG neutron.api.rpc.handlers.resources_rpc [None req-331a068c-a1c5-456b-8817-1f20cca9e04f tempest-DHCPAgentSchedulersTestJSON-1692212851 tempest-DHCPAgentSchedulersTestJSON-1692212851-project] Pushing event updated for resources: {'Network': ['ID=0f208a04-0d56-4f7d-b52d-159262d5ec91,revision_number=1']} {{(pid=109848) push /opt/stack/neutron/neutron/api/rpc/handlers/resources_rpc.py:237}}
Dec 16 08:47:01.502153 dv-neutron-821271-3-hyperv neutron-server[109850]: DEBUG neutron.plugins.ml2.rpc [None req-7f5ce9a2-68a7-4933-aa2f-05ec76d59759 None None] Network 0f208a04-0d56-4f7d-b52d-159262d5ec91 details requested by agent ovs-agent-dv-neutron-821271-3-hyperv with host dv-neutron-821271-3-hyperv {{(pid=109850) get_network_details /opt/stack/neutron/neutron/plugins/ml2/rpc.py:248}}
Dec 16 08:47:01.503049 dv-neutron-821271-3-hyperv neutron-server[109849]: DEBUG neutron.api.rpc.handlers.resources_rpc [None req-68a3ae94-885e-4e0a-9aec-69082816ffcc tempest-ExternalNetworksTestJSON-168317246 tempest-ExternalNetworksTestJSON-168317246-project-admin] Pushing event updated for resources: {'SecurityGroup': ['ID=c3996e54-8506-446f-a124-b84e66d74040,revision_number=1']} {{(pid=109849) push /opt/stack/neutron/neutron/api/rpc/handlers/resources_rpc.py:237}}
Dec 16 08:47:01.515172 dv-neutron-821271-3-hyperv neutron-server[109849]: DEBUG neutron_lib.callbacks.manager [None req-68a3ae94-885e-4e0a-9aec-69082816ffcc tempest-ExternalNetworksTestJSON-168317246 tempest-ExternalNetworksTestJSON-168317246-project-admin] Publish callbacks ['neutron.plugins.ml2.ovo_rpc._ObjectChangeHandler.handle_event-33167198', 'neutron.api.rpc.agentnotifiers.dhcp_rpc_agent_api.DhcpAgentNotifyAPI._native_event_send_dhcp_notification-33156179'] for network, after_create {{(pid=109849) _notify_loop /usr/local/lib/python3.8/dist-packages/neutron_lib/callbacks/manager.py:175}}
Dec 16 08:47:01.516508 dv-neutron-821271-3-hyperv neutron-server[109849]: DEBUG neutron.pecan_wsgi.hooks.policy_enforcement [None req-68a3ae94-885e-4e0a-9aec-69082816ffcc tempest-ExternalNetworksTestJSON-168317246 tempest-ExternalNetworksTestJSON-168317246-project-admin] Attributes excluded by policy engine: ['standard_attr_id', 'vlan_transparent'] {{(pid=109849) _exclude_attributes_by_policy /opt/stack/neutron/neutron/pecan_wsgi/hooks/policy_enforcement.py:255}}
Dec 16 08:47:01.517188 dv-neutron-821271-3-hyperv neutron-server[109849]: DEBUG neutron_lib.callbacks.manager [None req-68a3ae94-885e-4e0a-9aec-69082816ffcc tempest-ExternalNetworksTestJSON-168317246 tempest-ExternalNetworksTestJSON-168317246-project-admin] Publish callbacks ['neutron.api.rpc.agentnotifiers.dhcp_rpc_agent_api.DhcpAgentNotifyAPI._send_dhcp_notification-33156173'] for network, before_response {{(pid=109849) _notify_loop /usr/local/lib/python3.8/dist-packages/neutron_lib/callbacks/manager.py:175}}
Dec 16 08:47:01.577383 dv-neutron-821271-3-hyperv neutron-server[109849]: INFO neutron.wsgi [None req-68a3ae94-885e-4e0a-9aec-69082816ffcc tempest-ExternalNetworksTestJSON-168317246 tempest-ExternalNetworksTestJSON-168317246-project-admin] 10.222.0.48 "POST /v2.0/networks HTTP/1.1" status: 201 len: 862 time: 1.1928179
Dec 16 08:47:01.583394 dv-neutron-821271-3-hyperv neutron-server[109849]: DEBUG neutron.wsgi [-] (109849) accepted ('10.222.0.48', 49174) {{(pid=109849) server /usr/local/lib/python3.8/dist-packages/eventlet/wsgi.py:1004}}
Dec 16 08:47:01.593911 dv-neutron-821271-3-hyperv neutron-server[109850]: DEBUG neutron.plugins.ml2.plugin [None req-93b06e6b-cd42-4fe6-b13c-95bc0ad586d6 None None] Port 81483bd0-04db-40a4-bda1-7de8f5b992be cannot update to ACTIVE because it is not bound. {{(pid=109850) _port_provisioned /opt/stack/neutron/neutron/plugins/ml2/plugin.py:342}}
Dec 16 08:47:01.628125 dv-neutron-821271-3-hyperv neutron-server[109850]: DEBUG neutron.db.provisioning_blocks [None req-93b06e6b-cd42-4fe6-b13c-95bc0ad586d6 None None] Provisioning complete for port 9fd2acd5-e8b3-4b6e-ac31-f72f05ba7623 triggered by entity DHCP. {{(pid=109850) provisioning_complete /opt/stack/neutron/neutron/db/provisioning_blocks.py:139}}
Dec 16 08:47:01.628497 dv-neutron-821271-3-hyperv neutron-server[109850]: DEBUG neutron_lib.callbacks.manager [None req-93b06e6b-cd42-4fe6-b13c-95bc0ad586d6 None None] Publish callbacks ['neutron.plugins.ml2.plugin.Ml2Plugin._port_provisioned-669157'] for port, provisioning_complete {{(pid=109850) _notify_loop /usr/local/lib/python3.8/dist-packages/neutron_lib/callbacks/manager.py:175}}
Dec 16 08:47:01.635542 dv-neutron-821271-3-hyperv neutron-server[109850]: DEBUG neutron.db.provisioning_blocks [None req-7f5ce9a2-68a7-4933-aa2f-05ec76d59759 None None] Provisioning complete for port 9fd2acd5-e8b3-4b6e-ac31-f72f05ba7623 triggered by entity L2. {{(pid=109850) provisioning_complete /opt/stack/neutron/neutron/db/provisioning_blocks.py:139}}
Dec 16 08:47:01.635542 dv-neutron-821271-3-hyperv neutron-server[109850]: DEBUG neutron_lib.callbacks.manager [None req-7f5ce9a2-68a7-4933-aa2f-05ec76d59759 None None] Publish callbacks ['neutron.plugins.ml2.plugin.Ml2Plugin._port_provisioned-669157'] for port, provisioning_complete {{(pid=109850) _notify_loop /usr/local/lib/python3.8/dist-packages/neutron_lib/callbacks/manager.py:175}}
Dec 16 08:47:01.638165 dv-neutron-821271-3-hyperv neutron-server[109848]: DEBUG neutron_lib.callbacks.manager [None req-90e6bab2-b6b3-45c0-a8db-a7c3520ea429 admin admin] Publish callbacks [] for port, precommit_create {{(pid=109848) _notify_loop /usr/local/lib/python3.8/dist-packages/neutron_lib/callbacks/manager.py:175}}
Dec 16 08:47:01.693865 dv-neutron-821271-3-hyperv neutron-server[109849]: DEBUG neutron_lib.callbacks.manager [None req-25cf80bf-fe1a-430e-ac3c-6ee41c2ed01c tempest-ExternalNetworksTestJSON-168317246 tempest-ExternalNetworksTestJSON-168317246-project-admin] Publish callbacks ['neutron.plugins.ml2.plugin.External_net_db_mixin._before_network_delete_handler-821733'] for network, before_delete {{(pid=109849) _notify_loop /usr/local/lib/python3.8/dist-packages/neutron_lib/callbacks/manager.py:175}}
Dec 16 08:47:01.697550 dv-neutron-821271-3-hyperv neutron-server[109848]: DEBUG neutron_lib.callbacks.manager [None req-90e6bab2-b6b3-45c0-a8db-a7c3520ea429 admin admin] Publish callbacks ['neutron.plugins.ml2.plugin.SecurityGroupServerNotifierRpcMixin._notify_sg_on_port_change-647115', 'neutron.plugins.ml2.ovo_rpc._ObjectChangeHandler.handle_event-172197', 'neutron.api.rpc.agentnotifiers.dhcp_rpc_agent_api.DhcpAgentNotifyAPI._native_event_send_dhcp_notification-33156179', 'neutron.db.l3_dvrscheduler_db._notify_l3_agent_new_port-8736953224138'] for port, after_create {{(pid=109848) _notify_loop /usr/local/lib/python3.8/dist-packages/neutron_lib/callbacks/manager.py:175}}
Dec 16 08:47:01.705723 dv-neutron-821271-3-hyperv neutron-server[109851]: DEBUG neutron.db.l3_hamode_db [None req-cbb7551b-ad38-4a9d-9ce2-b0219acccfd5 None None] neutron.services.l3_router.l3_router_plugin.L3RouterPlugin method _process_sync_ha_data called with arguments (, [{'id': '06f642b4-c6db-4368-bc14-1436f1bfb163', 'name': 'tempest-ServersTestJSON-736267502-router', 'tenant_id': '9efff6ab13cf44e8bc119929ed1f576f', 'admin_state_up': True, 'status': 'ACTIVE', 'external_gateway_info': {'network_id': 'd7bff649-8872-4fe2-b26c-ffede6b75416', 'external_fixed_ips': [{'subnet_id': '5cd8cc2b-d44a-4430-92d1-81c18ab04525', 'ip_address': '172.26.7.180'}], 'enable_snat': True}, 'gw_port_id': '5d99dcd5-79e1-4a1d-a017-5ea09a4047e4', 'description': '', 'availability_zones': ['nova'], 'distributed': False, 'ha': False, 'ha_vr_id': 0, 'availability_zone_hints': [], 'routes': [], 'flavor_id': None, 'tags': [], 'created_at': '2021-12-16T08:46:54Z', 'updated_at': '2021-12-16T08:46:59Z', 'revision_number': 4, 'project_id': '9efff6ab13cf44e8bc119929ed1f576f', 'gw_port': {'id': '5d99dcd5-79e1-4a1d-a017-5ea09a4047e4', 'name': '', 'network_id': 'd7bff649-8872-4fe2-b26c-ffede6b75416', 'tenant_id': '', 'mac_address': 'fa:16:3e:b8:7b:50', 'admin_state_up': True, 'status': 'DOWN', 'device_id': '06f642b4-c6db-4368-bc14-1436f1bfb163', 'device_owner': 'network:router_gateway', 'standard_attr_id': 56, 'fixed_ips': [{'subnet_id': '5cd8cc2b-d44a-4430-92d1-81c18ab04525', 'ip_address': '172.26.7.180', 'prefixlen': 24}], 'allowed_address_pairs': [], 'extra_dhcp_opts': [], 'security_groups': [], 'description': '', 'binding:vnic_type': 'normal', 'binding:profile': {}, 'binding:host_id': 'dv-neutron-821271-3-hyperv', 'binding:vif_type': 'ovs', 'binding:vif_details': {'connectivity': 'l2', 'port_filter': True, 'ovs_hybrid_plug': False, 'datapath_type': 'system', 'bridge_name': 'br-int'}, 'port_security_enabled': False, 'tags': [], 'created_at': '2021-12-16T08:46:55Z', 'updated_at': '2021-12-16T08:47:00Z', 'revision_number': 3, 'project_id': '', 'subnets': [{'id': '5cd8cc2b-d44a-4430-92d1-81c18ab04525', 'cidr': '172.26.7.0/24', 'gateway_ip': '172.26.7.1', 'dns_nameservers': [], 'ipv6_ra_mode': None, 'subnetpool_id': None}], 'extra_subnets': [], 'address_scopes': {4: None, 6: None}, 'mtu': 1500}, 'enable_snat': True, 'gw_port_host': 'dv-neutron-821271-3-hyperv', '_interfaces': [{'id': '81483bd0-04db-40a4-bda1-7de8f5b992be', 'name': '', 'network_id': 'c654c242-6c5c-421c-85cc-6009d996d566', 'tenant_id': '9efff6ab13cf44e8bc119929ed1f576f', 'mac_address': 'fa:16:3e:86:1b:21', 'admin_state_up': True, 'status': 'DOWN', 'device_id': '06f642b4-c6db-4368-bc14-1436f1bfb163', 'device_owner': 'network:router_interface', 'standard_attr_id': 77, 'fixed_ips': [{'subnet_id': 'c1bf62fd-020d-4a48-882a-ef157b1e83a8', 'ip_address': '172.20.0.1', 'prefixlen': 28}], 'allowed_address_pairs': [], 'extra_dhcp_opts': [], 'security_groups': [], 'description': '', 'binding:vnic_type': 'normal', 'binding:profile': {}, 'binding:host_id': '', 'binding:vif_type': 'unbound', 'binding:vif_details': {}, 'port_security_enabled': False, 'tags': [], 'created_at': '2021-12-16T08:46:58Z', 'updated_at': '2021-12-16T08:46:59Z', 'revision_number': 2, 'project_id': '9efff6ab13cf44e8bc119929ed1f576f', 'subnets': [{'id': 'c1bf62fd-020d-4a48-882a-ef157b1e83a8', 'cidr': '172.20.0.0/28', 'gateway_ip': '172.20.0.1', 'dns_nameservers': [], 'ipv6_ra_mode': None, 'subnetpool_id': None}], 'extra_subnets': [], 'address_scopes': {4: None, 6: None}, 'mtu': 1500}]}], 'dv-neutron-821271-3-hyperv', False) {} {{(pid=109851) wrapper /usr/local/lib/python3.8/dist-packages/oslo_log/helpers.py:65}}
Dec 16 08:47:01.740252 dv-neutron-821271-3-hyperv neutron-server[109851]: DEBUG neutron.api.rpc.handlers.l3_rpc [None req-cbb7551b-ad38-4a9d-9ce2-b0219acccfd5 None None] The sync data for ids ['06f642b4-c6db-4368-bc14-1436f1bfb163'] in dv-neutron-821271-3-hyperv is: [{'id': '06f642b4-c6db-4368-bc14-1436f1bfb163', 'name': 'tempest-ServersTestJSON-736267502-router', 'tenant_id': '9efff6ab13cf44e8bc119929ed1f576f', 'admin_state_up': True, 'status': 'ACTIVE', 'external_gateway_info': {'network_id': 'd7bff649-8872-4fe2-b26c-ffede6b75416', 'external_fixed_ips': [{'subnet_id': '5cd8cc2b-d44a-4430-92d1-81c18ab04525', 'ip_address': '172.26.7.180'}], 'enable_snat': True}, 'gw_port_id': '5d99dcd5-79e1-4a1d-a017-5ea09a4047e4', 'description': '', 'availability_zones': ['nova'], 'distributed': False, 'ha': False, 'ha_vr_id': 0, 'availability_zone_hints': [], 'routes': [], 'flavor_id': None, 'tags': [], 'created_at': '2021-12-16T08:46:54Z', 'updated_at': '2021-12-16T08:46:59Z', 'revision_number': 4, 'project_id': '9efff6ab13cf44e8bc119929ed1f576f', 'gw_port': {'id': '5d99dcd5-79e1-4a1d-a017-5ea09a4047e4', 'name': '', 'network_id': 'd7bff649-8872-4fe2-b26c-ffede6b75416', 'tenant_id': '', 'mac_address': 'fa:16:3e:b8:7b:50', 'admin_state_up': True, 'status': 'DOWN', 'device_id': '06f642b4-c6db-4368-bc14-1436f1bfb163', 'device_owner': 'network:router_gateway', 'standard_attr_id': 56, 'fixed_ips': [{'subnet_id': '5cd8cc2b-d44a-4430-92d1-81c18ab04525', 'ip_address': '172.26.7.180', 'prefixlen': 24}], 'allowed_address_pairs': [], 'extra_dhcp_opts': [], 'security_groups': [], 'description': '', 'binding:vnic_type': 'normal', 'binding:profile': {}, 'binding:host_id': 'dv-neutron-821271-3-hyperv', 'binding:vif_type': 'ovs', 'binding:vif_details': {'connectivity': 'l2', 'port_filter': True, 'ovs_hybrid_plug': False, 'datapath_type': 'system', 'bridge_name': 'br-int'}, 'port_security_enabled': False, 'tags': [], 'created_at': '2021-12-16T08:46:55Z', 'updated_at': '2021-12-16T08:47:00Z', 'revision_number': 3, 'project_id': '', 'subnets': [{'id': '5cd8cc2b-d44a-4430-92d1-81c18ab04525', 'cidr': '172.26.7.0/24', 'gateway_ip': '172.26.7.1', 'dns_nameservers': [], 'ipv6_ra_mode': None, 'subnetpool_id': None}], 'extra_subnets': [], 'address_scopes': {4: None, 6: None}, 'mtu': 1500}, 'enable_snat': True, 'gw_port_host': 'dv-neutron-821271-3-hyperv', '_interfaces': [{'id': '81483bd0-04db-40a4-bda1-7de8f5b992be', 'name': '', 'network_id': 'c654c242-6c5c-421c-85cc-6009d996d566', 'tenant_id': '9efff6ab13cf44e8bc119929ed1f576f', 'mac_address': 'fa:16:3e:86:1b:21', 'admin_state_up': True, 'status': 'DOWN', 'device_id': '06f642b4-c6db-4368-bc14-1436f1bfb163', 'device_owner': 'network:router_interface', 'standard_attr_id': 77, 'fixed_ips': [{'subnet_id': 'c1bf62fd-020d-4a48-882a-ef157b1e83a8', 'ip_address': '172.20.0.1', 'prefixlen': 28}], 'allowed_address_pairs': [], 'extra_dhcp_opts': [], 'security_groups': [], 'description': '', 'binding:vnic_type': 'normal', 'binding:profile': {}, 'binding:host_id': '', 'binding:vif_type': 'unbound', 'binding:vif_details': {}, 'port_security_enabled': False, 'tags': [], 'created_at': '2021-12-16T08:46:58Z', 'updated_at': '2021-12-16T08:46:59Z', 'revision_number': 2, 'project_id': '9efff6ab13cf44e8bc119929ed1f576f', 'subnets': [{'id': 'c1bf62fd-020d-4a48-882a-ef157b1e83a8', 'cidr': '172.20.0.0/28', 'gateway_ip': '172.20.0.1', 'dns_nameservers': [], 'ipv6_ra_mode': None, 'subnetpool_id': None}], 'extra_subnets': [], 'address_scopes': {4: None, 6: None}, 'mtu': 1500}]}] {{(pid=109851) sync_routers /opt/stack/neutron/neutron/api/rpc/handlers/l3_rpc.py:137}}
Dec 16 08:47:01.831059 dv-neutron-821271-3-hyperv neutron-server[109849]: DEBUG neutron.api.rpc.handlers.resources_rpc [None req-68a3ae94-885e-4e0a-9aec-69082816ffcc tempest-ExternalNetworksTestJSON-168317246 tempest-ExternalNetworksTestJSON-168317246-project-admin] Pushing event updated for resources: {'Network': ['ID=c86955c4-7e30-42d8-b233-7db369c355c2,revision_number=1']} {{(pid=109849) push /opt/stack/neutron/neutron/api/rpc/handlers/resources_rpc.py:237}}
Dec 16 08:47:01.847723 dv-neutron-821271-3-hyperv neutron-server[109850]: DEBUG neutron.plugins.ml2.rpc [None req-7f5ce9a2-68a7-4933-aa2f-05ec76d59759 None None] Network c86955c4-7e30-42d8-b233-7db369c355c2 details requested by agent ovs-agent-dv-neutron-821271-3-hyperv with host dv-neutron-821271-3-hyperv {{(pid=109850) get_network_details /opt/stack/neutron/neutron/plugins/ml2/rpc.py:248}}
Dec 16 08:47:01.847900 dv-neutron-821271-3-hyperv neutron-server[109848]: DEBUG neutron_lib.callbacks.manager [None req-58286f26-e2a0-4594-89be-850d9698895c admin admin] Publish callbacks [] for security_group, before_create {{(pid=109848) _notify_loop /usr/local/lib/python3.8/dist-packages/neutron_lib/callbacks/manager.py:175}}
Dec 16 08:47:01.866874 dv-neutron-821271-3-hyperv neutron-server[109850]: DEBUG neutron.plugins.ml2.rpc [None req-7f5ce9a2-68a7-4933-aa2f-05ec76d59759 None None] Device d6f2381b-12b5-4d4a-8b8f-d2e28f0ceb29 up at agent ovs-agent-dv-neutron-821271-3-hyperv {{(pid=109850) update_device_up /opt/stack/neutron/neutron/plugins/ml2/rpc.py:296}}
Dec 16 08:47:01.894681 dv-neutron-821271-3-hyperv neutron-server[109849]: DEBUG neutron.scheduler.l3_agent_scheduler [None req-4c924964-8cbb-4eb6-9c2e-3d12512c9a7c admin admin] Router 06f642b4-c6db-4368-bc14-1436f1bfb163 has already been hosted by L3 agent 30652ed5-ff8c-4d60-92b7-9fcb1347019d {{(pid=109849) _get_candidates /opt/stack/neutron/neutron/scheduler/l3_agent_scheduler.py:126}}
Dec 16 08:47:01.898047 dv-neutron-821271-3-hyperv neutron-server[109848]: DEBUG neutron.scheduler.dhcp_agent_scheduler [None req-90e6bab2-b6b3-45c0-a8db-a7c3520ea429 admin admin] Network d7bff649-8872-4fe2-b26c-ffede6b75416 is already hosted by enough agents. {{(pid=109848) _get_dhcp_agents_hosting_network /opt/stack/neutron/neutron/scheduler/dhcp_agent_scheduler.py:275}}
Dec 16 08:47:01.915774 dv-neutron-821271-3-hyperv neutron-server[109848]: DEBUG neutron.scheduler.base_scheduler [None req-90e6bab2-b6b3-45c0-a8db-a7c3520ea429 admin admin] Resources bound (agent type, host, resource id): {{(pid=109848) schedule /opt/stack/neutron/neutron/scheduler/base_scheduler.py:57}}
Dec 16 08:47:01.917621 dv-neutron-821271-3-hyperv neutron-server[109848]: DEBUG neutron.pecan_wsgi.hooks.quota_enforcement [None req-7369450f-7715-43f7-a0e5-6f7ade73b28f tempest-DHCPAgentSchedulersTestJSON-1692212851 tempest-DHCPAgentSchedulersTestJSON-1692212851-project] Made reservation on behalf of 2879d22752cc460ca8d8cded0a44d499 for: {'subnet': 1} {{(pid=109848) before /opt/stack/neutron/neutron/pecan_wsgi/hooks/quota_enforcement.py:53}}
Dec 16 08:47:01.921035 dv-neutron-821271-3-hyperv neutron-server[109848]: DEBUG neutron_lib.callbacks.manager [None req-7369450f-7715-43f7-a0e5-6f7ade73b28f tempest-DHCPAgentSchedulersTestJSON-1692212851 tempest-DHCPAgentSchedulersTestJSON-1692212851-project] Publish callbacks [] for subnet, before_create {{(pid=109848) _notify_loop /usr/local/lib/python3.8/dist-packages/neutron_lib/callbacks/manager.py:175}}
Dec 16 08:47:01.933078 dv-neutron-821271-3-hyperv neutron-server[109848]: DEBUG neutron.db.l3_dvrscheduler_db [None req-90e6bab2-b6b3-45c0-a8db-a7c3520ea429 admin admin] Received port after_create {{(pid=109848) _notify_l3_agent_new_port /opt/stack/neutron/neutron/db/l3_dvrscheduler_db.py:535}}
Dec 16 08:47:01.936414 dv-neutron-821271-3-hyperv neutron-server[109848]: DEBUG neutron.api.rpc.handlers.resources_rpc [None req-5c1eccd0-b5cb-466e-9660-4eb36a6e0ce5 tempest-RoutersAdminTest-394993058 tempest-RoutersAdminTest-394993058-project-admin] Pushing event updated for resources: {'Network': ['ID=048af98a-3974-4f80-9994-8a2418d6945f,revision_number=1']} {{(pid=109848) push /opt/stack/neutron/neutron/api/rpc/handlers/resources_rpc.py:237}}
Dec 16 08:47:01.964402 dv-neutron-821271-3-hyperv neutron-server[109849]: DEBUG neutron_lib.callbacks.manager [None req-25cf80bf-fe1a-430e-ac3c-6ee41c2ed01c tempest-ExternalNetworksTestJSON-168317246 tempest-ExternalNetworksTestJSON-168317246-project-admin] Publish callbacks ['neutron.plugins.ml2.plugin.Ml2Plugin._network_delete_precommit_handler-670044', 'neutron.services.segments.db._delete_segments_for_network-8736953709954'] for network, precommit_delete {{(pid=109849) _notify_loop /usr/local/lib/python3.8/dist-packages/neutron_lib/callbacks/manager.py:175}}
Dec 16 08:47:01.967868 dv-neutron-821271-3-hyperv neutron-server[109850]: DEBUG neutron.plugins.ml2.rpc [None req-7f5ce9a2-68a7-4933-aa2f-05ec76d59759 None None] Network 048af98a-3974-4f80-9994-8a2418d6945f details requested by agent ovs-agent-dv-neutron-821271-3-hyperv with host dv-neutron-821271-3-hyperv {{(pid=109850) get_network_details /opt/stack/neutron/neutron/plugins/ml2/rpc.py:248}}
Dec 16 08:47:01.986260 dv-neutron-821271-3-hyperv neutron-server[109848]: DEBUG neutron.api.rpc.handlers.resources_rpc [None req-90e6bab2-b6b3-45c0-a8db-a7c3520ea429 admin admin] Pushing event updated for resources: {'Port': ['ID=6a4793a0-4673-4a04-bd13-55d265463395,revision_number=1']} {{(pid=109848) push /opt/stack/neutron/neutron/api/rpc/handlers/resources_rpc.py:237}}
Dec 16 08:47:02.023291 dv-neutron-821271-3-hyperv neutron-server[109848]: DEBUG neutron.db.db_base_plugin_common [None req-961871ed-4a15-411e-b136-7d8a1554a5f7 tempest-FloatingIPAdminTestJSON-562602658 tempest-FloatingIPAdminTestJSON-562602658-project] Allocated IP 172.26.7.115 (d7bff649-8872-4fe2-b26c-ffede6b75416/5cd8cc2b-d44a-4430-92d1-81c18ab04525/a3ba8a62-64f9-4a6a-b68a-5044c84ba4a3) {{(pid=109848) _store_ip_allocation /opt/stack/neutron/neutron/db/db_base_plugin_common.py:131}}
Dec 16 08:47:02.036434 dv-neutron-821271-3-hyperv neutron-server[109849]: DEBUG neutron_lib.callbacks.manager [None req-25cf80bf-fe1a-430e-ac3c-6ee41c2ed01c tempest-ExternalNetworksTestJSON-168317246 tempest-ExternalNetworksTestJSON-168317246-project-admin] Subscribe: > segment before_delete 55550000 {{(pid=109849) subscribe /usr/local/lib/python3.8/dist-packages/neutron_lib/callbacks/manager.py:45}}
Dec 16 08:47:02.043093 dv-neutron-821271-3-hyperv neutron-server[109849]: DEBUG neutron_lib.callbacks.manager [None req-25cf80bf-fe1a-430e-ac3c-6ee41c2ed01c tempest-ExternalNetworksTestJSON-168317246 tempest-ExternalNetworksTestJSON-168317246-project-admin] Subscribe: > subnet precommit_delete_associations 55550000 {{(pid=109849) subscribe /usr/local/lib/python3.8/dist-packages/neutron_lib/callbacks/manager.py:45}}
Dec 16 08:47:02.043971 dv-neutron-821271-3-hyperv neutron-server[109849]: DEBUG neutron_lib.callbacks.manager [None req-25cf80bf-fe1a-430e-ac3c-6ee41c2ed01c tempest-ExternalNetworksTestJSON-168317246 tempest-ExternalNetworksTestJSON-168317246-project-admin] Subscribe: > segment_host_mapping after_create 55550000 {{(pid=109849) subscribe /usr/local/lib/python3.8/dist-packages/neutron_lib/callbacks/manager.py:45}}
Dec 16 08:47:02.044304 dv-neutron-821271-3-hyperv neutron-server[109849]: DEBUG neutron_lib.callbacks.manager [None req-25cf80bf-fe1a-430e-ac3c-6ee41c2ed01c tempest-ExternalNetworksTestJSON-168317246 tempest-ExternalNetworksTestJSON-168317246-project-admin] Subscribe: > port after_create 55550000 {{(pid=109849) subscribe /usr/local/lib/python3.8/dist-packages/neutron_lib/callbacks/manager.py:45}}
Dec 16 08:47:02.049708 dv-neutron-821271-3-hyperv neutron-server[109849]: DEBUG neutron_lib.callbacks.manager [None req-25cf80bf-fe1a-430e-ac3c-6ee41c2ed01c tempest-ExternalNetworksTestJSON-168317246 tempest-ExternalNetworksTestJSON-168317246-project-admin] Subscribe: > port after_delete 55550000 {{(pid=109849) subscribe /usr/local/lib/python3.8/dist-packages/neutron_lib/callbacks/manager.py:45}}
Dec 16 08:47:02.050178 dv-neutron-821271-3-hyperv neutron-server[109849]: DEBUG neutron_lib.callbacks.manager [None req-25cf80bf-fe1a-430e-ac3c-6ee41c2ed01c tempest-ExternalNetworksTestJSON-168317246 tempest-ExternalNetworksTestJSON-168317246-project-admin] Subscribe: > port after_update 55550000 {{(pid=109849) subscribe /usr/local/lib/python3.8/dist-packages/neutron_lib/callbacks/manager.py:45}}
Dec 16 08:47:02.050523 dv-neutron-821271-3-hyperv neutron-server[109849]: DEBUG neutron_lib.callbacks.manager [None req-25cf80bf-fe1a-430e-ac3c-6ee41c2ed01c tempest-ExternalNetworksTestJSON-168317246 tempest-ExternalNetworksTestJSON-168317246-project-admin] Subscribe: > segment after_delete 55550000 {{(pid=109849) subscribe /usr/local/lib/python3.8/dist-packages/neutron_lib/callbacks/manager.py:45}}
Dec 16 08:47:02.050878 dv-neutron-821271-3-hyperv neutron-server[109849]: DEBUG neutron_lib.callbacks.manager [None req-25cf80bf-fe1a-430e-ac3c-6ee41c2ed01c tempest-ExternalNetworksTestJSON-168317246 tempest-ExternalNetworksTestJSON-168317246-project-admin] Subscribe: > subnet after_create 55550000 {{(pid=109849) subscribe /usr/local/lib/python3.8/dist-packages/neutron_lib/callbacks/manager.py:45}}
Dec 16 08:47:02.051204 dv-neutron-821271-3-hyperv neutron-server[109849]: DEBUG neutron_lib.callbacks.manager [None req-25cf80bf-fe1a-430e-ac3c-6ee41c2ed01c tempest-ExternalNetworksTestJSON-168317246 tempest-ExternalNetworksTestJSON-168317246-project-admin] Subscribe: > subnet after_delete 55550000 {{(pid=109849) subscribe /usr/local/lib/python3.8/dist-packages/neutron_lib/callbacks/manager.py:45}}
Dec 16 08:47:02.051529 dv-neutron-821271-3-hyperv neutron-server[109849]: DEBUG neutron_lib.callbacks.manager [None req-25cf80bf-fe1a-430e-ac3c-6ee41c2ed01c tempest-ExternalNetworksTestJSON-168317246 tempest-ExternalNetworksTestJSON-168317246-project-admin] Subscribe: > subnet after_update 55550000 {{(pid=109849) subscribe /usr/local/lib/python3.8/dist-packages/neutron_lib/callbacks/manager.py:45}}
Dec 16 08:47:02.075322 dv-neutron-821271-3-hyperv neutron-server[109848]: DEBUG neutron_lib.callbacks.manager [None req-d31ff1c2-2107-46c6-978e-2b4b1d5f090b admin admin] Publish callbacks [] for router_gateway, after_create {{(pid=109848) _notify_loop /usr/local/lib/python3.8/dist-packages/neutron_lib/callbacks/manager.py:175}}
Dec 16 08:47:02.151258 dv-neutron-821271-3-hyperv neutron-server[109850]: DEBUG neutron.db.provisioning_blocks [None req-9389f519-1187-4cb3-8863-1ed9cde0c84f None None] Provisioning complete for port d6f2381b-12b5-4d4a-8b8f-d2e28f0ceb29 triggered by entity DHCP. {{(pid=109850) provisioning_complete /opt/stack/neutron/neutron/db/provisioning_blocks.py:139}}
Dec 16 08:47:02.151665 dv-neutron-821271-3-hyperv neutron-server[109850]: DEBUG neutron_lib.callbacks.manager [None req-9389f519-1187-4cb3-8863-1ed9cde0c84f None None] Publish callbacks ['neutron.plugins.ml2.plugin.Ml2Plugin._port_provisioned-669157'] for port, provisioning_complete {{(pid=109850) _notify_loop /usr/local/lib/python3.8/dist-packages/neutron_lib/callbacks/manager.py:175}}
Dec 16 08:47:02.203951 dv-neutron-821271-3-hyperv neutron-server[109850]: DEBUG neutron.db.provisioning_blocks [None req-7f5ce9a2-68a7-4933-aa2f-05ec76d59759 None None] Provisioning complete for port d6f2381b-12b5-4d4a-8b8f-d2e28f0ceb29 triggered by entity L2. {{(pid=109850) provisioning_complete /opt/stack/neutron/neutron/db/provisioning_blocks.py:139}}
Dec 16 08:47:02.204239 dv-neutron-821271-3-hyperv neutron-server[109850]: DEBUG neutron_lib.callbacks.manager [None req-7f5ce9a2-68a7-4933-aa2f-05ec76d59759 None None] Publish callbacks ['neutron.plugins.ml2.plugin.Ml2Plugin._port_provisioned-669157'] for port, provisioning_complete {{(pid=109850) _notify_loop /usr/local/lib/python3.8/dist-packages/neutron_lib/callbacks/manager.py:175}}
Dec 16 08:47:02.324219 dv-neutron-821271-3-hyperv neutron-server[109849]: DEBUG neutron_lib.callbacks.manager [None req-25cf80bf-fe1a-430e-ac3c-6ee41c2ed01c tempest-ExternalNetworksTestJSON-168317246 tempest-ExternalNetworksTestJSON-168317246-project-admin] Subscribe: > subnet after_create 55550000 {{(pid=109849) subscribe /usr/local/lib/python3.8/dist-packages/neutron_lib/callbacks/manager.py:45}}
Dec 16 08:47:02.324632 dv-neutron-821271-3-hyperv neutron-server[109849]: DEBUG neutron_lib.callbacks.manager [None req-25cf80bf-fe1a-430e-ac3c-6ee41c2ed01c tempest-ExternalNetworksTestJSON-168317246 tempest-ExternalNetworksTestJSON-168317246-project-admin] Subscribe: > subnet after_delete 55550000 {{(pid=109849) subscribe /usr/local/lib/python3.8/dist-packages/neutron_lib/callbacks/manager.py:45}}
Dec 16 08:47:02.325115 dv-neutron-821271-3-hyperv neutron-server[109849]: DEBUG neutron_lib.callbacks.manager [None req-25cf80bf-fe1a-430e-ac3c-6ee41c2ed01c tempest-ExternalNetworksTestJSON-168317246 tempest-ExternalNetworksTestJSON-168317246-project-admin] Subscribe: > subnet before_create 55550000 {{(pid=109849) subscribe /usr/local/lib/python3.8/dist-packages/neutron_lib/callbacks/manager.py:45}}
Dec 16 08:47:02.325562 dv-neutron-821271-3-hyperv neutron-server[109849]: DEBUG neutron_lib.callbacks.manager [None req-25cf80bf-fe1a-430e-ac3c-6ee41c2ed01c tempest-ExternalNetworksTestJSON-168317246 tempest-ExternalNetworksTestJSON-168317246-project-admin] Subscribe: > subnet before_update 55550000 {{(pid=109849) subscribe /usr/local/lib/python3.8/dist-packages/neutron_lib/callbacks/manager.py:45}}
Dec 16 08:47:02.326069 dv-neutron-821271-3-hyperv neutron-server[109849]: DEBUG neutron.services.segments.db [None req-25cf80bf-fe1a-430e-ac3c-6ee41c2ed01c tempest-ExternalNetworksTestJSON-168317246 tempest-ExternalNetworksTestJSON-168317246-project-admin] neutron.services.segments.plugin.Plugin method get_segments called with arguments (,) {'filters': {'network_id': ['c86955c4-7e30-42d8-b233-7db369c355c2']}} {{(pid=109849) wrapper /usr/local/lib/python3.8/dist-packages/oslo_log/helpers.py:65}}
Dec 16 08:47:02.349580 dv-neutron-821271-3-hyperv neutron-server[109849]: DEBUG neutron.services.segments.db [None req-25cf80bf-fe1a-430e-ac3c-6ee41c2ed01c tempest-ExternalNetworksTestJSON-168317246 tempest-ExternalNetworksTestJSON-168317246-project-admin] neutron.services.segments.plugin.Plugin method delete_segment called with arguments (, 'a28e4a72-0d74-4057-9589-467316b22377') {'for_net_delete': True} {{(pid=109849) wrapper /usr/local/lib/python3.8/dist-packages/oslo_log/helpers.py:65}}
Dec 16 08:47:02.350024 dv-neutron-821271-3-hyperv neutron-server[109849]: DEBUG neutron.services.segments.db [None req-25cf80bf-fe1a-430e-ac3c-6ee41c2ed01c tempest-ExternalNetworksTestJSON-168317246 tempest-ExternalNetworksTestJSON-168317246-project-admin] neutron.services.segments.plugin.Plugin method get_segment called with arguments (, 'a28e4a72-0d74-4057-9589-467316b22377') {} {{(pid=109849) wrapper /usr/local/lib/python3.8/dist-packages/oslo_log/helpers.py:65}}
Dec 16 08:47:02.371899 dv-neutron-821271-3-hyperv neutron-server[109849]: DEBUG neutron_lib.callbacks.manager [None req-25cf80bf-fe1a-430e-ac3c-6ee41c2ed01c tempest-ExternalNetworksTestJSON-168317246 tempest-ExternalNetworksTestJSON-168317246-project-admin] Publish callbacks ['neutron.plugins.ml2.db._prevent_segment_delete_with_port_bound-8736953712011', 'neutron.services.segments.plugin.Plugin._prevent_segment_delete_with_subnet_associated-30699246'] for segment, before_delete {{(pid=109849) _notify_loop /usr/local/lib/python3.8/dist-packages/neutron_lib/callbacks/manager.py:175}}
Dec 16 08:47:02.411612 dv-neutron-821271-3-hyperv neutron-server[109849]: DEBUG neutron_lib.callbacks.manager [None req-25cf80bf-fe1a-430e-ac3c-6ee41c2ed01c tempest-ExternalNetworksTestJSON-168317246 tempest-ExternalNetworksTestJSON-168317246-project-admin] Publish callbacks ['neutron.plugins.ml2.plugin.Ml2Plugin._handle_segment_change-707138'] for segment, precommit_delete {{(pid=109849) _notify_loop /usr/local/lib/python3.8/dist-packages/neutron_lib/callbacks/manager.py:175}}
Dec 16 08:47:02.429208 dv-neutron-821271-3-hyperv neutron-server[109849]: DEBUG neutron.plugins.ml2.drivers.type_vlan [None req-25cf80bf-fe1a-430e-ac3c-6ee41c2ed01c tempest-ExternalNetworksTestJSON-168317246 tempest-ExternalNetworksTestJSON-168317246-project-admin] Releasing vlan 273 on physical network physnet1 to pool {{(pid=109849) release_segment /opt/stack/neutron/neutron/plugins/ml2/drivers/type_vlan.py:304}}
Dec 16 08:47:02.429888 dv-neutron-821271-3-hyperv neutron-server[109849]: DEBUG neutron_lib.callbacks.manager [None req-25cf80bf-fe1a-430e-ac3c-6ee41c2ed01c tempest-ExternalNetworksTestJSON-168317246 tempest-ExternalNetworksTestJSON-168317246-project-admin] Publish callbacks ['neutron.plugins.ml2.plugin.Ml2Plugin._handle_segment_change-707138', 'neutron.services.segments.plugin.NovaSegmentNotifier._notify_segment_deleted-30717307'] for segment, after_delete {{(pid=109849) _notify_loop /usr/local/lib/python3.8/dist-packages/neutron_lib/callbacks/manager.py:175}}
Dec 16 08:47:02.436671 dv-neutron-821271-3-hyperv neutron-server[109849]: /usr/lib/python3/dist-packages/secretstorage/dhcrypto.py:15: CryptographyDeprecationWarning: int_from_bytes is deprecated, use int.from_bytes instead
Dec 16 08:47:02.436671 dv-neutron-821271-3-hyperv neutron-server[109849]: from cryptography.utils import int_from_bytes
Dec 16 08:47:02.436671 dv-neutron-821271-3-hyperv neutron-server[109849]: /usr/lib/python3/dist-packages/secretstorage/util.py:19: CryptographyDeprecationWarning: int_from_bytes is deprecated, use int.from_bytes instead
Dec 16 08:47:02.436671 dv-neutron-821271-3-hyperv neutron-server[109849]: from cryptography.utils import int_from_bytes
Dec 16 08:47:02.436671 dv-neutron-821271-3-hyperv neutron-server[109849]: Traceback (most recent call last):
Dec 16 08:47:02.436671 dv-neutron-821271-3-hyperv neutron-server[109849]: File "/usr/local/lib/python3.8/dist-packages/eventlet/hubs/hub.py", line 476, in fire_timers
Dec 16 08:47:02.436671 dv-neutron-821271-3-hyperv neutron-server[109849]: timer()
Dec 16 08:47:02.436671 dv-neutron-821271-3-hyperv neutron-server[109849]: File "/usr/local/lib/python3.8/dist-packages/eventlet/hubs/timer.py", line 59, in __call__
Dec 16 08:47:02.436671 dv-neutron-821271-3-hyperv neutron-server[109849]: cb(*args, **kw)
Dec 16 08:47:02.436671 dv-neutron-821271-3-hyperv neutron-server[109849]: File "/opt/stack/neutron/neutron/common/utils.py", line 914, in wrapper
Dec 16 08:47:02.436671 dv-neutron-821271-3-hyperv neutron-server[109849]: return func(*args, **kwargs)
Dec 16 08:47:02.436671 dv-neutron-821271-3-hyperv neutron-server[109849]: File "/opt/stack/neutron/neutron/notifiers/batch_notifier.py", line 58, in synced_send
Dec 16 08:47:02.436671 dv-neutron-821271-3-hyperv neutron-server[109849]: self._notify()
Dec 16 08:47:02.436671 dv-neutron-821271-3-hyperv neutron-server[109849]: File "/opt/stack/neutron/neutron/notifiers/batch_notifier.py", line 69, in _notify
Dec 16 08:47:02.436671 dv-neutron-821271-3-hyperv neutron-server[109849]: self.callback(batched_events)
Dec 16 08:47:02.436671 dv-neutron-821271-3-hyperv neutron-server[109849]: File "/opt/stack/neutron/neutron/services/segments/plugin.py", line 211, in _send_notifications
Dec 16 08:47:02.436671 dv-neutron-821271-3-hyperv neutron-server[109849]: event.method(event)
Dec 16 08:47:02.436671 dv-neutron-821271-3-hyperv neutron-server[109849]: File "/opt/stack/neutron/neutron/services/segments/plugin.py", line 383, in _delete_nova_inventory
Dec 16 08:47:02.436671 dv-neutron-821271-3-hyperv neutron-server[109849]: aggregate_id = self._get_aggregate_id(event.segment_id)
Dec 16 08:47:02.436671 dv-neutron-821271-3-hyperv neutron-server[109849]: File "/opt/stack/neutron/neutron/services/segments/plugin.py", line 370, in _get_aggregate_id
Dec 16 08:47:02.436671 dv-neutron-821271-3-hyperv neutron-server[109849]: aggregate_uuid = self.p_client.list_aggregates(
Dec 16 08:47:02.436671 dv-neutron-821271-3-hyperv neutron-server[109849]: File "/usr/local/lib/python3.8/dist-packages/neutron_lib/placement/client.py", line 58, in wrapper
Dec 16 08:47:02.436671 dv-neutron-821271-3-hyperv neutron-server[109849]: return f(self, *a, **k)
Dec 16 08:47:02.436671 dv-neutron-821271-3-hyperv neutron-server[109849]: File "/usr/local/lib/python3.8/dist-packages/neutron_lib/placement/client.py", line 554, in list_aggregates
Dec 16 08:47:02.436671 dv-neutron-821271-3-hyperv neutron-server[109849]: return self._get(url).json()
Dec 16 08:47:02.436671 dv-neutron-821271-3-hyperv neutron-server[109849]: File "/usr/local/lib/python3.8/dist-packages/neutron_lib/placement/client.py", line 190, in _get
Dec 16 08:47:02.436671 dv-neutron-821271-3-hyperv neutron-server[109849]: return self._client.get(url, endpoint_filter=self._ks_filter,
Dec 16 08:47:02.436671 dv-neutron-821271-3-hyperv neutron-server[109849]: File "/usr/local/lib/python3.8/dist-packages/keystoneauth1/session.py", line 1141, in get
Dec 16 08:47:02.436671 dv-neutron-821271-3-hyperv neutron-server[109849]: return self.request(url, 'GET', **kwargs)
Dec 16 08:47:02.436671 dv-neutron-821271-3-hyperv neutron-server[109849]: File "/usr/local/lib/python3.8/dist-packages/keystoneauth1/session.py", line 811, in request
Dec 16 08:47:02.436671 dv-neutron-821271-3-hyperv neutron-server[109849]: base_url = self.get_endpoint(auth, allow=allow,
Dec 16 08:47:02.436671 dv-neutron-821271-3-hyperv neutron-server[109849]: File "/usr/local/lib/python3.8/dist-packages/keystoneauth1/session.py", line 1241, in get_endpoint
Dec 16 08:47:02.436671 dv-neutron-821271-3-hyperv neutron-server[109849]: auth = self._auth_required(auth, 'determine endpoint URL')
Dec 16 08:47:02.436671 dv-neutron-821271-3-hyperv neutron-server[109849]: File "/usr/local/lib/python3.8/dist-packages/keystoneauth1/session.py", line 1181, in _auth_required
Dec 16 08:47:02.436671 dv-neutron-821271-3-hyperv neutron-server[109849]: raise exceptions.MissingAuthPlugin(msg_fmt % msg)
Dec 16 08:47:02.436671 dv-neutron-821271-3-hyperv neutron-server[109849]: keystoneauth1.exceptions.auth_plugins.MissingAuthPlugin: An auth plugin is required to determine endpoint URL
Dec 16 08:47:02.473950 dv-neutron-821271-3-hyperv neutron-server[109850]: DEBUG neutron.plugins.ml2.rpc [None req-7f5ce9a2-68a7-4933-aa2f-05ec76d59759 None None] Device 9fd2acd5-e8b3-4b6e-ac31-f72f05ba7623 up at agent ovs-agent-dv-neutron-821271-3-hyperv {{(pid=109850) update_device_up /opt/stack/neutron/neutron/plugins/ml2/rpc.py:296}}
Dec 16 08:47:02.547026 dv-neutron-821271-3-hyperv neutron-server[109850]: DEBUG neutron.db.provisioning_blocks [None req-7f5ce9a2-68a7-4933-aa2f-05ec76d59759 None None] Provisioning complete for port 9fd2acd5-e8b3-4b6e-ac31-f72f05ba7623 triggered by entity L2. {{(pid=109850) provisioning_complete /opt/stack/neutron/neutron/db/provisioning_blocks.py:139}}
Dec 16 08:47:02.547395 dv-neutron-821271-3-hyperv neutron-server[109850]: DEBUG neutron_lib.callbacks.manager [None req-7f5ce9a2-68a7-4933-aa2f-05ec76d59759 None None] Publish callbacks ['neutron.plugins.ml2.plugin.Ml2Plugin._port_provisioned-669157'] for port, provisioning_complete {{(pid=109850) _notify_loop /usr/local/lib/python3.8/dist-packages/neutron_lib/callbacks/manager.py:175}}
Dec 16 08:47:02.567224 dv-neutron-821271-3-hyperv neutron-server[109849]: DEBUG neutron.api.rpc.agentnotifiers.l3_rpc_agent_api [None req-4c924964-8cbb-4eb6-9c2e-3d12512c9a7c admin admin] Notify agent at l3_agent.dv-neutron-821271-3-hyperv the message routers_updated {{(pid=109849) _agent_notification /opt/stack/neutron/neutron/api/rpc/agentnotifiers/l3_rpc_agent_api.py:65}}
Dec 16 08:47:02.583141 dv-neutron-821271-3-hyperv neutron-server[109849]: INFO neutron.wsgi [None req-4c924964-8cbb-4eb6-9c2e-3d12512c9a7c admin admin] 10.222.0.48 "PUT /v2.0/routers/06f642b4-c6db-4368-bc14-1436f1bfb163/add_router_interface HTTP/1.1" status: 200 len: 503 time: 4.6317086
Dec 16 08:47:02.586262 dv-neutron-821271-3-hyperv neutron-server[109849]: DEBUG neutron_lib.callbacks.manager [None req-25cf80bf-fe1a-430e-ac3c-6ee41c2ed01c tempest-ExternalNetworksTestJSON-168317246 tempest-ExternalNetworksTestJSON-168317246-project-admin] Publish callbacks ['neutron.plugins.ml2.plugin.Ml2Plugin._network_delete_after_delete_handler-670037', 'neutron.plugins.ml2.ovo_rpc._ObjectChangeHandler.handle_event-33167198', 'neutron.api.rpc.agentnotifiers.dhcp_rpc_agent_api.DhcpAgentNotifyAPI._native_event_send_dhcp_notification-33156179', 'neutron.services.l3_router.l3_router_plugin.DVRResourceOperationHandler.delete_fip_namespaces_for_ext_net-33055329'] for network, after_delete {{(pid=109849) _notify_loop /usr/local/lib/python3.8/dist-packages/neutron_lib/callbacks/manager.py:175}}
Dec 16 08:47:02.596846 dv-neutron-821271-3-hyperv neutron-server[109849]: DEBUG neutron.api.rpc.agentnotifiers.l3_rpc_agent_api [None req-25cf80bf-fe1a-430e-ac3c-6ee41c2ed01c tempest-ExternalNetworksTestJSON-168317246 tempest-ExternalNetworksTestJSON-168317246-project-admin] Fanout notify agent at l3_agent the message fipnamespace_delete_on_ext_net for external_network c86955c4-7e30-42d8-b233-7db369c355c2 {{(pid=109849) _notification_fanout /opt/stack/neutron/neutron/api/rpc/agentnotifiers/l3_rpc_agent_api.py:120}}
Dec 16 08:47:02.610836 dv-neutron-821271-3-hyperv neutron-server[109849]: DEBUG neutron.api.rpc.handlers.resources_rpc [None req-25cf80bf-fe1a-430e-ac3c-6ee41c2ed01c tempest-ExternalNetworksTestJSON-168317246 tempest-ExternalNetworksTestJSON-168317246-project-admin] Pushing event deleted for resources: {'Network': ['ID=c86955c4-7e30-42d8-b233-7db369c355c2,revision_number=None']} {{(pid=109849) push /opt/stack/neutron/neutron/api/rpc/handlers/resources_rpc.py:237}}
Dec 16 08:47:02.626603 dv-neutron-821271-3-hyperv neutron-server[109849]: DEBUG neutron_lib.callbacks.manager [None req-25cf80bf-fe1a-430e-ac3c-6ee41c2ed01c tempest-ExternalNetworksTestJSON-168317246 tempest-ExternalNetworksTestJSON-168317246-project-admin] Publish callbacks ['neutron.api.rpc.agentnotifiers.dhcp_rpc_agent_api.DhcpAgentNotifyAPI._send_dhcp_notification-33156173'] for network, before_response {{(pid=109849) _notify_loop /usr/local/lib/python3.8/dist-packages/neutron_lib/callbacks/manager.py:175}}
Dec 16 08:47:02.630155 dv-neutron-821271-3-hyperv neutron-server[109849]: INFO neutron.wsgi [None req-25cf80bf-fe1a-430e-ac3c-6ee41c2ed01c tempest-ExternalNetworksTestJSON-168317246 tempest-ExternalNetworksTestJSON-168317246-project-admin] 10.222.0.48 "DELETE /v2.0/networks/c86955c4-7e30-42d8-b233-7db369c355c2 HTTP/1.1" status: 204 len: 168 time: 1.0455122
Dec 16 08:47:02.637779 dv-neutron-821271-3-hyperv neutron-server[109849]: DEBUG neutron.wsgi [-] (109849) accepted ('10.222.0.48', 49180) {{(pid=109849) server /usr/local/lib/python3.8/dist-packages/eventlet/wsgi.py:1004}}
Dec 16 08:47:02.644503 dv-neutron-821271-3-hyperv neutron-server[109849]: DEBUG neutron.api.v2.base [None req-b009ad90-0e1e-4696-9f43-7f23b5d74298 tempest-ExternalNetworksTestJSON-168317246 tempest-ExternalNetworksTestJSON-168317246-project-admin] Request body: {'network': {'router:external': True}} {{(pid=109849) prepare_request_body /opt/stack/neutron/neutron/api/v2/base.py:729}}
Dec 16 08:47:02.663635 dv-neutron-821271-3-hyperv neutron-server[109850]: DEBUG neutron.plugins.ml2.rpc [None req-7f5ce9a2-68a7-4933-aa2f-05ec76d59759 None None] Device d6f2381b-12b5-4d4a-8b8f-d2e28f0ceb29 up at agent ovs-agent-dv-neutron-821271-3-hyperv {{(pid=109850) update_device_up /opt/stack/neutron/neutron/plugins/ml2/rpc.py:296}}
Dec 16 08:47:02.730888 dv-neutron-821271-3-hyperv neutron-server[109848]: DEBUG neutron_lib.callbacks.manager [None req-90e6bab2-b6b3-45c0-a8db-a7c3520ea429 admin admin] Publish callbacks [] for router_gateway, after_create {{(pid=109848) _notify_loop /usr/local/lib/python3.8/dist-packages/neutron_lib/callbacks/manager.py:175}}
Dec 16 08:47:02.742130 dv-neutron-821271-3-hyperv neutron-server[109850]: DEBUG neutron.db.provisioning_blocks [None req-7f5ce9a2-68a7-4933-aa2f-05ec76d59759 None None] Provisioning complete for port d6f2381b-12b5-4d4a-8b8f-d2e28f0ceb29 triggered by entity L2. {{(pid=109850) provisioning_complete /opt/stack/neutron/neutron/db/provisioning_blocks.py:139}}
Dec 16 08:47:02.742712 dv-neutron-821271-3-hyperv neutron-server[109850]: DEBUG neutron_lib.callbacks.manager [None req-7f5ce9a2-68a7-4933-aa2f-05ec76d59759 None None] Publish callbacks ['neutron.plugins.ml2.plugin.Ml2Plugin._port_provisioned-669157'] for port, provisioning_complete {{(pid=109850) _notify_loop /usr/local/lib/python3.8/dist-packages/neutron_lib/callbacks/manager.py:175}}
Dec 16 08:47:02.743935 dv-neutron-821271-3-hyperv neutron-server[109848]: DEBUG neutron_lib.callbacks.manager [None req-58286f26-e2a0-4594-89be-850d9698895c admin admin] Publish callbacks [] for security_group, precommit_create {{(pid=109848) _notify_loop /usr/local/lib/python3.8/dist-packages/neutron_lib/callbacks/manager.py:175}}
Dec 16 08:47:02.751639 dv-neutron-821271-3-hyperv neutron-server[109849]: DEBUG neutron.objects.ports [None req-f081a9a9-f1a3-4f24-82a0-b49ebdfa5691 tempest-RoutersAdminTest-394993058 tempest-RoutersAdminTest-394993058-project-admin] Time-cost: Fetching 0 ports in 0 security groups {{(pid=109849) get_objects /opt/stack/neutron/neutron/objects/ports.py:462}}
Dec 16 08:47:02.752127 dv-neutron-821271-3-hyperv neutron-server[109849]: DEBUG neutron_lib.callbacks.manager [None req-f081a9a9-f1a3-4f24-82a0-b49ebdfa5691 tempest-RoutersAdminTest-394993058 tempest-RoutersAdminTest-394993058-project-admin] Publish callbacks ['neutron.plugins.ml2.ovo_rpc._ObjectChangeHandler.handle_event-33262527', 'neutron.api.rpc.agentnotifiers.dhcp_rpc_agent_api.DhcpAgentNotifyAPI._native_event_send_dhcp_notification-33156179', 'neutron.services.segments.plugin.NovaSegmentNotifier._notify_subnet_created-30717142', 'neutron.services.segments.plugin.SegmentHostRoutes.host_routes_after_create-30093788'] for subnet, after_create {{(pid=109849) _notify_loop /usr/local/lib/python3.8/dist-packages/neutron_lib/callbacks/manager.py:175}}
