Dec 10 11:34:24.974950 dv-neutron-821271-2-hyperv neutron-server[103755]: DEBUG neutron_lib.callbacks.manager [req-14138746-0be5-4714-a7ed-2ecfaf77542e req-cc18a5b8-d8ad-4707-9c6e-383ece1e7a15 tempest-ServersTestManualDisk-636419602 tempest-ServersTestManualDisk-636419602-project] Publish callbacks ['neutron.plugins.ml2.plugin.SecurityGroupServerNotifierRpcMixin._notify_sg_on_port_change-3626682', 'neutron.plugins.ml2.ovo_rpc._ObjectChangeHandler.handle_event-35138', 'neutron.api.rpc.agentnotifiers.dhcp_rpc_agent_api.DhcpAgentNotifyAPI._native_event_send_dhcp_notification-3715447', 'neutron.db.l3_dvrscheduler_db._notify_l3_agent_new_port-8741904164280', 'neutron.services.segments.plugin.NovaSegmentNotifier._notify_port_created_or_deleted-61363823'] for port, after_create {{(pid=103755) _notify_loop /usr/local/lib/python3.8/dist-packages/neutron_lib/callbacks/manager.py:175}}
Dec 10 11:34:24.974950 dv-neutron-821271-2-hyperv neutron-server[103755]: DEBUG neutron.wsgi [-] (103755) accepted ('10.222.0.39', 35778) {{(pid=103755) server /usr/local/lib/python3.8/dist-packages/eventlet/wsgi.py:1004}}
Dec 10 11:34:25.077221 dv-neutron-821271-2-hyperv neutron-server[103754]: DEBUG neutron.pecan_wsgi.hooks.policy_enforcement [req-296056a8-dc75-4ba5-86f3-679c4d4cd1cb req-94c5e0f3-926e-4256-9549-511467e5e220 tempest-ServersTestManualDisk-636419602 tempest-ServersTestManualDisk-636419602-project] Attributes excluded by policy engine: ['standard_attr_id', 'binding:profile', 'binding:host_id', 'binding:vif_type', 'binding:vif_details'] {{(pid=103754) _exclude_attributes_by_policy /opt/stack/neutron/neutron/pecan_wsgi/hooks/policy_enforcement.py:255}}
Dec 10 11:34:25.077221 dv-neutron-821271-2-hyperv neutron-server[103754]: INFO neutron.wsgi [req-296056a8-dc75-4ba5-86f3-679c4d4cd1cb req-94c5e0f3-926e-4256-9549-511467e5e220 tempest-ServersTestManualDisk-636419602 tempest-ServersTestManualDisk-636419602-project] 10.222.0.39 "GET /v2.0/ports?device_id=0c386222-a446-46bc-9a23-c8e99faec714 HTTP/1.1" status: 200 len: 932 time: 0.1100461
Dec 10 11:34:25.143380 dv-neutron-821271-2-hyperv neutron-server[103755]: DEBUG neutron.db.db_base_plugin_v2 [None req-a4792576-2254-4192-808d-9719e631eb28 tempest-NetworksTestDHCPv6-246673260 tempest-NetworksTestDHCPv6-246673260-project] Deleting subnet 500e9ef9-dea1-4905-a4a3-5677a49eac5e {{(pid=103755) delete_subnet /opt/stack/neutron/neutron/db/db_base_plugin_v2.py:1059}}
Dec 10 11:34:25.150793 dv-neutron-821271-2-hyperv neutron-server[103754]: INFO neutron.wsgi [req-296056a8-dc75-4ba5-86f3-679c4d4cd1cb req-e8dc37db-5a3b-44c3-8df3-ee1a5c0d377b tempest-ServersTestManualDisk-636419602 tempest-ServersTestManualDisk-636419602-project] 10.222.0.39 "GET /v2.0/security-groups?id=0d210209-8f39-4355-a03e-162340a484c6&fields=id&fields=name HTTP/1.1" status: 200 len: 313 time: 0.0622573
Dec 10 11:34:25.214789 dv-neutron-821271-2-hyperv neutron-server[103754]: DEBUG neutron_lib.callbacks.manager [None req-9bd900e6-76c7-4f38-809c-ddc643f71047 tempest-ExtraDHCPOptionsTestJSON-2004024585 tempest-ExtraDHCPOptionsTestJSON-2004024585-project] Publish callbacks ['neutron.plugins.ml2.ovo_rpc._ObjectChangeHandler.handle_event-375635', 'neutron.api.rpc.agentnotifiers.dhcp_rpc_agent_api.DhcpAgentNotifyAPI._native_event_send_dhcp_notification-3715447', 'neutron.services.segments.plugin.NovaSegmentNotifier._notify_subnet_created-62279050', 'neutron.services.segments.plugin.SegmentHostRoutes.host_routes_after_create-62544857'] for subnet, after_create {{(pid=103754) _notify_loop /usr/local/lib/python3.8/dist-packages/neutron_lib/callbacks/manager.py:175}}
Dec 10 11:34:25.234096 dv-neutron-821271-2-hyperv neutron-server[103755]: DEBUG neutron_lib.callbacks.manager [None req-a4792576-2254-4192-808d-9719e631eb28 tempest-NetworksTestDHCPv6-246673260 tempest-NetworksTestDHCPv6-246673260-project] Publish callbacks [] for subnet, before_delete {{(pid=103755) _notify_loop /usr/local/lib/python3.8/dist-packages/neutron_lib/callbacks/manager.py:175}}
Dec 10 11:34:25.285338 dv-neutron-821271-2-hyperv neutron-server[103754]: DEBUG neutron.api.rpc.handlers.resources_rpc [None req-9bd900e6-76c7-4f38-809c-ddc643f71047 tempest-ExtraDHCPOptionsTestJSON-2004024585 tempest-ExtraDHCPOptionsTestJSON-2004024585-project] Pushing event updated for resources: {'Subnet': ['ID=755164d9-1f22-4a63-bee5-d398e773098e,revision_number=0']} {{(pid=103754) push /opt/stack/neutron/neutron/api/rpc/handlers/resources_rpc.py:237}}
Dec 10 11:34:25.293968 dv-neutron-821271-2-hyperv neutron-server[103754]: DEBUG neutron.plugins.ml2.drivers.mech_agent [None req-9bd900e6-76c7-4f38-809c-ddc643f71047 tempest-ExtraDHCPOptionsTestJSON-2004024585 tempest-ExtraDHCPOptionsTestJSON-2004024585-project] Checking segment: {'id': '6dfd95d9-a5eb-4c15-b4bf-1c9840bfb1ab', 'network_type': 'vlan', 'physical_network': 'physnet1', 'segmentation_id': 249, 'network_id': '39542fb5-d4a4-460a-b6b7-c5ee3e699ede'} for mappings: {'physnet1': 'br-data'} with network types: ['local', 'flat', 'vlan'] {{(pid=103754) check_segment_for_agent /opt/stack/neutron/neutron/plugins/ml2/drivers/mech_agent.py:371}}
Dec 10 11:34:25.294319 dv-neutron-821271-2-hyperv neutron-server[103754]: DEBUG neutron.scheduler.dhcp_agent_scheduler [None req-9bd900e6-76c7-4f38-809c-ddc643f71047 tempest-ExtraDHCPOptionsTestJSON-2004024585 tempest-ExtraDHCPOptionsTestJSON-2004024585-project] Network hostable DHCP agents. Network: 39542fb5-d4a4-460a-b6b7-c5ee3e699ede, hostable agents: ['a777c93f-1c61-46d4-b6ac-303106be12ad'], hosted agents: [] {{(pid=103754) _get_network_hostable_dhcp_agents /opt/stack/neutron/neutron/scheduler/dhcp_agent_scheduler.py:329}}
Dec 10 11:34:25.303869 dv-neutron-821271-2-hyperv neutron-server[103755]: INFO neutron.wsgi [req-cd9d1d24-d978-40c7-bf66-1ccfe119ac63 req-094958c6-e059-445f-9727-73be31af6bb0 tempest-ServersTestJSON-1582379588 tempest-ServersTestJSON-1582379588-project] 10.222.0.39 "GET /v2.0/ports?device_id=395bfb4c-6057-4f44-b181-1b577a679e81 HTTP/1.1" status: 200 len: 210 time: 0.1560092
Dec 10 11:34:25.308737 dv-neutron-821271-2-hyperv neutron-server[103755]: DEBUG neutron_lib.callbacks.manager [None req-5f5a9788-ff55-4410-86e1-1b5d01bb32e1 tempest-FloatingIPTestJSON-567325576 tempest-FloatingIPTestJSON-567325576-project] Publish callbacks ['neutron.plugins.ml2.plugin.SecurityGroupServerNotifierRpcMixin._notify_sg_on_port_change-3626682', 'neutron.plugins.ml2.ovo_rpc._ObjectChangeHandler.handle_event-35138', 'neutron.api.rpc.agentnotifiers.dhcp_rpc_agent_api.DhcpAgentNotifyAPI._native_event_send_dhcp_notification-3715447', 'neutron.db.l3_dvrscheduler_db._notify_l3_agent_new_port-8741904164280', 'neutron.services.segments.plugin.NovaSegmentNotifier._notify_port_created_or_deleted-61363823'] for port, after_create {{(pid=103755) _notify_loop /usr/local/lib/python3.8/dist-packages/neutron_lib/callbacks/manager.py:175}}
Dec 10 11:34:25.363149 dv-neutron-821271-2-hyperv neutron-server[103755]: DEBUG neutron.api.rpc.handlers.resources_rpc [None req-cc18a5b8-d8ad-4707-9c6e-383ece1e7a15 tempest-ServersTestManualDisk-636419602 tempest-ServersTestManualDisk-636419602-project] Pushing event updated for resources: {'Port': ['ID=3baa78d8-d177-4558-9ead-7bcfc4e6e2c5,revision_number=1']} {{(pid=103755) push /opt/stack/neutron/neutron/api/rpc/handlers/resources_rpc.py:237}}
Dec 10 11:34:25.377031 dv-neutron-821271-2-hyperv neutron-server[103755]: DEBUG neutron_lib.callbacks.manager [None req-8a0332e6-5c5f-471f-8ef4-42086e003300 admin admin] Publish callbacks [] for security_group, before_delete {{(pid=103755) _notify_loop /usr/local/lib/python3.8/dist-packages/neutron_lib/callbacks/manager.py:175}}
Dec 10 11:34:25.384419 dv-neutron-821271-2-hyperv neutron-server[103755]: DEBUG neutron.scheduler.dhcp_agent_scheduler [None req-5f5a9788-ff55-4410-86e1-1b5d01bb32e1 tempest-FloatingIPTestJSON-567325576 tempest-FloatingIPTestJSON-567325576-project] Network 91622eec-c5c9-4c1a-be16-d4b98eb1ae6d is already hosted by enough agents. {{(pid=103755) _get_dhcp_agents_hosting_network /opt/stack/neutron/neutron/scheduler/dhcp_agent_scheduler.py:275}}
Dec 10 11:34:25.408979 dv-neutron-821271-2-hyperv neutron-server[103755]: DEBUG neutron.scheduler.dhcp_agent_scheduler [req-14138746-0be5-4714-a7ed-2ecfaf77542e req-cc18a5b8-d8ad-4707-9c6e-383ece1e7a15 tempest-ServersTestManualDisk-636419602 tempest-ServersTestManualDisk-636419602-project] Network 95bbaa90-af97-4738-bb81-7187486dccb0 is already hosted by enough agents. {{(pid=103755) _get_dhcp_agents_hosting_network /opt/stack/neutron/neutron/scheduler/dhcp_agent_scheduler.py:275}}
Dec 10 11:34:25.417859 dv-neutron-821271-2-hyperv neutron-server[103754]: DEBUG neutron.scheduler.dhcp_agent_scheduler [None req-9bd900e6-76c7-4f38-809c-ddc643f71047 tempest-ExtraDHCPOptionsTestJSON-2004024585 tempest-ExtraDHCPOptionsTestJSON-2004024585-project] Network 39542fb5-d4a4-460a-b6b7-c5ee3e699ede is scheduled to be hosted by DHCP agent a777c93f-1c61-46d4-b6ac-303106be12ad with binding_index 1 {{(pid=103754) bind /opt/stack/neutron/neutron/scheduler/dhcp_agent_scheduler.py:227}}
Dec 10 11:34:25.424090 dv-neutron-821271-2-hyperv neutron-server[103755]: DEBUG neutron.scheduler.base_scheduler [None req-5f5a9788-ff55-4410-86e1-1b5d01bb32e1 tempest-FloatingIPTestJSON-567325576 tempest-FloatingIPTestJSON-567325576-project] Resources bound (agent type, host, resource id): {{(pid=103755) schedule /opt/stack/neutron/neutron/scheduler/base_scheduler.py:57}}
Dec 10 11:34:25.425743 dv-neutron-821271-2-hyperv neutron-server[103755]: DEBUG neutron.db.l3_dvrscheduler_db [None req-5f5a9788-ff55-4410-86e1-1b5d01bb32e1 tempest-FloatingIPTestJSON-567325576 tempest-FloatingIPTestJSON-567325576-project] Received port after_create {{(pid=103755) _notify_l3_agent_new_port /opt/stack/neutron/neutron/db/l3_dvrscheduler_db.py:535}}
Dec 10 11:34:25.439026 dv-neutron-821271-2-hyperv neutron-server[103755]: DEBUG neutron.scheduler.base_scheduler [req-14138746-0be5-4714-a7ed-2ecfaf77542e req-cc18a5b8-d8ad-4707-9c6e-383ece1e7a15 tempest-ServersTestManualDisk-636419602 tempest-ServersTestManualDisk-636419602-project] Resources bound (agent type, host, resource id): {{(pid=103755) schedule /opt/stack/neutron/neutron/scheduler/base_scheduler.py:57}}
Dec 10 11:34:25.441741 dv-neutron-821271-2-hyperv neutron-server[103755]: DEBUG neutron.db.l3_dvrscheduler_db [req-14138746-0be5-4714-a7ed-2ecfaf77542e req-cc18a5b8-d8ad-4707-9c6e-383ece1e7a15 tempest-ServersTestManualDisk-636419602 tempest-ServersTestManualDisk-636419602-project] Received port after_create {{(pid=103755) _notify_l3_agent_new_port /opt/stack/neutron/neutron/db/l3_dvrscheduler_db.py:535}}
Dec 10 11:34:25.446737 dv-neutron-821271-2-hyperv neutron-server[103755]: DEBUG neutron_lib.callbacks.manager [None req-a4792576-2254-4192-808d-9719e631eb28 tempest-NetworksTestDHCPv6-246673260 tempest-NetworksTestDHCPv6-246673260-project] Publish callbacks ['neutron.services.segments.plugin.Plugin._validate_auto_address_subnet_delete-61349407'] for subnet, precommit_delete_associations {{(pid=103755) _notify_loop /usr/local/lib/python3.8/dist-packages/neutron_lib/callbacks/manager.py:175}}
Dec 10 11:34:25.507249 dv-neutron-821271-2-hyperv neutron-server[103754]: DEBUG neutron.scheduler.base_scheduler [None req-9bd900e6-76c7-4f38-809c-ddc643f71047 tempest-ExtraDHCPOptionsTestJSON-2004024585 tempest-ExtraDHCPOptionsTestJSON-2004024585-project] Resources bound (agent type, host, resource id): (DHCP agent, dv-neutron-821271-2-hyperv, 39542fb5-d4a4-460a-b6b7-c5ee3e699ede) {{(pid=103754) schedule /opt/stack/neutron/neutron/scheduler/base_scheduler.py:57}}
Dec 10 11:34:25.512396 dv-neutron-821271-2-hyperv neutron-server[103754]: DEBUG neutron.pecan_wsgi.hooks.policy_enforcement [None req-9bd900e6-76c7-4f38-809c-ddc643f71047 tempest-ExtraDHCPOptionsTestJSON-2004024585 tempest-ExtraDHCPOptionsTestJSON-2004024585-project] Attributes excluded by policy engine: ['standard_attr_id', 'shared', 'segment_id', 'network'] {{(pid=103754) _exclude_attributes_by_policy /opt/stack/neutron/neutron/pecan_wsgi/hooks/policy_enforcement.py:255}}
Dec 10 11:34:25.513063 dv-neutron-821271-2-hyperv neutron-server[103754]: DEBUG neutron_lib.callbacks.manager [None req-9bd900e6-76c7-4f38-809c-ddc643f71047 tempest-ExtraDHCPOptionsTestJSON-2004024585 tempest-ExtraDHCPOptionsTestJSON-2004024585-project] Publish callbacks [] for subnet, before_response {{(pid=103754) _notify_loop /usr/local/lib/python3.8/dist-packages/neutron_lib/callbacks/manager.py:175}}
Dec 10 11:34:25.520394 dv-neutron-821271-2-hyperv neutron-server[103756]: DEBUG neutron.api.rpc.handlers.dhcp_rpc [None req-b3d8e374-d5cc-4a4a-9b1b-a37b8ac1bd55 None None] Network 39542fb5-d4a4-460a-b6b7-c5ee3e699ede requested from dv-neutron-821271-2-hyperv {{(pid=103756) get_network_info /opt/stack/neutron/neutron/api/rpc/handlers/dhcp_rpc.py:219}}
Dec 10 11:34:25.591283 dv-neutron-821271-2-hyperv neutron-server[103754]: INFO neutron.wsgi [None req-9bd900e6-76c7-4f38-809c-ddc643f71047 tempest-ExtraDHCPOptionsTestJSON-2004024585 tempest-ExtraDHCPOptionsTestJSON-2004024585-project] 10.222.0.39 "POST /v2.0/subnets HTTP/1.1" status: 201 len: 801 time: 2.7891085
Dec 10 11:34:25.596323 dv-neutron-821271-2-hyperv neutron-server[103754]: DEBUG neutron.wsgi [-] (103754) accepted ('10.222.0.39', 35782) {{(pid=103754) server /usr/local/lib/python3.8/dist-packages/eventlet/wsgi.py:1004}}
Dec 10 11:34:25.603364 dv-neutron-821271-2-hyperv neutron-server[103754]: DEBUG neutron.api.v2.base [None req-818f169c-e752-43d9-bf39-dfb526b62b88 tempest-ExtraDHCPOptionsTestJSON-2004024585 tempest-ExtraDHCPOptionsTestJSON-2004024585-project] Request body: {'port': {'network_id': '39542fb5-d4a4-460a-b6b7-c5ee3e699ede', 'name': 'tempest-ExtraDHCPOptionsTestJSON-1793072737'}} {{(pid=103754) prepare_request_body /opt/stack/neutron/neutron/api/v2/base.py:729}}
Dec 10 11:34:25.621052 dv-neutron-821271-2-hyperv neutron-server[103755]: DEBUG neutron.pecan_wsgi.hooks.policy_enforcement [req-14138746-0be5-4714-a7ed-2ecfaf77542e req-cc18a5b8-d8ad-4707-9c6e-383ece1e7a15 tempest-ServersTestManualDisk-636419602 tempest-ServersTestManualDisk-636419602-project] Attributes excluded by policy engine: ['standard_attr_id', 'binding:profile', 'binding:host_id', 'binding:vif_type', 'binding:vif_details', 'network'] {{(pid=103755) _exclude_attributes_by_policy /opt/stack/neutron/neutron/pecan_wsgi/hooks/policy_enforcement.py:255}}
Dec 10 11:34:25.621853 dv-neutron-821271-2-hyperv neutron-server[103755]: DEBUG neutron_lib.callbacks.manager [req-14138746-0be5-4714-a7ed-2ecfaf77542e req-cc18a5b8-d8ad-4707-9c6e-383ece1e7a15 tempest-ServersTestManualDisk-636419602 tempest-ServersTestManualDisk-636419602-project] Publish callbacks ['neutron.notifiers.nova.Notifier._send_nova_notification-30237'] for port, before_response {{(pid=103755) _notify_loop /usr/local/lib/python3.8/dist-packages/neutron_lib/callbacks/manager.py:175}}
Dec 10 11:34:25.644361 dv-neutron-821271-2-hyperv neutron-server[103755]: DEBUG neutron_lib.callbacks.manager [None req-8a0332e6-5c5f-471f-8ef4-42086e003300 admin admin] Publish callbacks [] for security_group, precommit_delete {{(pid=103755) _notify_loop /usr/local/lib/python3.8/dist-packages/neutron_lib/callbacks/manager.py:175}}
Dec 10 11:34:25.676907 dv-neutron-821271-2-hyperv neutron-server[103755]: DEBUG neutron.api.rpc.handlers.resources_rpc [None req-5f5a9788-ff55-4410-86e1-1b5d01bb32e1 tempest-FloatingIPTestJSON-567325576 tempest-FloatingIPTestJSON-567325576-project] Pushing event updated for resources: {'Port': ['ID=a7e9e383-23b1-4cb6-8902-3f83539feee7,revision_number=1']} {{(pid=103755) push /opt/stack/neutron/neutron/api/rpc/handlers/resources_rpc.py:237}}
Dec 10 11:34:25.753875 dv-neutron-821271-2-hyperv neutron-server[103754]: INFO neutron.wsgi [req-883bc7b4-add0-4f4f-8678-a94d089334e2 req-54034719-5ff1-402e-b56b-9eab6493ec26 tempest-ServerActionsTestJSON-1178847560 tempest-ServerActionsTestJSON-1178847560-project] 10.222.0.39 "GET /v2.0/ports?device_id=528d2aae-3c7a-4ad0-bed7-bcb30212ce1d HTTP/1.1" status: 200 len: 210 time: 0.1133814
Dec 10 11:34:25.765438 dv-neutron-821271-2-hyperv neutron-server[103756]: DEBUG neutron.api.rpc.handlers.dhcp_rpc [None req-1116b853-2f96-405d-9ef0-02ad54e119ac None None] Create dhcp port {'port': {'name': '', 'admin_state_up': True, 'device_id': 'dhcpd3d9e962-c6f9-533c-963b-dabec607b1ae-39542fb5-d4a4-460a-b6b7-c5ee3e699ede', 'network_id': '39542fb5-d4a4-460a-b6b7-c5ee3e699ede', 'project_id': 'b32dca16dffb406b9962208545e2e078', 'fixed_ips': [{'subnet_id': '755164d9-1f22-4a63-bee5-d398e773098e'}]}} from dv-neutron-821271-2-hyperv. {{(pid=103756) create_dhcp_port /opt/stack/neutron/neutron/api/rpc/handlers/dhcp_rpc.py:296}}
Dec 10 11:34:25.767796 dv-neutron-821271-2-hyperv neutron-server[103756]: DEBUG neutron_lib.callbacks.manager [None req-1116b853-2f96-405d-9ef0-02ad54e119ac None None] Publish callbacks ['neutron.plugins.ml2.plugin.SecurityGroupDbMixin._ensure_default_security_group_handler-3626341'] for port, before_create {{(pid=103756) _notify_loop /usr/local/lib/python3.8/dist-packages/neutron_lib/callbacks/manager.py:175}}
Dec 10 11:34:25.894894 dv-neutron-821271-2-hyperv neutron-server[103755]: DEBUG neutron.plugins.ml2.plugin [None req-6eabf2a7-37f7-4082-b8e7-8a310af606e2 tempest-PortsAdminExtendedAttrsTestJSON-717826319 tempest-PortsAdminExtendedAttrsTestJSON-717826319-project-admin] Deleting port a1888e06-4d0a-4aa3-9190-6475eb4b1b8d {{(pid=103755) _pre_delete_port /opt/stack/neutron/neutron/plugins/ml2/plugin.py:1936}}
Dec 10 11:34:25.895259 dv-neutron-821271-2-hyperv neutron-server[103755]: DEBUG neutron_lib.callbacks.manager [None req-6eabf2a7-37f7-4082-b8e7-8a310af606e2 tempest-PortsAdminExtendedAttrsTestJSON-717826319 tempest-PortsAdminExtendedAttrsTestJSON-717826319-project-admin] Publish callbacks ['neutron.db.l3_db.L3_NAT_dbonly_mixin._prevent_l3_port_delete_callback-8741904640368'] for port, before_delete {{(pid=103755) _notify_loop /usr/local/lib/python3.8/dist-packages/neutron_lib/callbacks/manager.py:175}}
Dec 10 11:34:25.901858 dv-neutron-821271-2-hyperv neutron-server[103755]: INFO neutron.wsgi [req-14138746-0be5-4714-a7ed-2ecfaf77542e req-cc18a5b8-d8ad-4707-9c6e-383ece1e7a15 tempest-ServersTestManualDisk-636419602 tempest-ServersTestManualDisk-636419602-project] 10.222.0.10 "POST /v2.0/ports HTTP/1.1" status: 201 len: 934 time: 4.6508045
Dec 10 11:34:25.914208 dv-neutron-821271-2-hyperv neutron-server[103756]: DEBUG neutron.db.provisioning_blocks [None req-e5cc7908-6d0c-4a6d-affe-c188c8b09469 None None] Provisioning complete for port 3baa78d8-d177-4558-9ead-7bcfc4e6e2c5 triggered by entity DHCP. {{(pid=103756) provisioning_complete /opt/stack/neutron/neutron/db/provisioning_blocks.py:139}}
Dec 10 11:34:25.914590 dv-neutron-821271-2-hyperv neutron-server[103756]: DEBUG neutron_lib.callbacks.manager [None req-e5cc7908-6d0c-4a6d-affe-c188c8b09469 None None] Publish callbacks ['neutron.plugins.ml2.plugin.Ml2Plugin._port_provisioned-3485588'] for port, provisioning_complete {{(pid=103756) _notify_loop /usr/local/lib/python3.8/dist-packages/neutron_lib/callbacks/manager.py:175}}
Dec 10 11:34:25.963682 dv-neutron-821271-2-hyperv neutron-server[103754]: DEBUG neutron.pecan_wsgi.hooks.quota_enforcement [None req-818f169c-e752-43d9-bf39-dfb526b62b88 tempest-ExtraDHCPOptionsTestJSON-2004024585 tempest-ExtraDHCPOptionsTestJSON-2004024585-project] Made reservation on behalf of b32dca16dffb406b9962208545e2e078 for: {'port': 1} {{(pid=103754) before /opt/stack/neutron/neutron/pecan_wsgi/hooks/quota_enforcement.py:53}}
Dec 10 11:34:25.963682 dv-neutron-821271-2-hyperv neutron-server[103754]: DEBUG neutron_lib.callbacks.manager [None req-818f169c-e752-43d9-bf39-dfb526b62b88 tempest-ExtraDHCPOptionsTestJSON-2004024585 tempest-ExtraDHCPOptionsTestJSON-2004024585-project] Publish callbacks ['neutron.plugins.ml2.plugin.SecurityGroupDbMixin._ensure_default_security_group_handler-3626341'] for port, before_create {{(pid=103754) _notify_loop /usr/local/lib/python3.8/dist-packages/neutron_lib/callbacks/manager.py:175}}
Dec 10 11:34:25.990855 dv-neutron-821271-2-hyperv neutron-server[103756]: DEBUG neutron.plugins.ml2.plugin [None req-e5cc7908-6d0c-4a6d-affe-c188c8b09469 None None] Port 3baa78d8-d177-4558-9ead-7bcfc4e6e2c5 cannot update to ACTIVE because it is not bound. {{(pid=103756) _port_provisioned /opt/stack/neutron/neutron/plugins/ml2/plugin.py:342}}
Dec 10 11:34:26.002206 dv-neutron-821271-2-hyperv neutron-server[103756]: DEBUG neutron.db.db_base_plugin_common [None req-1116b853-2f96-405d-9ef0-02ad54e119ac None None] Allocated IP 172.20.0.2 (39542fb5-d4a4-460a-b6b7-c5ee3e699ede/755164d9-1f22-4a63-bee5-d398e773098e/96de5370-b492-46e7-98a0-3c7b38592411) {{(pid=103756) _store_ip_allocation /opt/stack/neutron/neutron/db/db_base_plugin_common.py:131}}
Dec 10 11:34:26.008688 dv-neutron-821271-2-hyperv neutron-server[103754]: DEBUG neutron.notifiers.nova [None req-818f169c-e752-43d9-bf39-dfb526b62b88 tempest-ExtraDHCPOptionsTestJSON-2004024585 tempest-ExtraDHCPOptionsTestJSON-2004024585-project] device_id is not set on port d22be635-4bf8-46c5-9491-4a76cd85b8b1 yet. {{(pid=103754) _can_notify /opt/stack/neutron/neutron/notifiers/nova.py:190}}
Dec 10 11:34:26.042564 dv-neutron-821271-2-hyperv neutron-server[103755]: DEBUG neutron_lib.callbacks.manager [None req-a4792576-2254-4192-808d-9719e631eb28 tempest-NetworksTestDHCPv6-246673260 tempest-NetworksTestDHCPv6-246673260-project] Publish callbacks ['neutron.plugins.ml2.plugin.Ml2Plugin._subnet_delete_precommit_handler-3488954'] for subnet, precommit_delete {{(pid=103755) _notify_loop /usr/local/lib/python3.8/dist-packages/neutron_lib/callbacks/manager.py:175}}
Dec 10 11:34:26.119439 dv-neutron-821271-2-hyperv neutron-server[103755]: DEBUG neutron.plugins.ml2.db [None req-6eabf2a7-37f7-4082-b8e7-8a310af606e2 tempest-PortsAdminExtendedAttrsTestJSON-717826319 tempest-PortsAdminExtendedAttrsTestJSON-717826319-project-admin] For port a1888e06-4d0a-4aa3-9190-6475eb4b1b8d, host hv-neutron-8212, got binding levels [] {{(pid=103755) get_binding_level_objs /opt/stack/neutron/neutron/plugins/ml2/db.py:74}}
Dec 10 11:34:26.119894 dv-neutron-821271-2-hyperv neutron-server[103755]: DEBUG neutron_lib.callbacks.manager [None req-6eabf2a7-37f7-4082-b8e7-8a310af606e2 tempest-PortsAdminExtendedAttrsTestJSON-717826319 tempest-PortsAdminExtendedAttrsTestJSON-717826319-project-admin] Publish callbacks ['neutron.services.l3_router.l3_router_plugin.L3_NAT_dbonly_mixin._precommit_delete_port_callback-448394'] for port, precommit_delete {{(pid=103755) _notify_loop /usr/local/lib/python3.8/dist-packages/neutron_lib/callbacks/manager.py:175}}
Dec 10 11:34:26.145150 dv-neutron-821271-2-hyperv neutron-server[103755]: DEBUG neutron.plugins.ml2.plugin [None req-6eabf2a7-37f7-4082-b8e7-8a310af606e2 tempest-PortsAdminExtendedAttrsTestJSON-717826319 tempest-PortsAdminExtendedAttrsTestJSON-717826319-project-admin] Calling delete_port for a1888e06-4d0a-4aa3-9190-6475eb4b1b8d owned by {{(pid=103755) delete_port /opt/stack/neutron/neutron/plugins/ml2/plugin.py:2014}}
Dec 10 11:34:26.151225 dv-neutron-821271-2-hyperv neutron-server[103755]: DEBUG neutron_lib.callbacks.manager [None req-8a0332e6-5c5f-471f-8ef4-42086e003300 admin admin] Publish callbacks ['neutron.plugins.ml2.ovo_rpc._ObjectChangeHandler.handle_event-380515'] for security_group, after_delete {{(pid=103755) _notify_loop /usr/local/lib/python3.8/dist-packages/neutron_lib/callbacks/manager.py:175}}
Dec 10 11:34:26.154829 dv-neutron-821271-2-hyperv neutron-server[103755]: DEBUG neutron_lib.callbacks.manager [None req-8a0332e6-5c5f-471f-8ef4-42086e003300 admin admin] Publish callbacks [] for security_group, before_response {{(pid=103755) _notify_loop /usr/local/lib/python3.8/dist-packages/neutron_lib/callbacks/manager.py:175}}
Dec 10 11:34:26.155279 dv-neutron-821271-2-hyperv neutron-server[103755]: INFO neutron.wsgi [None req-8a0332e6-5c5f-471f-8ef4-42086e003300 admin admin] 10.222.0.39 "DELETE /v2.0/security-groups/50ca0ab6-1190-45c8-bc3c-785261bef2b3 HTTP/1.1" status: 204 len: 168 time: 1.4546444
Dec 10 11:34:26.192475 dv-neutron-821271-2-hyperv neutron-server[103755]: DEBUG neutron.api.rpc.handlers.resources_rpc [None req-8a0332e6-5c5f-471f-8ef4-42086e003300 admin admin] Pushing event deleted for resources: {'SecurityGroup': ['ID=50ca0ab6-1190-45c8-bc3c-785261bef2b3,revision_number=None']} {{(pid=103755) push /opt/stack/neutron/neutron/api/rpc/handlers/resources_rpc.py:237}}
Dec 10 11:34:26.198151 dv-neutron-821271-2-hyperv neutron-server[103756]: DEBUG neutron_lib.callbacks.manager [None req-1116b853-2f96-405d-9ef0-02ad54e119ac None None] Publish callbacks [] for port, precommit_create {{(pid=103756) _notify_loop /usr/local/lib/python3.8/dist-packages/neutron_lib/callbacks/manager.py:175}}
Dec 10 11:34:26.290042 dv-neutron-821271-2-hyperv neutron-server[103755]: DEBUG neutron_lib.callbacks.manager [None req-a4792576-2254-4192-808d-9719e631eb28 tempest-NetworksTestDHCPv6-246673260 tempest-NetworksTestDHCPv6-246673260-project] Publish callbacks ['neutron.plugins.ml2.plugin.Ml2Plugin._subnet_delete_after_delete_handler-3488945', 'neutron.plugins.ml2.ovo_rpc._ObjectChangeHandler.handle_event-375635', 'neutron.api.rpc.agentnotifiers.dhcp_rpc_agent_api.DhcpAgentNotifyAPI._native_event_send_dhcp_notification-3715447', 'neutron.services.segments.plugin.NovaSegmentNotifier._notify_subnet_deleted-61363800', 'neutron.services.segments.plugin.SegmentHostRoutes.host_routes_after_delete-62423087'] for subnet, after_delete {{(pid=103755) _notify_loop /usr/local/lib/python3.8/dist-packages/neutron_lib/callbacks/manager.py:175}}
Dec 10 11:34:26.308247 dv-neutron-821271-2-hyperv neutron-server[103756]: DEBUG neutron_lib.callbacks.manager [None req-1116b853-2f96-405d-9ef0-02ad54e119ac None None] Publish callbacks ['neutron.plugins.ml2.plugin.SecurityGroupServerNotifierRpcMixin._notify_sg_on_port_change-3626682', 'neutron.plugins.ml2.ovo_rpc._ObjectChangeHandler.handle_event-35138', 'neutron.api.rpc.agentnotifiers.dhcp_rpc_agent_api.DhcpAgentNotifyAPI._native_event_send_dhcp_notification-3715447', 'neutron.db.l3_dvrscheduler_db._notify_l3_agent_new_port-8741904164280'] for port, after_create {{(pid=103756) _notify_loop /usr/local/lib/python3.8/dist-packages/neutron_lib/callbacks/manager.py:175}}
Dec 10 11:34:26.374641 dv-neutron-821271-2-hyperv neutron-server[103756]: DEBUG neutron.scheduler.dhcp_agent_scheduler [None req-1116b853-2f96-405d-9ef0-02ad54e119ac None None] Network 39542fb5-d4a4-460a-b6b7-c5ee3e699ede is already hosted by enough agents. {{(pid=103756) _get_dhcp_agents_hosting_network /opt/stack/neutron/neutron/scheduler/dhcp_agent_scheduler.py:275}}
Dec 10 11:34:26.380730 dv-neutron-821271-2-hyperv neutron-server[103756]: DEBUG neutron.scheduler.base_scheduler [None req-1116b853-2f96-405d-9ef0-02ad54e119ac None None] Resources bound (agent type, host, resource id): {{(pid=103756) schedule /opt/stack/neutron/neutron/scheduler/base_scheduler.py:57}}
Dec 10 11:34:26.388926 dv-neutron-821271-2-hyperv neutron-server[103756]: DEBUG neutron.api.rpc.handlers.resources_rpc [None req-1116b853-2f96-405d-9ef0-02ad54e119ac None None] Pushing event updated for resources: {'Port': ['ID=96de5370-b492-46e7-98a0-3c7b38592411,revision_number=1']} {{(pid=103756) push /opt/stack/neutron/neutron/api/rpc/handlers/resources_rpc.py:237}}
Dec 10 11:34:26.392903 dv-neutron-821271-2-hyperv neutron-server[103756]: DEBUG neutron.db.l3_dvrscheduler_db [None req-1116b853-2f96-405d-9ef0-02ad54e119ac None None] Received port after_create {{(pid=103756) _notify_l3_agent_new_port /opt/stack/neutron/neutron/db/l3_dvrscheduler_db.py:535}}
Dec 10 11:34:26.437628 dv-neutron-821271-2-hyperv neutron-server[103755]: DEBUG neutron.api.rpc.handlers.resources_rpc [None req-a4792576-2254-4192-808d-9719e631eb28 tempest-NetworksTestDHCPv6-246673260 tempest-NetworksTestDHCPv6-246673260-project] Pushing event deleted for resources: {'Subnet': ['ID=500e9ef9-dea1-4905-a4a3-5677a49eac5e,revision_number=None']} {{(pid=103755) push /opt/stack/neutron/neutron/api/rpc/handlers/resources_rpc.py:237}}
Dec 10 11:34:26.441189 dv-neutron-821271-2-hyperv neutron-server[103755]: DEBUG neutron_lib.callbacks.manager [None req-a4792576-2254-4192-808d-9719e631eb28 tempest-NetworksTestDHCPv6-246673260 tempest-NetworksTestDHCPv6-246673260-project] Publish callbacks ['neutron.api.rpc.agentnotifiers.dhcp_rpc_agent_api.DhcpAgentNotifyAPI._send_dhcp_notification-3715433'] for subnet, before_response {{(pid=103755) _notify_loop /usr/local/lib/python3.8/dist-packages/neutron_lib/callbacks/manager.py:175}}
Dec 10 11:34:26.444524 dv-neutron-821271-2-hyperv neutron-server[103755]: INFO neutron.wsgi [None req-a4792576-2254-4192-808d-9719e631eb28 tempest-NetworksTestDHCPv6-246673260 tempest-NetworksTestDHCPv6-246673260-project] 10.222.0.39 "DELETE /v2.0/subnets/500e9ef9-dea1-4905-a4a3-5677a49eac5e HTTP/1.1" status: 204 len: 168 time: 1.4478691
Dec 10 11:34:26.452358 dv-neutron-821271-2-hyperv neutron-server[103756]: DEBUG neutron.api.rpc.handlers.dhcp_rpc [None req-6024f531-714e-4ca1-9e3b-adb6b8eb4494 None None] Network 184d17ae-d7b1-4e69-914f-ea95a0501035 requested from dv-neutron-821271-2-hyperv {{(pid=103756) get_network_info /opt/stack/neutron/neutron/api/rpc/handlers/dhcp_rpc.py:219}}
Dec 10 11:34:26.454875 dv-neutron-821271-2-hyperv neutron-server[103755]: DEBUG neutron.wsgi [-] (103755) accepted ('10.222.0.39', 35790) {{(pid=103755) server /usr/local/lib/python3.8/dist-packages/eventlet/wsgi.py:1004}}
Dec 10 11:34:26.473851 dv-neutron-821271-2-hyperv neutron-server[103756]: DEBUG neutron.plugins.ml2.managers [None req-1116b853-2f96-405d-9ef0-02ad54e119ac None None] Attempting to bind port 96de5370-b492-46e7-98a0-3c7b38592411 on host dv-neutron-821271-2-hyperv for vnic_type normal with profile {{(pid=103756) bind_port /opt/stack/neutron/neutron/plugins/ml2/managers.py:795}}
Dec 10 11:34:26.474970 dv-neutron-821271-2-hyperv neutron-server[103756]: DEBUG neutron.plugins.ml2.managers [None req-1116b853-2f96-405d-9ef0-02ad54e119ac None None] Attempting to bind port 96de5370-b492-46e7-98a0-3c7b38592411 by drivers openvswitch,hyperv on host dv-neutron-821271-2-hyperv at level 0 using segments [{'id': '6dfd95d9-a5eb-4c15-b4bf-1c9840bfb1ab', 'network_type': 'vlan', 'physical_network': 'physnet1', 'segmentation_id': 249, 'network_id': '39542fb5-d4a4-460a-b6b7-c5ee3e699ede'}] {{(pid=103756) _bind_port_level /opt/stack/neutron/neutron/plugins/ml2/managers.py:820}}
Dec 10 11:34:26.475719 dv-neutron-821271-2-hyperv neutron-server[103756]: DEBUG neutron.plugins.ml2.drivers.mech_agent [None req-1116b853-2f96-405d-9ef0-02ad54e119ac None None] Attempting to bind port 96de5370-b492-46e7-98a0-3c7b38592411 on network 39542fb5-d4a4-460a-b6b7-c5ee3e699ede {{(pid=103756) bind_port /opt/stack/neutron/neutron/plugins/ml2/drivers/mech_agent.py:91}}
Dec 10 11:34:26.483680 dv-neutron-821271-2-hyperv neutron-server[103754]: INFO neutron.wsgi [req-035a7179-b57e-4b61-9567-242dc4c1f962 req-a49612e0-92f1-4b28-aae4-e69cc04ceb30 tempest-ServersTestJSON-1582379588 tempest-ServersTestJSON-1582379588-project] 10.222.0.39 "GET /v2.0/ports?device_id=395bfb4c-6057-4f44-b181-1b577a679e81 HTTP/1.1" status: 200 len: 210 time: 0.0738721
Dec 10 11:34:26.498945 dv-neutron-821271-2-hyperv neutron-server[103754]: DEBUG neutron.db.db_base_plugin_common [None req-818f169c-e752-43d9-bf39-dfb526b62b88 tempest-ExtraDHCPOptionsTestJSON-2004024585 tempest-ExtraDHCPOptionsTestJSON-2004024585-project] Allocated IP 172.20.0.9 (39542fb5-d4a4-460a-b6b7-c5ee3e699ede/755164d9-1f22-4a63-bee5-d398e773098e/d22be635-4bf8-46c5-9491-4a76cd85b8b1) {{(pid=103754) _store_ip_allocation /opt/stack/neutron/neutron/db/db_base_plugin_common.py:131}}
Dec 10 11:34:26.541859 dv-neutron-821271-2-hyperv neutron-server[103756]: DEBUG neutron.plugins.ml2.drivers.mech_agent [None req-1116b853-2f96-405d-9ef0-02ad54e119ac None None] Checking agent: {'id': '90fcc6fb-0d42-422c-81e9-c456e57146af', 'agent_type': 'Open vSwitch agent', 'binary': 'neutron-openvswitch-agent', 'topic': 'N/A', 'host': 'dv-neutron-821271-2-hyperv', 'admin_state_up': True, 'created_at': datetime.datetime(2021, 12, 10, 11, 26, 23), 'started_at': datetime.datetime(2021, 12, 10, 11, 26, 53), 'heartbeat_timestamp': datetime.datetime(2021, 12, 10, 11, 34, 23), 'description': None, 'resources_synced': None, 'availability_zone': None, 'alive': True, 'configurations': {'arp_responder_enabled': False, 'baremetal_smartnic': False, 'bridge_mappings': {'physnet1': 'br-data'}, 'datapath_type': 'system', 'devices': 0, 'enable_distributed_routing': False, 'extensions': [], 'in_distributed_mode': False, 'integration_bridge': 'br-int', 'l2_population': False, 'log_agent_heartbeats': False, 'ovs_capabilities': {'datapath_types': ['netdev', 'system'], 'iface_types': ['erspan', 'geneve', 'gre', 'internal', 'ip6erspan', 'ip6gre', 'lisp', 'patch', 'stt', 'system', 'tap', 'vxlan']}, 'ovs_hybrid_plug': False, 'resource_provider_bandwidths': {}, 'resource_provider_hypervisors': {'br-data': 'dv-neutron-821271-2-hyperv'}, 'resource_provider_inventory_defaults': {'allocation_ratio': 1.0, 'min_unit': 1, 'step_size': 1, 'reserved': 0}, 'resource_provider_packet_processing_inventory_defaults': {'allocation_ratio': 1.0, 'min_unit': 1, 'step_size': 1, 'reserved': 0}, 'resource_provider_packet_processing_with_direction': {}, 'resource_provider_packet_processing_without_direction': {}, 'tunnel_types': [], 'tunneling_ip': None, 'vhostuser_socket_dir': '/var/run/openvswitch'}, 'resource_versions': {'AddressGroup': '1.2', 'ConntrackHelper': '1.0', 'LocalIPAssociation': '1.0', 'Log': '1.0', 'Network': '1.1', 'Port': '1.7', 'PortForwarding': '1.2', 'QosPolicy': '1.10', 'SecurityGroup': '1.5', 'SecurityGroupRule': '1.2', 'SubPort': '1.0', 'Subnet': '1.1', 'Trunk': '1.1'}} {{(pid=103756) bind_port /opt/stack/neutron/neutron/plugins/ml2/drivers/mech_agent.py:110}}
Dec 10 11:34:26.542929 dv-neutron-821271-2-hyperv neutron-server[103756]: DEBUG neutron.plugins.ml2.drivers.mech_agent [None req-1116b853-2f96-405d-9ef0-02ad54e119ac None None] Checking segment: {'id': '6dfd95d9-a5eb-4c15-b4bf-1c9840bfb1ab', 'network_type': 'vlan', 'physical_network': 'physnet1', 'segmentation_id': 249, 'network_id': '39542fb5-d4a4-460a-b6b7-c5ee3e699ede'} for mappings: {'physnet1': 'br-data'} with network types: ['local', 'flat', 'vlan'] {{(pid=103756) check_segment_for_agent /opt/stack/neutron/neutron/plugins/ml2/drivers/mech_agent.py:371}}
Dec 10 11:34:26.543486 dv-neutron-821271-2-hyperv neutron-server[103756]: DEBUG neutron_lib.callbacks.manager [None req-1116b853-2f96-405d-9ef0-02ad54e119ac None None] Publish callbacks [] for ovs_bridge_name, before_read {{(pid=103756) _notify_loop /usr/local/lib/python3.8/dist-packages/neutron_lib/callbacks/manager.py:175}}
Dec 10 11:34:26.544045 dv-neutron-821271-2-hyperv neutron-server[103756]: DEBUG neutron.plugins.ml2.drivers.mech_agent [None req-1116b853-2f96-405d-9ef0-02ad54e119ac None None] Bound using segment: {'id': '6dfd95d9-a5eb-4c15-b4bf-1c9840bfb1ab', 'network_type': 'vlan', 'physical_network': 'physnet1', 'segmentation_id': 249, 'network_id': '39542fb5-d4a4-460a-b6b7-c5ee3e699ede'} {{(pid=103756) bind_port /opt/stack/neutron/neutron/plugins/ml2/drivers/mech_agent.py:120}}
Dec 10 11:34:26.544706 dv-neutron-821271-2-hyperv neutron-server[103756]: DEBUG neutron.plugins.ml2.managers [None req-1116b853-2f96-405d-9ef0-02ad54e119ac None None] Bound port: 96de5370-b492-46e7-98a0-3c7b38592411, host: dv-neutron-821271-2-hyperv, vif_type: ovs, vif_details: {"connectivity": "l2", "port_filter": true, "ovs_hybrid_plug": false, "datapath_type": "system", "bridge_name": "br-int"}, binding_levels: [{'bound_driver': 'openvswitch', 'bound_segment': {'id': '6dfd95d9-a5eb-4c15-b4bf-1c9840bfb1ab', 'network_type': 'vlan', 'physical_network': 'physnet1', 'segmentation_id': 249, 'network_id': '39542fb5-d4a4-460a-b6b7-c5ee3e699ede'}}] {{(pid=103756) _bind_port_level /opt/stack/neutron/neutron/plugins/ml2/managers.py:932}}
Dec 10 11:34:26.545335 dv-neutron-821271-2-hyperv neutron-server[103756]: DEBUG neutron_lib.callbacks.manager [None req-1116b853-2f96-405d-9ef0-02ad54e119ac None None] Publish callbacks ['neutron.plugins.ml2.plugin.SecurityGroupDbMixin._ensure_default_security_group_handler-3626341'] for port, before_update {{(pid=103756) _notify_loop /usr/local/lib/python3.8/dist-packages/neutron_lib/callbacks/manager.py:175}}
Dec 10 11:34:26.661497 dv-neutron-821271-2-hyperv neutron-server[103756]: DEBUG neutron.plugins.ml2.db [None req-1116b853-2f96-405d-9ef0-02ad54e119ac None None] For port 96de5370-b492-46e7-98a0-3c7b38592411, host dv-neutron-821271-2-hyperv, cleared binding levels {{(pid=103756) clear_binding_levels /opt/stack/neutron/neutron/plugins/ml2/db.py:87}}
Dec 10 11:34:26.681307 dv-neutron-821271-2-hyperv neutron-server[103756]: DEBUG neutron.plugins.ml2.db [None req-1116b853-2f96-405d-9ef0-02ad54e119ac None None] For port 96de5370-b492-46e7-98a0-3c7b38592411, host dv-neutron-821271-2-hyperv, set binding levels [PortBindingLevel(driver='openvswitch',host='dv-neutron-821271-2-hyperv',level=0,port_id=96de5370-b492-46e7-98a0-3c7b38592411,segment=NetworkSegment(6dfd95d9-a5eb-4c15-b4bf-1c9840bfb1ab),segment_id=6dfd95d9-a5eb-4c15-b4bf-1c9840bfb1ab)] {{(pid=103756) set_binding_levels /opt/stack/neutron/neutron/plugins/ml2/db.py:59}}
Dec 10 11:34:26.755230 dv-neutron-821271-2-hyperv neutron-server[103756]: DEBUG neutron.api.rpc.handlers.dhcp_rpc [None req-21191736-1d6d-4369-b93b-ea3cb4213fde None None] DHCP port deletion for 184d17ae-d7b1-4e69-914f-ea95a0501035 request from dv-neutron-821271-2-hyperv {{(pid=103756) release_dhcp_port /opt/stack/neutron/neutron/api/rpc/handlers/dhcp_rpc.py:277}}
Dec 10 11:34:26.763120 dv-neutron-821271-2-hyperv neutron-server[103756]: DEBUG neutron_lib.callbacks.manager [None req-1116b853-2f96-405d-9ef0-02ad54e119ac None None] Publish callbacks ['neutron.plugins.ml2.plugin.SecurityGroupServerNotifierRpcMixin._notify_sg_on_port_change-3626682', 'neutron.plugins.ml2.ovo_rpc._ObjectChangeHandler.handle_event-35138', 'neutron.api.rpc.agentnotifiers.dhcp_rpc_agent_api.DhcpAgentNotifyAPI._native_event_send_dhcp_notification-3715447', 'neutron.db.l3_db.L3RpcNotifierMixin._notify_gateway_port_ip_changed-8741904732645', 'neutron.db.l3_dvrscheduler_db._notify_l3_agent_port_update-8741904164298', 'neutron.db.l3_hascheduler_db._notify_l3_agent_ha_port_update-8741904164316'] for port, after_update {{(pid=103756) _notify_loop /usr/local/lib/python3.8/dist-packages/neutron_lib/callbacks/manager.py:175}}
Dec 10 11:34:26.844049 dv-neutron-821271-2-hyperv neutron-server[103754]: DEBUG neutron_lib.callbacks.manager [None req-818f169c-e752-43d9-bf39-dfb526b62b88 tempest-ExtraDHCPOptionsTestJSON-2004024585 tempest-ExtraDHCPOptionsTestJSON-2004024585-project] Publish callbacks [] for port, precommit_create {{(pid=103754) _notify_loop /usr/local/lib/python3.8/dist-packages/neutron_lib/callbacks/manager.py:175}}
Dec 10 11:34:26.873682 dv-neutron-821271-2-hyperv neutron-server[103755]: INFO neutron.wsgi [None req-e8dc4ea0-ccb6-4c56-b0d0-a4ff3e6d19cc tempest-NetworksTestDHCPv6-246673260 tempest-NetworksTestDHCPv6-246673260-project] 10.222.0.39 "GET /v2.0/routers HTTP/1.1" status: 200 len: 208 time: 0.4120755
Dec 10 11:34:26.874072 dv-neutron-821271-2-hyperv neutron-server[103754]: DEBUG neutron.wsgi [-] (103754) accepted ('10.222.0.39', 35798) {{(pid=103754) server /usr/local/lib/python3.8/dist-packages/eventlet/wsgi.py:1004}}
Dec 10 11:34:26.882221 dv-neutron-821271-2-hyperv neutron-server[103754]: DEBUG neutron.api.v2.base [None req-d6a56ec9-bd4e-43ba-a4fc-7fce208424dd tempest-NetworksTestDHCPv6-246673260 tempest-NetworksTestDHCPv6-246673260-project] Request body: {'subnet': {'network_id': '184d17ae-d7b1-4e69-914f-ea95a0501035', 'cidr': '2001:db8::/64', 'ip_version': 6, 'gateway_ip': '2001:db8::1', 'ipv6_ra_mode': 'dhcpv6-stateful'}} {{(pid=103754) prepare_request_body /opt/stack/neutron/neutron/api/v2/base.py:729}}
Dec 10 11:34:26.950502 dv-neutron-821271-2-hyperv neutron-server[103755]: DEBUG neutron_lib.callbacks.manager [None req-6eabf2a7-37f7-4082-b8e7-8a310af606e2 tempest-PortsAdminExtendedAttrsTestJSON-717826319 tempest-PortsAdminExtendedAttrsTestJSON-717826319-project-admin] Publish callbacks ['neutron.plugins.ml2.plugin.SecurityGroupServerNotifierRpcMixin._notify_sg_on_port_change-3626682', 'neutron.plugins.ml2.ovo_rpc._ObjectChangeHandler.handle_event-35138', 'neutron.api.rpc.agentnotifiers.dhcp_rpc_agent_api.DhcpAgentNotifyAPI._native_event_send_dhcp_notification-3715447', 'neutron.db.l3_db.L3RpcNotifierMixin._notify_routers_callback-8741904732627', 'neutron.db.l3_dvrscheduler_db._notify_port_delete-8741904164289', 'neutron.services.segments.plugin.NovaSegmentNotifier._notify_port_created_or_deleted-61363823'] for port, after_delete {{(pid=103755) _notify_loop /usr/local/lib/python3.8/dist-packages/neutron_lib/callbacks/manager.py:175}}
Dec 10 11:34:26.996684 dv-neutron-821271-2-hyperv neutron-server[103755]: DEBUG neutron.pecan_wsgi.hooks.policy_enforcement [req-c55f4522-6a1e-4071-ba1f-3932e8c2ccb3 req-8a51eb86-1403-4fcc-ad4d-c030ed95b140 tempest-ServersTestManualDisk-636419602 tempest-ServersTestManualDisk-636419602-project] Attributes excluded by policy engine: ['standard_attr_id', 'binding:profile', 'binding:host_id', 'binding:vif_type', 'binding:vif_details'] {{(pid=103755) _exclude_attributes_by_policy /opt/stack/neutron/neutron/pecan_wsgi/hooks/policy_enforcement.py:255}}
Dec 10 11:34:27.000581 dv-neutron-821271-2-hyperv neutron-server[103755]: INFO neutron.wsgi [req-c55f4522-6a1e-4071-ba1f-3932e8c2ccb3 req-8a51eb86-1403-4fcc-ad4d-c030ed95b140 tempest-ServersTestManualDisk-636419602 tempest-ServersTestManualDisk-636419602-project] 10.222.0.39 "GET /v2.0/ports?device_id=0c386222-a446-46bc-9a23-c8e99faec714 HTTP/1.1" status: 200 len: 932 time: 0.7135601
Dec 10 11:34:27.038047 dv-neutron-821271-2-hyperv neutron-server[103755]: DEBUG neutron_lib.callbacks.manager [None req-6eabf2a7-37f7-4082-b8e7-8a310af606e2 tempest-PortsAdminExtendedAttrsTestJSON-717826319 tempest-PortsAdminExtendedAttrsTestJSON-717826319-project-admin] Publish callbacks ['neutron.notifiers.nova.Notifier._send_nova_notification-30237'] for port, before_response {{(pid=103755) _notify_loop /usr/local/lib/python3.8/dist-packages/neutron_lib/callbacks/manager.py:175}}
Dec 10 11:34:27.038909 dv-neutron-821271-2-hyperv neutron-server[103754]: INFO neutron.wsgi [req-c0897d13-eaaa-400e-b87e-a91f7d934c50 req-4545e554-c01d-4ffd-9a16-8df9a5d46805 tempest-ServerActionsTestJSON-1178847560 tempest-ServerActionsTestJSON-1178847560-project] 10.222.0.39 "GET /v2.0/ports?device_id=528d2aae-3c7a-4ad0-bed7-bcb30212ce1d HTTP/1.1" status: 200 len: 210 time: 0.1457143
Dec 10 11:34:27.045075 dv-neutron-821271-2-hyperv neutron-server[103755]: INFO neutron.wsgi [None req-6eabf2a7-37f7-4082-b8e7-8a310af606e2 tempest-PortsAdminExtendedAttrsTestJSON-717826319 tempest-PortsAdminExtendedAttrsTestJSON-717826319-project-admin] 10.222.0.39 "DELETE /v2.0/ports/a1888e06-4d0a-4aa3-9190-6475eb4b1b8d HTTP/1.1" status: 204 len: 168 time: 2.1285655
Dec 10 11:34:27.046711 dv-neutron-821271-2-hyperv neutron-server[103755]: DEBUG neutron.api.rpc.handlers.resources_rpc [None req-6eabf2a7-37f7-4082-b8e7-8a310af606e2 tempest-PortsAdminExtendedAttrsTestJSON-717826319 tempest-PortsAdminExtendedAttrsTestJSON-717826319-project-admin] Pushing event deleted for resources: {'Port': ['ID=a1888e06-4d0a-4aa3-9190-6475eb4b1b8d,revision_number=None']} {{(pid=103755) push /opt/stack/neutron/neutron/api/rpc/handlers/resources_rpc.py:237}}
Dec 10 11:34:27.047652 dv-neutron-821271-2-hyperv neutron-server[103755]: DEBUG neutron.wsgi [-] (103755) accepted ('10.222.0.39', 35804) {{(pid=103755) server /usr/local/lib/python3.8/dist-packages/eventlet/wsgi.py:1004}}
Dec 10 11:34:27.073021 dv-neutron-821271-2-hyperv neutron-server[103756]: DEBUG neutron.api.rpc.handlers.resources_rpc [None req-1116b853-2f96-405d-9ef0-02ad54e119ac None None] Pushing event updated for resources: {'Port': ['ID=96de5370-b492-46e7-98a0-3c7b38592411,revision_number=2']} {{(pid=103756) push /opt/stack/neutron/neutron/api/rpc/handlers/resources_rpc.py:237}}
Dec 10 11:34:27.089217 dv-neutron-821271-2-hyperv neutron-server[103755]: DEBUG neutron_lib.callbacks.manager [None req-5f5a9788-ff55-4410-86e1-1b5d01bb32e1 tempest-FloatingIPTestJSON-567325576 tempest-FloatingIPTestJSON-567325576-project] Publish callbacks [] for router_gateway, after_create {{(pid=103755) _notify_loop /usr/local/lib/python3.8/dist-packages/neutron_lib/callbacks/manager.py:175}}
Dec 10 11:34:27.101175 dv-neutron-821271-2-hyperv neutron-server[103756]: DEBUG neutron.plugins.ml2.plugin [None req-21191736-1d6d-4369-b93b-ea3cb4213fde None None] Deleting port ae4165cb-1439-4b56-a23a-5c247c634a59 {{(pid=103756) _pre_delete_port /opt/stack/neutron/neutron/plugins/ml2/plugin.py:1936}}
Dec 10 11:34:27.101579 dv-neutron-821271-2-hyperv neutron-server[103756]: DEBUG neutron_lib.callbacks.manager [None req-21191736-1d6d-4369-b93b-ea3cb4213fde None None] Publish callbacks ['neutron.db.l3_db.L3_NAT_dbonly_mixin._prevent_l3_port_delete_callback-8741904640368'] for port, before_delete {{(pid=103756) _notify_loop /usr/local/lib/python3.8/dist-packages/neutron_lib/callbacks/manager.py:175}}
Dec 10 11:34:27.191266 dv-neutron-821271-2-hyperv neutron-server[103755]: INFO neutron.pecan_wsgi.hooks.translation [None req-640c8589-25c4-48f4-b542-adf0cad66f74 tempest-PortsAdminExtendedAttrsTestJSON-717826319 tempest-PortsAdminExtendedAttrsTestJSON-717826319-project-admin] GET failed (client error): The resource could not be found.
Dec 10 11:34:27.197997 dv-neutron-821271-2-hyperv neutron-server[103755]: INFO neutron.wsgi [None req-640c8589-25c4-48f4-b542-adf0cad66f74 tempest-PortsAdminExtendedAttrsTestJSON-717826319 tempest-PortsAdminExtendedAttrsTestJSON-717826319-project-admin] 10.222.0.39 "GET /v2.0/ports/a1888e06-4d0a-4aa3-9190-6475eb4b1b8d HTTP/1.1" status: 404 len: 333 time: 0.1381843
Dec 10 11:34:27.198416 dv-neutron-821271-2-hyperv neutron-server[103754]: DEBUG neutron.wsgi [-] (103754) accepted ('10.222.0.39', 35808) {{(pid=103754) server /usr/local/lib/python3.8/dist-packages/eventlet/wsgi.py:1004}}
Dec 10 11:34:27.203655 dv-neutron-821271-2-hyperv neutron-server[103754]: DEBUG neutron.api.v2.base [None req-cee5a9af-24fb-4b30-86c4-f65ef3540be7 tempest-PortsAdminExtendedAttrsTestJSON-717826319 tempest-PortsAdminExtendedAttrsTestJSON-717826319-project-admin] Request body: {'port': {'network_id': '56a64a09-ac07-4811-b340-286c9d7d7b5b', 'name': 'tempest-PortsAdminExtendedAttrsTestJSON-1213134984'}} {{(pid=103754) prepare_request_body /opt/stack/neutron/neutron/api/v2/base.py:729}}
Dec 10 11:34:27.218067 dv-neutron-821271-2-hyperv neutron-server[103754]: DEBUG neutron_lib.callbacks.manager [None req-818f169c-e752-43d9-bf39-dfb526b62b88 tempest-ExtraDHCPOptionsTestJSON-2004024585 tempest-ExtraDHCPOptionsTestJSON-2004024585-project] Publish callbacks ['neutron.plugins.ml2.plugin.SecurityGroupServerNotifierRpcMixin._notify_sg_on_port_change-3626682', 'neutron.plugins.ml2.ovo_rpc._ObjectChangeHandler.handle_event-35138', 'neutron.api.rpc.agentnotifiers.dhcp_rpc_agent_api.DhcpAgentNotifyAPI._native_event_send_dhcp_notification-3715447', 'neutron.db.l3_dvrscheduler_db._notify_l3_agent_new_port-8741904164280', 'neutron.services.segments.plugin.NovaSegmentNotifier._notify_port_created_or_deleted-62278778'] for port, after_create {{(pid=103754) _notify_loop /usr/local/lib/python3.8/dist-packages/neutron_lib/callbacks/manager.py:175}}
Dec 10 11:34:27.232083 dv-neutron-821271-2-hyperv neutron-server[103756]: DEBUG neutron.plugins.ml2.db [None req-21191736-1d6d-4369-b93b-ea3cb4213fde None None] For port ae4165cb-1439-4b56-a23a-5c247c634a59, host dv-neutron-821271-2-hyperv, got binding levels [PortBindingLevel(driver='openvswitch',host='dv-neutron-821271-2-hyperv',level=0,port_id=ae4165cb-1439-4b56-a23a-5c247c634a59,segment=NetworkSegment(1a38d95b-1f2d-41d6-9854-ed7cedba2905),segment_id=1a38d95b-1f2d-41d6-9854-ed7cedba2905)] {{(pid=103756) get_binding_level_objs /opt/stack/neutron/neutron/plugins/ml2/db.py:74}}
Dec 10 11:34:27.232471 dv-neutron-821271-2-hyperv neutron-server[103756]: DEBUG neutron_lib.callbacks.manager [None req-21191736-1d6d-4369-b93b-ea3cb4213fde None None] Publish callbacks ['neutron.services.l3_router.l3_router_plugin.L3_NAT_dbonly_mixin._precommit_delete_port_callback-448394'] for port, precommit_delete {{(pid=103756) _notify_loop /usr/local/lib/python3.8/dist-packages/neutron_lib/callbacks/manager.py:175}}
Dec 10 11:34:27.240741 dv-neutron-821271-2-hyperv neutron-server[103755]: INFO neutron.wsgi [req-c55f4522-6a1e-4071-ba1f-3932e8c2ccb3 req-1aba7875-b1ca-4f38-b60c-2d4bdd7990ab tempest-ServersTestManualDisk-636419602 tempest-ServersTestManualDisk-636419602-project] 10.222.0.39 "GET /v2.0/security-groups?id=0d210209-8f39-4355-a03e-162340a484c6&fields=id&fields=name HTTP/1.1" status: 200 len: 313 time: 0.2067738
Dec 10 11:34:27.268770 dv-neutron-821271-2-hyperv neutron-server[103756]: DEBUG neutron.plugins.ml2.plugin [None req-21191736-1d6d-4369-b93b-ea3cb4213fde None None] Calling delete_port for ae4165cb-1439-4b56-a23a-5c247c634a59 owned by network:dhcp {{(pid=103756) delete_port /opt/stack/neutron/neutron/plugins/ml2/plugin.py:2014}}
Dec 10 11:34:27.340632 dv-neutron-821271-2-hyperv neutron-server[103754]: DEBUG neutron.pecan_wsgi.hooks.quota_enforcement [None req-d6a56ec9-bd4e-43ba-a4fc-7fce208424dd tempest-NetworksTestDHCPv6-246673260 tempest-NetworksTestDHCPv6-246673260-project] Made reservation on behalf of 1edda51ca66341988fd826bd53ca22a0 for: {'subnet': 1} {{(pid=103754) before /opt/stack/neutron/neutron/pecan_wsgi/hooks/quota_enforcement.py:53}}
