Dec 16 11:55:32.056273 dv-neutron-821208-3-hyperv devstack@n-api.service[117287]: DEBUG oslo_db.sqlalchemy.engines [None req-673a2b8c-127d-4f54-bbc3-32d6fc56a1e9 None None] MySQL server mode set to STRICT_TRANS_TABLES,STRICT_ALL_TABLES,NO_ZERO_IN_DATE,NO_ZERO_DATE,ERROR_FOR_DIVISION_BY_ZERO,TRADITIONAL,NO_ENGINE_SUBSTITUTION {{(pid=117287) _check_effective_sql_mode /usr/local/lib/python3.8/dist-packages/oslo_db/sqlalchemy/engines.py:314}}
Dec 16 11:55:32.164713 dv-neutron-821208-3-hyperv devstack@n-api.service[117288]: DEBUG oslo_db.sqlalchemy.engines [None req-0f7003d9-a27a-4031-b141-1d098de2a47a None None] MySQL server mode set to STRICT_TRANS_TABLES,STRICT_ALL_TABLES,NO_ZERO_IN_DATE,NO_ZERO_DATE,ERROR_FOR_DIVISION_BY_ZERO,TRADITIONAL,NO_ENGINE_SUBSTITUTION {{(pid=117288) _check_effective_sql_mode /usr/local/lib/python3.8/dist-packages/oslo_db/sqlalchemy/engines.py:314}}
Dec 16 11:55:32.215945 dv-neutron-821208-3-hyperv devstack@n-api.service[117287]: DEBUG oslo_db.sqlalchemy.engines [None req-673a2b8c-127d-4f54-bbc3-32d6fc56a1e9 None None] MySQL server mode set to STRICT_TRANS_TABLES,STRICT_ALL_TABLES,NO_ZERO_IN_DATE,NO_ZERO_DATE,ERROR_FOR_DIVISION_BY_ZERO,TRADITIONAL,NO_ENGINE_SUBSTITUTION {{(pid=117287) _check_effective_sql_mode /usr/local/lib/python3.8/dist-packages/oslo_db/sqlalchemy/engines.py:314}}
Dec 16 11:55:32.492203 dv-neutron-821208-3-hyperv devstack@n-api.service[117288]: WARNING keystonemiddleware.auth_token [None req-0f7003d9-a27a-4031-b141-1d098de2a47a None None] AuthToken middleware is set with keystone_authtoken.service_token_roles_required set to False. This is backwards compatible but deprecated behaviour. Please set this to True.
Dec 16 11:55:32.498903 dv-neutron-821208-3-hyperv devstack@n-api.service[117288]: WARNING keystonemiddleware.auth_token [None req-0f7003d9-a27a-4031-b141-1d098de2a47a None None] Configuring www_authenticate_uri to point to the public identity endpoint is required; clients may not be able to authenticate against an admin endpoint
Dec 16 11:55:32.548570 dv-neutron-821208-3-hyperv devstack@n-api.service[117287]: WARNING keystonemiddleware.auth_token [None req-673a2b8c-127d-4f54-bbc3-32d6fc56a1e9 None None] AuthToken middleware is set with keystone_authtoken.service_token_roles_required set to False. This is backwards compatible but deprecated behaviour. Please set this to True.
Dec 16 11:55:32.555202 dv-neutron-821208-3-hyperv devstack@n-api.service[117287]: WARNING keystonemiddleware.auth_token [None req-673a2b8c-127d-4f54-bbc3-32d6fc56a1e9 None None] Configuring www_authenticate_uri to point to the public identity endpoint is required; clients may not be able to authenticate against an admin endpoint
Dec 16 11:55:32.843583 dv-neutron-821208-3-hyperv devstack@n-api.service[117288]: WARNING keystonemiddleware.auth_token [None req-0f7003d9-a27a-4031-b141-1d098de2a47a None None] AuthToken middleware is set with keystone_authtoken.service_token_roles_required set to False. This is backwards compatible but deprecated behaviour. Please set this to True.
Dec 16 11:55:32.849319 dv-neutron-821208-3-hyperv devstack@n-api.service[117288]: WARNING keystonemiddleware.auth_token [None req-0f7003d9-a27a-4031-b141-1d098de2a47a None None] Configuring www_authenticate_uri to point to the public identity endpoint is required; clients may not be able to authenticate against an admin endpoint
Dec 16 11:55:32.854911 dv-neutron-821208-3-hyperv devstack@n-api.service[117288]: WSGI app 0 (mountpoint='') ready in 5 seconds on interpreter 0x55b96c07b9c0 pid: 117288 (default app)
Dec 16 11:55:32.897378 dv-neutron-821208-3-hyperv devstack@n-api.service[117287]: WARNING keystonemiddleware.auth_token [None req-673a2b8c-127d-4f54-bbc3-32d6fc56a1e9 None None] AuthToken middleware is set with keystone_authtoken.service_token_roles_required set to False. This is backwards compatible but deprecated behaviour. Please set this to True.
Dec 16 11:55:32.902633 dv-neutron-821208-3-hyperv devstack@n-api.service[117287]: WARNING keystonemiddleware.auth_token [None req-673a2b8c-127d-4f54-bbc3-32d6fc56a1e9 None None] Configuring www_authenticate_uri to point to the public identity endpoint is required; clients may not be able to authenticate against an admin endpoint
Dec 16 11:55:32.908003 dv-neutron-821208-3-hyperv devstack@n-api.service[117287]: WSGI app 0 (mountpoint='') ready in 5 seconds on interpreter 0x55b96c07b9c0 pid: 117287 (default app)
Dec 16 11:56:19.515841 dv-neutron-821208-3-hyperv devstack@n-api.service[117288]: DEBUG nova.api.openstack.wsgi [None req-65671db2-144d-4869-bd9c-250e2b864d5f tempest-ServersTestManualDisk-1497986286 tempest-ServersTestManualDisk-1497986286-project] Action: 'create', calling method: .version_select at 0x7fb0ccce6e50>, body: {"keypair": {"name": "tempest-keypair-555813617"}} {{(pid=117288) _process_stack /opt/stack/nova/nova/api/openstack/wsgi.py:511}}
Dec 16 11:56:19.647026 dv-neutron-821208-3-hyperv devstack@n-api.service[117288]: DEBUG nova.quota [None req-65671db2-144d-4869-bd9c-250e2b864d5f tempest-ServersTestManualDisk-1497986286 tempest-ServersTestManualDisk-1497986286-project] Getting quotas for project 410ea8cb0e524738b03ae8836f7e8031. Resources: {'key_pairs'} {{(pid=117288) _get_quotas /opt/stack/nova/nova/quota.py:387}}
Dec 16 11:56:19.674584 dv-neutron-821208-3-hyperv devstack@n-api.service[117288]: DEBUG nova.quota [None req-65671db2-144d-4869-bd9c-250e2b864d5f tempest-ServersTestManualDisk-1497986286 tempest-ServersTestManualDisk-1497986286-project] Getting quotas for user 3455c5070cfd4009a0cb0452cdfc4e15 and project 410ea8cb0e524738b03ae8836f7e8031. Resources: {'key_pairs'} {{(pid=117288) _get_quotas /opt/stack/nova/nova/quota.py:377}}
Dec 16 11:56:20.133635 dv-neutron-821208-3-hyperv devstack@n-api.service[117288]: DEBUG nova.quota [None req-65671db2-144d-4869-bd9c-250e2b864d5f tempest-ServersTestManualDisk-1497986286 tempest-ServersTestManualDisk-1497986286-project] Getting quotas for project 410ea8cb0e524738b03ae8836f7e8031. Resources: {'key_pairs'} {{(pid=117288) _get_quotas /opt/stack/nova/nova/quota.py:387}}
Dec 16 11:56:20.143464 dv-neutron-821208-3-hyperv devstack@n-api.service[117288]: DEBUG nova.quota [None req-65671db2-144d-4869-bd9c-250e2b864d5f tempest-ServersTestManualDisk-1497986286 tempest-ServersTestManualDisk-1497986286-project] Getting quotas for user 3455c5070cfd4009a0cb0452cdfc4e15 and project 410ea8cb0e524738b03ae8836f7e8031. Resources: {'key_pairs'} {{(pid=117288) _get_quotas /opt/stack/nova/nova/quota.py:377}}
Dec 16 11:56:20.168288 dv-neutron-821208-3-hyperv devstack@n-api.service[117288]: INFO nova.api.openstack.requestlog [None req-65671db2-144d-4869-bd9c-250e2b864d5f tempest-ServersTestManualDisk-1497986286 tempest-ServersTestManualDisk-1497986286-project] 10.222.0.32 "POST /compute/v2.1/os-keypairs" status: 200 len: 2304 microversion: 2.1 time: 1.759899
Dec 16 11:56:20.169670 dv-neutron-821208-3-hyperv devstack@n-api.service[117288]: [pid: 117288|app: 0|req: 1/1] 10.222.0.32 () {60 vars in 1157 bytes} [Thu Dec 16 11:56:18 2021] POST /compute/v2.1/os-keypairs => generated 2304 bytes in 1762 msecs (HTTP/1.1 200) 9 headers in 358 bytes (1 switches on core 0)
Dec 16 11:56:20.702776 dv-neutron-821208-3-hyperv devstack@n-api.service[117287]: DEBUG nova.api.openstack.wsgi [None req-043e38f7-5131-46db-b503-83bfcfbbc4e7 tempest-ServersTestManualDisk-1497986286 tempest-ServersTestManualDisk-1497986286-project] Calling method '.version_select at 0x7fb0ccd33af0>' {{(pid=117287) _process_stack /opt/stack/nova/nova/api/openstack/wsgi.py:513}}
Dec 16 11:56:20.888426 dv-neutron-821208-3-hyperv devstack@n-api.service[117287]: INFO nova.api.openstack.requestlog [None req-043e38f7-5131-46db-b503-83bfcfbbc4e7 tempest-ServersTestManualDisk-1497986286 tempest-ServersTestManualDisk-1497986286-project] 10.222.0.32 "DELETE /compute/v2.1/os-keypairs/tempest-keypair-555813617" status: 202 len: 0 microversion: 2.1 time: 0.671957
Dec 16 11:56:20.890568 dv-neutron-821208-3-hyperv devstack@n-api.service[117287]: [pid: 117287|app: 0|req: 1/2] 10.222.0.32 () {58 vars in 1217 bytes} [Thu Dec 16 11:56:20 2021] DELETE /compute/v2.1/os-keypairs/tempest-keypair-555813617 => generated 0 bytes in 676 msecs (HTTP/1.1 202) 9 headers in 361 bytes (1 switches on core 0)
Dec 16 11:56:24.305085 dv-neutron-821208-3-hyperv devstack@n-api.service[117288]: DEBUG nova.api.openstack.wsgi [None req-c41c30bc-c67e-4fc2-b0cf-a8a2ba180705 tempest-ServerActionsTestJSON-1999945552 tempest-ServerActionsTestJSON-1999945552-project] Action: 'create', calling method: .version_select at 0x7fb0ccd0f9d0>, body: {"keypair": {"name": "tempest-keypair-985538783"}} {{(pid=117288) _process_stack /opt/stack/nova/nova/api/openstack/wsgi.py:511}}
Dec 16 11:56:24.321423 dv-neutron-821208-3-hyperv devstack@n-api.service[117287]: DEBUG nova.api.openstack.wsgi [None req-06d75e65-97c3-4d62-99e5-e9302c3743e8 tempest-ServersTestJSON-1945463819 tempest-ServersTestJSON-1945463819-project] Action: 'create', calling method: .version_select at 0x7fb0ccd49670>, body: {"keypair": {"name": "tempest-keypair-1737911842"}} {{(pid=117287) _process_stack /opt/stack/nova/nova/api/openstack/wsgi.py:511}}
Dec 16 11:56:24.335738 dv-neutron-821208-3-hyperv devstack@n-api.service[117288]: DEBUG nova.quota [None req-c41c30bc-c67e-4fc2-b0cf-a8a2ba180705 tempest-ServerActionsTestJSON-1999945552 tempest-ServerActionsTestJSON-1999945552-project] Getting quotas for project 9a8c9c866c9c44c6961f54b2a2f57862. Resources: {'key_pairs'} {{(pid=117288) _get_quotas /opt/stack/nova/nova/quota.py:387}}
Dec 16 11:56:24.346094 dv-neutron-821208-3-hyperv devstack@n-api.service[117288]: DEBUG nova.quota [None req-c41c30bc-c67e-4fc2-b0cf-a8a2ba180705 tempest-ServerActionsTestJSON-1999945552 tempest-ServerActionsTestJSON-1999945552-project] Getting quotas for user dfc7b8ed7aa741af9d8594342d199c29 and project 9a8c9c866c9c44c6961f54b2a2f57862. Resources: {'key_pairs'} {{(pid=117288) _get_quotas /opt/stack/nova/nova/quota.py:377}}
Dec 16 11:56:24.412426 dv-neutron-821208-3-hyperv devstack@n-api.service[117287]: DEBUG nova.quota [None req-06d75e65-97c3-4d62-99e5-e9302c3743e8 tempest-ServersTestJSON-1945463819 tempest-ServersTestJSON-1945463819-project] Getting quotas for project aaae549ec2e94a2d8d47e3bcfc0a995e. Resources: {'key_pairs'} {{(pid=117287) _get_quotas /opt/stack/nova/nova/quota.py:387}}
Dec 16 11:56:24.434064 dv-neutron-821208-3-hyperv devstack@n-api.service[117287]: DEBUG nova.quota [None req-06d75e65-97c3-4d62-99e5-e9302c3743e8 tempest-ServersTestJSON-1945463819 tempest-ServersTestJSON-1945463819-project] Getting quotas for user acd0c892f2ff40bda2994ef36c160301 and project aaae549ec2e94a2d8d47e3bcfc0a995e. Resources: {'key_pairs'} {{(pid=117287) _get_quotas /opt/stack/nova/nova/quota.py:377}}
Dec 16 11:56:24.757081 dv-neutron-821208-3-hyperv devstack@n-api.service[117288]: DEBUG nova.quota [None req-c41c30bc-c67e-4fc2-b0cf-a8a2ba180705 tempest-ServerActionsTestJSON-1999945552 tempest-ServerActionsTestJSON-1999945552-project] Getting quotas for project 9a8c9c866c9c44c6961f54b2a2f57862. Resources: {'key_pairs'} {{(pid=117288) _get_quotas /opt/stack/nova/nova/quota.py:387}}
Dec 16 11:56:24.772291 dv-neutron-821208-3-hyperv devstack@n-api.service[117288]: DEBUG nova.quota [None req-c41c30bc-c67e-4fc2-b0cf-a8a2ba180705 tempest-ServerActionsTestJSON-1999945552 tempest-ServerActionsTestJSON-1999945552-project] Getting quotas for user dfc7b8ed7aa741af9d8594342d199c29 and project 9a8c9c866c9c44c6961f54b2a2f57862. Resources: {'key_pairs'} {{(pid=117288) _get_quotas /opt/stack/nova/nova/quota.py:377}}
Dec 16 11:56:24.807108 dv-neutron-821208-3-hyperv devstack@n-api.service[117288]: INFO nova.api.openstack.requestlog [None req-c41c30bc-c67e-4fc2-b0cf-a8a2ba180705 tempest-ServerActionsTestJSON-1999945552 tempest-ServerActionsTestJSON-1999945552-project] 10.222.0.32 "POST /compute/v2.1/os-keypairs" status: 200 len: 2304 microversion: 2.1 time: 1.112885
Dec 16 11:56:24.815910 dv-neutron-821208-3-hyperv devstack@n-api.service[117288]: [pid: 117288|app: 0|req: 2/3] 10.222.0.32 () {60 vars in 1157 bytes} [Thu Dec 16 11:56:23 2021] POST /compute/v2.1/os-keypairs => generated 2304 bytes in 1122 msecs (HTTP/1.1 200) 9 headers in 358 bytes (1 switches on core 0)
Dec 16 11:56:24.850622 dv-neutron-821208-3-hyperv devstack@n-api.service[117288]: DEBUG nova.api.openstack.wsgi [None req-bb3b3457-e021-4e06-a9dc-5bf7822cff7a tempest-ServerActionsTestJSON-1999945552 tempest-ServerActionsTestJSON-1999945552-project] Calling method '.version_select at 0x7fb0cc371160>' {{(pid=117288) _process_stack /opt/stack/nova/nova/api/openstack/wsgi.py:513}}
Dec 16 11:56:24.902124 dv-neutron-821208-3-hyperv devstack@n-api.service[117288]: INFO nova.api.openstack.requestlog [None req-bb3b3457-e021-4e06-a9dc-5bf7822cff7a tempest-ServerActionsTestJSON-1999945552 tempest-ServerActionsTestJSON-1999945552-project] 10.222.0.32 "DELETE /compute/v2.1/os-keypairs/tempest-keypair-985538783" status: 202 len: 0 microversion: 2.1 time: 0.056896
Dec 16 11:56:24.908564 dv-neutron-821208-3-hyperv devstack@n-api.service[117288]: [pid: 117288|app: 0|req: 3/4] 10.222.0.32 () {58 vars in 1217 bytes} [Thu Dec 16 11:56:24 2021] DELETE /compute/v2.1/os-keypairs/tempest-keypair-985538783 => generated 0 bytes in 64 msecs (HTTP/1.1 202) 9 headers in 361 bytes (2 switches on core 0)
Dec 16 11:56:24.962151 dv-neutron-821208-3-hyperv devstack@n-api.service[117287]: DEBUG nova.quota [None req-06d75e65-97c3-4d62-99e5-e9302c3743e8 tempest-ServersTestJSON-1945463819 tempest-ServersTestJSON-1945463819-project] Getting quotas for project aaae549ec2e94a2d8d47e3bcfc0a995e. Resources: {'key_pairs'} {{(pid=117287) _get_quotas /opt/stack/nova/nova/quota.py:387}}
Dec 16 11:56:24.982767 dv-neutron-821208-3-hyperv devstack@n-api.service[117287]: DEBUG nova.quota [None req-06d75e65-97c3-4d62-99e5-e9302c3743e8 tempest-ServersTestJSON-1945463819 tempest-ServersTestJSON-1945463819-project] Getting quotas for user acd0c892f2ff40bda2994ef36c160301 and project aaae549ec2e94a2d8d47e3bcfc0a995e. Resources: {'key_pairs'} {{(pid=117287) _get_quotas /opt/stack/nova/nova/quota.py:377}}
Dec 16 11:56:25.028786 dv-neutron-821208-3-hyperv devstack@n-api.service[117287]: INFO nova.api.openstack.requestlog [None req-06d75e65-97c3-4d62-99e5-e9302c3743e8 tempest-ServersTestJSON-1945463819 tempest-ServersTestJSON-1945463819-project] 10.222.0.32 "POST /compute/v2.1/os-keypairs" status: 200 len: 2305 microversion: 2.1 time: 1.140038
Dec 16 11:56:25.038253 dv-neutron-821208-3-hyperv devstack@n-api.service[117287]: [pid: 117287|app: 0|req: 2/5] 10.222.0.32 () {60 vars in 1157 bytes} [Thu Dec 16 11:56:23 2021] POST /compute/v2.1/os-keypairs => generated 2305 bytes in 1150 msecs (HTTP/1.1 200) 9 headers in 358 bytes (1 switches on core 0)
Dec 16 11:56:25.067407 dv-neutron-821208-3-hyperv devstack@n-api.service[117288]: DEBUG nova.api.openstack.wsgi [None req-03b90792-30a5-4a41-ad55-bd1b15735dd7 tempest-ServersTestJSON-1945463819 tempest-ServersTestJSON-1945463819-project] Calling method '.version_select at 0x7fb0cc371e50>' {{(pid=117288) _process_stack /opt/stack/nova/nova/api/openstack/wsgi.py:513}}
Dec 16 11:56:25.101106 dv-neutron-821208-3-hyperv devstack@n-api.service[117288]: INFO nova.api.openstack.requestlog [None req-03b90792-30a5-4a41-ad55-bd1b15735dd7 tempest-ServersTestJSON-1945463819 tempest-ServersTestJSON-1945463819-project] 10.222.0.32 "DELETE /compute/v2.1/os-keypairs/tempest-keypair-1737911842" status: 202 len: 0 microversion: 2.1 time: 0.037367
Dec 16 11:56:25.101946 dv-neutron-821208-3-hyperv devstack@n-api.service[117288]: [pid: 117288|app: 0|req: 4/6] 10.222.0.32 () {58 vars in 1220 bytes} [Thu Dec 16 11:56:25 2021] DELETE /compute/v2.1/os-keypairs/tempest-keypair-1737911842 => generated 0 bytes in 41 msecs (HTTP/1.1 202) 9 headers in 361 bytes (1 switches on core 0)
Dec 16 11:57:03.747732 dv-neutron-821208-3-hyperv devstack@n-api.service[117287]: DEBUG nova.api.openstack.wsgi [None req-116e008a-8dc1-45c9-b2f7-8fff95ff59e5 tempest-TestNetworkAdvancedServerOps-339170505 tempest-TestNetworkAdvancedServerOps-339170505-project] Action: 'create', calling method: .version_select at 0x7fb0ccbe6e50>, body: {"keypair": {"name": "tempest-TestNetworkAdvancedServerOps-1779329669"}} {{(pid=117287) _process_stack /opt/stack/nova/nova/api/openstack/wsgi.py:511}}
Dec 16 11:57:03.778033 dv-neutron-821208-3-hyperv devstack@n-api.service[117287]: DEBUG nova.quota [None req-116e008a-8dc1-45c9-b2f7-8fff95ff59e5 tempest-TestNetworkAdvancedServerOps-339170505 tempest-TestNetworkAdvancedServerOps-339170505-project] Getting quotas for project 8f6195df4ff24ad9ba0d5e0eb2198cd1. Resources: {'key_pairs'} {{(pid=117287) _get_quotas /opt/stack/nova/nova/quota.py:387}}
Dec 16 11:57:03.789677 dv-neutron-821208-3-hyperv devstack@n-api.service[117287]: DEBUG nova.quota [None req-116e008a-8dc1-45c9-b2f7-8fff95ff59e5 tempest-TestNetworkAdvancedServerOps-339170505 tempest-TestNetworkAdvancedServerOps-339170505-project] Getting quotas for user b0e5b3d6fcac464a8f4f14cb64621d88 and project 8f6195df4ff24ad9ba0d5e0eb2198cd1. Resources: {'key_pairs'} {{(pid=117287) _get_quotas /opt/stack/nova/nova/quota.py:377}}
Dec 16 11:57:04.089100 dv-neutron-821208-3-hyperv devstack@n-api.service[117287]: DEBUG nova.quota [None req-116e008a-8dc1-45c9-b2f7-8fff95ff59e5 tempest-TestNetworkAdvancedServerOps-339170505 tempest-TestNetworkAdvancedServerOps-339170505-project] Getting quotas for project 8f6195df4ff24ad9ba0d5e0eb2198cd1. Resources: {'key_pairs'} {{(pid=117287) _get_quotas /opt/stack/nova/nova/quota.py:387}}
Dec 16 11:57:04.102585 dv-neutron-821208-3-hyperv devstack@n-api.service[117287]: DEBUG nova.quota [None req-116e008a-8dc1-45c9-b2f7-8fff95ff59e5 tempest-TestNetworkAdvancedServerOps-339170505 tempest-TestNetworkAdvancedServerOps-339170505-project] Getting quotas for user b0e5b3d6fcac464a8f4f14cb64621d88 and project 8f6195df4ff24ad9ba0d5e0eb2198cd1. Resources: {'key_pairs'} {{(pid=117287) _get_quotas /opt/stack/nova/nova/quota.py:377}}
Dec 16 11:57:04.132166 dv-neutron-821208-3-hyperv devstack@n-api.service[117287]: INFO nova.api.openstack.requestlog [None req-116e008a-8dc1-45c9-b2f7-8fff95ff59e5 tempest-TestNetworkAdvancedServerOps-339170505 tempest-TestNetworkAdvancedServerOps-339170505-project] 10.222.0.32 "POST /compute/v2.1/os-keypairs" status: 200 len: 2322 microversion: 2.1 time: 0.960506
Dec 16 11:57:04.133288 dv-neutron-821208-3-hyperv devstack@n-api.service[117287]: [pid: 117287|app: 0|req: 3/7] 10.222.0.32 () {60 vars in 1157 bytes} [Thu Dec 16 11:57:03 2021] POST /compute/v2.1/os-keypairs => generated 2322 bytes in 963 msecs (HTTP/1.1 200) 9 headers in 358 bytes (1 switches on core 0)
Dec 16 11:57:04.164409 dv-neutron-821208-3-hyperv devstack@n-api.service[117288]: DEBUG nova.api.openstack.wsgi [None req-dd1f1a79-43e3-444c-a22a-b07f9e2b064f tempest-TestNetworkAdvancedServerOps-339170505 tempest-TestNetworkAdvancedServerOps-339170505-project] Calling method '.version_select at 0x7fb0ccd0fc10>' {{(pid=117288) _process_stack /opt/stack/nova/nova/api/openstack/wsgi.py:513}}
Dec 16 11:57:04.184323 dv-neutron-821208-3-hyperv devstack@n-api.service[117288]: INFO nova.api.openstack.requestlog [None req-dd1f1a79-43e3-444c-a22a-b07f9e2b064f tempest-TestNetworkAdvancedServerOps-339170505 tempest-TestNetworkAdvancedServerOps-339170505-project] 10.222.0.32 "DELETE /compute/v2.1/os-keypairs/tempest-TestNetworkAdvancedServerOps-1779329669" status: 202 len: 0 microversion: 2.1 time: 0.023687
Dec 16 11:57:04.184987 dv-neutron-821208-3-hyperv devstack@n-api.service[117288]: [pid: 117288|app: 0|req: 5/8] 10.222.0.32 () {58 vars in 1283 bytes} [Thu Dec 16 11:57:04 2021] DELETE /compute/v2.1/os-keypairs/tempest-TestNetworkAdvancedServerOps-1779329669 => generated 0 bytes in 25 msecs (HTTP/1.1 202) 9 headers in 361 bytes (1 switches on core 0)
Dec 16 11:57:10.629372 dv-neutron-821208-3-hyperv devstack@n-api.service[117287]: DEBUG nova.api.openstack.wsgi [None req-ef8d3fc7-49f9-473b-8952-481e83034a93 tempest-TestServerAdvancedOps-226051564 tempest-TestServerAdvancedOps-226051564-project] Action: 'create', calling method: >, body: {"server": {"name": "tempest-TestServerAdvancedOps-server-657461288", "imageRef": "3c125fa8-596f-4481-901e-9792a81851b7", "flavorRef": "452", "networks": [{"uuid": "c9338bb4-ee5f-4cad-b9fc-afa1f28804a2"}]}} {{(pid=117287) _process_stack /opt/stack/nova/nova/api/openstack/wsgi.py:511}}
Dec 16 11:57:11.913951 dv-neutron-821208-3-hyperv devstack@n-api.service[117287]: DEBUG nova.network.neutron [None req-ef8d3fc7-49f9-473b-8952-481e83034a93 tempest-TestServerAdvancedOps-226051564 tempest-TestServerAdvancedOps-226051564-project] validate_networks() for [('c9338bb4-ee5f-4cad-b9fc-afa1f28804a2', None, None, None, None, None)] {{(pid=117287) validate_networks /opt/stack/nova/nova/network/neutron.py:2482}}
Dec 16 11:57:12.335414 dv-neutron-821208-3-hyperv devstack@n-api.service[117287]: INFO nova.api.openstack.wsgi [None req-ef8d3fc7-49f9-473b-8952-481e83034a93 tempest-TestServerAdvancedOps-226051564 tempest-TestServerAdvancedOps-226051564-project] HTTP exception thrown: Network c9338bb4-ee5f-4cad-b9fc-afa1f28804a2 could not be found.
Dec 16 11:57:12.336258 dv-neutron-821208-3-hyperv devstack@n-api.service[117287]: DEBUG nova.api.openstack.wsgi [None req-ef8d3fc7-49f9-473b-8952-481e83034a93 tempest-TestServerAdvancedOps-226051564 tempest-TestServerAdvancedOps-226051564-project] Returning 400 to user: Network c9338bb4-ee5f-4cad-b9fc-afa1f28804a2 could not be found. {{(pid=117287) __call__ /opt/stack/nova/nova/api/openstack/wsgi.py:936}}
Dec 16 11:57:12.337078 dv-neutron-821208-3-hyperv devstack@n-api.service[117287]: INFO nova.api.openstack.requestlog [None req-ef8d3fc7-49f9-473b-8952-481e83034a93 tempest-TestServerAdvancedOps-226051564 tempest-TestServerAdvancedOps-226051564-project] 10.222.0.32 "POST /compute/v2.1/servers" status: 400 len: 108 microversion: 2.1 time: 2.298916
Dec 16 11:57:12.338036 dv-neutron-821208-3-hyperv devstack@n-api.service[117287]: [pid: 117287|app: 0|req: 4/9] 10.222.0.32 () {60 vars in 1146 bytes} [Thu Dec 16 11:57:10 2021] POST /compute/v2.1/servers => generated 108 bytes in 2300 msecs (HTTP/1.1 400) 9 headers in 381 bytes (2 switches on core 0)
Dec 16 11:57:19.296425 dv-neutron-821208-3-hyperv devstack@n-api.service[117288]: DEBUG nova.api.openstack.wsgi [None req-8eba7df4-d13c-4ccb-9d42-c759cfe46159 tempest-TestVolumeBootPattern-1495004405 tempest-TestVolumeBootPattern-1495004405-project] Action: 'create', calling method: .version_select at 0x7fb0cc37c160>, body: {"keypair": {"name": "tempest-TestVolumeBootPattern-1006016621"}} {{(pid=117288) _process_stack /opt/stack/nova/nova/api/openstack/wsgi.py:511}}
Dec 16 11:57:19.325092 dv-neutron-821208-3-hyperv devstack@n-api.service[117288]: DEBUG nova.quota [None req-8eba7df4-d13c-4ccb-9d42-c759cfe46159 tempest-TestVolumeBootPattern-1495004405 tempest-TestVolumeBootPattern-1495004405-project] Getting quotas for project caef9582fbf14461aa1661d3265d898e. Resources: {'key_pairs'} {{(pid=117288) _get_quotas /opt/stack/nova/nova/quota.py:387}}
Dec 16 11:57:19.335529 dv-neutron-821208-3-hyperv devstack@n-api.service[117288]: DEBUG nova.quota [None req-8eba7df4-d13c-4ccb-9d42-c759cfe46159 tempest-TestVolumeBootPattern-1495004405 tempest-TestVolumeBootPattern-1495004405-project] Getting quotas for user 6d9f036530784b1381e228a81eed0414 and project caef9582fbf14461aa1661d3265d898e. Resources: {'key_pairs'} {{(pid=117288) _get_quotas /opt/stack/nova/nova/quota.py:377}}
Dec 16 11:57:19.646959 dv-neutron-821208-3-hyperv devstack@n-api.service[117288]: DEBUG nova.quota [None req-8eba7df4-d13c-4ccb-9d42-c759cfe46159 tempest-TestVolumeBootPattern-1495004405 tempest-TestVolumeBootPattern-1495004405-project] Getting quotas for project caef9582fbf14461aa1661d3265d898e. Resources: {'key_pairs'} {{(pid=117288) _get_quotas /opt/stack/nova/nova/quota.py:387}}
Dec 16 11:57:19.651615 dv-neutron-821208-3-hyperv devstack@n-api.service[117288]: DEBUG nova.quota [None req-8eba7df4-d13c-4ccb-9d42-c759cfe46159 tempest-TestVolumeBootPattern-1495004405 tempest-TestVolumeBootPattern-1495004405-project] Getting quotas for user 6d9f036530784b1381e228a81eed0414 and project caef9582fbf14461aa1661d3265d898e. Resources: {'key_pairs'} {{(pid=117288) _get_quotas /opt/stack/nova/nova/quota.py:377}}
Dec 16 11:57:19.674149 dv-neutron-821208-3-hyperv devstack@n-api.service[117288]: INFO nova.api.openstack.requestlog [None req-8eba7df4-d13c-4ccb-9d42-c759cfe46159 tempest-TestVolumeBootPattern-1495004405 tempest-TestVolumeBootPattern-1495004405-project] 10.222.0.32 "POST /compute/v2.1/os-keypairs" status: 200 len: 2319 microversion: 2.1 time: 0.793174
Dec 16 11:57:19.675088 dv-neutron-821208-3-hyperv devstack@n-api.service[117288]: [pid: 117288|app: 0|req: 6/10] 10.222.0.32 () {60 vars in 1157 bytes} [Thu Dec 16 11:57:18 2021] POST /compute/v2.1/os-keypairs => generated 2319 bytes in 795 msecs (HTTP/1.1 200) 9 headers in 358 bytes (1 switches on core 0)
Dec 16 11:57:19.705208 dv-neutron-821208-3-hyperv devstack@n-api.service[117287]: DEBUG nova.api.openstack.wsgi [None req-f4657b4f-fe5f-4371-9fc5-1446cfc24135 tempest-TestVolumeBootPattern-1495004405 tempest-TestVolumeBootPattern-1495004405-project] Calling method '.version_select at 0x7fb0cc2e5160>' {{(pid=117287) _process_stack /opt/stack/nova/nova/api/openstack/wsgi.py:513}}
Dec 16 11:57:19.749465 dv-neutron-821208-3-hyperv devstack@n-api.service[117287]: INFO nova.api.openstack.requestlog [None req-f4657b4f-fe5f-4371-9fc5-1446cfc24135 tempest-TestVolumeBootPattern-1495004405 tempest-TestVolumeBootPattern-1495004405-project] 10.222.0.32 "DELETE /compute/v2.1/os-keypairs/tempest-TestVolumeBootPattern-1006016621" status: 202 len: 0 microversion: 2.1 time: 0.051887
Dec 16 11:57:19.750836 dv-neutron-821208-3-hyperv devstack@n-api.service[117287]: [pid: 117287|app: 0|req: 5/11] 10.222.0.32 () {58 vars in 1262 bytes} [Thu Dec 16 11:57:19 2021] DELETE /compute/v2.1/os-keypairs/tempest-TestVolumeBootPattern-1006016621 => generated 0 bytes in 54 msecs (HTTP/1.1 202) 9 headers in 361 bytes (1 switches on core 0)
Dec 16 11:57:36.129449 dv-neutron-821208-3-hyperv devstack@n-api.service[117288]: DEBUG nova.api.openstack.wsgi [None req-819a8f41-e20f-4ae0-80a7-e912aa07ead7 tempest-ServersAdminNegativeTestJSON-1939677593 tempest-ServersAdminNegativeTestJSON-1939677593-project] Action: 'create', calling method: >, body: {"server": {"name": "tempest-ServersAdminNegativeTestJSON-server-548195101", "imageRef": "3c125fa8-596f-4481-901e-9792a81851b7", "flavorRef": "452"}} {{(pid=117288) _process_stack /opt/stack/nova/nova/api/openstack/wsgi.py:511}}
Dec 16 11:57:36.345007 dv-neutron-821208-3-hyperv devstack@n-api.service[117288]: DEBUG nova.network.neutron [None req-819a8f41-e20f-4ae0-80a7-e912aa07ead7 tempest-ServersAdminNegativeTestJSON-1939677593 tempest-ServersAdminNegativeTestJSON-1939677593-project] validate_networks() for None {{(pid=117288) validate_networks /opt/stack/nova/nova/network/neutron.py:2482}}
Dec 16 11:57:36.629445 dv-neutron-821208-3-hyperv devstack@n-api.service[117288]: DEBUG nova.virt.hardware [None req-819a8f41-e20f-4ae0-80a7-e912aa07ead7 tempest-ServersAdminNegativeTestJSON-1939677593 tempest-ServersAdminNegativeTestJSON-1939677593-project] Flavor limits 0:0:0 {{(pid=117288) get_cpu_topology_constraints /opt/stack/nova/nova/virt/hardware.py:343}}
Dec 16 11:57:36.629935 dv-neutron-821208-3-hyperv devstack@n-api.service[117288]: DEBUG nova.virt.hardware [None req-819a8f41-e20f-4ae0-80a7-e912aa07ead7 tempest-ServersAdminNegativeTestJSON-1939677593 tempest-ServersAdminNegativeTestJSON-1939677593-project] Image limits 0:0:0 {{(pid=117288) get_cpu_topology_constraints /opt/stack/nova/nova/virt/hardware.py:347}}
Dec 16 11:57:36.630883 dv-neutron-821208-3-hyperv devstack@n-api.service[117288]: DEBUG nova.virt.hardware [None req-819a8f41-e20f-4ae0-80a7-e912aa07ead7 tempest-ServersAdminNegativeTestJSON-1939677593 tempest-ServersAdminNegativeTestJSON-1939677593-project] Flavor pref 0:0:0 {{(pid=117288) get_cpu_topology_constraints /opt/stack/nova/nova/virt/hardware.py:383}}
Dec 16 11:57:36.631600 dv-neutron-821208-3-hyperv devstack@n-api.service[117288]: DEBUG nova.virt.hardware [None req-819a8f41-e20f-4ae0-80a7-e912aa07ead7 tempest-ServersAdminNegativeTestJSON-1939677593 tempest-ServersAdminNegativeTestJSON-1939677593-project] Image pref 0:0:0 {{(pid=117288) get_cpu_topology_constraints /opt/stack/nova/nova/virt/hardware.py:387}}
Dec 16 11:57:36.632208 dv-neutron-821208-3-hyperv devstack@n-api.service[117288]: DEBUG nova.virt.hardware [None req-819a8f41-e20f-4ae0-80a7-e912aa07ead7 tempest-ServersAdminNegativeTestJSON-1939677593 tempest-ServersAdminNegativeTestJSON-1939677593-project] Chose sockets=0, cores=0, threads=0; limits were sockets=65536, cores=65536, threads=65536 {{(pid=117288) get_cpu_topology_constraints /opt/stack/nova/nova/virt/hardware.py:425}}
Dec 16 11:57:36.641331 dv-neutron-821208-3-hyperv devstack@n-api.service[117288]: DEBUG oslo_concurrency.lockutils [None req-819a8f41-e20f-4ae0-80a7-e912aa07ead7 tempest-ServersAdminNegativeTestJSON-1939677593 tempest-ServersAdminNegativeTestJSON-1939677593-project] Lock "00000000-0000-0000-0000-000000000000" acquired by "nova.context.set_target_cell..get_or_set_cached_cell_and_set_connections" :: waited 0.000s {{(pid=117288) inner /usr/local/lib/python3.8/dist-packages/oslo_concurrency/lockutils.py:386}}
Dec 16 11:57:36.641774 dv-neutron-821208-3-hyperv devstack@n-api.service[117288]: DEBUG oslo_concurrency.lockutils [None req-819a8f41-e20f-4ae0-80a7-e912aa07ead7 tempest-ServersAdminNegativeTestJSON-1939677593 tempest-ServersAdminNegativeTestJSON-1939677593-project] Lock "00000000-0000-0000-0000-000000000000" "released" by "nova.context.set_target_cell..get_or_set_cached_cell_and_set_connections" :: held 0.001s {{(pid=117288) inner /usr/local/lib/python3.8/dist-packages/oslo_concurrency/lockutils.py:400}}
Dec 16 11:57:36.642602 dv-neutron-821208-3-hyperv devstack@n-api.service[117288]: DEBUG oslo_concurrency.lockutils [None req-819a8f41-e20f-4ae0-80a7-e912aa07ead7 tempest-ServersAdminNegativeTestJSON-1939677593 tempest-ServersAdminNegativeTestJSON-1939677593-project] Lock "3db8fa4c-d43c-4b8b-8f23-d34fd090614b" acquired by "nova.context.set_target_cell..get_or_set_cached_cell_and_set_connections" :: waited 0.000s {{(pid=117288) inner /usr/local/lib/python3.8/dist-packages/oslo_concurrency/lockutils.py:386}}
Dec 16 11:57:36.643035 dv-neutron-821208-3-hyperv devstack@n-api.service[117288]: DEBUG oslo_concurrency.lockutils [None req-819a8f41-e20f-4ae0-80a7-e912aa07ead7 tempest-ServersAdminNegativeTestJSON-1939677593 tempest-ServersAdminNegativeTestJSON-1939677593-project] Lock "3db8fa4c-d43c-4b8b-8f23-d34fd090614b" "released" by "nova.context.set_target_cell..get_or_set_cached_cell_and_set_connections" :: held 0.000s {{(pid=117288) inner /usr/local/lib/python3.8/dist-packages/oslo_concurrency/lockutils.py:400}}
Dec 16 11:57:36.665478 dv-neutron-821208-3-hyperv devstack@n-api.service[117288]: DEBUG nova.quota [None req-819a8f41-e20f-4ae0-80a7-e912aa07ead7 tempest-ServersAdminNegativeTestJSON-1939677593 tempest-ServersAdminNegativeTestJSON-1939677593-project] Getting quotas for project a71a789f9a504c18a18d63450e665e40. Resources: {'instances', 'ram', 'cores'} {{(pid=117288) _get_quotas /opt/stack/nova/nova/quota.py:387}}
Dec 16 11:57:36.669532 dv-neutron-821208-3-hyperv devstack@n-api.service[117288]: DEBUG nova.quota [None req-819a8f41-e20f-4ae0-80a7-e912aa07ead7 tempest-ServersAdminNegativeTestJSON-1939677593 tempest-ServersAdminNegativeTestJSON-1939677593-project] Getting quotas for user c197eb981e26438f80f9eee1655429ca and project a71a789f9a504c18a18d63450e665e40. Resources: {'instances', 'ram', 'cores'} {{(pid=117288) _get_quotas /opt/stack/nova/nova/quota.py:377}}
Dec 16 11:57:36.681205 dv-neutron-821208-3-hyperv devstack@n-api.service[117288]: DEBUG nova.compute.api [None req-819a8f41-e20f-4ae0-80a7-e912aa07ead7 tempest-ServersAdminNegativeTestJSON-1939677593 tempest-ServersAdminNegativeTestJSON-1939677593-project] Going to run 1 instances... {{(pid=117288) _provision_instances /opt/stack/nova/nova/compute/api.py:1350}}
Dec 16 11:57:36.683969 dv-neutron-821208-3-hyperv devstack@n-api.service[117288]: DEBUG nova.compute.api [None req-819a8f41-e20f-4ae0-80a7-e912aa07ead7 tempest-ServersAdminNegativeTestJSON-1939677593 tempest-ServersAdminNegativeTestJSON-1939677593-project] [instance: 50c4c069-81e3-4f33-98ab-87eb9ed0dc8f] block_device_mapping [BlockDeviceMapping(attachment_id=,boot_index=0,connection_info=None,created_at=,delete_on_termination=True,deleted=,deleted_at=,destination_type='local',device_name=None,device_type='disk',disk_bus=None,guest_format=None,id=,image_id='3c125fa8-596f-4481-901e-9792a81851b7',instance=,instance_uuid=,no_device=False,snapshot_id=None,source_type='image',tag=None,updated_at=,uuid=,volume_id=None,volume_size=None,volume_type=None)] {{(pid=117288) _bdm_validate_set_size_and_instance /opt/stack/nova/nova/compute/api.py:1757}}
Dec 16 11:57:36.754740 dv-neutron-821208-3-hyperv devstack@n-api.service[117288]: INFO nova.api.openstack.requestlog [None req-819a8f41-e20f-4ae0-80a7-e912aa07ead7 tempest-ServersAdminNegativeTestJSON-1939677593 tempest-ServersAdminNegativeTestJSON-1939677593-project] 10.222.0.32 "POST /compute/v2.1/servers" status: 202 len: 380 microversion: 2.1 time: 0.737311
Dec 16 11:57:36.755482 dv-neutron-821208-3-hyperv devstack@n-api.service[117288]: [pid: 117288|app: 0|req: 7/12] 10.222.0.32 () {60 vars in 1146 bytes} [Thu Dec 16 11:57:36 2021] POST /compute/v2.1/servers => generated 380 bytes in 739 msecs (HTTP/1.1 202) 10 headers in 451 bytes (1 switches on core 0)
Dec 16 11:57:36.765589 dv-neutron-821208-3-hyperv devstack@n-api.service[117287]: DEBUG nova.api.openstack.wsgi [None req-35ae9354-2237-4ad9-b516-76790999fe62 tempest-ServersAdminNegativeTestJSON-1939677593 tempest-ServersAdminNegativeTestJSON-1939677593-project] Calling method '>' {{(pid=117287) _process_stack /opt/stack/nova/nova/api/openstack/wsgi.py:513}}
Dec 16 11:57:36.766341 dv-neutron-821208-3-hyperv devstack@n-api.service[117287]: DEBUG nova.compute.api [None req-35ae9354-2237-4ad9-b516-76790999fe62 tempest-ServersAdminNegativeTestJSON-1939677593 tempest-ServersAdminNegativeTestJSON-1939677593-project] [instance: 50c4c069-81e3-4f33-98ab-87eb9ed0dc8f] Fetching instance by UUID {{(pid=117287) get /opt/stack/nova/nova/compute/api.py:2865}}
Dec 16 11:57:36.850798 dv-neutron-821208-3-hyperv devstack@n-api.service[117287]: DEBUG nova.policy [None req-35ae9354-2237-4ad9-b516-76790999fe62 tempest-ServersAdminNegativeTestJSON-1939677593 tempest-ServersAdminNegativeTestJSON-1939677593-project] Policy check for os_compute_api:os-extended-server-attributes failed with credentials {'is_admin': False, 'user_id': 'c197eb981e26438f80f9eee1655429ca', 'user_domain_id': 'default', 'system_scope': None, 'domain_id': None, 'project_id': 'a71a789f9a504c18a18d63450e665e40', 'project_domain_id': 'default', 'roles': ['member', 'reader'], 'is_admin_project': True, 'service_user_id': None, 'service_user_domain_id': None, 'service_project_id': None, 'service_project_domain_id': None, 'service_roles': []} {{(pid=117287) authorize /opt/stack/nova/nova/policy.py:199}}
Dec 16 11:57:36.863602 dv-neutron-821208-3-hyperv devstack@n-api.service[117287]: INFO nova.api.openstack.requestlog [None req-35ae9354-2237-4ad9-b516-76790999fe62 tempest-ServersAdminNegativeTestJSON-1939677593 tempest-ServersAdminNegativeTestJSON-1939677593-project] 10.222.0.32 "GET /compute/v2.1/servers/50c4c069-81e3-4f33-98ab-87eb9ed0dc8f" status: 200 len: 1221 microversion: 2.1 time: 0.101739
Dec 16 11:57:36.864198 dv-neutron-821208-3-hyperv devstack@n-api.service[117287]: [pid: 117287|app: 0|req: 6/13] 10.222.0.32 () {58 vars in 1235 bytes} [Thu Dec 16 11:57:36 2021] GET /compute/v2.1/servers/50c4c069-81e3-4f33-98ab-87eb9ed0dc8f => generated 1221 bytes in 103 msecs (HTTP/1.1 200) 9 headers in 358 bytes (1 switches on core 0)
Dec 16 11:57:37.882355 dv-neutron-821208-3-hyperv devstack@n-api.service[117288]: DEBUG nova.api.openstack.wsgi [None req-ba758e7e-a377-4846-b4dd-d6feb3f96dab tempest-ServersAdminNegativeTestJSON-1939677593 tempest-ServersAdminNegativeTestJSON-1939677593-project] Calling method '>' {{(pid=117288) _process_stack /opt/stack/nova/nova/api/openstack/wsgi.py:513}}
Dec 16 11:57:37.882992 dv-neutron-821208-3-hyperv devstack@n-api.service[117288]: DEBUG nova.compute.api [None req-ba758e7e-a377-4846-b4dd-d6feb3f96dab tempest-ServersAdminNegativeTestJSON-1939677593 tempest-ServersAdminNegativeTestJSON-1939677593-project] [instance: 50c4c069-81e3-4f33-98ab-87eb9ed0dc8f] Fetching instance by UUID {{(pid=117288) get /opt/stack/nova/nova/compute/api.py:2865}}
Dec 16 11:57:37.897050 dv-neutron-821208-3-hyperv devstack@n-api.service[117288]: DEBUG oslo_concurrency.lockutils [None req-ba758e7e-a377-4846-b4dd-d6feb3f96dab tempest-ServersAdminNegativeTestJSON-1939677593 tempest-ServersAdminNegativeTestJSON-1939677593-project] Lock "3db8fa4c-d43c-4b8b-8f23-d34fd090614b" acquired by "nova.context.set_target_cell..get_or_set_cached_cell_and_set_connections" :: waited 0.000s {{(pid=117288) inner /usr/local/lib/python3.8/dist-packages/oslo_concurrency/lockutils.py:386}}
Dec 16 11:57:37.897499 dv-neutron-821208-3-hyperv devstack@n-api.service[117288]: DEBUG oslo_concurrency.lockutils [None req-ba758e7e-a377-4846-b4dd-d6feb3f96dab tempest-ServersAdminNegativeTestJSON-1939677593 tempest-ServersAdminNegativeTestJSON-1939677593-project] Lock "3db8fa4c-d43c-4b8b-8f23-d34fd090614b" "released" by "nova.context.set_target_cell..get_or_set_cached_cell_and_set_connections" :: held 0.001s {{(pid=117288) inner /usr/local/lib/python3.8/dist-packages/oslo_concurrency/lockutils.py:400}}
Dec 16 11:57:37.898281 dv-neutron-821208-3-hyperv devstack@n-api.service[117288]: DEBUG oslo_concurrency.lockutils [None req-ba758e7e-a377-4846-b4dd-d6feb3f96dab tempest-ServersAdminNegativeTestJSON-1939677593 tempest-ServersAdminNegativeTestJSON-1939677593-project] Lock "3db8fa4c-d43c-4b8b-8f23-d34fd090614b" acquired by "nova.context.set_target_cell..get_or_set_cached_cell_and_set_connections" :: waited 0.000s {{(pid=117288) inner /usr/local/lib/python3.8/dist-packages/oslo_concurrency/lockutils.py:386}}
Dec 16 11:57:37.898741 dv-neutron-821208-3-hyperv devstack@n-api.service[117288]: DEBUG oslo_concurrency.lockutils [None req-ba758e7e-a377-4846-b4dd-d6feb3f96dab tempest-ServersAdminNegativeTestJSON-1939677593 tempest-ServersAdminNegativeTestJSON-1939677593-project] Lock "3db8fa4c-d43c-4b8b-8f23-d34fd090614b" "released" by "nova.context.set_target_cell..get_or_set_cached_cell_and_set_connections" :: held 0.000s {{(pid=117288) inner /usr/local/lib/python3.8/dist-packages/oslo_concurrency/lockutils.py:400}}
Dec 16 11:57:38.052968 dv-neutron-821208-3-hyperv devstack@n-api.service[117288]: DEBUG nova.policy [None req-ba758e7e-a377-4846-b4dd-d6feb3f96dab tempest-ServersAdminNegativeTestJSON-1939677593 tempest-ServersAdminNegativeTestJSON-1939677593-project] Policy check for os_compute_api:os-extended-server-attributes failed with credentials {'is_admin': False, 'user_id': 'c197eb981e26438f80f9eee1655429ca', 'user_domain_id': 'default', 'system_scope': None, 'domain_id': None, 'project_id': 'a71a789f9a504c18a18d63450e665e40', 'project_domain_id': 'default', 'roles': ['member', 'reader'], 'is_admin_project': True, 'service_user_id': None, 'service_user_domain_id': None, 'service_project_id': None, 'service_project_domain_id': None, 'service_roles': []} {{(pid=117288) authorize /opt/stack/nova/nova/policy.py:199}}
Dec 16 11:57:38.068608 dv-neutron-821208-3-hyperv devstack@n-api.service[117288]: INFO nova.api.openstack.requestlog [None req-ba758e7e-a377-4846-b4dd-d6feb3f96dab tempest-ServersAdminNegativeTestJSON-1939677593 tempest-ServersAdminNegativeTestJSON-1939677593-project] 10.222.0.32 "GET /compute/v2.1/servers/50c4c069-81e3-4f33-98ab-87eb9ed0dc8f" status: 200 len: 1217 microversion: 2.1 time: 0.191190
Dec 16 11:57:38.069184 dv-neutron-821208-3-hyperv devstack@n-api.service[117288]: [pid: 117288|app: 0|req: 8/14] 10.222.0.32 () {58 vars in 1235 bytes} [Thu Dec 16 11:57:37 2021] GET /compute/v2.1/servers/50c4c069-81e3-4f33-98ab-87eb9ed0dc8f => generated 1217 bytes in 193 msecs (HTTP/1.1 200) 9 headers in 358 bytes (1 switches on core 0)
Dec 16 11:57:39.086811 dv-neutron-821208-3-hyperv devstack@n-api.service[117287]: DEBUG nova.api.openstack.wsgi [None req-09c25cd7-ba25-4a63-a2ef-e0c85a2b2ef1 tempest-ServersAdminNegativeTestJSON-1939677593 tempest-ServersAdminNegativeTestJSON-1939677593-project] Calling method '>' {{(pid=117287) _process_stack /opt/stack/nova/nova/api/openstack/wsgi.py:513}}
Dec 16 11:57:39.087938 dv-neutron-821208-3-hyperv devstack@n-api.service[117287]: DEBUG nova.compute.api [None req-09c25cd7-ba25-4a63-a2ef-e0c85a2b2ef1 tempest-ServersAdminNegativeTestJSON-1939677593 tempest-ServersAdminNegativeTestJSON-1939677593-project] [instance: 50c4c069-81e3-4f33-98ab-87eb9ed0dc8f] Fetching instance by UUID {{(pid=117287) get /opt/stack/nova/nova/compute/api.py:2865}}
Dec 16 11:57:39.095186 dv-neutron-821208-3-hyperv devstack@n-api.service[117287]: DEBUG oslo_concurrency.lockutils [None req-09c25cd7-ba25-4a63-a2ef-e0c85a2b2ef1 tempest-ServersAdminNegativeTestJSON-1939677593 tempest-ServersAdminNegativeTestJSON-1939677593-project] Lock "3db8fa4c-d43c-4b8b-8f23-d34fd090614b" acquired by "nova.context.set_target_cell..get_or_set_cached_cell_and_set_connections" :: waited 0.000s {{(pid=117287) inner /usr/local/lib/python3.8/dist-packages/oslo_concurrency/lockutils.py:386}}
Dec 16 11:57:39.096082 dv-neutron-821208-3-hyperv devstack@n-api.service[117287]: DEBUG oslo_concurrency.lockutils [None req-09c25cd7-ba25-4a63-a2ef-e0c85a2b2ef1 tempest-ServersAdminNegativeTestJSON-1939677593 tempest-ServersAdminNegativeTestJSON-1939677593-project] Lock "3db8fa4c-d43c-4b8b-8f23-d34fd090614b" "released" by "nova.context.set_target_cell..get_or_set_cached_cell_and_set_connections" :: held 0.001s {{(pid=117287) inner /usr/local/lib/python3.8/dist-packages/oslo_concurrency/lockutils.py:400}}
Dec 16 11:57:39.097230 dv-neutron-821208-3-hyperv devstack@n-api.service[117287]: DEBUG oslo_concurrency.lockutils [None req-09c25cd7-ba25-4a63-a2ef-e0c85a2b2ef1 tempest-ServersAdminNegativeTestJSON-1939677593 tempest-ServersAdminNegativeTestJSON-1939677593-project] Lock "3db8fa4c-d43c-4b8b-8f23-d34fd090614b" acquired by "nova.context.set_target_cell..get_or_set_cached_cell_and_set_connections" :: waited 0.000s {{(pid=117287) inner /usr/local/lib/python3.8/dist-packages/oslo_concurrency/lockutils.py:386}}
Dec 16 11:57:39.098072 dv-neutron-821208-3-hyperv devstack@n-api.service[117287]: DEBUG oslo_concurrency.lockutils [None req-09c25cd7-ba25-4a63-a2ef-e0c85a2b2ef1 tempest-ServersAdminNegativeTestJSON-1939677593 tempest-ServersAdminNegativeTestJSON-1939677593-project] Lock "3db8fa4c-d43c-4b8b-8f23-d34fd090614b" "released" by "nova.context.set_target_cell..get_or_set_cached_cell_and_set_connections" :: held 0.001s {{(pid=117287) inner /usr/local/lib/python3.8/dist-packages/oslo_concurrency/lockutils.py:400}}
Dec 16 11:57:39.249680 dv-neutron-821208-3-hyperv devstack@n-api.service[117287]: DEBUG nova.policy [None req-09c25cd7-ba25-4a63-a2ef-e0c85a2b2ef1 tempest-ServersAdminNegativeTestJSON-1939677593 tempest-ServersAdminNegativeTestJSON-1939677593-project] Policy check for os_compute_api:os-extended-server-attributes failed with credentials {'is_admin': False, 'user_id': 'c197eb981e26438f80f9eee1655429ca', 'user_domain_id': 'default', 'system_scope': None, 'domain_id': None, 'project_id': 'a71a789f9a504c18a18d63450e665e40', 'project_domain_id': 'default', 'roles': ['member', 'reader'], 'is_admin_project': True, 'service_user_id': None, 'service_user_domain_id': None, 'service_project_id': None, 'service_project_domain_id': None, 'service_roles': []} {{(pid=117287) authorize /opt/stack/nova/nova/policy.py:199}}
Dec 16 11:57:39.263082 dv-neutron-821208-3-hyperv devstack@n-api.service[117287]: INFO nova.api.openstack.requestlog [None req-09c25cd7-ba25-4a63-a2ef-e0c85a2b2ef1 tempest-ServersAdminNegativeTestJSON-1939677593 tempest-ServersAdminNegativeTestJSON-1939677593-project] 10.222.0.32 "GET /compute/v2.1/servers/50c4c069-81e3-4f33-98ab-87eb9ed0dc8f" status: 200 len: 1279 microversion: 2.1 time: 0.181384
Dec 16 11:57:39.263932 dv-neutron-821208-3-hyperv devstack@n-api.service[117287]: [pid: 117287|app: 0|req: 7/15] 10.222.0.32 () {58 vars in 1235 bytes} [Thu Dec 16 11:57:39 2021] GET /compute/v2.1/servers/50c4c069-81e3-4f33-98ab-87eb9ed0dc8f => generated 1279 bytes in 183 msecs (HTTP/1.1 200) 9 headers in 358 bytes (1 switches on core 0)
Dec 16 11:57:40.280782 dv-neutron-821208-3-hyperv devstack@n-api.service[117288]: DEBUG nova.api.openstack.wsgi [None req-8e88ff6e-f288-4e68-b2a2-00bf075a75f3 tempest-ServersAdminNegativeTestJSON-1939677593 tempest-ServersAdminNegativeTestJSON-1939677593-project] Calling method '>' {{(pid=117288) _process_stack /opt/stack/nova/nova/api/openstack/wsgi.py:513}}
Dec 16 11:57:40.281387 dv-neutron-821208-3-hyperv devstack@n-api.service[117288]: DEBUG nova.compute.api [None req-8e88ff6e-f288-4e68-b2a2-00bf075a75f3 tempest-ServersAdminNegativeTestJSON-1939677593 tempest-ServersAdminNegativeTestJSON-1939677593-project] [instance: 50c4c069-81e3-4f33-98ab-87eb9ed0dc8f] Fetching instance by UUID {{(pid=117288) get /opt/stack/nova/nova/compute/api.py:2865}}
Dec 16 11:57:40.288259 dv-neutron-821208-3-hyperv devstack@n-api.service[117288]: DEBUG oslo_concurrency.lockutils [None req-8e88ff6e-f288-4e68-b2a2-00bf075a75f3 tempest-ServersAdminNegativeTestJSON-1939677593 tempest-ServersAdminNegativeTestJSON-1939677593-project] Lock "3db8fa4c-d43c-4b8b-8f23-d34fd090614b" acquired by "nova.context.set_target_cell..get_or_set_cached_cell_and_set_connections" :: waited 0.000s {{(pid=117288) inner /usr/local/lib/python3.8/dist-packages/oslo_concurrency/lockutils.py:386}}
Dec 16 11:57:40.288698 dv-neutron-821208-3-hyperv devstack@n-api.service[117288]: DEBUG oslo_concurrency.lockutils [None req-8e88ff6e-f288-4e68-b2a2-00bf075a75f3 tempest-ServersAdminNegativeTestJSON-1939677593 tempest-ServersAdminNegativeTestJSON-1939677593-project] Lock "3db8fa4c-d43c-4b8b-8f23-d34fd090614b" "released" by "nova.context.set_target_cell..get_or_set_cached_cell_and_set_connections" :: held 0.001s {{(pid=117288) inner /usr/local/lib/python3.8/dist-packages/oslo_concurrency/lockutils.py:400}}
Dec 16 11:57:40.289491 dv-neutron-821208-3-hyperv devstack@n-api.service[117288]: DEBUG oslo_concurrency.lockutils [None req-8e88ff6e-f288-4e68-b2a2-00bf075a75f3 tempest-ServersAdminNegativeTestJSON-1939677593 tempest-ServersAdminNegativeTestJSON-1939677593-project] Lock "3db8fa4c-d43c-4b8b-8f23-d34fd090614b" acquired by "nova.context.set_target_cell..get_or_set_cached_cell_and_set_connections" :: waited 0.000s {{(pid=117288) inner /usr/local/lib/python3.8/dist-packages/oslo_concurrency/lockutils.py:386}}
Dec 16 11:57:40.289927 dv-neutron-821208-3-hyperv devstack@n-api.service[117288]: DEBUG oslo_concurrency.lockutils [None req-8e88ff6e-f288-4e68-b2a2-00bf075a75f3 tempest-ServersAdminNegativeTestJSON-1939677593 tempest-ServersAdminNegativeTestJSON-1939677593-project] Lock "3db8fa4c-d43c-4b8b-8f23-d34fd090614b" "released" by "nova.context.set_target_cell..get_or_set_cached_cell_and_set_connections" :: held 0.000s {{(pid=117288) inner /usr/local/lib/python3.8/dist-packages/oslo_concurrency/lockutils.py:400}}
Dec 16 11:57:40.363804 dv-neutron-821208-3-hyperv devstack@n-api.service[117288]: DEBUG nova.policy [None req-8e88ff6e-f288-4e68-b2a2-00bf075a75f3 tempest-ServersAdminNegativeTestJSON-1939677593 tempest-ServersAdminNegativeTestJSON-1939677593-project] Policy check for os_compute_api:os-extended-server-attributes failed with credentials {'is_admin': False, 'user_id': 'c197eb981e26438f80f9eee1655429ca', 'user_domain_id': 'default', 'system_scope': None, 'domain_id': None, 'project_id': 'a71a789f9a504c18a18d63450e665e40', 'project_domain_id': 'default', 'roles': ['member', 'reader'], 'is_admin_project': True, 'service_user_id': None, 'service_user_domain_id': None, 'service_project_id': None, 'service_project_domain_id': None, 'service_roles': []} {{(pid=117288) authorize /opt/stack/nova/nova/policy.py:199}}
Dec 16 11:57:40.371460 dv-neutron-821208-3-hyperv devstack@n-api.service[117288]: INFO nova.api.openstack.requestlog [None req-8e88ff6e-f288-4e68-b2a2-00bf075a75f3 tempest-ServersAdminNegativeTestJSON-1939677593 tempest-ServersAdminNegativeTestJSON-1939677593-project] 10.222.0.32 "GET /compute/v2.1/servers/50c4c069-81e3-4f33-98ab-87eb9ed0dc8f" status: 200 len: 1279 microversion: 2.1 time: 0.094516
Dec 16 11:57:40.372158 dv-neutron-821208-3-hyperv devstack@n-api.service[117288]: [pid: 117288|app: 0|req: 9/16] 10.222.0.32 () {58 vars in 1235 bytes} [Thu Dec 16 11:57:40 2021] GET /compute/v2.1/servers/50c4c069-81e3-4f33-98ab-87eb9ed0dc8f => generated 1279 bytes in 96 msecs (HTTP/1.1 200) 9 headers in 358 bytes (1 switches on core 0)
Dec 16 11:57:41.389320 dv-neutron-821208-3-hyperv devstack@n-api.service[117287]: DEBUG nova.api.openstack.wsgi [None req-695a4fc1-d6f7-4ce8-b916-0874d63825f7 tempest-ServersAdminNegativeTestJSON-1939677593 tempest-ServersAdminNegativeTestJSON-1939677593-project] Calling method '>' {{(pid=117287) _process_stack /opt/stack/nova/nova/api/openstack/wsgi.py:513}}
Dec 16 11:57:41.389935 dv-neutron-821208-3-hyperv devstack@n-api.service[117287]: DEBUG nova.compute.api [None req-695a4fc1-d6f7-4ce8-b916-0874d63825f7 tempest-ServersAdminNegativeTestJSON-1939677593 tempest-ServersAdminNegativeTestJSON-1939677593-project] [instance: 50c4c069-81e3-4f33-98ab-87eb9ed0dc8f] Fetching instance by UUID {{(pid=117287) get /opt/stack/nova/nova/compute/api.py:2865}}
