Dec 09 09:20:43.568005 dv-neutron-821163-1-hyperv devstack@n-api.service[102859]: DEBUG oslo_db.sqlalchemy.engines [None req-060d64ef-493f-4313-a0e5-815cb25c2682 None None] MySQL server mode set to STRICT_TRANS_TABLES,STRICT_ALL_TABLES,NO_ZERO_IN_DATE,NO_ZERO_DATE,ERROR_FOR_DIVISION_BY_ZERO,TRADITIONAL,NO_ENGINE_SUBSTITUTION {{(pid=102859) _check_effective_sql_mode /usr/local/lib/python3.8/dist-packages/oslo_db/sqlalchemy/engines.py:314}}
Dec 09 09:20:43.625128 dv-neutron-821163-1-hyperv devstack@n-api.service[102860]: DEBUG nova.context [None req-56ebb7c8-73ec-4383-bd6a-bdcaeba03e0b None None] Found 2 cells: 00000000-0000-0000-0000-000000000000(cell0),fb0971ba-5eea-4ebb-bfa6-3a709da0ca07(cell1) {{(pid=102860) load_cells /opt/stack/nova/nova/context.py:464}}
Dec 09 09:20:43.629358 dv-neutron-821163-1-hyperv devstack@n-api.service[102860]: DEBUG oslo_concurrency.lockutils [None req-56ebb7c8-73ec-4383-bd6a-bdcaeba03e0b None None] Lock "00000000-0000-0000-0000-000000000000" acquired by "nova.context.set_target_cell..get_or_set_cached_cell_and_set_connections" :: waited 0.000s {{(pid=102860) inner /usr/local/lib/python3.8/dist-packages/oslo_concurrency/lockutils.py:386}}
Dec 09 09:20:43.630965 dv-neutron-821163-1-hyperv devstack@n-api.service[102860]: DEBUG oslo_concurrency.lockutils [None req-56ebb7c8-73ec-4383-bd6a-bdcaeba03e0b None None] Lock "00000000-0000-0000-0000-000000000000" "released" by "nova.context.set_target_cell..get_or_set_cached_cell_and_set_connections" :: held 0.002s {{(pid=102860) inner /usr/local/lib/python3.8/dist-packages/oslo_concurrency/lockutils.py:400}}
Dec 09 09:20:43.631835 dv-neutron-821163-1-hyperv devstack@n-api.service[102860]: DEBUG oslo_concurrency.lockutils [None req-56ebb7c8-73ec-4383-bd6a-bdcaeba03e0b None None] Lock "fb0971ba-5eea-4ebb-bfa6-3a709da0ca07" acquired by "nova.context.set_target_cell..get_or_set_cached_cell_and_set_connections" :: waited 0.000s {{(pid=102860) inner /usr/local/lib/python3.8/dist-packages/oslo_concurrency/lockutils.py:386}}
Dec 09 09:20:43.633804 dv-neutron-821163-1-hyperv devstack@n-api.service[102860]: DEBUG oslo_concurrency.lockutils [None req-56ebb7c8-73ec-4383-bd6a-bdcaeba03e0b None None] Lock "fb0971ba-5eea-4ebb-bfa6-3a709da0ca07" "released" by "nova.context.set_target_cell..get_or_set_cached_cell_and_set_connections" :: held 0.002s {{(pid=102860) inner /usr/local/lib/python3.8/dist-packages/oslo_concurrency/lockutils.py:400}}
Dec 09 09:20:43.634038 dv-neutron-821163-1-hyperv devstack@n-api.service[102859]: DEBUG nova.context [None req-060d64ef-493f-4313-a0e5-815cb25c2682 None None] Found 2 cells: 00000000-0000-0000-0000-000000000000(cell0),fb0971ba-5eea-4ebb-bfa6-3a709da0ca07(cell1) {{(pid=102859) load_cells /opt/stack/nova/nova/context.py:464}}
Dec 09 09:20:43.638235 dv-neutron-821163-1-hyperv devstack@n-api.service[102859]: DEBUG oslo_concurrency.lockutils [None req-060d64ef-493f-4313-a0e5-815cb25c2682 None None] Lock "00000000-0000-0000-0000-000000000000" acquired by "nova.context.set_target_cell..get_or_set_cached_cell_and_set_connections" :: waited 0.000s {{(pid=102859) inner /usr/local/lib/python3.8/dist-packages/oslo_concurrency/lockutils.py:386}}
Dec 09 09:20:43.639837 dv-neutron-821163-1-hyperv devstack@n-api.service[102859]: DEBUG oslo_concurrency.lockutils [None req-060d64ef-493f-4313-a0e5-815cb25c2682 None None] Lock "00000000-0000-0000-0000-000000000000" "released" by "nova.context.set_target_cell..get_or_set_cached_cell_and_set_connections" :: held 0.002s {{(pid=102859) inner /usr/local/lib/python3.8/dist-packages/oslo_concurrency/lockutils.py:400}}
Dec 09 09:20:43.640653 dv-neutron-821163-1-hyperv devstack@n-api.service[102859]: DEBUG oslo_concurrency.lockutils [None req-060d64ef-493f-4313-a0e5-815cb25c2682 None None] Lock "fb0971ba-5eea-4ebb-bfa6-3a709da0ca07" acquired by "nova.context.set_target_cell..get_or_set_cached_cell_and_set_connections" :: waited 0.000s {{(pid=102859) inner /usr/local/lib/python3.8/dist-packages/oslo_concurrency/lockutils.py:386}}
Dec 09 09:20:43.642654 dv-neutron-821163-1-hyperv devstack@n-api.service[102859]: DEBUG oslo_concurrency.lockutils [None req-060d64ef-493f-4313-a0e5-815cb25c2682 None None] Lock "fb0971ba-5eea-4ebb-bfa6-3a709da0ca07" "released" by "nova.context.set_target_cell..get_or_set_cached_cell_and_set_connections" :: held 0.002s {{(pid=102859) inner /usr/local/lib/python3.8/dist-packages/oslo_concurrency/lockutils.py:400}}
Dec 09 09:20:43.644313 dv-neutron-821163-1-hyperv devstack@n-api.service[102860]: DEBUG oslo_db.sqlalchemy.engines [None req-56ebb7c8-73ec-4383-bd6a-bdcaeba03e0b None None] MySQL server mode set to STRICT_TRANS_TABLES,STRICT_ALL_TABLES,NO_ZERO_IN_DATE,NO_ZERO_DATE,ERROR_FOR_DIVISION_BY_ZERO,TRADITIONAL,NO_ENGINE_SUBSTITUTION {{(pid=102860) _check_effective_sql_mode /usr/local/lib/python3.8/dist-packages/oslo_db/sqlalchemy/engines.py:314}}
Dec 09 09:20:43.646729 dv-neutron-821163-1-hyperv devstack@n-api.service[102860]: DEBUG oslo_db.sqlalchemy.engines [None req-56ebb7c8-73ec-4383-bd6a-bdcaeba03e0b None None] MySQL server mode set to STRICT_TRANS_TABLES,STRICT_ALL_TABLES,NO_ZERO_IN_DATE,NO_ZERO_DATE,ERROR_FOR_DIVISION_BY_ZERO,TRADITIONAL,NO_ENGINE_SUBSTITUTION {{(pid=102860) _check_effective_sql_mode /usr/local/lib/python3.8/dist-packages/oslo_db/sqlalchemy/engines.py:314}}
Dec 09 09:20:43.654954 dv-neutron-821163-1-hyperv devstack@n-api.service[102859]: DEBUG oslo_db.sqlalchemy.engines [None req-060d64ef-493f-4313-a0e5-815cb25c2682 None None] MySQL server mode set to STRICT_TRANS_TABLES,STRICT_ALL_TABLES,NO_ZERO_IN_DATE,NO_ZERO_DATE,ERROR_FOR_DIVISION_BY_ZERO,TRADITIONAL,NO_ENGINE_SUBSTITUTION {{(pid=102859) _check_effective_sql_mode /usr/local/lib/python3.8/dist-packages/oslo_db/sqlalchemy/engines.py:314}}
Dec 09 09:20:43.658293 dv-neutron-821163-1-hyperv devstack@n-api.service[102859]: DEBUG oslo_db.sqlalchemy.engines [None req-060d64ef-493f-4313-a0e5-815cb25c2682 None None] MySQL server mode set to STRICT_TRANS_TABLES,STRICT_ALL_TABLES,NO_ZERO_IN_DATE,NO_ZERO_DATE,ERROR_FOR_DIVISION_BY_ZERO,TRADITIONAL,NO_ENGINE_SUBSTITUTION {{(pid=102859) _check_effective_sql_mode /usr/local/lib/python3.8/dist-packages/oslo_db/sqlalchemy/engines.py:314}}
Dec 09 09:20:43.810943 dv-neutron-821163-1-hyperv devstack@n-api.service[102860]: DEBUG oslo_db.sqlalchemy.engines [None req-56ebb7c8-73ec-4383-bd6a-bdcaeba03e0b None None] MySQL server mode set to STRICT_TRANS_TABLES,STRICT_ALL_TABLES,NO_ZERO_IN_DATE,NO_ZERO_DATE,ERROR_FOR_DIVISION_BY_ZERO,TRADITIONAL,NO_ENGINE_SUBSTITUTION {{(pid=102860) _check_effective_sql_mode /usr/local/lib/python3.8/dist-packages/oslo_db/sqlalchemy/engines.py:314}}
Dec 09 09:20:43.818934 dv-neutron-821163-1-hyperv devstack@n-api.service[102859]: DEBUG oslo_db.sqlalchemy.engines [None req-060d64ef-493f-4313-a0e5-815cb25c2682 None None] MySQL server mode set to STRICT_TRANS_TABLES,STRICT_ALL_TABLES,NO_ZERO_IN_DATE,NO_ZERO_DATE,ERROR_FOR_DIVISION_BY_ZERO,TRADITIONAL,NO_ENGINE_SUBSTITUTION {{(pid=102859) _check_effective_sql_mode /usr/local/lib/python3.8/dist-packages/oslo_db/sqlalchemy/engines.py:314}}
Dec 09 09:20:44.259923 dv-neutron-821163-1-hyperv devstack@n-api.service[102860]: WARNING keystonemiddleware.auth_token [None req-56ebb7c8-73ec-4383-bd6a-bdcaeba03e0b None None] AuthToken middleware is set with keystone_authtoken.service_token_roles_required set to False. This is backwards compatible but deprecated behaviour. Please set this to True.
Dec 09 09:20:44.266553 dv-neutron-821163-1-hyperv devstack@n-api.service[102860]: WARNING keystonemiddleware.auth_token [None req-56ebb7c8-73ec-4383-bd6a-bdcaeba03e0b None None] Configuring www_authenticate_uri to point to the public identity endpoint is required; clients may not be able to authenticate against an admin endpoint
Dec 09 09:20:44.296216 dv-neutron-821163-1-hyperv devstack@n-api.service[102859]: WARNING keystonemiddleware.auth_token [None req-060d64ef-493f-4313-a0e5-815cb25c2682 None None] AuthToken middleware is set with keystone_authtoken.service_token_roles_required set to False. This is backwards compatible but deprecated behaviour. Please set this to True.
Dec 09 09:20:44.302982 dv-neutron-821163-1-hyperv devstack@n-api.service[102859]: WARNING keystonemiddleware.auth_token [None req-060d64ef-493f-4313-a0e5-815cb25c2682 None None] Configuring www_authenticate_uri to point to the public identity endpoint is required; clients may not be able to authenticate against an admin endpoint
Dec 09 09:20:44.622708 dv-neutron-821163-1-hyperv devstack@n-api.service[102860]: WARNING keystonemiddleware.auth_token [None req-56ebb7c8-73ec-4383-bd6a-bdcaeba03e0b None None] AuthToken middleware is set with keystone_authtoken.service_token_roles_required set to False. This is backwards compatible but deprecated behaviour. Please set this to True.
Dec 09 09:20:44.627884 dv-neutron-821163-1-hyperv devstack@n-api.service[102860]: WARNING keystonemiddleware.auth_token [None req-56ebb7c8-73ec-4383-bd6a-bdcaeba03e0b None None] Configuring www_authenticate_uri to point to the public identity endpoint is required; clients may not be able to authenticate against an admin endpoint
Dec 09 09:20:44.633573 dv-neutron-821163-1-hyperv devstack@n-api.service[102860]: WSGI app 0 (mountpoint='') ready in 6 seconds on interpreter 0x55ee6c2be9c0 pid: 102860 (default app)
Dec 09 09:20:44.635723 dv-neutron-821163-1-hyperv devstack@n-api.service[102860]: DEBUG nova.api.openstack.wsgi [None req-56ebb7c8-73ec-4383-bd6a-bdcaeba03e0b None None] Calling method '>' {{(pid=102860) _process_stack /opt/stack/nova/nova/api/openstack/wsgi.py:513}}
Dec 09 09:20:44.636906 dv-neutron-821163-1-hyperv devstack@n-api.service[102860]: INFO nova.api.openstack.requestlog [None req-56ebb7c8-73ec-4383-bd6a-bdcaeba03e0b None None] 10.222.0.44 "GET /compute/v2.1/" status: 200 len: 388 microversion: 2.1 time: 0.001815
Dec 09 09:20:44.637318 dv-neutron-821163-1-hyperv devstack@n-api.service[102860]: [pid: 102860|app: 0|req: 1/1] 10.222.0.44 () {50 vars in 788 bytes} [Thu Dec 9 09:20:44 2021] GET /compute/v2.1/ => generated 388 bytes in 3 msecs (HTTP/1.1 200) 9 headers in 357 bytes (1 switches on core 0)
Dec 09 09:20:44.644987 dv-neutron-821163-1-hyperv devstack@n-api.service[102859]: WARNING keystonemiddleware.auth_token [None req-060d64ef-493f-4313-a0e5-815cb25c2682 None None] AuthToken middleware is set with keystone_authtoken.service_token_roles_required set to False. This is backwards compatible but deprecated behaviour. Please set this to True.
Dec 09 09:20:44.650370 dv-neutron-821163-1-hyperv devstack@n-api.service[102859]: WARNING keystonemiddleware.auth_token [None req-060d64ef-493f-4313-a0e5-815cb25c2682 None None] Configuring www_authenticate_uri to point to the public identity endpoint is required; clients may not be able to authenticate against an admin endpoint
Dec 09 09:20:44.655442 dv-neutron-821163-1-hyperv devstack@n-api.service[102859]: WSGI app 0 (mountpoint='') ready in 6 seconds on interpreter 0x55ee6c2be9c0 pid: 102859 (default app)
Dec 09 09:22:10.024736 dv-neutron-821163-1-hyperv devstack@n-api.service[102860]: DEBUG nova.api.openstack.wsgi [None req-56ebb7c8-73ec-4383-bd6a-bdcaeba03e0b None None] Calling method '>' {{(pid=102860) _process_stack /opt/stack/nova/nova/api/openstack/wsgi.py:513}}
Dec 09 09:22:10.025786 dv-neutron-821163-1-hyperv devstack@n-api.service[102860]: INFO nova.api.openstack.requestlog [None req-56ebb7c8-73ec-4383-bd6a-bdcaeba03e0b None None] 10.222.0.44 "GET /compute/v2.1" status: 200 len: 388 microversion: 2.1 time: 0.001467
Dec 09 09:22:10.026190 dv-neutron-821163-1-hyperv devstack@n-api.service[102860]: [pid: 102860|app: 0|req: 2/2] 10.222.0.44 () {54 vars in 930 bytes} [Thu Dec 9 09:22:10 2021] GET /compute/v2.1 => generated 388 bytes in 2 msecs (HTTP/1.1 200) 9 headers in 357 bytes (1 switches on core 0)
Dec 09 09:22:10.506167 dv-neutron-821163-1-hyperv devstack@n-api.service[102859]: DEBUG nova.api.openstack.wsgi [None req-7a5d460c-0c8b-40c9-a61f-0fc457c6d765 admin admin] Calling method '>' {{(pid=102859) _process_stack /opt/stack/nova/nova/api/openstack/wsgi.py:513}}
Dec 09 09:22:10.535094 dv-neutron-821163-1-hyperv devstack@n-api.service[102859]: INFO nova.api.openstack.requestlog [None req-7a5d460c-0c8b-40c9-a61f-0fc457c6d765 admin admin] 10.222.0.44 "GET /compute/v2.1/flavors/detail?is_public=True" status: 200 len: 15 microversion: 2.61 time: 0.499835
Dec 09 09:22:10.539183 dv-neutron-821163-1-hyperv devstack@n-api.service[102859]: [pid: 102859|app: 0|req: 1/3] 10.222.0.44 () {60 vars in 1291 bytes} [Thu Dec 9 09:22:10 2021] GET /compute/v2.1/flavors/detail?is_public=True => generated 15 bytes in 502 msecs (HTTP/1.1 200) 9 headers in 358 bytes (1 switches on core 0)
Dec 09 09:22:12.958897 dv-neutron-821163-1-hyperv devstack@n-api.service[102860]: DEBUG nova.api.openstack.wsgi [None req-56ebb7c8-73ec-4383-bd6a-bdcaeba03e0b None None] Calling method '>' {{(pid=102860) _process_stack /opt/stack/nova/nova/api/openstack/wsgi.py:513}}
Dec 09 09:22:12.959892 dv-neutron-821163-1-hyperv devstack@n-api.service[102860]: INFO nova.api.openstack.requestlog [None req-56ebb7c8-73ec-4383-bd6a-bdcaeba03e0b None None] 10.222.0.44 "GET /compute/v2.1" status: 200 len: 388 microversion: 2.1 time: 0.001392
Dec 09 09:22:12.960292 dv-neutron-821163-1-hyperv devstack@n-api.service[102860]: [pid: 102860|app: 0|req: 3/4] 10.222.0.44 () {54 vars in 930 bytes} [Thu Dec 9 09:22:12 2021] GET /compute/v2.1 => generated 388 bytes in 2 msecs (HTTP/1.1 200) 9 headers in 357 bytes (2 switches on core 0)
Dec 09 09:22:13.026744 dv-neutron-821163-1-hyperv devstack@n-api.service[102859]: DEBUG nova.api.openstack.wsgi [None req-cb6f2fbe-8186-4049-a15c-404327885df2 admin admin] Action: 'create', calling method: >, body: {"flavor": {"vcpus": 1, "ram": 256, "id": "c1", "swap": 0, "name": "cirros256", "os-flavor-access:is_public": true, "disk": 1, "OS-FLV-EXT-DATA:ephemeral": 0, "rxtx_factor": 1.0}} {{(pid=102859) _process_stack /opt/stack/nova/nova/api/openstack/wsgi.py:511}}
Dec 09 09:22:13.045166 dv-neutron-821163-1-hyperv devstack@n-api.service[102859]: /usr/local/lib/python3.8/dist-packages/oslo_policy/policy.py:1117: UserWarning: Policy "os_compute_api:os-flavor-manage:create": "rule:system_admin_api" failed scope check. The token used to make the request was project scoped but the policy requires ['system'] scope. This behavior may change in the future where using the intended scope is required
Dec 09 09:22:13.045166 dv-neutron-821163-1-hyperv devstack@n-api.service[102859]: warnings.warn(msg)
Dec 09 09:22:13.151784 dv-neutron-821163-1-hyperv devstack@n-api.service[102859]: INFO nova.api.openstack.requestlog [None req-cb6f2fbe-8186-4049-a15c-404327885df2 admin admin] 10.222.0.44 "POST /compute/v2.1/flavors" status: 200 len: 407 microversion: 2.61 time: 0.184997
Dec 09 09:22:13.152342 dv-neutron-821163-1-hyperv devstack@n-api.service[102859]: [pid: 102859|app: 0|req: 2/5] 10.222.0.44 () {64 vars in 1282 bytes} [Thu Dec 9 09:22:12 2021] POST /compute/v2.1/flavors => generated 407 bytes in 186 msecs (HTTP/1.1 200) 9 headers in 359 bytes (2 switches on core 0)
Dec 09 09:22:13.369933 dv-neutron-821163-1-hyperv devstack@n-api.service[102860]: DEBUG nova.api.openstack.wsgi [None req-3db04570-ba6e-4e4c-9570-e163c467fef3 admin admin] Action: 'create', calling method: >, body: {"extra_specs": {"hw_rng:allowed": "True"}} {{(pid=102860) _process_stack /opt/stack/nova/nova/api/openstack/wsgi.py:511}}
Dec 09 09:22:13.372330 dv-neutron-821163-1-hyperv devstack@n-api.service[102860]: /usr/local/lib/python3.8/dist-packages/oslo_policy/policy.py:1117: UserWarning: Policy "os_compute_api:os-flavor-extra-specs:create": "rule:system_admin_api" failed scope check. The token used to make the request was project scoped but the policy requires ['system'] scope. This behavior may change in the future where using the intended scope is required
Dec 09 09:22:13.372330 dv-neutron-821163-1-hyperv devstack@n-api.service[102860]: warnings.warn(msg)
Dec 09 09:22:13.499466 dv-neutron-821163-1-hyperv devstack@n-api.service[102860]: INFO nova.api.openstack.requestlog [None req-3db04570-ba6e-4e4c-9570-e163c467fef3 admin admin] 10.222.0.44 "POST /compute/v2.1/flavors/c1/os-extra_specs" status: 200 len: 43 microversion: 2.61 time: 0.337876
Dec 09 09:22:13.499613 dv-neutron-821163-1-hyperv devstack@n-api.service[102860]: [pid: 102860|app: 0|req: 4/6] 10.222.0.44 () {64 vars in 1335 bytes} [Thu Dec 9 09:22:13 2021] POST /compute/v2.1/flavors/c1/os-extra_specs => generated 43 bytes in 339 msecs (HTTP/1.1 200) 9 headers in 358 bytes (1 switches on core 0)
Dec 09 09:22:15.972857 dv-neutron-821163-1-hyperv devstack@n-api.service[102859]: DEBUG nova.api.openstack.wsgi [None req-cb6f2fbe-8186-4049-a15c-404327885df2 admin admin] Calling method '>' {{(pid=102859) _process_stack /opt/stack/nova/nova/api/openstack/wsgi.py:513}}
Dec 09 09:22:15.974080 dv-neutron-821163-1-hyperv devstack@n-api.service[102859]: INFO nova.api.openstack.requestlog [None req-cb6f2fbe-8186-4049-a15c-404327885df2 admin admin] 10.222.0.44 "GET /compute/v2.1" status: 200 len: 388 microversion: 2.1 time: 0.001893
Dec 09 09:22:15.974483 dv-neutron-821163-1-hyperv devstack@n-api.service[102859]: [pid: 102859|app: 0|req: 3/7] 10.222.0.44 () {54 vars in 930 bytes} [Thu Dec 9 09:22:15 2021] GET /compute/v2.1 => generated 388 bytes in 3 msecs (HTTP/1.1 200) 9 headers in 357 bytes (1 switches on core 0)
Dec 09 09:22:16.115759 dv-neutron-821163-1-hyperv devstack@n-api.service[102860]: DEBUG nova.api.openstack.wsgi [None req-4d823caa-b935-49c0-9c6c-b3376c1a2938 admin admin] Action: 'create', calling method: >, body: {"flavor": {"name": "ds512M", "swap": 0, "os-flavor-access:is_public": true, "rxtx_factor": 1.0, "ram": 512, "OS-FLV-EXT-DATA:ephemeral": 0, "id": "d1", "disk": 5, "vcpus": 1}} {{(pid=102860) _process_stack /opt/stack/nova/nova/api/openstack/wsgi.py:511}}
Dec 09 09:22:16.133858 dv-neutron-821163-1-hyperv devstack@n-api.service[102860]: /usr/local/lib/python3.8/dist-packages/oslo_policy/policy.py:1117: UserWarning: Policy "os_compute_api:os-flavor-manage:create": "rule:system_admin_api" failed scope check. The token used to make the request was project scoped but the policy requires ['system'] scope. This behavior may change in the future where using the intended scope is required
Dec 09 09:22:16.133858 dv-neutron-821163-1-hyperv devstack@n-api.service[102860]: warnings.warn(msg)
Dec 09 09:22:16.249985 dv-neutron-821163-1-hyperv devstack@n-api.service[102860]: INFO nova.api.openstack.requestlog [None req-4d823caa-b935-49c0-9c6c-b3376c1a2938 admin admin] 10.222.0.44 "POST /compute/v2.1/flavors" status: 200 len: 404 microversion: 2.61 time: 0.268774
Dec 09 09:22:16.250730 dv-neutron-821163-1-hyperv devstack@n-api.service[102860]: [pid: 102860|app: 0|req: 5/8] 10.222.0.44 () {64 vars in 1282 bytes} [Thu Dec 9 09:22:15 2021] POST /compute/v2.1/flavors => generated 404 bytes in 270 msecs (HTTP/1.1 200) 9 headers in 359 bytes (1 switches on core 0)
Dec 09 09:22:16.267689 dv-neutron-821163-1-hyperv devstack@n-api.service[102859]: DEBUG nova.api.openstack.wsgi [None req-dffc17e1-fa15-4499-856c-9f3f3644ef02 admin admin] Action: 'create', calling method: >, body: {"extra_specs": {"hw_rng:allowed": "True"}} {{(pid=102859) _process_stack /opt/stack/nova/nova/api/openstack/wsgi.py:511}}
Dec 09 09:22:16.269422 dv-neutron-821163-1-hyperv devstack@n-api.service[102859]: /usr/local/lib/python3.8/dist-packages/oslo_policy/policy.py:1117: UserWarning: Policy "os_compute_api:os-flavor-extra-specs:create": "rule:system_admin_api" failed scope check. The token used to make the request was project scoped but the policy requires ['system'] scope. This behavior may change in the future where using the intended scope is required
Dec 09 09:22:16.269422 dv-neutron-821163-1-hyperv devstack@n-api.service[102859]: warnings.warn(msg)
Dec 09 09:22:16.374891 dv-neutron-821163-1-hyperv devstack@n-api.service[102859]: INFO nova.api.openstack.requestlog [None req-dffc17e1-fa15-4499-856c-9f3f3644ef02 admin admin] 10.222.0.44 "POST /compute/v2.1/flavors/d1/os-extra_specs" status: 200 len: 43 microversion: 2.61 time: 0.111496
Dec 09 09:22:16.376191 dv-neutron-821163-1-hyperv devstack@n-api.service[102859]: [pid: 102859|app: 0|req: 4/9] 10.222.0.44 () {64 vars in 1335 bytes} [Thu Dec 9 09:22:16 2021] POST /compute/v2.1/flavors/d1/os-extra_specs => generated 43 bytes in 113 msecs (HTTP/1.1 200) 9 headers in 358 bytes (1 switches on core 0)
Dec 09 09:22:18.895900 dv-neutron-821163-1-hyperv devstack@n-api.service[102860]: DEBUG nova.api.openstack.wsgi [None req-4d823caa-b935-49c0-9c6c-b3376c1a2938 admin admin] Calling method '>' {{(pid=102860) _process_stack /opt/stack/nova/nova/api/openstack/wsgi.py:513}}
Dec 09 09:22:18.897510 dv-neutron-821163-1-hyperv devstack@n-api.service[102860]: INFO nova.api.openstack.requestlog [None req-4d823caa-b935-49c0-9c6c-b3376c1a2938 admin admin] 10.222.0.44 "GET /compute/v2.1" status: 200 len: 388 microversion: 2.1 time: 0.002017
Dec 09 09:22:18.914504 dv-neutron-821163-1-hyperv devstack@n-api.service[102860]: [pid: 102860|app: 0|req: 6/10] 10.222.0.44 () {54 vars in 930 bytes} [Thu Dec 9 09:22:18 2021] GET /compute/v2.1 => generated 388 bytes in 8 msecs (HTTP/1.1 200) 9 headers in 357 bytes (1 switches on core 0)
Dec 09 09:22:18.968601 dv-neutron-821163-1-hyperv devstack@n-api.service[102859]: DEBUG nova.api.openstack.wsgi [None req-592ef468-4042-4c51-b4c3-7a3037d669c9 admin admin] Action: 'create', calling method: >, body: {"flavor": {"OS-FLV-EXT-DATA:ephemeral": 0, "name": "ds1G", "id": "d2", "rxtx_factor": 1.0, "ram": 1024, "vcpus": 1, "disk": 10, "swap": 0, "os-flavor-access:is_public": true}} {{(pid=102859) _process_stack /opt/stack/nova/nova/api/openstack/wsgi.py:511}}
Dec 09 09:22:19.055517 dv-neutron-821163-1-hyperv devstack@n-api.service[102859]: INFO nova.api.openstack.requestlog [None req-592ef468-4042-4c51-b4c3-7a3037d669c9 admin admin] 10.222.0.44 "POST /compute/v2.1/flavors" status: 200 len: 404 microversion: 2.61 time: 0.150109
Dec 09 09:22:19.056605 dv-neutron-821163-1-hyperv devstack@n-api.service[102859]: [pid: 102859|app: 0|req: 5/11] 10.222.0.44 () {64 vars in 1282 bytes} [Thu Dec 9 09:22:18 2021] POST /compute/v2.1/flavors => generated 404 bytes in 153 msecs (HTTP/1.1 200) 9 headers in 359 bytes (1 switches on core 0)
Dec 09 09:22:19.075762 dv-neutron-821163-1-hyperv devstack@n-api.service[102860]: DEBUG nova.api.openstack.wsgi [None req-6234f723-0721-4544-a65a-6e9b8656b6bb admin admin] Action: 'create', calling method: >, body: {"extra_specs": {"hw_rng:allowed": "True"}} {{(pid=102860) _process_stack /opt/stack/nova/nova/api/openstack/wsgi.py:511}}
Dec 09 09:22:19.152018 dv-neutron-821163-1-hyperv devstack@n-api.service[102860]: INFO nova.api.openstack.requestlog [None req-6234f723-0721-4544-a65a-6e9b8656b6bb admin admin] 10.222.0.44 "POST /compute/v2.1/flavors/d2/os-extra_specs" status: 200 len: 43 microversion: 2.61 time: 0.082279
Dec 09 09:22:19.152737 dv-neutron-821163-1-hyperv devstack@n-api.service[102860]: [pid: 102860|app: 0|req: 7/12] 10.222.0.44 () {64 vars in 1335 bytes} [Thu Dec 9 09:22:19 2021] POST /compute/v2.1/flavors/d2/os-extra_specs => generated 43 bytes in 84 msecs (HTTP/1.1 200) 9 headers in 358 bytes (1 switches on core 0)
Dec 09 09:22:21.762272 dv-neutron-821163-1-hyperv devstack@n-api.service[102859]: DEBUG nova.api.openstack.wsgi [None req-592ef468-4042-4c51-b4c3-7a3037d669c9 admin admin] Calling method '>' {{(pid=102859) _process_stack /opt/stack/nova/nova/api/openstack/wsgi.py:513}}
Dec 09 09:22:21.764259 dv-neutron-821163-1-hyperv devstack@n-api.service[102859]: INFO nova.api.openstack.requestlog [None req-592ef468-4042-4c51-b4c3-7a3037d669c9 admin admin] 10.222.0.44 "GET /compute/v2.1" status: 200 len: 388 microversion: 2.1 time: 0.002551
Dec 09 09:22:21.764689 dv-neutron-821163-1-hyperv devstack@n-api.service[102859]: [pid: 102859|app: 0|req: 6/13] 10.222.0.44 () {54 vars in 930 bytes} [Thu Dec 9 09:22:21 2021] GET /compute/v2.1 => generated 388 bytes in 3 msecs (HTTP/1.1 200) 9 headers in 357 bytes (1 switches on core 0)
Dec 09 09:22:21.831536 dv-neutron-821163-1-hyperv devstack@n-api.service[102860]: DEBUG nova.api.openstack.wsgi [None req-c04d6919-400c-42a1-9cbd-cff62f87cb11 admin admin] Action: 'create', calling method: >, body: {"flavor": {"name": "ds2G", "vcpus": 2, "ram": 2048, "OS-FLV-EXT-DATA:ephemeral": 0, "rxtx_factor": 1.0, "os-flavor-access:is_public": true, "swap": 0, "id": "d3", "disk": 10}} {{(pid=102860) _process_stack /opt/stack/nova/nova/api/openstack/wsgi.py:511}}
Dec 09 09:22:21.908812 dv-neutron-821163-1-hyperv devstack@n-api.service[102860]: INFO nova.api.openstack.requestlog [None req-c04d6919-400c-42a1-9cbd-cff62f87cb11 admin admin] 10.222.0.44 "POST /compute/v2.1/flavors" status: 200 len: 404 microversion: 2.61 time: 0.137181
Dec 09 09:22:21.909734 dv-neutron-821163-1-hyperv devstack@n-api.service[102860]: [pid: 102860|app: 0|req: 8/14] 10.222.0.44 () {64 vars in 1282 bytes} [Thu Dec 9 09:22:21 2021] POST /compute/v2.1/flavors => generated 404 bytes in 139 msecs (HTTP/1.1 200) 9 headers in 359 bytes (1 switches on core 0)
Dec 09 09:22:21.922676 dv-neutron-821163-1-hyperv devstack@n-api.service[102859]: DEBUG nova.api.openstack.wsgi [None req-76828dec-4ff4-4331-8619-6e661c76f604 admin admin] Action: 'create', calling method: >, body: {"extra_specs": {"hw_rng:allowed": "True"}} {{(pid=102859) _process_stack /opt/stack/nova/nova/api/openstack/wsgi.py:511}}
Dec 09 09:22:22.002732 dv-neutron-821163-1-hyperv devstack@n-api.service[102859]: INFO nova.api.openstack.requestlog [None req-76828dec-4ff4-4331-8619-6e661c76f604 admin admin] 10.222.0.44 "POST /compute/v2.1/flavors/d3/os-extra_specs" status: 200 len: 43 microversion: 2.61 time: 0.084288
Dec 09 09:22:22.003329 dv-neutron-821163-1-hyperv devstack@n-api.service[102859]: [pid: 102859|app: 0|req: 7/15] 10.222.0.44 () {64 vars in 1335 bytes} [Thu Dec 9 09:22:21 2021] POST /compute/v2.1/flavors/d3/os-extra_specs => generated 43 bytes in 86 msecs (HTTP/1.1 200) 9 headers in 358 bytes (1 switches on core 0)
Dec 09 09:22:24.466779 dv-neutron-821163-1-hyperv devstack@n-api.service[102860]: DEBUG nova.api.openstack.wsgi [None req-c04d6919-400c-42a1-9cbd-cff62f87cb11 admin admin] Calling method '>' {{(pid=102860) _process_stack /opt/stack/nova/nova/api/openstack/wsgi.py:513}}
Dec 09 09:22:24.467790 dv-neutron-821163-1-hyperv devstack@n-api.service[102860]: INFO nova.api.openstack.requestlog [None req-c04d6919-400c-42a1-9cbd-cff62f87cb11 admin admin] 10.222.0.44 "GET /compute/v2.1" status: 200 len: 388 microversion: 2.1 time: 0.002052
Dec 09 09:22:24.468454 dv-neutron-821163-1-hyperv devstack@n-api.service[102860]: [pid: 102860|app: 0|req: 9/16] 10.222.0.44 () {54 vars in 930 bytes} [Thu Dec 9 09:22:24 2021] GET /compute/v2.1 => generated 388 bytes in 3 msecs (HTTP/1.1 200) 9 headers in 357 bytes (1 switches on core 0)
Dec 09 09:22:24.529135 dv-neutron-821163-1-hyperv devstack@n-api.service[102859]: DEBUG nova.api.openstack.wsgi [None req-f2096cb5-b313-4358-95a6-3a1280d25aa2 admin admin] Action: 'create', calling method: >, body: {"flavor": {"ram": 4096, "os-flavor-access:is_public": true, "rxtx_factor": 1.0, "swap": 0, "vcpus": 4, "disk": 20, "id": "d4", "OS-FLV-EXT-DATA:ephemeral": 0, "name": "ds4G"}} {{(pid=102859) _process_stack /opt/stack/nova/nova/api/openstack/wsgi.py:511}}
Dec 09 09:22:24.594547 dv-neutron-821163-1-hyperv devstack@n-api.service[102859]: INFO nova.api.openstack.requestlog [None req-f2096cb5-b313-4358-95a6-3a1280d25aa2 admin admin] 10.222.0.44 "POST /compute/v2.1/flavors" status: 200 len: 404 microversion: 2.61 time: 0.119710
Dec 09 09:22:24.595573 dv-neutron-821163-1-hyperv devstack@n-api.service[102859]: [pid: 102859|app: 0|req: 8/17] 10.222.0.44 () {64 vars in 1282 bytes} [Thu Dec 9 09:22:24 2021] POST /compute/v2.1/flavors => generated 404 bytes in 121 msecs (HTTP/1.1 200) 9 headers in 359 bytes (1 switches on core 0)
Dec 09 09:22:24.608153 dv-neutron-821163-1-hyperv devstack@n-api.service[102860]: DEBUG nova.api.openstack.wsgi [None req-dc0db17b-40df-4469-a76d-25a4350f30a0 admin admin] Action: 'create', calling method: >, body: {"extra_specs": {"hw_rng:allowed": "True"}} {{(pid=102860) _process_stack /opt/stack/nova/nova/api/openstack/wsgi.py:511}}
Dec 09 09:22:24.660635 dv-neutron-821163-1-hyperv devstack@n-api.service[102860]: INFO nova.api.openstack.requestlog [None req-dc0db17b-40df-4469-a76d-25a4350f30a0 admin admin] 10.222.0.44 "POST /compute/v2.1/flavors/d4/os-extra_specs" status: 200 len: 43 microversion: 2.61 time: 0.056775
Dec 09 09:22:24.661319 dv-neutron-821163-1-hyperv devstack@n-api.service[102860]: [pid: 102860|app: 0|req: 10/18] 10.222.0.44 () {64 vars in 1335 bytes} [Thu Dec 9 09:22:24 2021] POST /compute/v2.1/flavors/d4/os-extra_specs => generated 43 bytes in 58 msecs (HTTP/1.1 200) 9 headers in 358 bytes (2 switches on core 0)
Dec 09 09:22:27.158988 dv-neutron-821163-1-hyperv devstack@n-api.service[102859]: DEBUG nova.api.openstack.wsgi [None req-f2096cb5-b313-4358-95a6-3a1280d25aa2 admin admin] Calling method '>' {{(pid=102859) _process_stack /opt/stack/nova/nova/api/openstack/wsgi.py:513}}
Dec 09 09:22:27.160763 dv-neutron-821163-1-hyperv devstack@n-api.service[102859]: INFO nova.api.openstack.requestlog [None req-f2096cb5-b313-4358-95a6-3a1280d25aa2 admin admin] 10.222.0.44 "GET /compute/v2.1" status: 200 len: 388 microversion: 2.1 time: 0.002486
Dec 09 09:22:27.161312 dv-neutron-821163-1-hyperv devstack@n-api.service[102859]: [pid: 102859|app: 0|req: 9/19] 10.222.0.44 () {54 vars in 930 bytes} [Thu Dec 9 09:22:27 2021] GET /compute/v2.1 => generated 388 bytes in 4 msecs (HTTP/1.1 200) 9 headers in 357 bytes (2 switches on core 0)
Dec 09 09:22:27.227706 dv-neutron-821163-1-hyperv devstack@n-api.service[102860]: DEBUG nova.api.openstack.wsgi [None req-3737eccd-c24e-4db3-8e7d-9f1c46ef5ac6 admin admin] Calling method '>' {{(pid=102860) _process_stack /opt/stack/nova/nova/api/openstack/wsgi.py:513}}
Dec 09 09:22:27.254865 dv-neutron-821163-1-hyperv devstack@n-api.service[102860]: INFO nova.api.openstack.requestlog [None req-3737eccd-c24e-4db3-8e7d-9f1c46ef5ac6 admin admin] 10.222.0.44 "GET /compute/v2.1/flavors/detail?is_public=True" status: 200 len: 2106 microversion: 2.61 time: 0.086895
Dec 09 09:22:27.270304 dv-neutron-821163-1-hyperv devstack@n-api.service[102860]: [pid: 102860|app: 0|req: 11/20] 10.222.0.44 () {60 vars in 1291 bytes} [Thu Dec 9 09:22:27 2021] GET /compute/v2.1/flavors/detail?is_public=True => generated 2106 bytes in 103 msecs (HTTP/1.1 200) 9 headers in 360 bytes (1 switches on core 0)
Dec 09 09:22:29.782653 dv-neutron-821163-1-hyperv devstack@n-api.service[102859]: DEBUG nova.api.openstack.wsgi [None req-f2096cb5-b313-4358-95a6-3a1280d25aa2 admin admin] Calling method '>' {{(pid=102859) _process_stack /opt/stack/nova/nova/api/openstack/wsgi.py:513}}
Dec 09 09:22:29.783658 dv-neutron-821163-1-hyperv devstack@n-api.service[102859]: INFO nova.api.openstack.requestlog [None req-f2096cb5-b313-4358-95a6-3a1280d25aa2 admin admin] 10.222.0.44 "GET /compute/v2.1" status: 200 len: 388 microversion: 2.1 time: 0.001447
Dec 09 09:22:29.784056 dv-neutron-821163-1-hyperv devstack@n-api.service[102859]: [pid: 102859|app: 0|req: 10/21] 10.222.0.44 () {54 vars in 930 bytes} [Thu Dec 9 09:22:29 2021] GET /compute/v2.1 => generated 388 bytes in 2 msecs (HTTP/1.1 200) 9 headers in 357 bytes (1 switches on core 0)
Dec 09 09:22:29.850772 dv-neutron-821163-1-hyperv devstack@n-api.service[102860]: DEBUG nova.api.openstack.wsgi [None req-1b59c746-b032-4edb-9f7f-75def95df2a9 admin admin] Action: 'create', calling method: >, body: {"flavor": {"id": "1", "disk": 1, "swap": 0, "OS-FLV-EXT-DATA:ephemeral": 0, "rxtx_factor": 1.0, "name": "m1.tiny", "ram": 512, "os-flavor-access:is_public": true, "vcpus": 1}} {{(pid=102860) _process_stack /opt/stack/nova/nova/api/openstack/wsgi.py:511}}
Dec 09 09:22:29.936800 dv-neutron-821163-1-hyperv devstack@n-api.service[102860]: INFO nova.api.openstack.requestlog [None req-1b59c746-b032-4edb-9f7f-75def95df2a9 admin admin] 10.222.0.44 "POST /compute/v2.1/flavors" status: 200 len: 402 microversion: 2.61 time: 0.146194
Dec 09 09:22:29.937357 dv-neutron-821163-1-hyperv devstack@n-api.service[102860]: [pid: 102860|app: 0|req: 12/22] 10.222.0.44 () {64 vars in 1282 bytes} [Thu Dec 9 09:22:29 2021] POST /compute/v2.1/flavors => generated 402 bytes in 147 msecs (HTTP/1.1 200) 9 headers in 359 bytes (1 switches on core 0)
Dec 09 09:22:29.951957 dv-neutron-821163-1-hyperv devstack@n-api.service[102859]: DEBUG nova.api.openstack.wsgi [None req-dbc37133-c4ad-4bac-9e21-f0c3564f1f8b admin admin] Action: 'create', calling method: >, body: {"extra_specs": {"hw_rng:allowed": "True"}} {{(pid=102859) _process_stack /opt/stack/nova/nova/api/openstack/wsgi.py:511}}
Dec 09 09:22:30.030674 dv-neutron-821163-1-hyperv devstack@n-api.service[102859]: INFO nova.api.openstack.requestlog [None req-dbc37133-c4ad-4bac-9e21-f0c3564f1f8b admin admin] 10.222.0.44 "POST /compute/v2.1/flavors/1/os-extra_specs" status: 200 len: 43 microversion: 2.61 time: 0.083475
Dec 09 09:22:30.031438 dv-neutron-821163-1-hyperv devstack@n-api.service[102859]: [pid: 102859|app: 0|req: 11/23] 10.222.0.44 () {64 vars in 1332 bytes} [Thu Dec 9 09:22:29 2021] POST /compute/v2.1/flavors/1/os-extra_specs => generated 43 bytes in 85 msecs (HTTP/1.1 200) 9 headers in 358 bytes (1 switches on core 0)
Dec 09 09:22:32.437826 dv-neutron-821163-1-hyperv devstack@n-api.service[102860]: DEBUG nova.api.openstack.wsgi [None req-1b59c746-b032-4edb-9f7f-75def95df2a9 admin admin] Calling method '>' {{(pid=102860) _process_stack /opt/stack/nova/nova/api/openstack/wsgi.py:513}}
Dec 09 09:22:32.438940 dv-neutron-821163-1-hyperv devstack@n-api.service[102860]: INFO nova.api.openstack.requestlog [None req-1b59c746-b032-4edb-9f7f-75def95df2a9 admin admin] 10.222.0.44 "GET /compute/v2.1" status: 200 len: 388 microversion: 2.1 time: 0.001567
Dec 09 09:22:32.439342 dv-neutron-821163-1-hyperv devstack@n-api.service[102860]: [pid: 102860|app: 0|req: 13/24] 10.222.0.44 () {54 vars in 930 bytes} [Thu Dec 9 09:22:32 2021] GET /compute/v2.1 => generated 388 bytes in 3 msecs (HTTP/1.1 200) 9 headers in 357 bytes (1 switches on core 0)
Dec 09 09:22:32.499533 dv-neutron-821163-1-hyperv devstack@n-api.service[102859]: DEBUG nova.api.openstack.wsgi [None req-52359671-16ec-4de9-ab38-4720ad96e553 admin admin] Action: 'create', calling method: >, body: {"flavor": {"name": "m1.small", "ram": 2048, "os-flavor-access:is_public": true, "rxtx_factor": 1.0, "disk": 20, "OS-FLV-EXT-DATA:ephemeral": 0, "swap": 0, "id": "2", "vcpus": 1}} {{(pid=102859) _process_stack /opt/stack/nova/nova/api/openstack/wsgi.py:511}}
Dec 09 09:22:32.587115 dv-neutron-821163-1-hyperv devstack@n-api.service[102859]: INFO nova.api.openstack.requestlog [None req-52359671-16ec-4de9-ab38-4720ad96e553 admin admin] 10.222.0.44 "POST /compute/v2.1/flavors" status: 200 len: 405 microversion: 2.61 time: 0.141196
Dec 09 09:22:32.587676 dv-neutron-821163-1-hyperv devstack@n-api.service[102859]: [pid: 102859|app: 0|req: 12/25] 10.222.0.44 () {64 vars in 1282 bytes} [Thu Dec 9 09:22:32 2021] POST /compute/v2.1/flavors => generated 405 bytes in 142 msecs (HTTP/1.1 200) 9 headers in 359 bytes (1 switches on core 0)
Dec 09 09:22:32.600269 dv-neutron-821163-1-hyperv devstack@n-api.service[102860]: DEBUG nova.api.openstack.wsgi [None req-080a41e5-8da4-4378-917e-e5959051ba89 admin admin] Action: 'create', calling method: >, body: {"extra_specs": {"hw_rng:allowed": "True"}} {{(pid=102860) _process_stack /opt/stack/nova/nova/api/openstack/wsgi.py:511}}
Dec 09 09:22:32.693016 dv-neutron-821163-1-hyperv devstack@n-api.service[102860]: INFO nova.api.openstack.requestlog [None req-080a41e5-8da4-4378-917e-e5959051ba89 admin admin] 10.222.0.44 "POST /compute/v2.1/flavors/2/os-extra_specs" status: 200 len: 43 microversion: 2.61 time: 0.096277
Dec 09 09:22:32.693843 dv-neutron-821163-1-hyperv devstack@n-api.service[102860]: [pid: 102860|app: 0|req: 14/26] 10.222.0.44 () {64 vars in 1332 bytes} [Thu Dec 9 09:22:32 2021] POST /compute/v2.1/flavors/2/os-extra_specs => generated 43 bytes in 97 msecs (HTTP/1.1 200) 9 headers in 358 bytes (1 switches on core 0)
Dec 09 09:22:35.721294 dv-neutron-821163-1-hyperv devstack@n-api.service[102859]: DEBUG nova.api.openstack.wsgi [None req-52359671-16ec-4de9-ab38-4720ad96e553 admin admin] Calling method '>' {{(pid=102859) _process_stack /opt/stack/nova/nova/api/openstack/wsgi.py:513}}
Dec 09 09:22:35.722440 dv-neutron-821163-1-hyperv devstack@n-api.service[102859]: INFO nova.api.openstack.requestlog [None req-52359671-16ec-4de9-ab38-4720ad96e553 admin admin] 10.222.0.44 "GET /compute/v2.1" status: 200 len: 388 microversion: 2.1 time: 0.001586
Dec 09 09:22:35.722840 dv-neutron-821163-1-hyperv devstack@n-api.service[102859]: [pid: 102859|app: 0|req: 13/27] 10.222.0.44 () {54 vars in 930 bytes} [Thu Dec 9 09:22:35 2021] GET /compute/v2.1 => generated 388 bytes in 2 msecs (HTTP/1.1 200) 9 headers in 357 bytes (1 switches on core 0)
Dec 09 09:22:35.785768 dv-neutron-821163-1-hyperv devstack@n-api.service[102860]: DEBUG nova.api.openstack.wsgi [None req-d9fa9fb5-ad6e-44a8-86ba-f661465eac65 admin admin] Action: 'create', calling method: >, body: {"flavor": {"disk": 40, "ram": 4096, "OS-FLV-EXT-DATA:ephemeral": 0, "swap": 0, "vcpus": 2, "name": "m1.medium", "id": "3", "os-flavor-access:is_public": true, "rxtx_factor": 1.0}} {{(pid=102860) _process_stack /opt/stack/nova/nova/api/openstack/wsgi.py:511}}
Dec 09 09:22:35.852322 dv-neutron-821163-1-hyperv devstack@n-api.service[102860]: INFO nova.api.openstack.requestlog [None req-d9fa9fb5-ad6e-44a8-86ba-f661465eac65 admin admin] 10.222.0.44 "POST /compute/v2.1/flavors" status: 200 len: 406 microversion: 2.61 time: 0.122874
Dec 09 09:22:35.852873 dv-neutron-821163-1-hyperv devstack@n-api.service[102860]: [pid: 102860|app: 0|req: 15/28] 10.222.0.44 () {64 vars in 1282 bytes} [Thu Dec 9 09:22:35 2021] POST /compute/v2.1/flavors => generated 406 bytes in 124 msecs (HTTP/1.1 200) 9 headers in 359 bytes (2 switches on core 0)
Dec 09 09:22:35.866371 dv-neutron-821163-1-hyperv devstack@n-api.service[102859]: DEBUG nova.api.openstack.wsgi [None req-dff2949c-e9be-4798-90e6-5dbfaf5a58a3 admin admin] Action: 'create', calling method: >, body: {"extra_specs": {"hw_rng:allowed": "True"}} {{(pid=102859) _process_stack /opt/stack/nova/nova/api/openstack/wsgi.py:511}}
Dec 09 09:22:35.936764 dv-neutron-821163-1-hyperv devstack@n-api.service[102859]: INFO nova.api.openstack.requestlog [None req-dff2949c-e9be-4798-90e6-5dbfaf5a58a3 admin admin] 10.222.0.44 "POST /compute/v2.1/flavors/3/os-extra_specs" status: 200 len: 43 microversion: 2.61 time: 0.074456
Dec 09 09:22:35.937292 dv-neutron-821163-1-hyperv devstack@n-api.service[102859]: [pid: 102859|app: 0|req: 14/29] 10.222.0.44 () {64 vars in 1332 bytes} [Thu Dec 9 09:22:35 2021] POST /compute/v2.1/flavors/3/os-extra_specs => generated 43 bytes in 76 msecs (HTTP/1.1 200) 9 headers in 358 bytes (2 switches on core 0)
Dec 09 09:22:38.385312 dv-neutron-821163-1-hyperv devstack@n-api.service[102860]: DEBUG nova.api.openstack.wsgi [None req-d9fa9fb5-ad6e-44a8-86ba-f661465eac65 admin admin] Calling method '>' {{(pid=102860) _process_stack /opt/stack/nova/nova/api/openstack/wsgi.py:513}}
Dec 09 09:22:38.386717 dv-neutron-821163-1-hyperv devstack@n-api.service[102860]: INFO nova.api.openstack.requestlog [None req-d9fa9fb5-ad6e-44a8-86ba-f661465eac65 admin admin] 10.222.0.44 "GET /compute/v2.1" status: 200 len: 388 microversion: 2.1 time: 0.001470
Dec 09 09:22:38.387127 dv-neutron-821163-1-hyperv devstack@n-api.service[102860]: [pid: 102860|app: 0|req: 16/30] 10.222.0.44 () {54 vars in 930 bytes} [Thu Dec 9 09:22:38 2021] GET /compute/v2.1 => generated 388 bytes in 3 msecs (HTTP/1.1 200) 9 headers in 357 bytes (1 switches on core 0)
Dec 09 09:22:38.446243 dv-neutron-821163-1-hyperv devstack@n-api.service[102859]: DEBUG nova.api.openstack.wsgi [None req-1efef0bd-2aa8-4aa1-aabb-c46cf84d9670 admin admin] Action: 'create', calling method: >, body: {"flavor": {"os-flavor-access:is_public": true, "ram": 8192, "OS-FLV-EXT-DATA:ephemeral": 0, "name": "m1.large", "swap": 0, "rxtx_factor": 1.0, "disk": 80, "vcpus": 4, "id": "4"}} {{(pid=102859) _process_stack /opt/stack/nova/nova/api/openstack/wsgi.py:511}}
Dec 09 09:22:38.528072 dv-neutron-821163-1-hyperv devstack@n-api.service[102859]: INFO nova.api.openstack.requestlog [None req-1efef0bd-2aa8-4aa1-aabb-c46cf84d9670 admin admin] 10.222.0.44 "POST /compute/v2.1/flavors" status: 200 len: 405 microversion: 2.61 time: 0.134501
Dec 09 09:22:38.528810 dv-neutron-821163-1-hyperv devstack@n-api.service[102859]: [pid: 102859|app: 0|req: 15/31] 10.222.0.44 () {64 vars in 1282 bytes} [Thu Dec 9 09:22:38 2021] POST /compute/v2.1/flavors => generated 405 bytes in 136 msecs (HTTP/1.1 200) 9 headers in 359 bytes (2 switches on core 0)
Dec 09 09:22:38.541003 dv-neutron-821163-1-hyperv devstack@n-api.service[102860]: DEBUG nova.api.openstack.wsgi [None req-f6da522f-c548-42be-95a9-3e8368936fe6 admin admin] Action: 'create', calling method: >, body: {"extra_specs": {"hw_rng:allowed": "True"}} {{(pid=102860) _process_stack /opt/stack/nova/nova/api/openstack/wsgi.py:511}}
Dec 09 09:22:38.616406 dv-neutron-821163-1-hyperv devstack@n-api.service[102860]: INFO nova.api.openstack.requestlog [None req-f6da522f-c548-42be-95a9-3e8368936fe6 admin admin] 10.222.0.44 "POST /compute/v2.1/flavors/4/os-extra_specs" status: 200 len: 43 microversion: 2.61 time: 0.078972
Dec 09 09:22:38.616994 dv-neutron-821163-1-hyperv devstack@n-api.service[102860]: [pid: 102860|app: 0|req: 17/32] 10.222.0.44 () {64 vars in 1332 bytes} [Thu Dec 9 09:22:38 2021] POST /compute/v2.1/flavors/4/os-extra_specs => generated 43 bytes in 80 msecs (HTTP/1.1 200) 9 headers in 358 bytes (2 switches on core 0)
Dec 09 09:22:41.092292 dv-neutron-821163-1-hyperv devstack@n-api.service[102859]: DEBUG nova.api.openstack.wsgi [None req-1efef0bd-2aa8-4aa1-aabb-c46cf84d9670 admin admin] Calling method '>' {{(pid=102859) _process_stack /opt/stack/nova/nova/api/openstack/wsgi.py:513}}
Dec 09 09:22:41.094076 dv-neutron-821163-1-hyperv devstack@n-api.service[102859]: INFO nova.api.openstack.requestlog [None req-1efef0bd-2aa8-4aa1-aabb-c46cf84d9670 admin admin] 10.222.0.44 "GET /compute/v2.1" status: 200 len: 388 microversion: 2.1 time: 0.002221
Dec 09 09:22:41.094548 dv-neutron-821163-1-hyperv devstack@n-api.service[102859]: [pid: 102859|app: 0|req: 16/33] 10.222.0.44 () {54 vars in 930 bytes} [Thu Dec 9 09:22:41 2021] GET /compute/v2.1 => generated 388 bytes in 3 msecs (HTTP/1.1 200) 9 headers in 357 bytes (1 switches on core 0)
Dec 09 09:22:41.159693 dv-neutron-821163-1-hyperv devstack@n-api.service[102860]: DEBUG nova.api.openstack.wsgi [None req-c3d56d1a-0477-47fb-ac75-f129ed6df015 admin admin] Action: 'create', calling method: >, body: {"flavor": {"id": "5", "rxtx_factor": 1.0, "disk": 160, "vcpus": 8, "os-flavor-access:is_public": true, "ram": 16384, "OS-FLV-EXT-DATA:ephemeral": 0, "swap": 0, "name": "m1.xlarge"}} {{(pid=102860) _process_stack /opt/stack/nova/nova/api/openstack/wsgi.py:511}}
Dec 09 09:22:41.615890 dv-neutron-821163-1-hyperv devstack@n-api.service[102860]: INFO nova.api.openstack.requestlog [None req-c3d56d1a-0477-47fb-ac75-f129ed6df015 admin admin] 10.222.0.44 "POST /compute/v2.1/flavors" status: 200 len: 408 microversion: 2.61 time: 0.515057
Dec 09 09:22:41.617164 dv-neutron-821163-1-hyperv devstack@n-api.service[102860]: [pid: 102860|app: 0|req: 18/34] 10.222.0.44 () {64 vars in 1282 bytes} [Thu Dec 9 09:22:41 2021] POST /compute/v2.1/flavors => generated 408 bytes in 517 msecs (HTTP/1.1 200) 9 headers in 359 bytes (2 switches on core 0)
Dec 09 09:22:41.630236 dv-neutron-821163-1-hyperv devstack@n-api.service[102859]: DEBUG nova.api.openstack.wsgi [None req-941693a2-9dcc-4003-9b65-190f67fe65f6 admin admin] Action: 'create', calling method: >, body: {"extra_specs": {"hw_rng:allowed": "True"}} {{(pid=102859) _process_stack /opt/stack/nova/nova/api/openstack/wsgi.py:511}}
Dec 09 09:22:41.710602 dv-neutron-821163-1-hyperv devstack@n-api.service[102859]: INFO nova.api.openstack.requestlog [None req-941693a2-9dcc-4003-9b65-190f67fe65f6 admin admin] 10.222.0.44 "POST /compute/v2.1/flavors/5/os-extra_specs" status: 200 len: 43 microversion: 2.61 time: 0.084694
Dec 09 09:22:41.711429 dv-neutron-821163-1-hyperv devstack@n-api.service[102859]: [pid: 102859|app: 0|req: 17/35] 10.222.0.44 () {64 vars in 1332 bytes} [Thu Dec 9 09:22:41 2021] POST /compute/v2.1/flavors/5/os-extra_specs => generated 43 bytes in 86 msecs (HTTP/1.1 200) 9 headers in 358 bytes (2 switches on core 0)
Dec 09 09:23:06.572106 dv-neutron-821163-1-hyperv devstack@n-api.service[102860]: DEBUG nova.api.openstack.wsgi [None req-c3d56d1a-0477-47fb-ac75-f129ed6df015 admin admin] Calling method '>' {{(pid=102860) _process_stack /opt/stack/nova/nova/api/openstack/wsgi.py:513}}
Dec 09 09:23:06.574268 dv-neutron-821163-1-hyperv devstack@n-api.service[102860]: INFO nova.api.openstack.requestlog [None req-c3d56d1a-0477-47fb-ac75-f129ed6df015 admin admin] 10.222.0.44 "GET /compute/v2.1" status: 200 len: 388 microversion: 2.1 time: 0.002109
Dec 09 09:23:06.574670 dv-neutron-821163-1-hyperv devstack@n-api.service[102860]: [pid: 102860|app: 0|req: 19/36] 10.222.0.44 () {54 vars in 930 bytes} [Thu Dec 9 09:23:06 2021] GET /compute/v2.1 => generated 388 bytes in 3 msecs (HTTP/1.1 200) 9 headers in 357 bytes (1 switches on core 0)
Dec 09 09:23:06.632020 dv-neutron-821163-1-hyperv devstack@n-api.service[102859]: DEBUG nova.api.openstack.wsgi [None req-0f74c5e8-3cd2-4bb8-b0d6-4121350b8dff admin admin] Calling method '>' {{(pid=102859) _process_stack /opt/stack/nova/nova/api/openstack/wsgi.py:513}}
Dec 09 09:23:06.648904 dv-neutron-821163-1-hyperv devstack@n-api.service[102859]: INFO nova.api.openstack.requestlog [None req-0f74c5e8-3cd2-4bb8-b0d6-4121350b8dff admin admin] 10.222.0.44 "GET /compute/v2.1/flavors/detail?is_public=True" status: 200 len: 4202 microversion: 2.61 time: 0.067285
Dec 09 09:23:06.649428 dv-neutron-821163-1-hyperv devstack@n-api.service[102859]: [pid: 102859|app: 0|req: 18/37] 10.222.0.44 () {60 vars in 1291 bytes} [Thu Dec 9 09:23:06 2021] GET /compute/v2.1/flavors/detail?is_public=True => generated 4202 bytes in 68 msecs (HTTP/1.1 200) 9 headers in 360 bytes (1 switches on core 0)
Dec 09 09:23:08.237500 dv-neutron-821163-1-hyperv devstack@n-api.service[102860]: DEBUG nova.api.openstack.wsgi [None req-c3d56d1a-0477-47fb-ac75-f129ed6df015 admin admin] Calling method '>' {{(pid=102860) _process_stack /opt/stack/nova/nova/api/openstack/wsgi.py:513}}
Dec 09 09:23:08.238510 dv-neutron-821163-1-hyperv devstack@n-api.service[102860]: INFO nova.api.openstack.requestlog [None req-c3d56d1a-0477-47fb-ac75-f129ed6df015 admin admin] 10.222.0.44 "GET /compute/v2.1" status: 200 len: 388 microversion: 2.1 time: 0.001467
Dec 09 09:23:08.238914 dv-neutron-821163-1-hyperv devstack@n-api.service[102860]: [pid: 102860|app: 0|req: 20/38] 10.222.0.44 () {56 vars in 1074 bytes} [Thu Dec 9 09:23:08 2021] GET /compute/v2.1 => generated 388 bytes in 2 msecs (HTTP/1.1 200) 9 headers in 357 bytes (1 switches on core 0)
Dec 09 09:23:08.451744 dv-neutron-821163-1-hyperv devstack@n-api.service[102859]: DEBUG nova.api.openstack.wsgi [None req-8fbaa3bd-387d-452b-a1a1-918f8e05807a admin admin] Calling method '>' {{(pid=102859) _process_stack /opt/stack/nova/nova/api/openstack/wsgi.py:513}}
Dec 09 09:23:08.457391 dv-neutron-821163-1-hyperv devstack@n-api.service[102859]: INFO nova.api.openstack.wsgi [None req-8fbaa3bd-387d-452b-a1a1-918f8e05807a admin admin] HTTP exception thrown: Flavor 42 could not be found.
Dec 09 09:23:08.457992 dv-neutron-821163-1-hyperv devstack@n-api.service[102859]: DEBUG nova.api.openstack.wsgi [None req-8fbaa3bd-387d-452b-a1a1-918f8e05807a admin admin] Returning 404 to user: Flavor 42 could not be found. {{(pid=102859) __call__ /opt/stack/nova/nova/api/openstack/wsgi.py:936}}
Dec 09 09:23:08.458779 dv-neutron-821163-1-hyperv devstack@n-api.service[102859]: INFO nova.api.openstack.requestlog [None req-8fbaa3bd-387d-452b-a1a1-918f8e05807a admin admin] 10.222.0.44 "GET /compute/v2.1/flavors/42" status: 404 len: 75 microversion: 2.90 time: 0.059539
Dec 09 09:23:08.459280 dv-neutron-821163-1-hyperv devstack@n-api.service[102859]: [pid: 102859|app: 0|req: 19/39] 10.222.0.44 () {60 vars in 1190 bytes} [Thu Dec 9 09:23:08 2021] GET /compute/v2.1/flavors/42 => generated 75 bytes in 61 msecs (HTTP/1.1 404) 9 headers in 380 bytes (1 switches on core 0)
Dec 09 09:23:08.469361 dv-neutron-821163-1-hyperv devstack@n-api.service[102860]: DEBUG nova.api.openstack.wsgi [None req-3b637235-2c20-4697-8f06-5171db62b3d0 admin admin] Calling method '>' {{(pid=102860) _process_stack /opt/stack/nova/nova/api/openstack/wsgi.py:513}}
Dec 09 09:23:08.489950 dv-neutron-821163-1-hyperv devstack@n-api.service[102860]: INFO nova.api.openstack.requestlog [None req-3b637235-2c20-4697-8f06-5171db62b3d0 admin admin] 10.222.0.44 "GET /compute/v2.1/flavors?is_public=None" status: 200 len: 2056 microversion: 2.90 time: 0.024115
Dec 09 09:23:08.490477 dv-neutron-821163-1-hyperv devstack@n-api.service[102860]: [pid: 102860|app: 0|req: 21/40] 10.222.0.44 () {60 vars in 1210 bytes} [Thu Dec 9 09:23:08 2021] GET /compute/v2.1/flavors?is_public=None => generated 2056 bytes in 25 msecs (HTTP/1.1 200) 9 headers in 360 bytes (1 switches on core 0)
Dec 09 09:23:08.501161 dv-neutron-821163-1-hyperv devstack@n-api.service[102859]: DEBUG nova.api.openstack.wsgi [None req-ef992410-3a0b-4a53-9806-24c16957a2e6 admin admin] Calling method '>' {{(pid=102859) _process_stack /opt/stack/nova/nova/api/openstack/wsgi.py:513}}
