Jan 19 09:05:02.606103 dv-neutron-821132-2-hyperv neutron-server[103867]: DEBUG neutron.plugins.ml2.drivers.mech_agent [None req-cd80ae4f-a3c1-4cc3-847a-8ab8dcfe2386 None None] Checking agent: {'id': 'bf5e92c8-b09d-4221-9abb-2545ca7f8d64', 'agent_type': 'Open vSwitch agent', 'binary': 'neutron-openvswitch-agent', 'topic': 'N/A', 'host': 'dv-neutron-821132-2-hyperv', 'admin_state_up': True, 'created_at': datetime.datetime(2022, 1, 19, 8, 57, 33), 'started_at': datetime.datetime(2022, 1, 19, 8, 58, 3), 'heartbeat_timestamp': datetime.datetime(2022, 1, 19, 9, 4, 33), 'description': None, 'resources_synced': None, 'availability_zone': None, 'alive': True, 'configurations': {'arp_responder_enabled': False, 'baremetal_smartnic': False, 'bridge_mappings': {'physnet1': 'br-data'}, 'datapath_type': 'system', 'devices': 0, 'enable_distributed_routing': False, 'extensions': [], 'in_distributed_mode': False, 'integration_bridge': 'br-int', 'l2_population': False, 'log_agent_heartbeats': False, 'ovs_capabilities': {'datapath_types': ['netdev', 'system'], 'iface_types': ['erspan', 'geneve', 'gre', 'internal', 'ip6erspan', 'ip6gre', 'lisp', 'patch', 'stt', 'system', 'tap', 'vxlan']}, 'ovs_hybrid_plug': False, 'resource_provider_bandwidths': {}, 'resource_provider_hypervisors': {'br-data': 'dv-neutron-821132-2-hyperv'}, 'resource_provider_inventory_defaults': {'allocation_ratio': 1.0, 'min_unit': 1, 'step_size': 1, 'reserved': 0}, 'resource_provider_packet_processing_inventory_defaults': {'allocation_ratio': 1.0, 'min_unit': 1, 'step_size': 1, 'reserved': 0}, 'resource_provider_packet_processing_with_direction': {}, 'resource_provider_packet_processing_without_direction': {}, 'tunnel_types': [], 'tunneling_ip': None, 'vhostuser_socket_dir': '/var/run/openvswitch'}, 'resource_versions': {'AddressGroup': '1.2', 'ConntrackHelper': '1.0', 'LocalIPAssociation': '1.0', 'Log': '1.0', 'Network': '1.1', 'Port': '1.7', 'PortForwarding': '1.2', 'QosPolicy': '1.10', 'SecurityGroup': '1.5', 'SecurityGroupRule': '1.2', 'SubPort': '1.0', 'Subnet': '1.1', 'Trunk': '1.1'}} {{(pid=103867) bind_port /opt/stack/neutron/neutron/plugins/ml2/drivers/mech_agent.py:110}}
Jan 19 09:05:02.606752 dv-neutron-821132-2-hyperv neutron-server[103867]: DEBUG neutron.plugins.ml2.drivers.mech_agent [None req-cd80ae4f-a3c1-4cc3-847a-8ab8dcfe2386 None None] Checking segment: {'id': '93c11568-26ff-42a5-86c3-b506f613c63b', 'network_type': 'vlan', 'physical_network': 'physnet1', 'segmentation_id': 562, 'network_id': '8b4d3b4d-ba00-4f79-a814-1d416c867437'} for mappings: {'physnet1': 'br-data'} with network types: ['local', 'flat', 'vlan'] {{(pid=103867) check_segment_for_agent /opt/stack/neutron/neutron/plugins/ml2/drivers/mech_agent.py:371}}
Jan 19 09:05:02.607371 dv-neutron-821132-2-hyperv neutron-server[103867]: DEBUG neutron_lib.callbacks.manager [None req-cd80ae4f-a3c1-4cc3-847a-8ab8dcfe2386 None None] Publish callbacks [] for ovs_bridge_name (None), before_read {{(pid=103867) _notify_loop /usr/local/lib/python3.8/dist-packages/neutron_lib/callbacks/manager.py:176}}
Jan 19 09:05:02.609229 dv-neutron-821132-2-hyperv neutron-server[103867]: DEBUG neutron.plugins.ml2.drivers.mech_agent [None req-cd80ae4f-a3c1-4cc3-847a-8ab8dcfe2386 None None] Bound using segment: {'id': '93c11568-26ff-42a5-86c3-b506f613c63b', 'network_type': 'vlan', 'physical_network': 'physnet1', 'segmentation_id': 562, 'network_id': '8b4d3b4d-ba00-4f79-a814-1d416c867437'} {{(pid=103867) bind_port /opt/stack/neutron/neutron/plugins/ml2/drivers/mech_agent.py:120}}
Jan 19 09:05:02.609944 dv-neutron-821132-2-hyperv neutron-server[103867]: DEBUG neutron.plugins.ml2.managers [None req-cd80ae4f-a3c1-4cc3-847a-8ab8dcfe2386 None None] Bound port: ddee1d46-5fcc-4b07-9923-9cc998049d43, host: dv-neutron-821132-2-hyperv, vif_type: ovs, vif_details: {"connectivity": "l2", "port_filter": true, "ovs_hybrid_plug": false, "datapath_type": "system", "bridge_name": "br-int"}, binding_levels: [{'bound_driver': 'openvswitch', 'bound_segment': {'id': '93c11568-26ff-42a5-86c3-b506f613c63b', 'network_type': 'vlan', 'physical_network': 'physnet1', 'segmentation_id': 562, 'network_id': '8b4d3b4d-ba00-4f79-a814-1d416c867437'}}] {{(pid=103867) _bind_port_level /opt/stack/neutron/neutron/plugins/ml2/managers.py:932}}
Jan 19 09:05:02.610494 dv-neutron-821132-2-hyperv neutron-server[103867]: DEBUG neutron_lib.callbacks.manager [None req-cd80ae4f-a3c1-4cc3-847a-8ab8dcfe2386 None None] Publish callbacks ['neutron.plugins.ml2.plugin.SecurityGroupDbMixin._ensure_default_security_group_handler-964124'] for port (ddee1d46-5fcc-4b07-9923-9cc998049d43), before_update {{(pid=103867) _notify_loop /usr/local/lib/python3.8/dist-packages/neutron_lib/callbacks/manager.py:176}}
Jan 19 09:05:02.617011 dv-neutron-821132-2-hyperv neutron-server[103866]: DEBUG neutron.pecan_wsgi.hooks.policy_enforcement [None req-32f0b53d-a1aa-4055-bc1b-bacc8f5691a0 tempest-DHCPAgentSchedulersTestJSON-1217019192 tempest-DHCPAgentSchedulersTestJSON-1217019192-project] Attributes excluded by policy engine: ['standard_attr_id', 'provider:network_type', 'provider:physical_network', 'provider:segmentation_id', 'vlan_transparent'] {{(pid=103866) _exclude_attributes_by_policy /opt/stack/neutron/neutron/pecan_wsgi/hooks/policy_enforcement.py:255}}
Jan 19 09:05:02.621219 dv-neutron-821132-2-hyperv neutron-server[103866]: DEBUG neutron_lib.callbacks.manager [None req-32f0b53d-a1aa-4055-bc1b-bacc8f5691a0 tempest-DHCPAgentSchedulersTestJSON-1217019192 tempest-DHCPAgentSchedulersTestJSON-1217019192-project] Publish callbacks ['neutron.api.rpc.agentnotifiers.dhcp_rpc_agent_api.DhcpAgentNotifyAPI._send_dhcp_notification-2083457'] for network (None), before_response {{(pid=103866) _notify_loop /usr/local/lib/python3.8/dist-packages/neutron_lib/callbacks/manager.py:176}}
Jan 19 09:05:02.631423 dv-neutron-821132-2-hyperv neutron-server[103867]: DEBUG neutron_lib.callbacks.manager [None req-371031aa-faff-4d72-88a8-97c52bdbc92d None None] Publish callbacks ['neutron.plugins.ml2.plugin.SecurityGroupServerNotifierRpcMixin._notify_sg_on_port_change-964049', 'neutron.plugins.ml2.ovo_rpc._ObjectChangeHandler.handle_event-223775', 'neutron.api.rpc.agentnotifiers.dhcp_rpc_agent_api.DhcpAgentNotifyAPI._native_event_send_dhcp_notification-2083575', 'neutron.db.l3_db.L3RpcNotifierMixin._notify_gateway_port_ip_changed-8784866121602', 'neutron.db.l3_dvrscheduler_db._notify_l3_agent_port_update-8784865606000', 'neutron.db.l3_hascheduler_db._notify_l3_agent_ha_port_update-8784865606018'] for port (a96ffc07-4076-4b84-9221-f943edead00a), after_update {{(pid=103867) _notify_loop /usr/local/lib/python3.8/dist-packages/neutron_lib/callbacks/manager.py:176}}
Jan 19 09:05:02.688524 dv-neutron-821132-2-hyperv neutron-server[103867]: DEBUG neutron.api.rpc.handlers.resources_rpc [None req-371031aa-faff-4d72-88a8-97c52bdbc92d None None] Pushing event updated for resources: {'Port': ['ID=a96ffc07-4076-4b84-9221-f943edead00a,revision_number=2']} {{(pid=103867) push /opt/stack/neutron/neutron/api/rpc/handlers/resources_rpc.py:237}}
Jan 19 09:05:02.695520 dv-neutron-821132-2-hyperv neutron-server[103867]: DEBUG neutron_lib.callbacks.manager [None req-facc3635-3540-46d4-b3f7-5eecf33f0bb9 None None] Publish callbacks ['neutron.services.segments.db._update_segment_host_mapping_for_agent-8784866159885', 'neutron.plugins.ml2.plugin.Ml2Plugin._retry_binding_revived_agents-577550'] for agent (bf5e92c8-b09d-4221-9abb-2545ca7f8d64), after_update {{(pid=103867) _notify_loop /usr/local/lib/python3.8/dist-packages/neutron_lib/callbacks/manager.py:176}}
Jan 19 09:05:02.715667 dv-neutron-821132-2-hyperv neutron-server[103866]: DEBUG neutron_lib.callbacks.manager [None req-4760deee-f031-4c5a-9181-6f6292a32ad0 tempest-MeteringIpV6TestJSON-1715971830 tempest-MeteringIpV6TestJSON-1715971830-project-admin] Publish callbacks [] for metering_label_rule (None), before_response {{(pid=103866) _notify_loop /usr/local/lib/python3.8/dist-packages/neutron_lib/callbacks/manager.py:176}}
Jan 19 09:05:02.720275 dv-neutron-821132-2-hyperv neutron-server[103866]: INFO neutron.wsgi [None req-4760deee-f031-4c5a-9181-6f6292a32ad0 tempest-MeteringIpV6TestJSON-1715971830 tempest-MeteringIpV6TestJSON-1715971830-project-admin] 10.222.0.73 "POST /v2.0/metering/metering-label-rules HTTP/1.1" status: 201 len: 464 time: 0.5838482
Jan 19 09:05:02.739108 dv-neutron-821132-2-hyperv neutron-server[103865]: DEBUG neutron.wsgi [-] (103865) accepted ('10.222.0.73', 33264) {{(pid=103865) server /usr/local/lib/python3.8/dist-packages/eventlet/wsgi.py:1004}}
Jan 19 09:05:02.754326 dv-neutron-821132-2-hyperv neutron-server[103866]: INFO neutron.wsgi [None req-32f0b53d-a1aa-4055-bc1b-bacc8f5691a0 tempest-DHCPAgentSchedulersTestJSON-1217019192 tempest-DHCPAgentSchedulersTestJSON-1217019192-project] 10.222.0.73 "POST /v2.0/networks HTTP/1.1" status: 201 len: 794 time: 1.8184040
Jan 19 09:05:02.755301 dv-neutron-821132-2-hyperv neutron-server[103865]: DEBUG neutron.scheduler.l3_agent_scheduler [None req-915404ae-fb9f-4926-ac6a-1a5dec5475bd admin admin] Router 7e48aa3d-11f0-4499-a374-789db1d0edc0 is scheduled to L3 agent 00a46435-d945-4fc9-b77f-2c3175026745 with binding_index 1 {{(pid=103865) bind_router /opt/stack/neutron/neutron/scheduler/l3_agent_scheduler.py:209}}
Jan 19 09:05:02.764661 dv-neutron-821132-2-hyperv neutron-server[103865]: DEBUG neutron.wsgi [-] (103865) accepted ('10.222.0.73', 33266) {{(pid=103865) server /usr/local/lib/python3.8/dist-packages/eventlet/wsgi.py:1004}}
Jan 19 09:05:02.787784 dv-neutron-821132-2-hyperv neutron-server[103866]: DEBUG neutron_lib.callbacks.manager [None req-707d22b4-4bf3-4797-b702-b71d387a0c34 admin admin] Publish callbacks [] for router_gateway (7f9606f1-de0f-4d0c-bb5f-b4da14869f16), before_create {{(pid=103866) _notify_loop /usr/local/lib/python3.8/dist-packages/neutron_lib/callbacks/manager.py:176}}
Jan 19 09:05:02.812565 dv-neutron-821132-2-hyperv neutron-server[103865]: DEBUG neutron.api.v2.base [None req-18fed026-1f83-4e49-a8b8-60b0e258faec tempest-DHCPAgentSchedulersTestJSON-1217019192 tempest-DHCPAgentSchedulersTestJSON-1217019192-project] Request body: {'subnet': {'network_id': '03c55438-bc05-48f8-871f-646cf2641759', 'cidr': '172.20.0.0/28', 'ip_version': 4, 'gateway_ip': '172.20.0.1'}} {{(pid=103865) prepare_request_body /opt/stack/neutron/neutron/api/v2/base.py:729}}
Jan 19 09:05:02.814000 dv-neutron-821132-2-hyperv neutron-server[103867]: DEBUG neutron.plugins.ml2.db [None req-cd80ae4f-a3c1-4cc3-847a-8ab8dcfe2386 None None] For port ddee1d46-5fcc-4b07-9923-9cc998049d43, host dv-neutron-821132-2-hyperv, cleared binding levels {{(pid=103867) clear_binding_levels /opt/stack/neutron/neutron/plugins/ml2/db.py:87}}
Jan 19 09:05:02.817567 dv-neutron-821132-2-hyperv neutron-server[103865]: DEBUG neutron.db.db_base_plugin_common [None req-10f90ad8-f93f-4a79-93a2-e91cccfca9cf tempest-ExternalNetworksAdminNegativeTestJSON-1737884630 tempest-ExternalNetworksAdminNegativeTestJSON-1737884630-project-admin] Allocated IP 172.26.8.148 (936859c8-b4fd-414f-a774-102c45f48820/d39d890e-ad0c-41d5-95ae-fcc28d2cd372/c0fc1477-dcd3-4306-b3ea-f877d0e5bd2f) {{(pid=103865) _store_ip_allocation /opt/stack/neutron/neutron/db/db_base_plugin_common.py:131}}
Jan 19 09:05:02.819661 dv-neutron-821132-2-hyperv neutron-server[103867]: DEBUG neutron.plugins.ml2.db [None req-cd80ae4f-a3c1-4cc3-847a-8ab8dcfe2386 None None] For port ddee1d46-5fcc-4b07-9923-9cc998049d43, host dv-neutron-821132-2-hyperv, set binding levels [PortBindingLevel(driver='openvswitch',host='dv-neutron-821132-2-hyperv',level=0,port_id=ddee1d46-5fcc-4b07-9923-9cc998049d43,segment=NetworkSegment(93c11568-26ff-42a5-86c3-b506f613c63b),segment_id=93c11568-26ff-42a5-86c3-b506f613c63b)] {{(pid=103867) set_binding_levels /opt/stack/neutron/neutron/plugins/ml2/db.py:59}}
Jan 19 09:05:02.821262 dv-neutron-821132-2-hyperv neutron-server[103867]: DEBUG neutron.plugins.ml2.plugin [None req-fe742dae-153d-470b-af3d-8602caaad123 None None] Current status of the port 7c8cf0ad-6682-4f4a-9d7d-8a6ca87cf3dc is: ACTIVE; New status is: ACTIVE {{(pid=103867) _update_individual_port_db_status /opt/stack/neutron/neutron/plugins/ml2/plugin.py:2213}}
Jan 19 09:05:02.876722 dv-neutron-821132-2-hyperv neutron-server[103866]: DEBUG neutron_lib.callbacks.manager [None req-707d22b4-4bf3-4797-b702-b71d387a0c34 admin admin] Publish callbacks ['neutron.plugins.ml2.plugin.SecurityGroupDbMixin._ensure_default_security_group_handler-964124'] for port (None), before_create {{(pid=103866) _notify_loop /usr/local/lib/python3.8/dist-packages/neutron_lib/callbacks/manager.py:176}}
Jan 19 09:05:02.887378 dv-neutron-821132-2-hyperv neutron-server[103866]: DEBUG neutron.api.rpc.handlers.resources_rpc [None req-32f0b53d-a1aa-4055-bc1b-bacc8f5691a0 tempest-DHCPAgentSchedulersTestJSON-1217019192 tempest-DHCPAgentSchedulersTestJSON-1217019192-project] Pushing event updated for resources: {'Network': ['ID=03c55438-bc05-48f8-871f-646cf2641759,revision_number=1']} {{(pid=103866) push /opt/stack/neutron/neutron/api/rpc/handlers/resources_rpc.py:237}}
Jan 19 09:05:02.902231 dv-neutron-821132-2-hyperv neutron-server[103867]: DEBUG neutron.plugins.ml2.rpc [None req-facc3635-3540-46d4-b3f7-5eecf33f0bb9 None None] Network 03c55438-bc05-48f8-871f-646cf2641759 details requested by agent ovs-agent-dv-neutron-821132-2-hyperv with host dv-neutron-821132-2-hyperv {{(pid=103867) get_network_details /opt/stack/neutron/neutron/plugins/ml2/rpc.py:248}}
Jan 19 09:05:03.025154 dv-neutron-821132-2-hyperv neutron-server[103865]: DEBUG neutron.api.rpc.handlers.resources_rpc [None req-2a625228-3d13-43e3-b948-77499a800f7c tempest-RoutersIpV6AdminTest-1723940364 tempest-RoutersIpV6AdminTest-1723940364-project-admin] Pushing event updated for resources: {'Network': ['ID=b522f1a5-4fbf-4298-bb9a-5d093a5fc2a0,revision_number=1']} {{(pid=103865) push /opt/stack/neutron/neutron/api/rpc/handlers/resources_rpc.py:237}}
Jan 19 09:05:03.054771 dv-neutron-821132-2-hyperv neutron-server[103867]: DEBUG neutron.plugins.ml2.rpc [None req-facc3635-3540-46d4-b3f7-5eecf33f0bb9 None None] Network b522f1a5-4fbf-4298-bb9a-5d093a5fc2a0 details requested by agent ovs-agent-dv-neutron-821132-2-hyperv with host dv-neutron-821132-2-hyperv {{(pid=103867) get_network_details /opt/stack/neutron/neutron/plugins/ml2/rpc.py:248}}
Jan 19 09:05:03.098528 dv-neutron-821132-2-hyperv neutron-server[103867]: DEBUG neutron_lib.callbacks.manager [None req-cd80ae4f-a3c1-4cc3-847a-8ab8dcfe2386 None None] Publish callbacks ['neutron.plugins.ml2.plugin.SecurityGroupServerNotifierRpcMixin._notify_sg_on_port_change-964049', 'neutron.plugins.ml2.ovo_rpc._ObjectChangeHandler.handle_event-223775', 'neutron.api.rpc.agentnotifiers.dhcp_rpc_agent_api.DhcpAgentNotifyAPI._native_event_send_dhcp_notification-2083575', 'neutron.db.l3_db.L3RpcNotifierMixin._notify_gateway_port_ip_changed-8784866121602', 'neutron.db.l3_dvrscheduler_db._notify_l3_agent_port_update-8784865606000', 'neutron.db.l3_hascheduler_db._notify_l3_agent_ha_port_update-8784865606018'] for port (ddee1d46-5fcc-4b07-9923-9cc998049d43), after_update {{(pid=103867) _notify_loop /usr/local/lib/python3.8/dist-packages/neutron_lib/callbacks/manager.py:176}}
Jan 19 09:05:03.115960 dv-neutron-821132-2-hyperv neutron-server[103865]: INFO neutron.wsgi [None req-5fe05a44-f4aa-4d00-808c-04bc482352da tempest-MeteringIpV6TestJSON-1715971830 tempest-MeteringIpV6TestJSON-1715971830-project-admin] 10.222.0.73 "GET /v2.0/metering/metering-label-rules?id=be155379-50e1-4818-bd73-f365a21bc8f8 HTTP/1.1" status: 200 len: 462 time: 0.3811944
Jan 19 09:05:03.119742 dv-neutron-821132-2-hyperv neutron-server[103866]: DEBUG neutron.wsgi [-] (103866) accepted ('10.222.0.73', 33272) {{(pid=103866) server /usr/local/lib/python3.8/dist-packages/eventlet/wsgi.py:1004}}
Jan 19 09:05:03.121107 dv-neutron-821132-2-hyperv neutron-server[103865]: INFO neutron.wsgi [None req-2a625228-3d13-43e3-b948-77499a800f7c tempest-RoutersIpV6AdminTest-1723940364 tempest-RoutersIpV6AdminTest-1723940364-project-admin] 10.222.0.73 "POST /v2.0/networks HTTP/1.1" status: 201 len: 875 time: 3.1322725
Jan 19 09:05:03.124087 dv-neutron-821132-2-hyperv neutron-server[103866]: DEBUG neutron.wsgi [-] (103866) accepted ('10.222.0.73', 33274) {{(pid=103866) server /usr/local/lib/python3.8/dist-packages/eventlet/wsgi.py:1004}}
Jan 19 09:05:03.129827 dv-neutron-821132-2-hyperv neutron-server[103865]: DEBUG neutron_lib.callbacks.manager [None req-3c387a83-f6f5-46be-a2e1-3ab6f4457a1b tempest-MeteringTestJSON-1933567076 tempest-MeteringTestJSON-1933567076-project-admin] Publish callbacks [] for metering_label (None), before_response {{(pid=103865) _notify_loop /usr/local/lib/python3.8/dist-packages/neutron_lib/callbacks/manager.py:176}}
Jan 19 09:05:03.131174 dv-neutron-821132-2-hyperv neutron-server[103865]: INFO neutron.wsgi [None req-3c387a83-f6f5-46be-a2e1-3ab6f4457a1b tempest-MeteringTestJSON-1933567076 tempest-MeteringTestJSON-1933567076-project-admin] 10.222.0.73 "POST /v2.0/metering/metering-labels HTTP/1.1" status: 201 len: 470 time: 0.8553267
Jan 19 09:05:03.139427 dv-neutron-821132-2-hyperv neutron-server[103866]: DEBUG neutron.api.v2.base [None req-9f76f4c9-b0ad-4678-9f47-bfe78127b09b tempest-RoutersIpV6AdminTest-1723940364 tempest-RoutersIpV6AdminTest-1723940364-project-admin] Request body: {'subnet': {'network_id': 'b522f1a5-4fbf-4298-bb9a-5d093a5fc2a0', 'cidr': '2001:db8::/64', 'ip_version': 6, 'gateway_ip': '2001:db8::1', 'enable_dhcp': False}} {{(pid=103866) prepare_request_body /opt/stack/neutron/neutron/api/v2/base.py:729}}
Jan 19 09:05:03.152354 dv-neutron-821132-2-hyperv neutron-server[103866]: DEBUG neutron.wsgi [-] (103866) accepted ('10.222.0.73', 33278) {{(pid=103866) server /usr/local/lib/python3.8/dist-packages/eventlet/wsgi.py:1004}}
Jan 19 09:05:03.182786 dv-neutron-821132-2-hyperv neutron-server[103867]: DEBUG neutron.plugins.ml2.plugin [None req-facc3635-3540-46d4-b3f7-5eecf33f0bb9 None None] Current status of the port 7c8cf0ad-6682-4f4a-9d7d-8a6ca87cf3dc is: ACTIVE; New status is: ACTIVE {{(pid=103867) _update_individual_port_db_status /opt/stack/neutron/neutron/plugins/ml2/plugin.py:2213}}
Jan 19 09:05:03.247083 dv-neutron-821132-2-hyperv neutron-server[103867]: DEBUG neutron.api.rpc.handlers.resources_rpc [None req-cd80ae4f-a3c1-4cc3-847a-8ab8dcfe2386 None None] Pushing event updated for resources: {'Port': ['ID=ddee1d46-5fcc-4b07-9923-9cc998049d43,revision_number=2']} {{(pid=103867) push /opt/stack/neutron/neutron/api/rpc/handlers/resources_rpc.py:237}}
Jan 19 09:05:03.273120 dv-neutron-821132-2-hyperv neutron-server[103866]: INFO neutron.wsgi [None req-18843b58-98a1-430e-aa83-e79c7545ae12 tempest-MeteringTestJSON-1933567076 tempest-MeteringTestJSON-1933567076-project-admin] 10.222.0.73 "GET /v2.0/metering/metering-labels?id=1ab2047d-2c3f-4ca4-87ad-9ec6c423f5eb HTTP/1.1" status: 200 len: 468 time: 0.1195459
Jan 19 09:05:03.285944 dv-neutron-821132-2-hyperv neutron-server[103866]: DEBUG neutron.wsgi [-] (103866) accepted ('10.222.0.73', 33280) {{(pid=103866) server /usr/local/lib/python3.8/dist-packages/eventlet/wsgi.py:1004}}
Jan 19 09:05:03.316707 dv-neutron-821132-2-hyperv neutron-server[103865]: DEBUG neutron.pecan_wsgi.hooks.quota_enforcement [None req-18fed026-1f83-4e49-a8b8-60b0e258faec tempest-DHCPAgentSchedulersTestJSON-1217019192 tempest-DHCPAgentSchedulersTestJSON-1217019192-project] Made reservation on behalf of 70a508ce9bf34672aa0a6251e5caaf35 for: {'subnet': 1} {{(pid=103865) before /opt/stack/neutron/neutron/pecan_wsgi/hooks/quota_enforcement.py:53}}
Jan 19 09:05:03.316707 dv-neutron-821132-2-hyperv neutron-server[103865]: DEBUG neutron_lib.callbacks.manager [None req-18fed026-1f83-4e49-a8b8-60b0e258faec tempest-DHCPAgentSchedulersTestJSON-1217019192 tempest-DHCPAgentSchedulersTestJSON-1217019192-project] Publish callbacks [] for subnet (None), before_create {{(pid=103865) _notify_loop /usr/local/lib/python3.8/dist-packages/neutron_lib/callbacks/manager.py:176}}
Jan 19 09:05:03.353186 dv-neutron-821132-2-hyperv neutron-server[103866]: DEBUG neutron.pecan_wsgi.hooks.quota_enforcement [None req-9f76f4c9-b0ad-4678-9f47-bfe78127b09b tempest-RoutersIpV6AdminTest-1723940364 tempest-RoutersIpV6AdminTest-1723940364-project-admin] Made reservation on behalf of 03b9cb3569cd476ca61596743283f7ad for: {'subnet': 1} {{(pid=103866) before /opt/stack/neutron/neutron/pecan_wsgi/hooks/quota_enforcement.py:53}}
Jan 19 09:05:03.355992 dv-neutron-821132-2-hyperv neutron-server[103866]: DEBUG neutron_lib.callbacks.manager [None req-9f76f4c9-b0ad-4678-9f47-bfe78127b09b tempest-RoutersIpV6AdminTest-1723940364 tempest-RoutersIpV6AdminTest-1723940364-project-admin] Publish callbacks [] for subnet (None), before_create {{(pid=103866) _notify_loop /usr/local/lib/python3.8/dist-packages/neutron_lib/callbacks/manager.py:176}}
Jan 19 09:05:03.562298 dv-neutron-821132-2-hyperv neutron-server[103867]: DEBUG neutron.plugins.ml2.rpc [None req-facc3635-3540-46d4-b3f7-5eecf33f0bb9 None None] Device 7c8cf0ad-6682-4f4a-9d7d-8a6ca87cf3dc up at agent ovs-agent-dv-neutron-821132-2-hyperv {{(pid=103867) update_device_up /opt/stack/neutron/neutron/plugins/ml2/rpc.py:296}}
Jan 19 09:05:03.722696 dv-neutron-821132-2-hyperv neutron-server[103867]: DEBUG neutron.db.provisioning_blocks [None req-facc3635-3540-46d4-b3f7-5eecf33f0bb9 None None] Provisioning complete for port 7c8cf0ad-6682-4f4a-9d7d-8a6ca87cf3dc triggered by entity L2. {{(pid=103867) provisioning_complete /opt/stack/neutron/neutron/db/provisioning_blocks.py:139}}
Jan 19 09:05:03.723347 dv-neutron-821132-2-hyperv neutron-server[103867]: DEBUG neutron_lib.callbacks.manager [None req-facc3635-3540-46d4-b3f7-5eecf33f0bb9 None None] Publish callbacks ['neutron.plugins.ml2.plugin.Ml2Plugin._port_provisioned-577663'] for port (7c8cf0ad-6682-4f4a-9d7d-8a6ca87cf3dc), provisioning_complete {{(pid=103867) _notify_loop /usr/local/lib/python3.8/dist-packages/neutron_lib/callbacks/manager.py:176}}
Jan 19 09:05:03.727785 dv-neutron-821132-2-hyperv neutron-server[103866]: DEBUG neutron_lib.callbacks.manager [None req-e7409c2f-e9a7-4ad2-a6e1-c1a7baffbda0 tempest-MeteringIpV6TestJSON-1715971830 tempest-MeteringIpV6TestJSON-1715971830-project-admin] Publish callbacks [] for metering_label_rule (None), before_response {{(pid=103866) _notify_loop /usr/local/lib/python3.8/dist-packages/neutron_lib/callbacks/manager.py:176}}
Jan 19 09:05:03.728347 dv-neutron-821132-2-hyperv neutron-server[103866]: INFO neutron.wsgi [None req-e7409c2f-e9a7-4ad2-a6e1-c1a7baffbda0 tempest-MeteringIpV6TestJSON-1715971830 tempest-MeteringIpV6TestJSON-1715971830-project-admin] 10.222.0.73 "DELETE /v2.0/metering/metering-label-rules/be155379-50e1-4818-bd73-f365a21bc8f8 HTTP/1.1" status: 204 len: 168 time: 0.6073060
Jan 19 09:05:03.728831 dv-neutron-821132-2-hyperv neutron-server[103866]: DEBUG neutron.wsgi [-] (103866) accepted ('10.222.0.73', 33282) {{(pid=103866) server /usr/local/lib/python3.8/dist-packages/eventlet/wsgi.py:1004}}
Jan 19 09:05:03.756437 dv-neutron-821132-2-hyperv neutron-server[103866]: INFO neutron.wsgi [None req-f0118170-61ec-4cad-8a87-dbb8c0253cd9 tempest-MeteringIpV6TestJSON-1715971830 tempest-MeteringIpV6TestJSON-1715971830-project-admin] 10.222.0.73 "GET /v2.0/metering/metering-label-rules?id=be155379-50e1-4818-bd73-f365a21bc8f8 HTTP/1.1" status: 200 len: 221 time: 0.0190690
Jan 19 09:05:03.760370 dv-neutron-821132-2-hyperv neutron-server[103866]: DEBUG neutron.wsgi [-] (103866) accepted ('10.222.0.73', 33284) {{(pid=103866) server /usr/local/lib/python3.8/dist-packages/eventlet/wsgi.py:1004}}
Jan 19 09:05:03.765873 dv-neutron-821132-2-hyperv neutron-server[103866]: DEBUG neutron.api.v2.base [None req-1ed325b9-f6f4-46bb-9f79-b9f0e5559727 tempest-MeteringIpV6TestJSON-1715971830 tempest-MeteringIpV6TestJSON-1715971830-project-admin] Request body: {'metering_label': {'name': 'tempest-metering-label--1785377169', 'description': 'label created by tempest'}} {{(pid=103866) prepare_request_body /opt/stack/neutron/neutron/api/v2/base.py:729}}
Jan 19 09:05:03.767377 dv-neutron-821132-2-hyperv neutron-server[103866]: DEBUG neutron.api.v2.base [None req-1ed325b9-f6f4-46bb-9f79-b9f0e5559727 tempest-MeteringIpV6TestJSON-1715971830 tempest-MeteringIpV6TestJSON-1715971830-project-admin] Unknown quota resources ['metering_label']. {{(pid=103866) _create /opt/stack/neutron/neutron/api/v2/base.py:496}}
Jan 19 09:05:03.856076 dv-neutron-821132-2-hyperv neutron-server[103866]: DEBUG neutron_lib.callbacks.manager [None req-18ad5db2-a8ca-4251-a772-25d4c9309560 tempest-MeteringTestJSON-1933567076 tempest-MeteringTestJSON-1933567076-project-admin] Publish callbacks [] for metering_label (None), before_response {{(pid=103866) _notify_loop /usr/local/lib/python3.8/dist-packages/neutron_lib/callbacks/manager.py:176}}
Jan 19 09:05:03.856076 dv-neutron-821132-2-hyperv neutron-server[103866]: INFO neutron.wsgi [None req-18ad5db2-a8ca-4251-a772-25d4c9309560 tempest-MeteringTestJSON-1933567076 tempest-MeteringTestJSON-1933567076-project-admin] 10.222.0.73 "DELETE /v2.0/metering/metering-labels/1ab2047d-2c3f-4ca4-87ad-9ec6c423f5eb HTTP/1.1" status: 204 len: 168 time: 0.5658500
Jan 19 09:05:03.856076 dv-neutron-821132-2-hyperv neutron-server[103866]: DEBUG neutron.wsgi [-] (103866) accepted ('10.222.0.73', 33286) {{(pid=103866) server /usr/local/lib/python3.8/dist-packages/eventlet/wsgi.py:1004}}
Jan 19 09:05:03.879207 dv-neutron-821132-2-hyperv neutron-server[103866]: INFO neutron.wsgi [None req-9ac089d2-692d-4af0-80b6-6be02eac1601 tempest-MeteringTestJSON-1933567076 tempest-MeteringTestJSON-1933567076-project-admin] 10.222.0.73 "GET /v2.0/metering/metering-labels?id=1ab2047d-2c3f-4ca4-87ad-9ec6c423f5eb HTTP/1.1" status: 200 len: 216 time: 0.0182595
Jan 19 09:05:03.886930 dv-neutron-821132-2-hyperv neutron-server[103866]: DEBUG neutron.wsgi [-] (103866) accepted ('10.222.0.73', 33288) {{(pid=103866) server /usr/local/lib/python3.8/dist-packages/eventlet/wsgi.py:1004}}
Jan 19 09:05:03.908895 dv-neutron-821132-2-hyperv neutron-server[103865]: DEBUG neutron.api.rpc.agentnotifiers.l3_rpc_agent_api [None req-915404ae-fb9f-4926-ac6a-1a5dec5475bd admin admin] Notify agent at l3_agent.dv-neutron-821132-2-hyperv the message routers_updated {{(pid=103865) _agent_notification /opt/stack/neutron/neutron/api/rpc/agentnotifiers/l3_rpc_agent_api.py:65}}
Jan 19 09:05:03.920513 dv-neutron-821132-2-hyperv neutron-server[103868]: DEBUG neutron.api.rpc.handlers.l3_rpc [None req-338dedae-57b3-4b19-9d95-5ad879d1a7a8 None None] Sync routers for ids ['7e48aa3d-11f0-4499-a374-789db1d0edc0'] in dv-neutron-821132-2-hyperv {{(pid=103868) sync_routers /opt/stack/neutron/neutron/api/rpc/handlers/l3_rpc.py:125}}
Jan 19 09:05:03.929371 dv-neutron-821132-2-hyperv neutron-server[103866]: INFO neutron.wsgi [None req-b6b7d9f9-a3ca-420a-95be-6f5f4ae232ae tempest-MeteringTestJSON-1933567076 tempest-MeteringTestJSON-1933567076-project-admin] 10.222.0.73 "GET /v2.0/metering/metering-label-rules?id=33 HTTP/1.1" status: 200 len: 221 time: 0.0449877
Jan 19 09:05:03.930002 dv-neutron-821132-2-hyperv neutron-server[103866]: DEBUG neutron.wsgi [-] (103866) accepted ('10.222.0.73', 33290) {{(pid=103866) server /usr/local/lib/python3.8/dist-packages/eventlet/wsgi.py:1004}}
Jan 19 09:05:03.934695 dv-neutron-821132-2-hyperv neutron-server[103868]: DEBUG neutron.db.l3_dvrscheduler_db [None req-338dedae-57b3-4b19-9d95-5ad879d1a7a8 None None] Routers {'7e48aa3d-11f0-4499-a374-789db1d0edc0'} bound to L3 agent in host dv-neutron-821132-2-hyperv {{(pid=103868) _get_router_ids_for_agent /opt/stack/neutron/neutron/db/l3_dvrscheduler_db.py:421}}
Jan 19 09:05:03.936078 dv-neutron-821132-2-hyperv neutron-server[103868]: DEBUG neutron.db.l3_hamode_db [None req-338dedae-57b3-4b19-9d95-5ad879d1a7a8 None None] neutron.services.l3_router.l3_router_plugin.L3RouterPlugin method get_ha_sync_data_for_host called with arguments (, 'dv-neutron-821132-2-hyperv', Agent(admin_state_up=True,agent_type='L3 agent',availability_zone='nova',binary='neutron-l3-agent',configurations={"agent_mode": "legacy", "ex_gw_ports": 1, "extensions": [], "floating_ips": 0, "handle_internal_only_routers": true, "interface_driver": "openvswitch", "interfaces": 1, "log_agent_heartbeats": false, "routers": 1},created_at=2022-01-19T08:57:28Z,description=,heartbeat_timestamp=2022-01-19T09:04:58Z,host='dv-neutron-821132-2-hyperv',id=00a46435-d945-4fc9-b77f-2c3175026745,load=0,resource_versions=,resources_synced=,started_at=2022-01-19T08:57:29Z,topic='l3_agent')) {'router_ids': ['7e48aa3d-11f0-4499-a374-789db1d0edc0'], 'active': True} {{(pid=103868) wrapper /usr/local/lib/python3.8/dist-packages/oslo_log/helpers.py:65}}
Jan 19 09:05:03.983043 dv-neutron-821132-2-hyperv neutron-server[103866]: INFO neutron.wsgi [None req-59f1b552-1694-4f9d-b5c5-2adad5f257e7 tempest-MeteringTestJSON-1933567076 tempest-MeteringTestJSON-1933567076-project-admin] 10.222.0.73 "GET /v2.0/metering/metering-labels?id=33 HTTP/1.1" status: 200 len: 216 time: 0.0466607
Jan 19 09:05:03.995913 dv-neutron-821132-2-hyperv neutron-server[103866]: DEBUG neutron.wsgi [-] (103866) accepted ('10.222.0.73', 33292) {{(pid=103866) server /usr/local/lib/python3.8/dist-packages/eventlet/wsgi.py:1004}}
Jan 19 09:05:04.000603 dv-neutron-821132-2-hyperv neutron-server[103865]: DEBUG neutron_lib.callbacks.manager [None req-10f90ad8-f93f-4a79-93a2-e91cccfca9cf tempest-ExternalNetworksAdminNegativeTestJSON-1737884630 tempest-ExternalNetworksAdminNegativeTestJSON-1737884630-project-admin] Publish callbacks [] for port (c0fc1477-dcd3-4306-b3ea-f877d0e5bd2f), precommit_create {{(pid=103865) _notify_loop /usr/local/lib/python3.8/dist-packages/neutron_lib/callbacks/manager.py:176}}
Jan 19 09:05:04.033374 dv-neutron-821132-2-hyperv neutron-server[103865]: DEBUG neutron_lib.callbacks.manager [None req-fb79f076-8f2d-4f9a-872f-985986eae383 admin admin] Publish callbacks [] for router_gateway (d4e3758c-dd8f-45ff-b572-8e5f35ee7164), before_create {{(pid=103865) _notify_loop /usr/local/lib/python3.8/dist-packages/neutron_lib/callbacks/manager.py:176}}
Jan 19 09:05:04.056535 dv-neutron-821132-2-hyperv neutron-server[103867]: DEBUG neutron.plugins.ml2.plugin [None req-facc3635-3540-46d4-b3f7-5eecf33f0bb9 None None] Current status of the port 7c8cf0ad-6682-4f4a-9d7d-8a6ca87cf3dc is: ACTIVE; New status is: ACTIVE {{(pid=103867) _update_individual_port_db_status /opt/stack/neutron/neutron/plugins/ml2/plugin.py:2213}}
Jan 19 09:05:04.057955 dv-neutron-821132-2-hyperv neutron-server[103867]: DEBUG neutron.plugins.ml2.rpc [None req-facc3635-3540-46d4-b3f7-5eecf33f0bb9 None None] Device a96ffc07-4076-4b84-9221-f943edead00a up at agent ovs-agent-dv-neutron-821132-2-hyperv {{(pid=103867) update_device_up /opt/stack/neutron/neutron/plugins/ml2/rpc.py:296}}
Jan 19 09:05:04.086969 dv-neutron-821132-2-hyperv neutron-server[103865]: DEBUG neutron_lib.callbacks.manager [None req-fb79f076-8f2d-4f9a-872f-985986eae383 admin admin] Publish callbacks ['neutron.plugins.ml2.plugin.SecurityGroupDbMixin._ensure_default_security_group_handler-964124'] for port (None), before_create {{(pid=103865) _notify_loop /usr/local/lib/python3.8/dist-packages/neutron_lib/callbacks/manager.py:176}}
Jan 19 09:05:04.132969 dv-neutron-821132-2-hyperv neutron-server[103868]: DEBUG neutron.db.l3_dvr_db [None req-338dedae-57b3-4b19-9d95-5ad879d1a7a8 None None] Set router 7e48aa3d-11f0-4499-a374-789db1d0edc0 gateway port host: dv-neutron-821132-2-hyperv {{(pid=103868) _build_routers_list /opt/stack/neutron/neutron/db/l3_dvr_db.py:906}}
Jan 19 09:05:04.133749 dv-neutron-821132-2-hyperv neutron-server[103865]: DEBUG neutron_lib.callbacks.manager [None req-915404ae-fb9f-4926-ac6a-1a5dec5475bd admin admin] Publish callbacks [] for router (None), before_response {{(pid=103865) _notify_loop /usr/local/lib/python3.8/dist-packages/neutron_lib/callbacks/manager.py:176}}
Jan 19 09:05:04.135201 dv-neutron-821132-2-hyperv neutron-server[103865]: INFO neutron.wsgi [None req-915404ae-fb9f-4926-ac6a-1a5dec5475bd admin admin] 10.222.0.73 "POST /v2.0/routers HTTP/1.1" status: 201 len: 924 time: 5.2860868
Jan 19 09:05:04.149981 dv-neutron-821132-2-hyperv neutron-server[103865]: DEBUG neutron.wsgi [-] (103865) accepted ('10.222.0.73', 33294) {{(pid=103865) server /usr/local/lib/python3.8/dist-packages/eventlet/wsgi.py:1004}}
Jan 19 09:05:04.156725 dv-neutron-821132-2-hyperv neutron-server[103867]: DEBUG neutron.db.provisioning_blocks [None req-facc3635-3540-46d4-b3f7-5eecf33f0bb9 None None] Provisioning complete for port a96ffc07-4076-4b84-9221-f943edead00a triggered by entity L2. {{(pid=103867) provisioning_complete /opt/stack/neutron/neutron/db/provisioning_blocks.py:139}}
Jan 19 09:05:04.157119 dv-neutron-821132-2-hyperv neutron-server[103867]: DEBUG neutron_lib.callbacks.manager [None req-facc3635-3540-46d4-b3f7-5eecf33f0bb9 None None] Publish callbacks ['neutron.plugins.ml2.plugin.Ml2Plugin._port_provisioned-577663'] for port (a96ffc07-4076-4b84-9221-f943edead00a), provisioning_complete {{(pid=103867) _notify_loop /usr/local/lib/python3.8/dist-packages/neutron_lib/callbacks/manager.py:176}}
Jan 19 09:05:04.197933 dv-neutron-821132-2-hyperv neutron-server[103866]: INFO neutron.wsgi [None req-4c968cc1-6be8-40eb-86a8-dfa631ee4dd1 tempest-MeteringTestJSON-1933567076 tempest-MeteringTestJSON-1933567076-project-admin] 10.222.0.73 "GET /v2.0/metering/metering-labels/fde20dd3-98b2-4d02-aa9d-44879081316d HTTP/1.1" status: 200 len: 472 time: 0.1996601
Jan 19 09:05:04.272411 dv-neutron-821132-2-hyperv neutron-server[103865]: DEBUG neutron.wsgi [-] (103865) accepted ('10.222.0.73', 33296) {{(pid=103865) server /usr/local/lib/python3.8/dist-packages/eventlet/wsgi.py:1004}}
Jan 19 09:05:04.309043 dv-neutron-821132-2-hyperv neutron-server[103865]: INFO neutron.wsgi [None req-88ec0077-ab90-4ce2-8fab-e6c13da289ec tempest-MeteringTestJSON-1933567076 tempest-MeteringTestJSON-1933567076-project-admin] 10.222.0.73 "GET /v2.0/metering/metering-label-rules/96805761-33d4-4ce1-84e4-4e393b18fdbf HTTP/1.1" status: 200 len: 461 time: 0.0351298
Jan 19 09:05:04.317596 dv-neutron-821132-2-hyperv neutron-server[103865]: DEBUG neutron.wsgi [-] (103865) accepted ('10.222.0.73', 33298) {{(pid=103865) server /usr/local/lib/python3.8/dist-packages/eventlet/wsgi.py:1004}}
Jan 19 09:05:04.332098 dv-neutron-821132-2-hyperv neutron-server[103865]: DEBUG neutron_lib.callbacks.manager [None req-18fed026-1f83-4e49-a8b8-60b0e258faec tempest-DHCPAgentSchedulersTestJSON-1217019192 tempest-DHCPAgentSchedulersTestJSON-1217019192-project] Publish callbacks ['neutron.plugins.ml2.ovo_rpc._ObjectChangeHandler.handle_event-2021413', 'neutron.api.rpc.agentnotifiers.dhcp_rpc_agent_api.DhcpAgentNotifyAPI._native_event_send_dhcp_notification-2083575'] for subnet (d24077f6-88af-482f-a998-f1554e47c1d1), after_create {{(pid=103865) _notify_loop /usr/local/lib/python3.8/dist-packages/neutron_lib/callbacks/manager.py:176}}
Jan 19 09:05:04.333355 dv-neutron-821132-2-hyperv neutron-server[103867]: DEBUG neutron.plugins.ml2.plugin [None req-facc3635-3540-46d4-b3f7-5eecf33f0bb9 None None] Current status of the port a96ffc07-4076-4b84-9221-f943edead00a is: DOWN; New status is: ACTIVE {{(pid=103867) _update_individual_port_db_status /opt/stack/neutron/neutron/plugins/ml2/plugin.py:2213}}
Jan 19 09:05:04.333991 dv-neutron-821132-2-hyperv neutron-server[103867]: DEBUG neutron_lib.callbacks.manager [None req-facc3635-3540-46d4-b3f7-5eecf33f0bb9 None None] Publish callbacks ['neutron.plugins.ml2.plugin.SecurityGroupDbMixin._ensure_default_security_group_handler-964124'] for port (a96ffc07-4076-4b84-9221-f943edead00a), before_update {{(pid=103867) _notify_loop /usr/local/lib/python3.8/dist-packages/neutron_lib/callbacks/manager.py:176}}
Jan 19 09:05:04.336949 dv-neutron-821132-2-hyperv neutron-server[103867]: DEBUG neutron.api.rpc.handlers.dhcp_rpc [None req-897207a9-a4d5-43ac-9c02-7c82c9b9e365 None None] Network 7c3fba30-cf9f-4be6-974c-893dca110af9 requested from dv-neutron-821132-2-hyperv {{(pid=103867) get_network_info /opt/stack/neutron/neutron/api/rpc/handlers/dhcp_rpc.py:219}}
Jan 19 09:05:04.443899 dv-neutron-821132-2-hyperv neutron-server[103867]: DEBUG neutron.plugins.ml2.db [None req-facc3635-3540-46d4-b3f7-5eecf33f0bb9 None None] For port a96ffc07-4076-4b84-9221-f943edead00a, host dv-neutron-821132-2-hyperv, got binding levels [PortBindingLevel(driver='openvswitch',host='dv-neutron-821132-2-hyperv',level=0,port_id=a96ffc07-4076-4b84-9221-f943edead00a,segment=NetworkSegment(0c0f2f0c-208b-44dd-b9e4-90e5bbac7daa),segment_id=0c0f2f0c-208b-44dd-b9e4-90e5bbac7daa)] {{(pid=103867) get_binding_level_objs /opt/stack/neutron/neutron/plugins/ml2/db.py:74}}
Jan 19 09:05:04.447444 dv-neutron-821132-2-hyperv neutron-server[103867]: DEBUG neutron.db.provisioning_blocks [None req-b8eb80bb-7b46-4840-ad51-0d1f5dd84b94 None None] Provisioning complete for port a96ffc07-4076-4b84-9221-f943edead00a triggered by entity DHCP. {{(pid=103867) provisioning_complete /opt/stack/neutron/neutron/db/provisioning_blocks.py:139}}
Jan 19 09:05:04.447884 dv-neutron-821132-2-hyperv neutron-server[103867]: DEBUG neutron_lib.callbacks.manager [None req-b8eb80bb-7b46-4840-ad51-0d1f5dd84b94 None None] Publish callbacks ['neutron.plugins.ml2.plugin.Ml2Plugin._port_provisioned-577663'] for port (a96ffc07-4076-4b84-9221-f943edead00a), provisioning_complete {{(pid=103867) _notify_loop /usr/local/lib/python3.8/dist-packages/neutron_lib/callbacks/manager.py:176}}
Jan 19 09:05:04.464256 dv-neutron-821132-2-hyperv neutron-server[103865]: DEBUG neutron.api.rpc.handlers.resources_rpc [None req-18fed026-1f83-4e49-a8b8-60b0e258faec tempest-DHCPAgentSchedulersTestJSON-1217019192 tempest-DHCPAgentSchedulersTestJSON-1217019192-project] Pushing event updated for resources: {'Subnet': ['ID=d24077f6-88af-482f-a998-f1554e47c1d1,revision_number=0']} {{(pid=103865) push /opt/stack/neutron/neutron/api/rpc/handlers/resources_rpc.py:237}}
Jan 19 09:05:04.542852 dv-neutron-821132-2-hyperv neutron-server[103867]: DEBUG neutron_lib.callbacks.manager [None req-facc3635-3540-46d4-b3f7-5eecf33f0bb9 None None] Publish callbacks ['neutron.plugins.ml2.plugin.SecurityGroupServerNotifierRpcMixin._notify_sg_on_port_change-964049', 'neutron.plugins.ml2.ovo_rpc._ObjectChangeHandler.handle_event-223775', 'neutron.api.rpc.agentnotifiers.dhcp_rpc_agent_api.DhcpAgentNotifyAPI._native_event_send_dhcp_notification-2083575', 'neutron.db.l3_db.L3RpcNotifierMixin._notify_gateway_port_ip_changed-8784866121602', 'neutron.db.l3_dvrscheduler_db._notify_l3_agent_port_update-8784865606000', 'neutron.db.l3_hascheduler_db._notify_l3_agent_ha_port_update-8784865606018'] for port (a96ffc07-4076-4b84-9221-f943edead00a), after_update {{(pid=103867) _notify_loop /usr/local/lib/python3.8/dist-packages/neutron_lib/callbacks/manager.py:176}}
Jan 19 09:05:04.558381 dv-neutron-821132-2-hyperv neutron-server[103865]: DEBUG neutron.plugins.ml2.drivers.mech_agent [None req-18fed026-1f83-4e49-a8b8-60b0e258faec tempest-DHCPAgentSchedulersTestJSON-1217019192 tempest-DHCPAgentSchedulersTestJSON-1217019192-project] Checking segment: {'id': '180d873e-c14f-4bc5-9911-4d2d5cef8fe9', 'network_type': 'vlan', 'physical_network': 'physnet1', 'segmentation_id': 554, 'network_id': '03c55438-bc05-48f8-871f-646cf2641759'} for mappings: {'physnet1': 'br-data'} with network types: ['local', 'flat', 'vlan'] {{(pid=103865) check_segment_for_agent /opt/stack/neutron/neutron/plugins/ml2/drivers/mech_agent.py:371}}
Jan 19 09:05:04.561050 dv-neutron-821132-2-hyperv neutron-server[103865]: DEBUG neutron.scheduler.dhcp_agent_scheduler [None req-18fed026-1f83-4e49-a8b8-60b0e258faec tempest-DHCPAgentSchedulersTestJSON-1217019192 tempest-DHCPAgentSchedulersTestJSON-1217019192-project] Network hostable DHCP agents. Network: 03c55438-bc05-48f8-871f-646cf2641759, hostable agents: ['1fb6dd4a-8a26-4a34-8a8d-f7b1b666ada2'], hosted agents: [] {{(pid=103865) _get_network_hostable_dhcp_agents /opt/stack/neutron/neutron/scheduler/dhcp_agent_scheduler.py:329}}
Jan 19 09:05:04.573273 dv-neutron-821132-2-hyperv neutron-server[103865]: DEBUG neutron_lib.callbacks.manager [None req-10f90ad8-f93f-4a79-93a2-e91cccfca9cf tempest-ExternalNetworksAdminNegativeTestJSON-1737884630 tempest-ExternalNetworksAdminNegativeTestJSON-1737884630-project-admin] Publish callbacks ['neutron.plugins.ml2.plugin.SecurityGroupServerNotifierRpcMixin._notify_sg_on_port_change-964049', 'neutron.plugins.ml2.ovo_rpc._ObjectChangeHandler.handle_event-223775', 'neutron.api.rpc.agentnotifiers.dhcp_rpc_agent_api.DhcpAgentNotifyAPI._native_event_send_dhcp_notification-2083575', 'neutron.db.l3_dvrscheduler_db._notify_l3_agent_new_port-8784865605982'] for port (c0fc1477-dcd3-4306-b3ea-f877d0e5bd2f), after_create {{(pid=103865) _notify_loop /usr/local/lib/python3.8/dist-packages/neutron_lib/callbacks/manager.py:176}}
Jan 19 09:05:04.647916 dv-neutron-821132-2-hyperv neutron-server[103868]: DEBUG neutron.db.l3_hamode_db [None req-338dedae-57b3-4b19-9d95-5ad879d1a7a8 None None] neutron.services.l3_router.l3_router_plugin.L3RouterPlugin method _process_sync_ha_data called with arguments (, [{'id': '7e48aa3d-11f0-4499-a374-789db1d0edc0', 'name': 'tempest-ServersTestManualDisk-1403856697-router', 'tenant_id': '36865a8ed6f94bd29675733edd64edff', 'admin_state_up': True, 'status': 'ACTIVE', 'external_gateway_info': {'network_id': '936859c8-b4fd-414f-a774-102c45f48820', 'external_fixed_ips': [{'subnet_id': 'd39d890e-ad0c-41d5-95ae-fcc28d2cd372', 'ip_address': '172.26.8.102'}], 'enable_snat': True}, 'gw_port_id': '0a50bafe-e3ac-4964-8d8a-15812d6c5a00', 'description': '', 'availability_zones': ['nova'], 'distributed': False, 'ha': False, 'ha_vr_id': 0, 'availability_zone_hints': [], 'routes': [], 'flavor_id': None, 'tags': [], 'created_at': '2022-01-19T09:04:58Z', 'updated_at': '2022-01-19T09:05:00Z', 'revision_number': 3, 'project_id': '36865a8ed6f94bd29675733edd64edff', 'gw_port': {'id': '0a50bafe-e3ac-4964-8d8a-15812d6c5a00', 'name': '', 'network_id': '936859c8-b4fd-414f-a774-102c45f48820', 'tenant_id': '', 'mac_address': 'fa:16:3e:80:94:32', 'admin_state_up': True, 'status': 'DOWN', 'device_id': '7e48aa3d-11f0-4499-a374-789db1d0edc0', 'device_owner': 'network:router_gateway', 'standard_attr_id': 55, 'fixed_ips': [{'subnet_id': 'd39d890e-ad0c-41d5-95ae-fcc28d2cd372', 'ip_address': '172.26.8.102', 'prefixlen': 24}], 'allowed_address_pairs': [], 'extra_dhcp_opts': [], 'security_groups': [], 'description': '', 'binding:vnic_type': 'normal', 'binding:profile': {}, 'binding:host_id': '', 'binding:vif_type': 'unbound', 'binding:vif_details': {}, 'port_security_enabled': False, 'tags': [], 'created_at': '2022-01-19T09:04:59Z', 'updated_at': '2022-01-19T09:05:00Z', 'revision_number': 1, 'project_id': '', 'subnets': [{'id': 'd39d890e-ad0c-41d5-95ae-fcc28d2cd372', 'cidr': '172.26.8.0/24', 'gateway_ip': '172.26.8.1', 'dns_nameservers': [], 'ipv6_ra_mode': None, 'subnetpool_id': None}], 'extra_subnets': [], 'address_scopes': {4: None, 6: None}, 'mtu': 1500}, 'enable_snat': True, 'gw_port_host': 'dv-neutron-821132-2-hyperv'}], 'dv-neutron-821132-2-hyperv', False) {} {{(pid=103868) wrapper /usr/local/lib/python3.8/dist-packages/oslo_log/helpers.py:65}}
Jan 19 09:05:04.648641 dv-neutron-821132-2-hyperv neutron-server[103867]: DEBUG neutron.api.rpc.handlers.resources_rpc [None req-facc3635-3540-46d4-b3f7-5eecf33f0bb9 None None] Pushing event updated for resources: {'Port': ['ID=a96ffc07-4076-4b84-9221-f943edead00a,revision_number=3']} {{(pid=103867) push /opt/stack/neutron/neutron/api/rpc/handlers/resources_rpc.py:237}}
Jan 19 09:05:04.655222 dv-neutron-821132-2-hyperv neutron-server[103866]: DEBUG neutron_lib.callbacks.manager [None req-1ed325b9-f6f4-46bb-9f79-b9f0e5559727 tempest-MeteringIpV6TestJSON-1715971830 tempest-MeteringIpV6TestJSON-1715971830-project-admin] Publish callbacks [] for metering_label (None), before_response {{(pid=103866) _notify_loop /usr/local/lib/python3.8/dist-packages/neutron_lib/callbacks/manager.py:176}}
Jan 19 09:05:04.662291 dv-neutron-821132-2-hyperv neutron-server[103866]: INFO neutron.wsgi [None req-1ed325b9-f6f4-46bb-9f79-b9f0e5559727 tempest-MeteringIpV6TestJSON-1715971830 tempest-MeteringIpV6TestJSON-1715971830-project-admin] 10.222.0.73 "POST /v2.0/metering/metering-labels HTTP/1.1" status: 201 len: 470 time: 0.9007137
Jan 19 09:05:04.672289 dv-neutron-821132-2-hyperv neutron-server[103866]: DEBUG neutron.wsgi [-] (103866) accepted ('10.222.0.73', 33300) {{(pid=103866) server /usr/local/lib/python3.8/dist-packages/eventlet/wsgi.py:1004}}
Jan 19 09:05:04.673138 dv-neutron-821132-2-hyperv neutron-server[103865]: DEBUG neutron.scheduler.dhcp_agent_scheduler [None req-10f90ad8-f93f-4a79-93a2-e91cccfca9cf tempest-ExternalNetworksAdminNegativeTestJSON-1737884630 tempest-ExternalNetworksAdminNegativeTestJSON-1737884630-project-admin] Network 936859c8-b4fd-414f-a774-102c45f48820 is already hosted by enough agents. {{(pid=103865) _get_dhcp_agents_hosting_network /opt/stack/neutron/neutron/scheduler/dhcp_agent_scheduler.py:275}}
Jan 19 09:05:04.695557 dv-neutron-821132-2-hyperv neutron-server[103868]: DEBUG neutron.api.rpc.handlers.l3_rpc [None req-338dedae-57b3-4b19-9d95-5ad879d1a7a8 None None] Checking router: 7e48aa3d-11f0-4499-a374-789db1d0edc0 for host: dv-neutron-821132-2-hyperv {{(pid=103868) _ensure_host_set_on_ports /opt/stack/neutron/neutron/api/rpc/handlers/l3_rpc.py:155}}
Jan 19 09:05:04.705937 dv-neutron-821132-2-hyperv neutron-server[103868]: DEBUG neutron.api.rpc.handlers.l3_rpc [None req-338dedae-57b3-4b19-9d95-5ad879d1a7a8 None None] Updating router 7e48aa3d-11f0-4499-a374-789db1d0edc0 port 0a50bafe-e3ac-4964-8d8a-15812d6c5a00 binding host dv-neutron-821132-2-hyperv {{(pid=103868) _ensure_host_set_on_port /opt/stack/neutron/neutron/api/rpc/handlers/l3_rpc.py:205}}
Jan 19 09:05:04.733078 dv-neutron-821132-2-hyperv neutron-server[103868]: DEBUG neutron_lib.callbacks.manager [None req-338dedae-57b3-4b19-9d95-5ad879d1a7a8 None None] Publish callbacks ['neutron.plugins.ml2.plugin.SecurityGroupDbMixin._ensure_default_security_group_handler-964124'] for port (0a50bafe-e3ac-4964-8d8a-15812d6c5a00), before_update {{(pid=103868) _notify_loop /usr/local/lib/python3.8/dist-packages/neutron_lib/callbacks/manager.py:176}}
Jan 19 09:05:04.811172 dv-neutron-821132-2-hyperv neutron-server[103866]: INFO neutron.wsgi [None req-6d945080-ffee-4540-9a74-c35a50868765 tempest-MeteringIpV6TestJSON-1715971830 tempest-MeteringIpV6TestJSON-1715971830-project-admin] 10.222.0.73 "GET /v2.0/metering/metering-labels?id=2c6a4f88-cb30-4101-ba4a-a39746105a42 HTTP/1.1" status: 200 len: 468 time: 0.1344948
Jan 19 09:05:04.811754 dv-neutron-821132-2-hyperv neutron-server[103866]: DEBUG neutron.wsgi [-] (103866) accepted ('10.222.0.73', 33302) {{(pid=103866) server /usr/local/lib/python3.8/dist-packages/eventlet/wsgi.py:1004}}
Jan 19 09:05:04.844470 dv-neutron-821132-2-hyperv neutron-server[103867]: DEBUG neutron.api.rpc.handlers.dhcp_rpc [None req-415f9893-1837-40b4-a575-7f0f016a3d58 None None] Network 8b4d3b4d-ba00-4f79-a814-1d416c867437 requested from dv-neutron-821132-2-hyperv {{(pid=103867) get_network_info /opt/stack/neutron/neutron/api/rpc/handlers/dhcp_rpc.py:219}}
Jan 19 09:05:04.880688 dv-neutron-821132-2-hyperv neutron-server[103866]: DEBUG neutron.db.db_base_plugin_common [None req-707d22b4-4bf3-4797-b702-b71d387a0c34 admin admin] Allocated IP 172.26.8.190 (936859c8-b4fd-414f-a774-102c45f48820/d39d890e-ad0c-41d5-95ae-fcc28d2cd372/51f25e30-cab0-4bbd-a4af-ca7994526607) {{(pid=103866) _store_ip_allocation /opt/stack/neutron/neutron/db/db_base_plugin_common.py:131}}
Jan 19 09:05:04.895212 dv-neutron-821132-2-hyperv neutron-server[103867]: DEBUG neutron.plugins.ml2.plugin [None req-b8eb80bb-7b46-4840-ad51-0d1f5dd84b94 None None] Current status of the port a96ffc07-4076-4b84-9221-f943edead00a is: ACTIVE; New status is: ACTIVE {{(pid=103867) _update_individual_port_db_status /opt/stack/neutron/neutron/plugins/ml2/plugin.py:2213}}
Jan 19 09:05:04.895559 dv-neutron-821132-2-hyperv neutron-server[103865]: DEBUG neutron.scheduler.dhcp_agent_scheduler [None req-18fed026-1f83-4e49-a8b8-60b0e258faec tempest-DHCPAgentSchedulersTestJSON-1217019192 tempest-DHCPAgentSchedulersTestJSON-1217019192-project] Network 03c55438-bc05-48f8-871f-646cf2641759 is scheduled to be hosted by DHCP agent 1fb6dd4a-8a26-4a34-8a8d-f7b1b666ada2 with binding_index 1 {{(pid=103865) bind /opt/stack/neutron/neutron/scheduler/dhcp_agent_scheduler.py:227}}
Jan 19 09:05:04.917706 dv-neutron-821132-2-hyperv neutron-server[103865]: DEBUG neutron.api.rpc.handlers.resources_rpc [None req-10f90ad8-f93f-4a79-93a2-e91cccfca9cf tempest-ExternalNetworksAdminNegativeTestJSON-1737884630 tempest-ExternalNetworksAdminNegativeTestJSON-1737884630-project-admin] Pushing event updated for resources: {'Port': ['ID=c0fc1477-dcd3-4306-b3ea-f877d0e5bd2f,revision_number=1']} {{(pid=103865) push /opt/stack/neutron/neutron/api/rpc/handlers/resources_rpc.py:237}}
Jan 19 09:05:04.921784 dv-neutron-821132-2-hyperv neutron-server[103865]: DEBUG neutron.scheduler.base_scheduler [None req-10f90ad8-f93f-4a79-93a2-e91cccfca9cf tempest-ExternalNetworksAdminNegativeTestJSON-1737884630 tempest-ExternalNetworksAdminNegativeTestJSON-1737884630-project-admin] Resources bound (agent type, host, resource id): {{(pid=103865) schedule /opt/stack/neutron/neutron/scheduler/base_scheduler.py:57}}
Jan 19 09:05:05.029684 dv-neutron-821132-2-hyperv neutron-server[103865]: DEBUG neutron_lib.callbacks.manager [None req-76257b7a-f50c-4af1-b16a-a9ccaa46bf6a tempest-MeteringTestJSON-1933567076 tempest-MeteringTestJSON-1933567076-project-admin] Publish callbacks [] for metering_label_rule (None), before_response {{(pid=103865) _notify_loop /usr/local/lib/python3.8/dist-packages/neutron_lib/callbacks/manager.py:176}}
