Jan 19 08:57:05.737023 dv-neutron-821132-2-hyperv devstack@n-api.service[103126]: DEBUG oslo_db.sqlalchemy.engines [None req-1e4d1f11-c90a-41d3-b5f0-af9bd3bf0e70 None None] MySQL server mode set to STRICT_TRANS_TABLES,STRICT_ALL_TABLES,NO_ZERO_IN_DATE,NO_ZERO_DATE,ERROR_FOR_DIVISION_BY_ZERO,TRADITIONAL,NO_ENGINE_SUBSTITUTION {{(pid=103126) _check_effective_sql_mode /usr/local/lib/python3.8/dist-packages/oslo_db/sqlalchemy/engines.py:314}}
Jan 19 08:57:05.803374 dv-neutron-821132-2-hyperv devstack@n-api.service[103127]: DEBUG nova.context [None req-5fcd6bde-2b3a-476d-974a-d441c3ee61ef None None] Found 2 cells: 00000000-0000-0000-0000-000000000000(cell0),3bdaf962-d8ca-4592-a1ca-1bb76f5c7304(cell1) {{(pid=103127) load_cells /opt/stack/nova/nova/context.py:464}}
Jan 19 08:57:05.803718 dv-neutron-821132-2-hyperv devstack@n-api.service[103126]: DEBUG nova.context [None req-1e4d1f11-c90a-41d3-b5f0-af9bd3bf0e70 None None] Found 2 cells: 00000000-0000-0000-0000-000000000000(cell0),3bdaf962-d8ca-4592-a1ca-1bb76f5c7304(cell1) {{(pid=103126) load_cells /opt/stack/nova/nova/context.py:464}}
Jan 19 08:57:05.807560 dv-neutron-821132-2-hyperv devstack@n-api.service[103127]: DEBUG oslo_concurrency.lockutils [None req-5fcd6bde-2b3a-476d-974a-d441c3ee61ef None None] Lock "00000000-0000-0000-0000-000000000000" acquired by "nova.context.set_target_cell..get_or_set_cached_cell_and_set_connections" :: waited 0.000s {{(pid=103127) inner /usr/local/lib/python3.8/dist-packages/oslo_concurrency/lockutils.py:386}}
Jan 19 08:57:05.807874 dv-neutron-821132-2-hyperv devstack@n-api.service[103126]: DEBUG oslo_concurrency.lockutils [None req-1e4d1f11-c90a-41d3-b5f0-af9bd3bf0e70 None None] Lock "00000000-0000-0000-0000-000000000000" acquired by "nova.context.set_target_cell..get_or_set_cached_cell_and_set_connections" :: waited 0.000s {{(pid=103126) inner /usr/local/lib/python3.8/dist-packages/oslo_concurrency/lockutils.py:386}}
Jan 19 08:57:05.809208 dv-neutron-821132-2-hyperv devstack@n-api.service[103127]: DEBUG oslo_concurrency.lockutils [None req-5fcd6bde-2b3a-476d-974a-d441c3ee61ef None None] Lock "00000000-0000-0000-0000-000000000000" "released" by "nova.context.set_target_cell..get_or_set_cached_cell_and_set_connections" :: held 0.002s {{(pid=103127) inner /usr/local/lib/python3.8/dist-packages/oslo_concurrency/lockutils.py:400}}
Jan 19 08:57:05.809500 dv-neutron-821132-2-hyperv devstack@n-api.service[103126]: DEBUG oslo_concurrency.lockutils [None req-1e4d1f11-c90a-41d3-b5f0-af9bd3bf0e70 None None] Lock "00000000-0000-0000-0000-000000000000" "released" by "nova.context.set_target_cell..get_or_set_cached_cell_and_set_connections" :: held 0.002s {{(pid=103126) inner /usr/local/lib/python3.8/dist-packages/oslo_concurrency/lockutils.py:400}}
Jan 19 08:57:05.810028 dv-neutron-821132-2-hyperv devstack@n-api.service[103127]: DEBUG oslo_concurrency.lockutils [None req-5fcd6bde-2b3a-476d-974a-d441c3ee61ef None None] Lock "3bdaf962-d8ca-4592-a1ca-1bb76f5c7304" acquired by "nova.context.set_target_cell..get_or_set_cached_cell_and_set_connections" :: waited 0.000s {{(pid=103127) inner /usr/local/lib/python3.8/dist-packages/oslo_concurrency/lockutils.py:386}}
Jan 19 08:57:05.810305 dv-neutron-821132-2-hyperv devstack@n-api.service[103126]: DEBUG oslo_concurrency.lockutils [None req-1e4d1f11-c90a-41d3-b5f0-af9bd3bf0e70 None None] Lock "3bdaf962-d8ca-4592-a1ca-1bb76f5c7304" acquired by "nova.context.set_target_cell..get_or_set_cached_cell_and_set_connections" :: waited 0.000s {{(pid=103126) inner /usr/local/lib/python3.8/dist-packages/oslo_concurrency/lockutils.py:386}}
Jan 19 08:57:05.811958 dv-neutron-821132-2-hyperv devstack@n-api.service[103127]: DEBUG oslo_concurrency.lockutils [None req-5fcd6bde-2b3a-476d-974a-d441c3ee61ef None None] Lock "3bdaf962-d8ca-4592-a1ca-1bb76f5c7304" "released" by "nova.context.set_target_cell..get_or_set_cached_cell_and_set_connections" :: held 0.002s {{(pid=103127) inner /usr/local/lib/python3.8/dist-packages/oslo_concurrency/lockutils.py:400}}
Jan 19 08:57:05.812250 dv-neutron-821132-2-hyperv devstack@n-api.service[103126]: DEBUG oslo_concurrency.lockutils [None req-1e4d1f11-c90a-41d3-b5f0-af9bd3bf0e70 None None] Lock "3bdaf962-d8ca-4592-a1ca-1bb76f5c7304" "released" by "nova.context.set_target_cell..get_or_set_cached_cell_and_set_connections" :: held 0.002s {{(pid=103126) inner /usr/local/lib/python3.8/dist-packages/oslo_concurrency/lockutils.py:400}}
Jan 19 08:57:05.822829 dv-neutron-821132-2-hyperv devstack@n-api.service[103127]: DEBUG oslo_db.sqlalchemy.engines [None req-5fcd6bde-2b3a-476d-974a-d441c3ee61ef None None] MySQL server mode set to STRICT_TRANS_TABLES,STRICT_ALL_TABLES,NO_ZERO_IN_DATE,NO_ZERO_DATE,ERROR_FOR_DIVISION_BY_ZERO,TRADITIONAL,NO_ENGINE_SUBSTITUTION {{(pid=103127) _check_effective_sql_mode /usr/local/lib/python3.8/dist-packages/oslo_db/sqlalchemy/engines.py:314}}
Jan 19 08:57:05.825394 dv-neutron-821132-2-hyperv devstack@n-api.service[103127]: DEBUG oslo_db.sqlalchemy.engines [None req-5fcd6bde-2b3a-476d-974a-d441c3ee61ef None None] MySQL server mode set to STRICT_TRANS_TABLES,STRICT_ALL_TABLES,NO_ZERO_IN_DATE,NO_ZERO_DATE,ERROR_FOR_DIVISION_BY_ZERO,TRADITIONAL,NO_ENGINE_SUBSTITUTION {{(pid=103127) _check_effective_sql_mode /usr/local/lib/python3.8/dist-packages/oslo_db/sqlalchemy/engines.py:314}}
Jan 19 08:57:05.826903 dv-neutron-821132-2-hyperv devstack@n-api.service[103126]: DEBUG oslo_db.sqlalchemy.engines [None req-1e4d1f11-c90a-41d3-b5f0-af9bd3bf0e70 None None] MySQL server mode set to STRICT_TRANS_TABLES,STRICT_ALL_TABLES,NO_ZERO_IN_DATE,NO_ZERO_DATE,ERROR_FOR_DIVISION_BY_ZERO,TRADITIONAL,NO_ENGINE_SUBSTITUTION {{(pid=103126) _check_effective_sql_mode /usr/local/lib/python3.8/dist-packages/oslo_db/sqlalchemy/engines.py:314}}
Jan 19 08:57:05.829192 dv-neutron-821132-2-hyperv devstack@n-api.service[103126]: DEBUG oslo_db.sqlalchemy.engines [None req-1e4d1f11-c90a-41d3-b5f0-af9bd3bf0e70 None None] MySQL server mode set to STRICT_TRANS_TABLES,STRICT_ALL_TABLES,NO_ZERO_IN_DATE,NO_ZERO_DATE,ERROR_FOR_DIVISION_BY_ZERO,TRADITIONAL,NO_ENGINE_SUBSTITUTION {{(pid=103126) _check_effective_sql_mode /usr/local/lib/python3.8/dist-packages/oslo_db/sqlalchemy/engines.py:314}}
Jan 19 08:57:05.995083 dv-neutron-821132-2-hyperv devstack@n-api.service[103127]: DEBUG oslo_db.sqlalchemy.engines [None req-5fcd6bde-2b3a-476d-974a-d441c3ee61ef None None] MySQL server mode set to STRICT_TRANS_TABLES,STRICT_ALL_TABLES,NO_ZERO_IN_DATE,NO_ZERO_DATE,ERROR_FOR_DIVISION_BY_ZERO,TRADITIONAL,NO_ENGINE_SUBSTITUTION {{(pid=103127) _check_effective_sql_mode /usr/local/lib/python3.8/dist-packages/oslo_db/sqlalchemy/engines.py:314}}
Jan 19 08:57:05.997695 dv-neutron-821132-2-hyperv devstack@n-api.service[103126]: DEBUG oslo_db.sqlalchemy.engines [None req-1e4d1f11-c90a-41d3-b5f0-af9bd3bf0e70 None None] MySQL server mode set to STRICT_TRANS_TABLES,STRICT_ALL_TABLES,NO_ZERO_IN_DATE,NO_ZERO_DATE,ERROR_FOR_DIVISION_BY_ZERO,TRADITIONAL,NO_ENGINE_SUBSTITUTION {{(pid=103126) _check_effective_sql_mode /usr/local/lib/python3.8/dist-packages/oslo_db/sqlalchemy/engines.py:314}}
Jan 19 08:57:06.468917 dv-neutron-821132-2-hyperv devstack@n-api.service[103127]: WARNING keystonemiddleware.auth_token [None req-5fcd6bde-2b3a-476d-974a-d441c3ee61ef None None] AuthToken middleware is set with keystone_authtoken.service_token_roles_required set to False. This is backwards compatible but deprecated behaviour. Please set this to True.
Jan 19 08:57:06.476019 dv-neutron-821132-2-hyperv devstack@n-api.service[103127]: WARNING keystonemiddleware.auth_token [None req-5fcd6bde-2b3a-476d-974a-d441c3ee61ef None None] Configuring www_authenticate_uri to point to the public identity endpoint is required; clients may not be able to authenticate against an admin endpoint
Jan 19 08:57:06.496803 dv-neutron-821132-2-hyperv devstack@n-api.service[103126]: WARNING keystonemiddleware.auth_token [None req-1e4d1f11-c90a-41d3-b5f0-af9bd3bf0e70 None None] AuthToken middleware is set with keystone_authtoken.service_token_roles_required set to False. This is backwards compatible but deprecated behaviour. Please set this to True.
Jan 19 08:57:06.503374 dv-neutron-821132-2-hyperv devstack@n-api.service[103126]: WARNING keystonemiddleware.auth_token [None req-1e4d1f11-c90a-41d3-b5f0-af9bd3bf0e70 None None] Configuring www_authenticate_uri to point to the public identity endpoint is required; clients may not be able to authenticate against an admin endpoint
Jan 19 08:57:06.818146 dv-neutron-821132-2-hyperv devstack@n-api.service[103127]: WARNING keystonemiddleware.auth_token [None req-5fcd6bde-2b3a-476d-974a-d441c3ee61ef None None] AuthToken middleware is set with keystone_authtoken.service_token_roles_required set to False. This is backwards compatible but deprecated behaviour. Please set this to True.
Jan 19 08:57:06.823391 dv-neutron-821132-2-hyperv devstack@n-api.service[103127]: WARNING keystonemiddleware.auth_token [None req-5fcd6bde-2b3a-476d-974a-d441c3ee61ef None None] Configuring www_authenticate_uri to point to the public identity endpoint is required; clients may not be able to authenticate against an admin endpoint
Jan 19 08:57:06.828588 dv-neutron-821132-2-hyperv devstack@n-api.service[103127]: WSGI app 0 (mountpoint='') ready in 5 seconds on interpreter 0x561a5330f9c0 pid: 103127 (default app)
Jan 19 08:57:06.830667 dv-neutron-821132-2-hyperv devstack@n-api.service[103127]: DEBUG nova.api.openstack.wsgi [None req-5fcd6bde-2b3a-476d-974a-d441c3ee61ef None None] Calling method '>' {{(pid=103127) _process_stack /opt/stack/nova/nova/api/openstack/wsgi.py:513}}
Jan 19 08:57:06.831832 dv-neutron-821132-2-hyperv devstack@n-api.service[103127]: INFO nova.api.openstack.requestlog [None req-5fcd6bde-2b3a-476d-974a-d441c3ee61ef None None] 10.222.0.73 "GET /compute/v2.1/" status: 200 len: 388 microversion: 2.1 time: 0.001734
Jan 19 08:57:06.832261 dv-neutron-821132-2-hyperv devstack@n-api.service[103127]: [pid: 103127|app: 0|req: 1/1] 10.222.0.73 () {50 vars in 788 bytes} [Wed Jan 19 08:57:06 2022] GET /compute/v2.1/ => generated 388 bytes in 3 msecs (HTTP/1.1 200) 9 headers in 357 bytes (1 switches on core 0)
Jan 19 08:57:06.842487 dv-neutron-821132-2-hyperv devstack@n-api.service[103126]: WARNING keystonemiddleware.auth_token [None req-1e4d1f11-c90a-41d3-b5f0-af9bd3bf0e70 None None] AuthToken middleware is set with keystone_authtoken.service_token_roles_required set to False. This is backwards compatible but deprecated behaviour. Please set this to True.
Jan 19 08:57:06.847805 dv-neutron-821132-2-hyperv devstack@n-api.service[103126]: WARNING keystonemiddleware.auth_token [None req-1e4d1f11-c90a-41d3-b5f0-af9bd3bf0e70 None None] Configuring www_authenticate_uri to point to the public identity endpoint is required; clients may not be able to authenticate against an admin endpoint
Jan 19 08:57:06.853572 dv-neutron-821132-2-hyperv devstack@n-api.service[103126]: WSGI app 0 (mountpoint='') ready in 5 seconds on interpreter 0x561a5330f9c0 pid: 103126 (default app)
Jan 19 08:58:34.230329 dv-neutron-821132-2-hyperv devstack@n-api.service[103127]: DEBUG nova.api.openstack.wsgi [None req-5fcd6bde-2b3a-476d-974a-d441c3ee61ef None None] Calling method '>' {{(pid=103127) _process_stack /opt/stack/nova/nova/api/openstack/wsgi.py:513}}
Jan 19 08:58:34.231426 dv-neutron-821132-2-hyperv devstack@n-api.service[103127]: INFO nova.api.openstack.requestlog [None req-5fcd6bde-2b3a-476d-974a-d441c3ee61ef None None] 10.222.0.73 "GET /compute/v2.1" status: 200 len: 388 microversion: 2.1 time: 0.001528
Jan 19 08:58:34.231880 dv-neutron-821132-2-hyperv devstack@n-api.service[103127]: [pid: 103127|app: 0|req: 2/2] 10.222.0.73 () {54 vars in 930 bytes} [Wed Jan 19 08:58:34 2022] GET /compute/v2.1 => generated 388 bytes in 2 msecs (HTTP/1.1 200) 9 headers in 357 bytes (1 switches on core 0)
Jan 19 08:58:34.651078 dv-neutron-821132-2-hyperv devstack@n-api.service[103126]: DEBUG nova.api.openstack.wsgi [None req-8d12d8da-4e48-4632-afd7-e31dd4007c46 admin admin] Calling method '>' {{(pid=103126) _process_stack /opt/stack/nova/nova/api/openstack/wsgi.py:513}}
Jan 19 08:58:34.682401 dv-neutron-821132-2-hyperv devstack@n-api.service[103126]: INFO nova.api.openstack.requestlog [None req-8d12d8da-4e48-4632-afd7-e31dd4007c46 admin admin] 10.222.0.73 "GET /compute/v2.1/flavors/detail?is_public=True" status: 200 len: 15 microversion: 2.61 time: 0.442688
Jan 19 08:58:34.683184 dv-neutron-821132-2-hyperv devstack@n-api.service[103126]: [pid: 103126|app: 0|req: 1/3] 10.222.0.73 () {60 vars in 1291 bytes} [Wed Jan 19 08:58:34 2022] GET /compute/v2.1/flavors/detail?is_public=True => generated 15 bytes in 446 msecs (HTTP/1.1 200) 9 headers in 358 bytes (2 switches on core 0)
Jan 19 08:58:36.920923 dv-neutron-821132-2-hyperv devstack@n-api.service[103127]: DEBUG nova.api.openstack.wsgi [None req-5fcd6bde-2b3a-476d-974a-d441c3ee61ef None None] Calling method '>' {{(pid=103127) _process_stack /opt/stack/nova/nova/api/openstack/wsgi.py:513}}
Jan 19 08:58:36.921905 dv-neutron-821132-2-hyperv devstack@n-api.service[103127]: INFO nova.api.openstack.requestlog [None req-5fcd6bde-2b3a-476d-974a-d441c3ee61ef None None] 10.222.0.73 "GET /compute/v2.1" status: 200 len: 388 microversion: 2.1 time: 0.001686
Jan 19 08:58:36.922299 dv-neutron-821132-2-hyperv devstack@n-api.service[103127]: [pid: 103127|app: 0|req: 3/4] 10.222.0.73 () {54 vars in 930 bytes} [Wed Jan 19 08:58:36 2022] GET /compute/v2.1 => generated 388 bytes in 2 msecs (HTTP/1.1 200) 9 headers in 357 bytes (1 switches on core 0)
Jan 19 08:58:36.986664 dv-neutron-821132-2-hyperv devstack@n-api.service[103126]: DEBUG nova.api.openstack.wsgi [None req-0bcbf0c5-a39d-469c-9e99-a01f9ce236b0 admin admin] Action: 'create', calling method: >, body: {"flavor": {"id": "c1", "os-flavor-access:is_public": true, "vcpus": 1, "disk": 1, "rxtx_factor": 1.0, "ram": 256, "OS-FLV-EXT-DATA:ephemeral": 0, "name": "cirros256", "swap": 0}} {{(pid=103126) _process_stack /opt/stack/nova/nova/api/openstack/wsgi.py:511}}
Jan 19 08:58:37.005752 dv-neutron-821132-2-hyperv devstack@n-api.service[103126]: /usr/local/lib/python3.8/dist-packages/oslo_policy/policy.py:1119: UserWarning: Policy "os_compute_api:os-flavor-manage:create": "rule:system_admin_api" failed scope check. The token used to make the request was project scoped but the policy requires ['system'] scope. This behavior may change in the future where using the intended scope is required
Jan 19 08:58:37.005752 dv-neutron-821132-2-hyperv devstack@n-api.service[103126]: warnings.warn(msg)
Jan 19 08:58:37.086326 dv-neutron-821132-2-hyperv devstack@n-api.service[103126]: INFO nova.api.openstack.requestlog [None req-0bcbf0c5-a39d-469c-9e99-a01f9ce236b0 admin admin] 10.222.0.73 "POST /compute/v2.1/flavors" status: 200 len: 407 microversion: 2.61 time: 0.157340
Jan 19 08:58:37.086936 dv-neutron-821132-2-hyperv devstack@n-api.service[103126]: [pid: 103126|app: 0|req: 2/5] 10.222.0.73 () {64 vars in 1282 bytes} [Wed Jan 19 08:58:36 2022] POST /compute/v2.1/flavors => generated 407 bytes in 159 msecs (HTTP/1.1 200) 9 headers in 359 bytes (1 switches on core 0)
Jan 19 08:58:37.307631 dv-neutron-821132-2-hyperv devstack@n-api.service[103127]: DEBUG nova.api.openstack.wsgi [None req-a376a08e-1ca4-4c75-97bb-63725eec5c30 admin admin] Action: 'create', calling method: >, body: {"extra_specs": {"hw_rng:allowed": "True"}} {{(pid=103127) _process_stack /opt/stack/nova/nova/api/openstack/wsgi.py:511}}
Jan 19 08:58:37.310130 dv-neutron-821132-2-hyperv devstack@n-api.service[103127]: /usr/local/lib/python3.8/dist-packages/oslo_policy/policy.py:1119: UserWarning: Policy "os_compute_api:os-flavor-extra-specs:create": "rule:system_admin_api" failed scope check. The token used to make the request was project scoped but the policy requires ['system'] scope. This behavior may change in the future where using the intended scope is required
Jan 19 08:58:37.310130 dv-neutron-821132-2-hyperv devstack@n-api.service[103127]: warnings.warn(msg)
Jan 19 08:58:37.411589 dv-neutron-821132-2-hyperv devstack@n-api.service[103127]: INFO nova.api.openstack.requestlog [None req-a376a08e-1ca4-4c75-97bb-63725eec5c30 admin admin] 10.222.0.73 "POST /compute/v2.1/flavors/c1/os-extra_specs" status: 200 len: 43 microversion: 2.61 time: 0.316418
Jan 19 08:58:37.412401 dv-neutron-821132-2-hyperv devstack@n-api.service[103127]: [pid: 103127|app: 0|req: 4/6] 10.222.0.73 () {64 vars in 1335 bytes} [Wed Jan 19 08:58:37 2022] POST /compute/v2.1/flavors/c1/os-extra_specs => generated 43 bytes in 318 msecs (HTTP/1.1 200) 9 headers in 358 bytes (1 switches on core 0)
Jan 19 08:58:39.657198 dv-neutron-821132-2-hyperv devstack@n-api.service[103126]: DEBUG nova.api.openstack.wsgi [None req-0bcbf0c5-a39d-469c-9e99-a01f9ce236b0 admin admin] Calling method '>' {{(pid=103126) _process_stack /opt/stack/nova/nova/api/openstack/wsgi.py:513}}
Jan 19 08:58:39.658286 dv-neutron-821132-2-hyperv devstack@n-api.service[103126]: INFO nova.api.openstack.requestlog [None req-0bcbf0c5-a39d-469c-9e99-a01f9ce236b0 admin admin] 10.222.0.73 "GET /compute/v2.1" status: 200 len: 388 microversion: 2.1 time: 0.001539
Jan 19 08:58:39.658759 dv-neutron-821132-2-hyperv devstack@n-api.service[103126]: [pid: 103126|app: 0|req: 3/7] 10.222.0.73 () {54 vars in 930 bytes} [Wed Jan 19 08:58:39 2022] GET /compute/v2.1 => generated 388 bytes in 3 msecs (HTTP/1.1 200) 9 headers in 357 bytes (1 switches on core 0)
Jan 19 08:58:39.761877 dv-neutron-821132-2-hyperv devstack@n-api.service[103127]: DEBUG nova.api.openstack.wsgi [None req-d748f202-6049-437e-a972-725017515039 admin admin] Action: 'create', calling method: >, body: {"flavor": {"vcpus": 1, "rxtx_factor": 1.0, "name": "ds512M", "os-flavor-access:is_public": true, "ram": 512, "id": "d1", "swap": 0, "OS-FLV-EXT-DATA:ephemeral": 0, "disk": 5}} {{(pid=103127) _process_stack /opt/stack/nova/nova/api/openstack/wsgi.py:511}}
Jan 19 08:58:39.780056 dv-neutron-821132-2-hyperv devstack@n-api.service[103127]: /usr/local/lib/python3.8/dist-packages/oslo_policy/policy.py:1119: UserWarning: Policy "os_compute_api:os-flavor-manage:create": "rule:system_admin_api" failed scope check. The token used to make the request was project scoped but the policy requires ['system'] scope. This behavior may change in the future where using the intended scope is required
Jan 19 08:58:39.780056 dv-neutron-821132-2-hyperv devstack@n-api.service[103127]: warnings.warn(msg)
Jan 19 08:58:39.889171 dv-neutron-821132-2-hyperv devstack@n-api.service[103127]: INFO nova.api.openstack.requestlog [None req-d748f202-6049-437e-a972-725017515039 admin admin] 10.222.0.73 "POST /compute/v2.1/flavors" status: 200 len: 404 microversion: 2.61 time: 0.224285
Jan 19 08:58:39.889730 dv-neutron-821132-2-hyperv devstack@n-api.service[103127]: [pid: 103127|app: 0|req: 5/8] 10.222.0.73 () {64 vars in 1282 bytes} [Wed Jan 19 08:58:39 2022] POST /compute/v2.1/flavors => generated 404 bytes in 226 msecs (HTTP/1.1 200) 9 headers in 359 bytes (1 switches on core 0)
Jan 19 08:58:39.902252 dv-neutron-821132-2-hyperv devstack@n-api.service[103126]: DEBUG nova.api.openstack.wsgi [None req-d3406fb3-1a47-42f4-93cb-82a7abc624e2 admin admin] Action: 'create', calling method: >, body: {"extra_specs": {"hw_rng:allowed": "True"}} {{(pid=103126) _process_stack /opt/stack/nova/nova/api/openstack/wsgi.py:511}}
Jan 19 08:58:39.903755 dv-neutron-821132-2-hyperv devstack@n-api.service[103126]: /usr/local/lib/python3.8/dist-packages/oslo_policy/policy.py:1119: UserWarning: Policy "os_compute_api:os-flavor-extra-specs:create": "rule:system_admin_api" failed scope check. The token used to make the request was project scoped but the policy requires ['system'] scope. This behavior may change in the future where using the intended scope is required
Jan 19 08:58:39.903755 dv-neutron-821132-2-hyperv devstack@n-api.service[103126]: warnings.warn(msg)
Jan 19 08:58:40.030239 dv-neutron-821132-2-hyperv devstack@n-api.service[103126]: INFO nova.api.openstack.requestlog [None req-d3406fb3-1a47-42f4-93cb-82a7abc624e2 admin admin] 10.222.0.73 "POST /compute/v2.1/flavors/d1/os-extra_specs" status: 200 len: 43 microversion: 2.61 time: 0.131684
Jan 19 08:58:40.030946 dv-neutron-821132-2-hyperv devstack@n-api.service[103126]: [pid: 103126|app: 0|req: 4/9] 10.222.0.73 () {64 vars in 1335 bytes} [Wed Jan 19 08:58:39 2022] POST /compute/v2.1/flavors/d1/os-extra_specs => generated 43 bytes in 133 msecs (HTTP/1.1 200) 9 headers in 358 bytes (1 switches on core 0)
Jan 19 08:58:42.305125 dv-neutron-821132-2-hyperv devstack@n-api.service[103127]: DEBUG nova.api.openstack.wsgi [None req-d748f202-6049-437e-a972-725017515039 admin admin] Calling method '>' {{(pid=103127) _process_stack /opt/stack/nova/nova/api/openstack/wsgi.py:513}}
Jan 19 08:58:42.306727 dv-neutron-821132-2-hyperv devstack@n-api.service[103127]: INFO nova.api.openstack.requestlog [None req-d748f202-6049-437e-a972-725017515039 admin admin] 10.222.0.73 "GET /compute/v2.1" status: 200 len: 388 microversion: 2.1 time: 0.002047
Jan 19 08:58:42.307341 dv-neutron-821132-2-hyperv devstack@n-api.service[103127]: [pid: 103127|app: 0|req: 6/10] 10.222.0.73 () {54 vars in 930 bytes} [Wed Jan 19 08:58:42 2022] GET /compute/v2.1 => generated 388 bytes in 3 msecs (HTTP/1.1 200) 9 headers in 357 bytes (1 switches on core 0)
Jan 19 08:58:42.376324 dv-neutron-821132-2-hyperv devstack@n-api.service[103126]: DEBUG nova.api.openstack.wsgi [None req-238a957b-41f5-4ce8-9147-53fbbb5199e9 admin admin] Action: 'create', calling method: >, body: {"flavor": {"id": "d2", "swap": 0, "OS-FLV-EXT-DATA:ephemeral": 0, "vcpus": 1, "name": "ds1G", "ram": 1024, "rxtx_factor": 1.0, "disk": 10, "os-flavor-access:is_public": true}} {{(pid=103126) _process_stack /opt/stack/nova/nova/api/openstack/wsgi.py:511}}
Jan 19 08:58:42.463182 dv-neutron-821132-2-hyperv devstack@n-api.service[103126]: INFO nova.api.openstack.requestlog [None req-238a957b-41f5-4ce8-9147-53fbbb5199e9 admin admin] 10.222.0.73 "POST /compute/v2.1/flavors" status: 200 len: 404 microversion: 2.61 time: 0.149122
Jan 19 08:58:42.474816 dv-neutron-821132-2-hyperv devstack@n-api.service[103126]: [pid: 103126|app: 0|req: 5/11] 10.222.0.73 () {64 vars in 1282 bytes} [Wed Jan 19 08:58:42 2022] POST /compute/v2.1/flavors => generated 404 bytes in 161 msecs (HTTP/1.1 200) 9 headers in 359 bytes (1 switches on core 0)
Jan 19 08:58:42.479851 dv-neutron-821132-2-hyperv devstack@n-api.service[103127]: DEBUG nova.api.openstack.wsgi [None req-195004da-3338-453a-ad76-365406caf750 admin admin] Action: 'create', calling method: >, body: {"extra_specs": {"hw_rng:allowed": "True"}} {{(pid=103127) _process_stack /opt/stack/nova/nova/api/openstack/wsgi.py:511}}
Jan 19 08:58:42.569345 dv-neutron-821132-2-hyperv devstack@n-api.service[103127]: INFO nova.api.openstack.requestlog [None req-195004da-3338-453a-ad76-365406caf750 admin admin] 10.222.0.73 "POST /compute/v2.1/flavors/d2/os-extra_specs" status: 200 len: 43 microversion: 2.61 time: 0.093064
Jan 19 08:58:42.590484 dv-neutron-821132-2-hyperv devstack@n-api.service[103127]: [pid: 103127|app: 0|req: 7/12] 10.222.0.73 () {64 vars in 1335 bytes} [Wed Jan 19 08:58:42 2022] POST /compute/v2.1/flavors/d2/os-extra_specs => generated 43 bytes in 115 msecs (HTTP/1.1 200) 9 headers in 358 bytes (1 switches on core 0)
Jan 19 08:58:44.983912 dv-neutron-821132-2-hyperv devstack@n-api.service[103126]: DEBUG nova.api.openstack.wsgi [None req-238a957b-41f5-4ce8-9147-53fbbb5199e9 admin admin] Calling method '>' {{(pid=103126) _process_stack /opt/stack/nova/nova/api/openstack/wsgi.py:513}}
Jan 19 08:58:44.985777 dv-neutron-821132-2-hyperv devstack@n-api.service[103126]: INFO nova.api.openstack.requestlog [None req-238a957b-41f5-4ce8-9147-53fbbb5199e9 admin admin] 10.222.0.73 "GET /compute/v2.1" status: 200 len: 388 microversion: 2.1 time: 0.002306
Jan 19 08:58:44.991975 dv-neutron-821132-2-hyperv devstack@n-api.service[103126]: [pid: 103126|app: 0|req: 6/13] 10.222.0.73 () {54 vars in 930 bytes} [Wed Jan 19 08:58:44 2022] GET /compute/v2.1 => generated 388 bytes in 4 msecs (HTTP/1.1 200) 9 headers in 357 bytes (1 switches on core 0)
Jan 19 08:58:45.051155 dv-neutron-821132-2-hyperv devstack@n-api.service[103127]: DEBUG nova.api.openstack.wsgi [None req-85a4e552-eafc-4664-9e0c-927fcda39c0a admin admin] Action: 'create', calling method: >, body: {"flavor": {"rxtx_factor": 1.0, "OS-FLV-EXT-DATA:ephemeral": 0, "vcpus": 2, "swap": 0, "id": "d3", "os-flavor-access:is_public": true, "disk": 10, "ram": 2048, "name": "ds2G"}} {{(pid=103127) _process_stack /opt/stack/nova/nova/api/openstack/wsgi.py:511}}
Jan 19 08:58:45.169295 dv-neutron-821132-2-hyperv devstack@n-api.service[103127]: INFO nova.api.openstack.requestlog [None req-85a4e552-eafc-4664-9e0c-927fcda39c0a admin admin] 10.222.0.73 "POST /compute/v2.1/flavors" status: 200 len: 404 microversion: 2.61 time: 0.175609
Jan 19 08:58:45.177675 dv-neutron-821132-2-hyperv devstack@n-api.service[103127]: [pid: 103127|app: 0|req: 8/14] 10.222.0.73 () {64 vars in 1282 bytes} [Wed Jan 19 08:58:44 2022] POST /compute/v2.1/flavors => generated 404 bytes in 184 msecs (HTTP/1.1 200) 9 headers in 359 bytes (1 switches on core 0)
Jan 19 08:58:45.182884 dv-neutron-821132-2-hyperv devstack@n-api.service[103126]: DEBUG nova.api.openstack.wsgi [None req-a9cf3255-63e9-4e93-986d-4979b2ccb9b7 admin admin] Action: 'create', calling method: >, body: {"extra_specs": {"hw_rng:allowed": "True"}} {{(pid=103126) _process_stack /opt/stack/nova/nova/api/openstack/wsgi.py:511}}
Jan 19 08:58:45.292996 dv-neutron-821132-2-hyperv devstack@n-api.service[103126]: INFO nova.api.openstack.requestlog [None req-a9cf3255-63e9-4e93-986d-4979b2ccb9b7 admin admin] 10.222.0.73 "POST /compute/v2.1/flavors/d3/os-extra_specs" status: 200 len: 43 microversion: 2.61 time: 0.113553
Jan 19 08:58:45.293762 dv-neutron-821132-2-hyperv devstack@n-api.service[103126]: [pid: 103126|app: 0|req: 7/15] 10.222.0.73 () {64 vars in 1335 bytes} [Wed Jan 19 08:58:45 2022] POST /compute/v2.1/flavors/d3/os-extra_specs => generated 43 bytes in 115 msecs (HTTP/1.1 200) 9 headers in 358 bytes (2 switches on core 0)
Jan 19 08:58:47.691222 dv-neutron-821132-2-hyperv devstack@n-api.service[103127]: DEBUG nova.api.openstack.wsgi [None req-85a4e552-eafc-4664-9e0c-927fcda39c0a admin admin] Calling method '>' {{(pid=103127) _process_stack /opt/stack/nova/nova/api/openstack/wsgi.py:513}}
Jan 19 08:58:47.692270 dv-neutron-821132-2-hyperv devstack@n-api.service[103127]: INFO nova.api.openstack.requestlog [None req-85a4e552-eafc-4664-9e0c-927fcda39c0a admin admin] 10.222.0.73 "GET /compute/v2.1" status: 200 len: 388 microversion: 2.1 time: 0.002043
Jan 19 08:58:47.692676 dv-neutron-821132-2-hyperv devstack@n-api.service[103127]: [pid: 103127|app: 0|req: 9/16] 10.222.0.73 () {54 vars in 930 bytes} [Wed Jan 19 08:58:47 2022] GET /compute/v2.1 => generated 388 bytes in 3 msecs (HTTP/1.1 200) 9 headers in 357 bytes (1 switches on core 0)
Jan 19 08:58:47.754063 dv-neutron-821132-2-hyperv devstack@n-api.service[103126]: DEBUG nova.api.openstack.wsgi [None req-c390461f-5ccf-4505-9f8e-a6980e19cca1 admin admin] Action: 'create', calling method: >, body: {"flavor": {"ram": 4096, "swap": 0, "rxtx_factor": 1.0, "os-flavor-access:is_public": true, "vcpus": 4, "OS-FLV-EXT-DATA:ephemeral": 0, "id": "d4", "name": "ds4G", "disk": 20}} {{(pid=103126) _process_stack /opt/stack/nova/nova/api/openstack/wsgi.py:511}}
Jan 19 08:58:47.815254 dv-neutron-821132-2-hyperv devstack@n-api.service[103126]: INFO nova.api.openstack.requestlog [None req-c390461f-5ccf-4505-9f8e-a6980e19cca1 admin admin] 10.222.0.73 "POST /compute/v2.1/flavors" status: 200 len: 404 microversion: 2.61 time: 0.115706
Jan 19 08:58:47.816150 dv-neutron-821132-2-hyperv devstack@n-api.service[103126]: [pid: 103126|app: 0|req: 8/17] 10.222.0.73 () {64 vars in 1282 bytes} [Wed Jan 19 08:58:47 2022] POST /compute/v2.1/flavors => generated 404 bytes in 117 msecs (HTTP/1.1 200) 9 headers in 359 bytes (1 switches on core 0)
Jan 19 08:58:47.829449 dv-neutron-821132-2-hyperv devstack@n-api.service[103127]: DEBUG nova.api.openstack.wsgi [None req-ebbf7465-7d9f-4279-a0ec-3ef8c26ad944 admin admin] Action: 'create', calling method: >, body: {"extra_specs": {"hw_rng:allowed": "True"}} {{(pid=103127) _process_stack /opt/stack/nova/nova/api/openstack/wsgi.py:511}}
Jan 19 08:58:47.911217 dv-neutron-821132-2-hyperv devstack@n-api.service[103127]: INFO nova.api.openstack.requestlog [None req-ebbf7465-7d9f-4279-a0ec-3ef8c26ad944 admin admin] 10.222.0.73 "POST /compute/v2.1/flavors/d4/os-extra_specs" status: 200 len: 43 microversion: 2.61 time: 0.085536
Jan 19 08:58:47.911811 dv-neutron-821132-2-hyperv devstack@n-api.service[103127]: [pid: 103127|app: 0|req: 10/18] 10.222.0.73 () {64 vars in 1335 bytes} [Wed Jan 19 08:58:47 2022] POST /compute/v2.1/flavors/d4/os-extra_specs => generated 43 bytes in 87 msecs (HTTP/1.1 200) 9 headers in 358 bytes (1 switches on core 0)
Jan 19 08:58:50.222411 dv-neutron-821132-2-hyperv devstack@n-api.service[103126]: DEBUG nova.api.openstack.wsgi [None req-c390461f-5ccf-4505-9f8e-a6980e19cca1 admin admin] Calling method '>' {{(pid=103126) _process_stack /opt/stack/nova/nova/api/openstack/wsgi.py:513}}
Jan 19 08:58:50.223422 dv-neutron-821132-2-hyperv devstack@n-api.service[103126]: INFO nova.api.openstack.requestlog [None req-c390461f-5ccf-4505-9f8e-a6980e19cca1 admin admin] 10.222.0.73 "GET /compute/v2.1" status: 200 len: 388 microversion: 2.1 time: 0.001992
Jan 19 08:58:50.235294 dv-neutron-821132-2-hyperv devstack@n-api.service[103126]: [pid: 103126|app: 0|req: 9/19] 10.222.0.73 () {54 vars in 930 bytes} [Wed Jan 19 08:58:50 2022] GET /compute/v2.1 => generated 388 bytes in 14 msecs (HTTP/1.1 200) 9 headers in 357 bytes (1 switches on core 0)
Jan 19 08:58:50.297476 dv-neutron-821132-2-hyperv devstack@n-api.service[103127]: DEBUG nova.api.openstack.wsgi [None req-3531251f-e9fb-4be6-9482-89cb59de1418 admin admin] Calling method '>' {{(pid=103127) _process_stack /opt/stack/nova/nova/api/openstack/wsgi.py:513}}
Jan 19 08:58:50.326400 dv-neutron-821132-2-hyperv devstack@n-api.service[103127]: INFO nova.api.openstack.requestlog [None req-3531251f-e9fb-4be6-9482-89cb59de1418 admin admin] 10.222.0.73 "GET /compute/v2.1/flavors/detail?is_public=True" status: 200 len: 2106 microversion: 2.61 time: 0.095452
Jan 19 08:58:50.341499 dv-neutron-821132-2-hyperv devstack@n-api.service[103127]: [pid: 103127|app: 0|req: 11/20] 10.222.0.73 () {60 vars in 1291 bytes} [Wed Jan 19 08:58:50 2022] GET /compute/v2.1/flavors/detail?is_public=True => generated 2106 bytes in 111 msecs (HTTP/1.1 200) 9 headers in 360 bytes (1 switches on core 0)
Jan 19 08:58:52.656680 dv-neutron-821132-2-hyperv devstack@n-api.service[103126]: DEBUG nova.api.openstack.wsgi [None req-c390461f-5ccf-4505-9f8e-a6980e19cca1 admin admin] Calling method '>' {{(pid=103126) _process_stack /opt/stack/nova/nova/api/openstack/wsgi.py:513}}
Jan 19 08:58:52.657682 dv-neutron-821132-2-hyperv devstack@n-api.service[103126]: INFO nova.api.openstack.requestlog [None req-c390461f-5ccf-4505-9f8e-a6980e19cca1 admin admin] 10.222.0.73 "GET /compute/v2.1" status: 200 len: 388 microversion: 2.1 time: 0.001447
Jan 19 08:58:52.658240 dv-neutron-821132-2-hyperv devstack@n-api.service[103126]: [pid: 103126|app: 0|req: 10/21] 10.222.0.73 () {54 vars in 930 bytes} [Wed Jan 19 08:58:52 2022] GET /compute/v2.1 => generated 388 bytes in 2 msecs (HTTP/1.1 200) 9 headers in 357 bytes (1 switches on core 0)
Jan 19 08:58:52.734075 dv-neutron-821132-2-hyperv devstack@n-api.service[103127]: DEBUG nova.api.openstack.wsgi [None req-8d51ae4e-2609-4a48-87fb-1230182a4b38 admin admin] Action: 'create', calling method: >, body: {"flavor": {"os-flavor-access:is_public": true, "disk": 1, "rxtx_factor": 1.0, "id": "1", "OS-FLV-EXT-DATA:ephemeral": 0, "ram": 512, "swap": 0, "vcpus": 1, "name": "m1.tiny"}} {{(pid=103127) _process_stack /opt/stack/nova/nova/api/openstack/wsgi.py:511}}
Jan 19 08:58:52.816832 dv-neutron-821132-2-hyperv devstack@n-api.service[103127]: INFO nova.api.openstack.requestlog [None req-8d51ae4e-2609-4a48-87fb-1230182a4b38 admin admin] 10.222.0.73 "POST /compute/v2.1/flavors" status: 200 len: 402 microversion: 2.61 time: 0.151799
Jan 19 08:58:52.818487 dv-neutron-821132-2-hyperv devstack@n-api.service[103127]: [pid: 103127|app: 0|req: 12/22] 10.222.0.73 () {64 vars in 1282 bytes} [Wed Jan 19 08:58:52 2022] POST /compute/v2.1/flavors => generated 402 bytes in 154 msecs (HTTP/1.1 200) 9 headers in 359 bytes (1 switches on core 0)
Jan 19 08:58:52.831128 dv-neutron-821132-2-hyperv devstack@n-api.service[103126]: DEBUG nova.api.openstack.wsgi [None req-052f6856-96ac-4e3f-b6d8-1050f5c3559b admin admin] Action: 'create', calling method: >, body: {"extra_specs": {"hw_rng:allowed": "True"}} {{(pid=103126) _process_stack /opt/stack/nova/nova/api/openstack/wsgi.py:511}}
Jan 19 08:58:52.917576 dv-neutron-821132-2-hyperv devstack@n-api.service[103126]: INFO nova.api.openstack.requestlog [None req-052f6856-96ac-4e3f-b6d8-1050f5c3559b admin admin] 10.222.0.73 "POST /compute/v2.1/flavors/1/os-extra_specs" status: 200 len: 43 microversion: 2.61 time: 0.091180
Jan 19 08:58:52.918395 dv-neutron-821132-2-hyperv devstack@n-api.service[103126]: [pid: 103126|app: 0|req: 11/23] 10.222.0.73 () {64 vars in 1332 bytes} [Wed Jan 19 08:58:52 2022] POST /compute/v2.1/flavors/1/os-extra_specs => generated 43 bytes in 93 msecs (HTTP/1.1 200) 9 headers in 358 bytes (2 switches on core 0)
Jan 19 08:58:55.242617 dv-neutron-821132-2-hyperv devstack@n-api.service[103127]: DEBUG nova.api.openstack.wsgi [None req-8d51ae4e-2609-4a48-87fb-1230182a4b38 admin admin] Calling method '>' {{(pid=103127) _process_stack /opt/stack/nova/nova/api/openstack/wsgi.py:513}}
Jan 19 08:58:55.244198 dv-neutron-821132-2-hyperv devstack@n-api.service[103127]: INFO nova.api.openstack.requestlog [None req-8d51ae4e-2609-4a48-87fb-1230182a4b38 admin admin] 10.222.0.73 "GET /compute/v2.1" status: 200 len: 388 microversion: 2.1 time: 0.002108
Jan 19 08:58:55.244852 dv-neutron-821132-2-hyperv devstack@n-api.service[103127]: [pid: 103127|app: 0|req: 13/24] 10.222.0.73 () {54 vars in 930 bytes} [Wed Jan 19 08:58:55 2022] GET /compute/v2.1 => generated 388 bytes in 4 msecs (HTTP/1.1 200) 9 headers in 357 bytes (1 switches on core 0)
Jan 19 08:58:55.307830 dv-neutron-821132-2-hyperv devstack@n-api.service[103126]: DEBUG nova.api.openstack.wsgi [None req-c21ff1bd-00e7-4585-8290-1f0d40e4bc55 admin admin] Action: 'create', calling method: >, body: {"flavor": {"rxtx_factor": 1.0, "OS-FLV-EXT-DATA:ephemeral": 0, "vcpus": 1, "swap": 0, "os-flavor-access:is_public": true, "id": "2", "name": "m1.small", "disk": 20, "ram": 2048}} {{(pid=103126) _process_stack /opt/stack/nova/nova/api/openstack/wsgi.py:511}}
Jan 19 08:58:55.372289 dv-neutron-821132-2-hyperv devstack@n-api.service[103126]: INFO nova.api.openstack.requestlog [None req-c21ff1bd-00e7-4585-8290-1f0d40e4bc55 admin admin] 10.222.0.73 "POST /compute/v2.1/flavors" status: 200 len: 405 microversion: 2.61 time: 0.120948
Jan 19 08:58:55.373114 dv-neutron-821132-2-hyperv devstack@n-api.service[103126]: [pid: 103126|app: 0|req: 12/25] 10.222.0.73 () {64 vars in 1282 bytes} [Wed Jan 19 08:58:55 2022] POST /compute/v2.1/flavors => generated 405 bytes in 123 msecs (HTTP/1.1 200) 9 headers in 359 bytes (1 switches on core 0)
Jan 19 08:58:55.386471 dv-neutron-821132-2-hyperv devstack@n-api.service[103127]: DEBUG nova.api.openstack.wsgi [None req-ace43d11-de46-4dcf-abc1-7259a64bd2f1 admin admin] Action: 'create', calling method: >, body: {"extra_specs": {"hw_rng:allowed": "True"}} {{(pid=103127) _process_stack /opt/stack/nova/nova/api/openstack/wsgi.py:511}}
Jan 19 08:58:55.464030 dv-neutron-821132-2-hyperv devstack@n-api.service[103127]: INFO nova.api.openstack.requestlog [None req-ace43d11-de46-4dcf-abc1-7259a64bd2f1 admin admin] 10.222.0.73 "POST /compute/v2.1/flavors/2/os-extra_specs" status: 200 len: 43 microversion: 2.61 time: 0.082448
Jan 19 08:58:55.476429 dv-neutron-821132-2-hyperv devstack@n-api.service[103127]: [pid: 103127|app: 0|req: 14/26] 10.222.0.73 () {64 vars in 1332 bytes} [Wed Jan 19 08:58:55 2022] POST /compute/v2.1/flavors/2/os-extra_specs => generated 43 bytes in 96 msecs (HTTP/1.1 200) 9 headers in 358 bytes (1 switches on core 0)
Jan 19 08:58:57.713149 dv-neutron-821132-2-hyperv devstack@n-api.service[103126]: DEBUG nova.api.openstack.wsgi [None req-c21ff1bd-00e7-4585-8290-1f0d40e4bc55 admin admin] Calling method '>' {{(pid=103126) _process_stack /opt/stack/nova/nova/api/openstack/wsgi.py:513}}
Jan 19 08:58:57.714520 dv-neutron-821132-2-hyperv devstack@n-api.service[103126]: INFO nova.api.openstack.requestlog [None req-c21ff1bd-00e7-4585-8290-1f0d40e4bc55 admin admin] 10.222.0.73 "GET /compute/v2.1" status: 200 len: 388 microversion: 2.1 time: 0.002048
Jan 19 08:58:57.715073 dv-neutron-821132-2-hyperv devstack@n-api.service[103126]: [pid: 103126|app: 0|req: 13/27] 10.222.0.73 () {54 vars in 930 bytes} [Wed Jan 19 08:58:57 2022] GET /compute/v2.1 => generated 388 bytes in 3 msecs (HTTP/1.1 200) 9 headers in 357 bytes (1 switches on core 0)
Jan 19 08:58:57.785313 dv-neutron-821132-2-hyperv devstack@n-api.service[103127]: DEBUG nova.api.openstack.wsgi [None req-a9500d67-16c9-4b06-93d9-9e5e9f22fbc2 admin admin] Action: 'create', calling method: >, body: {"flavor": {"os-flavor-access:is_public": true, "vcpus": 2, "OS-FLV-EXT-DATA:ephemeral": 0, "swap": 0, "ram": 4096, "rxtx_factor": 1.0, "disk": 40, "name": "m1.medium", "id": "3"}} {{(pid=103127) _process_stack /opt/stack/nova/nova/api/openstack/wsgi.py:511}}
Jan 19 08:58:57.867254 dv-neutron-821132-2-hyperv devstack@n-api.service[103127]: INFO nova.api.openstack.requestlog [None req-a9500d67-16c9-4b06-93d9-9e5e9f22fbc2 admin admin] 10.222.0.73 "POST /compute/v2.1/flavors" status: 200 len: 406 microversion: 2.61 time: 0.146287
Jan 19 08:58:57.871099 dv-neutron-821132-2-hyperv devstack@n-api.service[103127]: [pid: 103127|app: 0|req: 15/28] 10.222.0.73 () {64 vars in 1282 bytes} [Wed Jan 19 08:58:57 2022] POST /compute/v2.1/flavors => generated 406 bytes in 151 msecs (HTTP/1.1 200) 9 headers in 359 bytes (1 switches on core 0)
Jan 19 08:58:57.887651 dv-neutron-821132-2-hyperv devstack@n-api.service[103126]: DEBUG nova.api.openstack.wsgi [None req-58160264-f452-4097-8ac9-280408571109 admin admin] Action: 'create', calling method: >, body: {"extra_specs": {"hw_rng:allowed": "True"}} {{(pid=103126) _process_stack /opt/stack/nova/nova/api/openstack/wsgi.py:511}}
Jan 19 08:58:57.991566 dv-neutron-821132-2-hyperv devstack@n-api.service[103126]: INFO nova.api.openstack.requestlog [None req-58160264-f452-4097-8ac9-280408571109 admin admin] 10.222.0.73 "POST /compute/v2.1/flavors/3/os-extra_specs" status: 200 len: 43 microversion: 2.61 time: 0.109184
Jan 19 08:58:57.996276 dv-neutron-821132-2-hyperv devstack@n-api.service[103126]: [pid: 103126|app: 0|req: 14/29] 10.222.0.73 () {64 vars in 1332 bytes} [Wed Jan 19 08:58:57 2022] POST /compute/v2.1/flavors/3/os-extra_specs => generated 43 bytes in 115 msecs (HTTP/1.1 200) 9 headers in 358 bytes (1 switches on core 0)
Jan 19 08:59:00.280910 dv-neutron-821132-2-hyperv devstack@n-api.service[103127]: DEBUG nova.api.openstack.wsgi [None req-a9500d67-16c9-4b06-93d9-9e5e9f22fbc2 admin admin] Calling method '>' {{(pid=103127) _process_stack /opt/stack/nova/nova/api/openstack/wsgi.py:513}}
Jan 19 08:59:00.282397 dv-neutron-821132-2-hyperv devstack@n-api.service[103127]: INFO nova.api.openstack.requestlog [None req-a9500d67-16c9-4b06-93d9-9e5e9f22fbc2 admin admin] 10.222.0.73 "GET /compute/v2.1" status: 200 len: 388 microversion: 2.1 time: 0.002073
Jan 19 08:59:00.282875 dv-neutron-821132-2-hyperv devstack@n-api.service[103127]: [pid: 103127|app: 0|req: 16/30] 10.222.0.73 () {54 vars in 930 bytes} [Wed Jan 19 08:59:00 2022] GET /compute/v2.1 => generated 388 bytes in 3 msecs (HTTP/1.1 200) 9 headers in 357 bytes (1 switches on core 0)
Jan 19 08:59:00.354523 dv-neutron-821132-2-hyperv devstack@n-api.service[103126]: DEBUG nova.api.openstack.wsgi [None req-a788b968-b15b-43f1-ba33-e111fd9382d4 admin admin] Action: 'create', calling method: >, body: {"flavor": {"vcpus": 4, "id": "4", "name": "m1.large", "disk": 80, "rxtx_factor": 1.0, "os-flavor-access:is_public": true, "swap": 0, "ram": 8192, "OS-FLV-EXT-DATA:ephemeral": 0}} {{(pid=103126) _process_stack /opt/stack/nova/nova/api/openstack/wsgi.py:511}}
Jan 19 08:59:00.569531 dv-neutron-821132-2-hyperv devstack@n-api.service[103126]: INFO nova.api.openstack.requestlog [None req-a788b968-b15b-43f1-ba33-e111fd9382d4 admin admin] 10.222.0.73 "POST /compute/v2.1/flavors" status: 200 len: 405 microversion: 2.61 time: 0.280426
Jan 19 08:59:00.570001 dv-neutron-821132-2-hyperv devstack@n-api.service[103126]: [pid: 103126|app: 0|req: 15/31] 10.222.0.73 () {64 vars in 1282 bytes} [Wed Jan 19 08:59:00 2022] POST /compute/v2.1/flavors => generated 405 bytes in 282 msecs (HTTP/1.1 200) 9 headers in 359 bytes (2 switches on core 0)
Jan 19 08:59:00.582943 dv-neutron-821132-2-hyperv devstack@n-api.service[103127]: DEBUG nova.api.openstack.wsgi [None req-1713dedf-3077-4191-bc42-34a303f925ae admin admin] Action: 'create', calling method: >, body: {"extra_specs": {"hw_rng:allowed": "True"}} {{(pid=103127) _process_stack /opt/stack/nova/nova/api/openstack/wsgi.py:511}}
Jan 19 08:59:00.675708 dv-neutron-821132-2-hyperv devstack@n-api.service[103127]: INFO nova.api.openstack.requestlog [None req-1713dedf-3077-4191-bc42-34a303f925ae admin admin] 10.222.0.73 "POST /compute/v2.1/flavors/4/os-extra_specs" status: 200 len: 43 microversion: 2.61 time: 0.097615
Jan 19 08:59:00.676670 dv-neutron-821132-2-hyperv devstack@n-api.service[103127]: [pid: 103127|app: 0|req: 17/32] 10.222.0.73 () {64 vars in 1332 bytes} [Wed Jan 19 08:59:00 2022] POST /compute/v2.1/flavors/4/os-extra_specs => generated 43 bytes in 99 msecs (HTTP/1.1 200) 9 headers in 358 bytes (2 switches on core 0)
Jan 19 08:59:02.883374 dv-neutron-821132-2-hyperv devstack@n-api.service[103126]: DEBUG nova.api.openstack.wsgi [None req-a788b968-b15b-43f1-ba33-e111fd9382d4 admin admin] Calling method '>' {{(pid=103126) _process_stack /opt/stack/nova/nova/api/openstack/wsgi.py:513}}
Jan 19 08:59:02.884514 dv-neutron-821132-2-hyperv devstack@n-api.service[103126]: INFO nova.api.openstack.requestlog [None req-a788b968-b15b-43f1-ba33-e111fd9382d4 admin admin] 10.222.0.73 "GET /compute/v2.1" status: 200 len: 388 microversion: 2.1 time: 0.001520
Jan 19 08:59:02.885030 dv-neutron-821132-2-hyperv devstack@n-api.service[103126]: [pid: 103126|app: 0|req: 16/33] 10.222.0.73 () {54 vars in 930 bytes} [Wed Jan 19 08:59:02 2022] GET /compute/v2.1 => generated 388 bytes in 3 msecs (HTTP/1.1 200) 9 headers in 357 bytes (1 switches on core 0)
Jan 19 08:59:02.940360 dv-neutron-821132-2-hyperv devstack@n-api.service[103127]: DEBUG nova.api.openstack.wsgi [None req-253381f1-0879-4a52-91a0-9dbbf1604c06 admin admin] Action: 'create', calling method: >, body: {"flavor": {"swap": 0, "rxtx_factor": 1.0, "vcpus": 8, "os-flavor-access:is_public": true, "id": "5", "name": "m1.xlarge", "OS-FLV-EXT-DATA:ephemeral": 0, "disk": 160, "ram": 16384}} {{(pid=103127) _process_stack /opt/stack/nova/nova/api/openstack/wsgi.py:511}}
Jan 19 08:59:02.997456 dv-neutron-821132-2-hyperv devstack@n-api.service[103127]: INFO nova.api.openstack.requestlog [None req-253381f1-0879-4a52-91a0-9dbbf1604c06 admin admin] 10.222.0.73 "POST /compute/v2.1/flavors" status: 200 len: 408 microversion: 2.61 time: 0.106295
Jan 19 08:59:02.998021 dv-neutron-821132-2-hyperv devstack@n-api.service[103127]: [pid: 103127|app: 0|req: 18/34] 10.222.0.73 () {64 vars in 1282 bytes} [Wed Jan 19 08:59:02 2022] POST /compute/v2.1/flavors => generated 408 bytes in 107 msecs (HTTP/1.1 200) 9 headers in 359 bytes (1 switches on core 0)
Jan 19 08:59:03.009664 dv-neutron-821132-2-hyperv devstack@n-api.service[103126]: DEBUG nova.api.openstack.wsgi [None req-eae4af11-577c-410e-a46c-f38d953d694a admin admin] Action: 'create', calling method: >, body: {"extra_specs": {"hw_rng:allowed": "True"}} {{(pid=103126) _process_stack /opt/stack/nova/nova/api/openstack/wsgi.py:511}}
Jan 19 08:59:03.127368 dv-neutron-821132-2-hyperv devstack@n-api.service[103126]: INFO nova.api.openstack.requestlog [None req-eae4af11-577c-410e-a46c-f38d953d694a admin admin] 10.222.0.73 "POST /compute/v2.1/flavors/5/os-extra_specs" status: 200 len: 43 microversion: 2.61 time: 0.121182
Jan 19 08:59:03.127941 dv-neutron-821132-2-hyperv devstack@n-api.service[103126]: [pid: 103126|app: 0|req: 17/35] 10.222.0.73 () {64 vars in 1332 bytes} [Wed Jan 19 08:59:03 2022] POST /compute/v2.1/flavors/5/os-extra_specs => generated 43 bytes in 122 msecs (HTTP/1.1 200) 9 headers in 358 bytes (1 switches on core 0)
Jan 19 08:59:30.871052 dv-neutron-821132-2-hyperv devstack@n-api.service[103127]: DEBUG nova.api.openstack.wsgi [None req-253381f1-0879-4a52-91a0-9dbbf1604c06 admin admin] Calling method '>' {{(pid=103127) _process_stack /opt/stack/nova/nova/api/openstack/wsgi.py:513}}
Jan 19 08:59:30.872109 dv-neutron-821132-2-hyperv devstack@n-api.service[103127]: INFO nova.api.openstack.requestlog [None req-253381f1-0879-4a52-91a0-9dbbf1604c06 admin admin] 10.222.0.73 "GET /compute/v2.1" status: 200 len: 388 microversion: 2.1 time: 0.001477
Jan 19 08:59:30.872598 dv-neutron-821132-2-hyperv devstack@n-api.service[103127]: [pid: 103127|app: 0|req: 19/36] 10.222.0.73 () {54 vars in 930 bytes} [Wed Jan 19 08:59:30 2022] GET /compute/v2.1 => generated 388 bytes in 2 msecs (HTTP/1.1 200) 9 headers in 357 bytes (1 switches on core 0)
Jan 19 08:59:30.928495 dv-neutron-821132-2-hyperv devstack@n-api.service[103126]: DEBUG nova.api.openstack.wsgi [None req-8b2e6d54-404c-47a3-bb65-a292ec2eeca7 admin admin] Calling method '>' {{(pid=103126) _process_stack /opt/stack/nova/nova/api/openstack/wsgi.py:513}}
Jan 19 08:59:30.945118 dv-neutron-821132-2-hyperv devstack@n-api.service[103126]: INFO nova.api.openstack.requestlog [None req-8b2e6d54-404c-47a3-bb65-a292ec2eeca7 admin admin] 10.222.0.73 "GET /compute/v2.1/flavors/detail?is_public=True" status: 200 len: 4202 microversion: 2.61 time: 0.066743
Jan 19 08:59:30.945645 dv-neutron-821132-2-hyperv devstack@n-api.service[103126]: [pid: 103126|app: 0|req: 18/37] 10.222.0.73 () {60 vars in 1291 bytes} [Wed Jan 19 08:59:30 2022] GET /compute/v2.1/flavors/detail?is_public=True => generated 4202 bytes in 68 msecs (HTTP/1.1 200) 9 headers in 360 bytes (1 switches on core 0)
Jan 19 08:59:32.291722 dv-neutron-821132-2-hyperv devstack@n-api.service[103127]: DEBUG nova.api.openstack.wsgi [None req-253381f1-0879-4a52-91a0-9dbbf1604c06 admin admin] Calling method '>' {{(pid=103127) _process_stack /opt/stack/nova/nova/api/openstack/wsgi.py:513}}
Jan 19 08:59:32.292834 dv-neutron-821132-2-hyperv devstack@n-api.service[103127]: INFO nova.api.openstack.requestlog [None req-253381f1-0879-4a52-91a0-9dbbf1604c06 admin admin] 10.222.0.73 "GET /compute/v2.1" status: 200 len: 388 microversion: 2.1 time: 0.001782
Jan 19 08:59:32.293230 dv-neutron-821132-2-hyperv devstack@n-api.service[103127]: [pid: 103127|app: 0|req: 20/38] 10.222.0.73 () {56 vars in 1074 bytes} [Wed Jan 19 08:59:32 2022] GET /compute/v2.1 => generated 388 bytes in 3 msecs (HTTP/1.1 200) 9 headers in 357 bytes (1 switches on core 0)
Jan 19 08:59:32.493488 dv-neutron-821132-2-hyperv devstack@n-api.service[103126]: DEBUG nova.api.openstack.wsgi [None req-69766a81-1d1d-4d07-a763-bae61b5bccd4 admin admin] Calling method '>' {{(pid=103126) _process_stack /opt/stack/nova/nova/api/openstack/wsgi.py:513}}
Jan 19 08:59:32.498869 dv-neutron-821132-2-hyperv devstack@n-api.service[103126]: INFO nova.api.openstack.wsgi [None req-69766a81-1d1d-4d07-a763-bae61b5bccd4 admin admin] HTTP exception thrown: Flavor 42 could not be found.
Jan 19 08:59:32.500166 dv-neutron-821132-2-hyperv devstack@n-api.service[103126]: DEBUG nova.api.openstack.wsgi [None req-69766a81-1d1d-4d07-a763-bae61b5bccd4 admin admin] Returning 404 to user: Flavor 42 could not be found. {{(pid=103126) __call__ /opt/stack/nova/nova/api/openstack/wsgi.py:936}}
Jan 19 08:59:32.501069 dv-neutron-821132-2-hyperv devstack@n-api.service[103126]: INFO nova.api.openstack.requestlog [None req-69766a81-1d1d-4d07-a763-bae61b5bccd4 admin admin] 10.222.0.73 "GET /compute/v2.1/flavors/42" status: 404 len: 75 microversion: 2.90 time: 0.059044
Jan 19 08:59:32.501594 dv-neutron-821132-2-hyperv devstack@n-api.service[103126]: [pid: 103126|app: 0|req: 19/39] 10.222.0.73 () {60 vars in 1190 bytes} [Wed Jan 19 08:59:32 2022] GET /compute/v2.1/flavors/42 => generated 75 bytes in 60 msecs (HTTP/1.1 404) 9 headers in 380 bytes (1 switches on core 0)
Jan 19 08:59:32.510786 dv-neutron-821132-2-hyperv devstack@n-api.service[103127]: DEBUG nova.api.openstack.wsgi [None req-d550796a-3d34-4550-914f-7c6d879b3ef3 admin admin] Calling method '>' {{(pid=103127) _process_stack /opt/stack/nova/nova/api/openstack/wsgi.py:513}}
Jan 19 08:59:32.531242 dv-neutron-821132-2-hyperv devstack@n-api.service[103127]: INFO nova.api.openstack.requestlog [None req-d550796a-3d34-4550-914f-7c6d879b3ef3 admin admin] 10.222.0.73 "GET /compute/v2.1/flavors?is_public=None" status: 200 len: 2056 microversion: 2.90 time: 0.023956
Jan 19 08:59:32.531797 dv-neutron-821132-2-hyperv devstack@n-api.service[103127]: [pid: 103127|app: 0|req: 21/40] 10.222.0.73 () {60 vars in 1210 bytes} [Wed Jan 19 08:59:32 2022] GET /compute/v2.1/flavors?is_public=None => generated 2056 bytes in 25 msecs (HTTP/1.1 200) 9 headers in 360 bytes (1 switches on core 0)
Jan 19 08:59:32.542724 dv-neutron-821132-2-hyperv devstack@n-api.service[103126]: DEBUG nova.api.openstack.wsgi [None req-4ec0e00b-67b0-4416-8f41-a48b87ce23f2 admin admin] Calling method '>' {{(pid=103126) _process_stack /opt/stack/nova/nova/api/openstack/wsgi.py:513}}
