Dec 09 10:47:00.970576 dv-neutron-820911-3-hyperv neutron-server[110270]: DEBUG neutron.db.provisioning_blocks [None req-45ab983c-f9df-4ce9-ae26-d9b2852c56c5 None None] Provisioning complete for port 0586a07d-203c-49f7-a216-d5db68c2d0ba triggered by entity DHCP. {{(pid=110270) provisioning_complete /opt/stack/neutron/neutron/db/provisioning_blocks.py:139}}
Dec 09 10:47:00.970947 dv-neutron-820911-3-hyperv neutron-server[110270]: DEBUG neutron_lib.callbacks.manager [None req-45ab983c-f9df-4ce9-ae26-d9b2852c56c5 None None] Publish callbacks ['neutron.plugins.ml2.plugin.Ml2Plugin._port_provisioned-1992275'] for port, provisioning_complete {{(pid=110270) _notify_loop /usr/local/lib/python3.8/dist-packages/neutron_lib/callbacks/manager.py:175}}
Dec 09 10:47:00.977367 dv-neutron-820911-3-hyperv neutron-server[110269]: INFO neutron.pecan_wsgi.hooks.translation [None req-0f5ef5ed-ef81-4c31-a84d-00a39d58ff44 tempest-PortsAdminExtendedAttrsTestJSON-790605185 tempest-PortsAdminExtendedAttrsTestJSON-790605185-project-admin] GET failed (client error): The resource could not be found.
Dec 09 10:47:00.982113 dv-neutron-820911-3-hyperv neutron-server[110268]: DEBUG neutron_lib.callbacks.manager [None req-8586ae8d-b051-4ba8-b455-e1eabfdd2fe5 tempest-ServerActionsTestJSON-1048634981 tempest-ServerActionsTestJSON-1048634981-project] Publish callbacks [] for security_group, before_response {{(pid=110268) _notify_loop /usr/local/lib/python3.8/dist-packages/neutron_lib/callbacks/manager.py:175}}
Dec 09 10:47:00.983735 dv-neutron-820911-3-hyperv neutron-server[110268]: INFO neutron.wsgi [None req-8586ae8d-b051-4ba8-b455-e1eabfdd2fe5 tempest-ServerActionsTestJSON-1048634981 tempest-ServerActionsTestJSON-1048634981-project] 10.222.0.81 "POST /v2.0/security-groups HTTP/1.1" status: 201 len: 1797 time: 1.3862863
Dec 09 10:47:00.984046 dv-neutron-820911-3-hyperv neutron-server[110269]: INFO neutron.wsgi [None req-0f5ef5ed-ef81-4c31-a84d-00a39d58ff44 tempest-PortsAdminExtendedAttrsTestJSON-790605185 tempest-PortsAdminExtendedAttrsTestJSON-790605185-project-admin] 10.222.0.81 "GET /v2.0/ports/3bdc480a-97c9-40b0-990f-54e13787e8d4 HTTP/1.1" status: 404 len: 333 time: 0.0635796
Dec 09 10:47:00.987835 dv-neutron-820911-3-hyperv neutron-server[110268]: DEBUG neutron.wsgi [-] (110268) accepted ('10.222.0.81', 52370) {{(pid=110268) server /usr/local/lib/python3.8/dist-packages/eventlet/wsgi.py:1004}}
Dec 09 10:47:00.988168 dv-neutron-820911-3-hyperv neutron-server[110268]: DEBUG neutron.wsgi [-] (110268) accepted ('10.222.0.81', 52372) {{(pid=110268) server /usr/local/lib/python3.8/dist-packages/eventlet/wsgi.py:1004}}
Dec 09 10:47:00.990771 dv-neutron-820911-3-hyperv neutron-server[110268]: DEBUG neutron_lib.callbacks.manager [None req-26182777-b288-421b-8a28-cc9951e82515 tempest-ExternalNetworksTestJSON-726888483 tempest-ExternalNetworksTestJSON-726888483-project-admin] Publish callbacks ['neutron.services.l3_router.l3_router_plugin.DVRResourceOperationHandler._create_dvr_floating_gw_port-526161'] for floatingip, after_create {{(pid=110268) _notify_loop /usr/local/lib/python3.8/dist-packages/neutron_lib/callbacks/manager.py:175}}
Dec 09 10:47:00.998314 dv-neutron-820911-3-hyperv neutron-server[110268]: DEBUG neutron.api.v2.base [None req-f7963026-eb8d-4559-b419-1a7bc9390876 tempest-ServerActionsTestJSON-1048634981 tempest-ServerActionsTestJSON-1048634981-project] Request body: {'security_group_rule': {'security_group_id': 'd3f35c10-2a62-46c2-a64c-bcd6cde15b70', 'protocol': 'tcp', 'ethertype': 'IPv4', 'port_range_min': 22, 'port_range_max': 22, 'direction': 'ingress'}} {{(pid=110268) prepare_request_body /opt/stack/neutron/neutron/api/v2/base.py:729}}
Dec 09 10:47:01.006742 dv-neutron-820911-3-hyperv neutron-server[110268]: DEBUG neutron.api.v2.base [None req-de3caec6-f71a-48a0-93a9-e44af9f9556e tempest-PortsAdminExtendedAttrsTestJSON-790605185 tempest-PortsAdminExtendedAttrsTestJSON-790605185-project-admin] Request body: {'port': {'name': 'tempest-PortsAdminExtendedAttrsTestJSON-4769882', 'network_id': '67f216f8-0e93-4567-aab5-66ef1bdcbc56'}} {{(pid=110268) prepare_request_body /opt/stack/neutron/neutron/api/v2/base.py:729}}
Dec 09 10:47:01.015644 dv-neutron-820911-3-hyperv neutron-server[110270]: DEBUG neutron.plugins.ml2.plugin [None req-45ab983c-f9df-4ce9-ae26-d9b2852c56c5 None None] Port 0586a07d-203c-49f7-a216-d5db68c2d0ba cannot update to ACTIVE because it is not bound. {{(pid=110270) _port_provisioned /opt/stack/neutron/neutron/plugins/ml2/plugin.py:342}}
Dec 09 10:47:01.046092 dv-neutron-820911-3-hyperv neutron-server[110269]: DEBUG neutron_lib.callbacks.manager [None req-b11cbea4-297d-4aac-81f3-8970da255271 tempest-RoutersAdminTest-91825771 tempest-RoutersAdminTest-91825771-project-admin] Publish callbacks [] for subnet, precommit_delete_associations {{(pid=110269) _notify_loop /usr/local/lib/python3.8/dist-packages/neutron_lib/callbacks/manager.py:175}}
Dec 09 10:47:01.055004 dv-neutron-820911-3-hyperv neutron-server[110270]: DEBUG neutron_lib.callbacks.manager [None req-e36c69d1-ea90-4cae-a55d-43b0a772921d None None] Publish callbacks ['neutron.plugins.ml2.plugin.SecurityGroupServerNotifierRpcMixin._notify_sg_on_port_change-1591373', 'neutron.plugins.ml2.ovo_rpc._ObjectChangeHandler.handle_event-28521', 'neutron.api.rpc.agentnotifiers.dhcp_rpc_agent_api.DhcpAgentNotifyAPI._native_event_send_dhcp_notification-559121', 'neutron.db.l3_db.L3RpcNotifierMixin._notify_gateway_port_ip_changed-8764387061809', 'neutron.db.l3_dvrscheduler_db._notify_l3_agent_port_update-8764386512662', 'neutron.db.l3_hascheduler_db._notify_l3_agent_ha_port_update-8764386512680'] for port, after_update {{(pid=110270) _notify_loop /usr/local/lib/python3.8/dist-packages/neutron_lib/callbacks/manager.py:175}}
Dec 09 10:47:01.062317 dv-neutron-820911-3-hyperv neutron-server[110269]: DEBUG neutron_lib.callbacks.manager [None req-b11cbea4-297d-4aac-81f3-8970da255271 tempest-RoutersAdminTest-91825771 tempest-RoutersAdminTest-91825771-project-admin] Publish callbacks ['neutron.plugins.ml2.plugin.Ml2Plugin._subnet_delete_precommit_handler-1973069'] for subnet, precommit_delete {{(pid=110269) _notify_loop /usr/local/lib/python3.8/dist-packages/neutron_lib/callbacks/manager.py:175}}
Dec 09 10:47:01.134698 dv-neutron-820911-3-hyperv neutron-server[110270]: DEBUG neutron.api.rpc.handlers.resources_rpc [None req-b83d2950-5885-492f-bd07-0f14cbac9c77 None None] Pushing event updated for resources: {'Port': ['ID=0586a07d-203c-49f7-a216-d5db68c2d0ba,revision_number=4']} {{(pid=110270) push /opt/stack/neutron/neutron/api/rpc/handlers/resources_rpc.py:237}}
Dec 09 10:47:01.138885 dv-neutron-820911-3-hyperv neutron-server[110270]: DEBUG neutron.db.l3_dvrscheduler_db [None req-e36c69d1-ea90-4cae-a55d-43b0a772921d None None] Routers {'32e148af-ba00-40d9-9253-d4c78f0af1c0'} bound to L3 agent in host dv-neutron-820911-3-hyperv {{(pid=110270) _get_router_ids_for_agent /opt/stack/neutron/neutron/db/l3_dvrscheduler_db.py:420}}
Dec 09 10:47:01.139726 dv-neutron-820911-3-hyperv neutron-server[110270]: DEBUG neutron.db.l3_hamode_db [None req-e36c69d1-ea90-4cae-a55d-43b0a772921d None None] neutron.services.l3_router.l3_router_plugin.L3RouterPlugin method get_ha_sync_data_for_host called with arguments (, 'dv-neutron-820911-3-hyperv', Agent(admin_state_up=True,agent_type='L3 agent',availability_zone='nova',binary='neutron-l3-agent',configurations={"agent_mode": "legacy", "ex_gw_ports": 1, "extensions": [], "floating_ips": 0, "handle_internal_only_routers": true, "interface_driver": "openvswitch", "interfaces": 1, "log_agent_heartbeats": false, "routers": 1},created_at=2021-12-09T10:38:44Z,description=,heartbeat_timestamp=2021-12-09T10:46:44Z,host='dv-neutron-820911-3-hyperv',id=0ba55f86-8841-44a9-9bf9-26bf6679c96b,load=0,resource_versions=,resources_synced=,started_at=2021-12-09T10:38:44Z,topic='l3_agent')) {'router_ids': ['32e148af-ba00-40d9-9253-d4c78f0af1c0'], 'active': True} {{(pid=110270) wrapper /usr/local/lib/python3.8/dist-packages/oslo_log/helpers.py:65}}
Dec 09 10:47:01.140942 dv-neutron-820911-3-hyperv neutron-server[110268]: DEBUG neutron.db.db_base_plugin_common [None req-1fce224e-bd8c-450f-a849-437d258a1dc1 tempest-RoutersAdminNegativeTest-847257161 tempest-RoutersAdminNegativeTest-847257161-project-admin] Allocated IP 172.26.3.64 (618a3198-6e1c-48fc-8d7f-4a6a4a4a0df8/21db15a9-4b12-42c1-b6d7-9db1d45cc726/6797b9f3-a46d-49e0-9c9d-debfa73e8701) {{(pid=110268) _store_ip_allocation /opt/stack/neutron/neutron/db/db_base_plugin_common.py:131}}
Dec 09 10:47:01.158206 dv-neutron-820911-3-hyperv neutron-server[110269]: INFO neutron.wsgi [None req-db746e54-2695-4c93-ab21-f250d7350dd9 tempest-DHCPAgentSchedulersTestJSON-1262180042 tempest-DHCPAgentSchedulersTestJSON-1262180042-project-admin] 10.222.0.81 "GET /v2.0/agents/2e21d890-83b5-4265-8974-de57e75c9b9e/dhcp-networks HTTP/1.1" status: 200 len: 8024 time: 0.2459245
Dec 09 10:47:01.162489 dv-neutron-820911-3-hyperv neutron-server[110268]: DEBUG neutron.wsgi [-] (110268) accepted ('10.222.0.81', 52374) {{(pid=110268) server /usr/local/lib/python3.8/dist-packages/eventlet/wsgi.py:1004}}
Dec 09 10:47:01.264596 dv-neutron-820911-3-hyperv neutron-server[110270]: DEBUG neutron.db.l3_dvr_db [None req-e36c69d1-ea90-4cae-a55d-43b0a772921d None None] Set router 32e148af-ba00-40d9-9253-d4c78f0af1c0 gateway port host: dv-neutron-820911-3-hyperv {{(pid=110270) _build_routers_list /opt/stack/neutron/neutron/db/l3_dvr_db.py:906}}
Dec 09 10:47:01.271136 dv-neutron-820911-3-hyperv neutron-server[110268]: DEBUG neutron.pecan_wsgi.hooks.quota_enforcement [None req-de3caec6-f71a-48a0-93a9-e44af9f9556e tempest-PortsAdminExtendedAttrsTestJSON-790605185 tempest-PortsAdminExtendedAttrsTestJSON-790605185-project-admin] Made reservation on behalf of a53e94b1d02d48e89df863e7799397f6 for: {'port': 1} {{(pid=110268) before /opt/stack/neutron/neutron/pecan_wsgi/hooks/quota_enforcement.py:53}}
Dec 09 10:47:01.273477 dv-neutron-820911-3-hyperv neutron-server[110268]: DEBUG neutron_lib.callbacks.manager [None req-de3caec6-f71a-48a0-93a9-e44af9f9556e tempest-PortsAdminExtendedAttrsTestJSON-790605185 tempest-PortsAdminExtendedAttrsTestJSON-790605185-project-admin] Publish callbacks ['neutron.plugins.ml2.plugin.SecurityGroupDbMixin._ensure_default_security_group_handler-1591310'] for port, before_create {{(pid=110268) _notify_loop /usr/local/lib/python3.8/dist-packages/neutron_lib/callbacks/manager.py:175}}
Dec 09 10:47:01.276291 dv-neutron-820911-3-hyperv neutron-server[110269]: DEBUG neutron_lib.callbacks.manager [None req-b11cbea4-297d-4aac-81f3-8970da255271 tempest-RoutersAdminTest-91825771 tempest-RoutersAdminTest-91825771-project-admin] Publish callbacks ['neutron.plugins.ml2.plugin.Ml2Plugin._subnet_delete_after_delete_handler-1973174', 'neutron.plugins.ml2.ovo_rpc._ObjectChangeHandler.handle_event-639648', 'neutron.api.rpc.agentnotifiers.dhcp_rpc_agent_api.DhcpAgentNotifyAPI._native_event_send_dhcp_notification-559121'] for subnet, after_delete {{(pid=110269) _notify_loop /usr/local/lib/python3.8/dist-packages/neutron_lib/callbacks/manager.py:175}}
Dec 09 10:47:01.311195 dv-neutron-820911-3-hyperv neutron-server[110269]: DEBUG neutron.api.rpc.handlers.resources_rpc [None req-b11cbea4-297d-4aac-81f3-8970da255271 tempest-RoutersAdminTest-91825771 tempest-RoutersAdminTest-91825771-project-admin] Pushing event deleted for resources: {'Subnet': ['ID=aacfcd26-98d0-4949-a548-c785589c7d8d,revision_number=None']} {{(pid=110269) push /opt/stack/neutron/neutron/api/rpc/handlers/resources_rpc.py:237}}
Dec 09 10:47:01.328868 dv-neutron-820911-3-hyperv neutron-server[110269]: DEBUG neutron_lib.callbacks.manager [None req-b11cbea4-297d-4aac-81f3-8970da255271 tempest-RoutersAdminTest-91825771 tempest-RoutersAdminTest-91825771-project-admin] Publish callbacks ['neutron.api.rpc.agentnotifiers.dhcp_rpc_agent_api.DhcpAgentNotifyAPI._send_dhcp_notification-559231'] for subnet, before_response {{(pid=110269) _notify_loop /usr/local/lib/python3.8/dist-packages/neutron_lib/callbacks/manager.py:175}}
Dec 09 10:47:01.334465 dv-neutron-820911-3-hyperv neutron-server[110269]: INFO neutron.wsgi [None req-b11cbea4-297d-4aac-81f3-8970da255271 tempest-RoutersAdminTest-91825771 tempest-RoutersAdminTest-91825771-project-admin] 10.222.0.81 "DELETE /v2.0/subnets/aacfcd26-98d0-4949-a548-c785589c7d8d HTTP/1.1" status: 204 len: 168 time: 0.5756576
Dec 09 10:47:01.337034 dv-neutron-820911-3-hyperv neutron-server[110269]: DEBUG neutron.wsgi [-] (110269) accepted ('10.222.0.81', 52376) {{(pid=110269) server /usr/local/lib/python3.8/dist-packages/eventlet/wsgi.py:1004}}
Dec 09 10:47:01.338530 dv-neutron-820911-3-hyperv neutron-server[110268]: DEBUG neutron.scheduler.dhcp_agent_scheduler [None req-a86994fb-a262-4d0f-889f-c428e7297d09 admin admin] Network 395afed7-4f7b-43d4-a7a1-2434d00c7033 is already hosted by enough agents. {{(pid=110268) _get_dhcp_agents_hosting_network /opt/stack/neutron/neutron/scheduler/dhcp_agent_scheduler.py:275}}
Dec 09 10:47:01.356129 dv-neutron-820911-3-hyperv neutron-server[110268]: DEBUG neutron.scheduler.base_scheduler [None req-a86994fb-a262-4d0f-889f-c428e7297d09 admin admin] Resources bound (agent type, host, resource id): {{(pid=110268) schedule /opt/stack/neutron/neutron/scheduler/base_scheduler.py:57}}
Dec 09 10:47:01.433466 dv-neutron-820911-3-hyperv neutron-server[110269]: DEBUG neutron_lib.callbacks.manager [None req-ad9d965b-a6b0-4b2e-bcd9-42c1b64995a0 tempest-RoutersAdminTest-91825771 tempest-RoutersAdminTest-91825771-project-admin] Publish callbacks ['neutron.plugins.ml2.plugin.External_net_db_mixin._before_network_delete_handler-1645852'] for network, before_delete {{(pid=110269) _notify_loop /usr/local/lib/python3.8/dist-packages/neutron_lib/callbacks/manager.py:175}}
Dec 09 10:47:01.527248 dv-neutron-820911-3-hyperv neutron-server[110270]: DEBUG neutron.db.provisioning_blocks [None req-52160697-4189-409d-84b8-2804346d6660 None None] Provisioning complete for port 0586a07d-203c-49f7-a216-d5db68c2d0ba triggered by entity DHCP. {{(pid=110270) provisioning_complete /opt/stack/neutron/neutron/db/provisioning_blocks.py:139}}
Dec 09 10:47:01.527780 dv-neutron-820911-3-hyperv neutron-server[110270]: DEBUG neutron_lib.callbacks.manager [None req-52160697-4189-409d-84b8-2804346d6660 None None] Publish callbacks ['neutron.plugins.ml2.plugin.Ml2Plugin._port_provisioned-1992275'] for port, provisioning_complete {{(pid=110270) _notify_loop /usr/local/lib/python3.8/dist-packages/neutron_lib/callbacks/manager.py:175}}
Dec 09 10:47:01.550522 dv-neutron-820911-3-hyperv neutron-server[110269]: DEBUG neutron_lib.callbacks.manager [None req-ad9d965b-a6b0-4b2e-bcd9-42c1b64995a0 tempest-RoutersAdminTest-91825771 tempest-RoutersAdminTest-91825771-project-admin] Publish callbacks ['neutron.plugins.ml2.plugin.Ml2Plugin._network_delete_precommit_handler-1993178', 'neutron.services.segments.db._delete_segments_for_network-8764387029194'] for network, precommit_delete {{(pid=110269) _notify_loop /usr/local/lib/python3.8/dist-packages/neutron_lib/callbacks/manager.py:175}}
Dec 09 10:47:01.552753 dv-neutron-820911-3-hyperv neutron-server[110268]: DEBUG neutron.notifiers.nova [None req-de3caec6-f71a-48a0-93a9-e44af9f9556e tempest-PortsAdminExtendedAttrsTestJSON-790605185 tempest-PortsAdminExtendedAttrsTestJSON-790605185-project-admin] device_id is not set on port 843729d8-0711-49d7-a07e-176ec423e91b yet. {{(pid=110268) _can_notify /opt/stack/neutron/neutron/notifiers/nova.py:190}}
Dec 09 10:47:01.583744 dv-neutron-820911-3-hyperv neutron-server[110269]: DEBUG neutron_lib.callbacks.manager [None req-ad9d965b-a6b0-4b2e-bcd9-42c1b64995a0 tempest-RoutersAdminTest-91825771 tempest-RoutersAdminTest-91825771-project-admin] Subscribe: > segment before_delete 55550000 {{(pid=110269) subscribe /usr/local/lib/python3.8/dist-packages/neutron_lib/callbacks/manager.py:45}}
Dec 09 10:47:01.584094 dv-neutron-820911-3-hyperv neutron-server[110269]: DEBUG neutron_lib.callbacks.manager [None req-ad9d965b-a6b0-4b2e-bcd9-42c1b64995a0 tempest-RoutersAdminTest-91825771 tempest-RoutersAdminTest-91825771-project-admin] Subscribe: > subnet precommit_delete_associations 55550000 {{(pid=110269) subscribe /usr/local/lib/python3.8/dist-packages/neutron_lib/callbacks/manager.py:45}}
Dec 09 10:47:01.584910 dv-neutron-820911-3-hyperv neutron-server[110269]: DEBUG neutron_lib.callbacks.manager [None req-ad9d965b-a6b0-4b2e-bcd9-42c1b64995a0 tempest-RoutersAdminTest-91825771 tempest-RoutersAdminTest-91825771-project-admin] Subscribe: > segment_host_mapping after_create 55550000 {{(pid=110269) subscribe /usr/local/lib/python3.8/dist-packages/neutron_lib/callbacks/manager.py:45}}
Dec 09 10:47:01.585267 dv-neutron-820911-3-hyperv neutron-server[110269]: DEBUG neutron_lib.callbacks.manager [None req-ad9d965b-a6b0-4b2e-bcd9-42c1b64995a0 tempest-RoutersAdminTest-91825771 tempest-RoutersAdminTest-91825771-project-admin] Subscribe: > port after_create 55550000 {{(pid=110269) subscribe /usr/local/lib/python3.8/dist-packages/neutron_lib/callbacks/manager.py:45}}
Dec 09 10:47:01.585544 dv-neutron-820911-3-hyperv neutron-server[110269]: DEBUG neutron_lib.callbacks.manager [None req-ad9d965b-a6b0-4b2e-bcd9-42c1b64995a0 tempest-RoutersAdminTest-91825771 tempest-RoutersAdminTest-91825771-project-admin] Subscribe: > port after_delete 55550000 {{(pid=110269) subscribe /usr/local/lib/python3.8/dist-packages/neutron_lib/callbacks/manager.py:45}}
Dec 09 10:47:01.585876 dv-neutron-820911-3-hyperv neutron-server[110269]: DEBUG neutron_lib.callbacks.manager [None req-ad9d965b-a6b0-4b2e-bcd9-42c1b64995a0 tempest-RoutersAdminTest-91825771 tempest-RoutersAdminTest-91825771-project-admin] Subscribe: > port after_update 55550000 {{(pid=110269) subscribe /usr/local/lib/python3.8/dist-packages/neutron_lib/callbacks/manager.py:45}}
Dec 09 10:47:01.586252 dv-neutron-820911-3-hyperv neutron-server[110269]: DEBUG neutron_lib.callbacks.manager [None req-ad9d965b-a6b0-4b2e-bcd9-42c1b64995a0 tempest-RoutersAdminTest-91825771 tempest-RoutersAdminTest-91825771-project-admin] Subscribe: > segment after_delete 55550000 {{(pid=110269) subscribe /usr/local/lib/python3.8/dist-packages/neutron_lib/callbacks/manager.py:45}}
Dec 09 10:47:01.586528 dv-neutron-820911-3-hyperv neutron-server[110269]: DEBUG neutron_lib.callbacks.manager [None req-ad9d965b-a6b0-4b2e-bcd9-42c1b64995a0 tempest-RoutersAdminTest-91825771 tempest-RoutersAdminTest-91825771-project-admin] Subscribe: > subnet after_create 55550000 {{(pid=110269) subscribe /usr/local/lib/python3.8/dist-packages/neutron_lib/callbacks/manager.py:45}}
Dec 09 10:47:01.586836 dv-neutron-820911-3-hyperv neutron-server[110269]: DEBUG neutron_lib.callbacks.manager [None req-ad9d965b-a6b0-4b2e-bcd9-42c1b64995a0 tempest-RoutersAdminTest-91825771 tempest-RoutersAdminTest-91825771-project-admin] Subscribe: > subnet after_delete 55550000 {{(pid=110269) subscribe /usr/local/lib/python3.8/dist-packages/neutron_lib/callbacks/manager.py:45}}
Dec 09 10:47:01.587191 dv-neutron-820911-3-hyperv neutron-server[110269]: DEBUG neutron_lib.callbacks.manager [None req-ad9d965b-a6b0-4b2e-bcd9-42c1b64995a0 tempest-RoutersAdminTest-91825771 tempest-RoutersAdminTest-91825771-project-admin] Subscribe: > subnet after_update 55550000 {{(pid=110269) subscribe /usr/local/lib/python3.8/dist-packages/neutron_lib/callbacks/manager.py:45}}
Dec 09 10:47:01.598779 dv-neutron-820911-3-hyperv neutron-server[110268]: DEBUG neutron_lib.callbacks.manager [None req-358f4408-403a-43f1-ba38-aff2c3166751 admin admin] Publish callbacks [] for port, precommit_update {{(pid=110268) _notify_loop /usr/local/lib/python3.8/dist-packages/neutron_lib/callbacks/manager.py:175}}
Dec 09 10:47:01.655929 dv-neutron-820911-3-hyperv neutron-server[110268]: DEBUG neutron.scheduler.l3_agent_scheduler [None req-a86994fb-a262-4d0f-889f-c428e7297d09 admin admin] Router e6b3b97c-ec46-48ca-a68b-f68b34f456cf has already been hosted by L3 agent 0ba55f86-8841-44a9-9bf9-26bf6679c96b {{(pid=110268) _get_candidates /opt/stack/neutron/neutron/scheduler/l3_agent_scheduler.py:126}}
Dec 09 10:47:01.666551 dv-neutron-820911-3-hyperv neutron-server[110268]: DEBUG neutron_lib.callbacks.manager [None req-a45569be-3309-4535-b827-4a698d258a81 tempest-DHCPAgentSchedulersTestJSON-1679351121 tempest-DHCPAgentSchedulersTestJSON-1679351121-project] Publish callbacks ['neutron.plugins.ml2.plugin.External_net_db_mixin._before_network_delete_handler-1645852'] for network, before_delete {{(pid=110268) _notify_loop /usr/local/lib/python3.8/dist-packages/neutron_lib/callbacks/manager.py:175}}
Dec 09 10:47:01.670810 dv-neutron-820911-3-hyperv neutron-server[110268]: DEBUG neutron_lib.callbacks.manager [None req-26182777-b288-421b-8a28-cc9951e82515 tempest-ExternalNetworksTestJSON-726888483 tempest-ExternalNetworksTestJSON-726888483-project-admin] Publish callbacks ['neutron.notifiers.nova.Notifier._send_nova_notification-50835'] for floatingip, before_response {{(pid=110268) _notify_loop /usr/local/lib/python3.8/dist-packages/neutron_lib/callbacks/manager.py:175}}
Dec 09 10:47:01.674912 dv-neutron-820911-3-hyperv neutron-server[110268]: INFO neutron.wsgi [None req-26182777-b288-421b-8a28-cc9951e82515 tempest-ExternalNetworksTestJSON-726888483 tempest-ExternalNetworksTestJSON-726888483-project-admin] 10.222.0.81 "POST /v2.0/floatingips HTTP/1.1" status: 201 len: 691 time: 7.1870065
Dec 09 10:47:01.674912 dv-neutron-820911-3-hyperv neutron-server[110268]: DEBUG neutron_lib.callbacks.manager [None req-f7963026-eb8d-4559-b419-1a7bc9390876 tempest-ServerActionsTestJSON-1048634981 tempest-ServerActionsTestJSON-1048634981-project] Publish callbacks [] for security_group_rule, before_create {{(pid=110268) _notify_loop /usr/local/lib/python3.8/dist-packages/neutron_lib/callbacks/manager.py:175}}
Dec 09 10:47:01.678646 dv-neutron-820911-3-hyperv neutron-server[110268]: DEBUG neutron.wsgi [-] (110268) accepted ('10.222.0.81', 52378) {{(pid=110268) server /usr/local/lib/python3.8/dist-packages/eventlet/wsgi.py:1004}}
Dec 09 10:47:01.681297 dv-neutron-820911-3-hyperv neutron-server[110270]: DEBUG neutron_lib.callbacks.manager [None req-52160697-4189-409d-84b8-2804346d6660 None None] Publish callbacks ['neutron.plugins.ml2.plugin.SecurityGroupDbMixin._ensure_default_security_group_handler-1591310'] for port, before_update {{(pid=110270) _notify_loop /usr/local/lib/python3.8/dist-packages/neutron_lib/callbacks/manager.py:175}}
Dec 09 10:47:01.701878 dv-neutron-820911-3-hyperv neutron-server[110268]: DEBUG neutron_lib.callbacks.manager [None req-358f4408-403a-43f1-ba38-aff2c3166751 admin admin] Publish callbacks ['neutron.plugins.ml2.plugin.SecurityGroupServerNotifierRpcMixin._notify_sg_on_port_change-1591373', 'neutron.plugins.ml2.ovo_rpc._ObjectChangeHandler.handle_event-28521', 'neutron.api.rpc.agentnotifiers.dhcp_rpc_agent_api.DhcpAgentNotifyAPI._native_event_send_dhcp_notification-559121', 'neutron.db.l3_db.L3RpcNotifierMixin._notify_gateway_port_ip_changed-8764387061809', 'neutron.db.l3_dvrscheduler_db._notify_l3_agent_port_update-8764386512662', 'neutron.db.l3_hascheduler_db._notify_l3_agent_ha_port_update-8764386512680', 'neutron.services.segments.plugin.NovaSegmentNotifier._notify_port_updated-60169173'] for port, after_update {{(pid=110268) _notify_loop /usr/local/lib/python3.8/dist-packages/neutron_lib/callbacks/manager.py:175}}
Dec 09 10:47:01.725835 dv-neutron-820911-3-hyperv neutron-server[110270]: DEBUG neutron.plugins.ml2.db [None req-52160697-4189-409d-84b8-2804346d6660 None None] For port 0586a07d-203c-49f7-a216-d5db68c2d0ba, host dv-neutron-820911-3-hyperv, got binding levels [PortBindingLevel(driver='openvswitch',host='dv-neutron-820911-3-hyperv',level=0,port_id=0586a07d-203c-49f7-a216-d5db68c2d0ba,segment=NetworkSegment(d6fc89b2-ded7-4ba0-97da-12d6e4dba6b8),segment_id=d6fc89b2-ded7-4ba0-97da-12d6e4dba6b8)] {{(pid=110270) get_binding_level_objs /opt/stack/neutron/neutron/plugins/ml2/db.py:74}}
Dec 09 10:47:01.728913 dv-neutron-820911-3-hyperv neutron-server[110270]: DEBUG neutron.db.l3_hamode_db [None req-e36c69d1-ea90-4cae-a55d-43b0a772921d None None] neutron.services.l3_router.l3_router_plugin.L3RouterPlugin method _process_sync_ha_data called with arguments (, [{'id': '32e148af-ba00-40d9-9253-d4c78f0af1c0', 'name': 'tempest-ServerActionsTestJSON-1332864891-router', 'tenant_id': 'b15239b60548491b84a019aa6c1e701d', 'admin_state_up': True, 'status': 'ACTIVE', 'external_gateway_info': {'network_id': '618a3198-6e1c-48fc-8d7f-4a6a4a4a0df8', 'external_fixed_ips': [{'subnet_id': '21db15a9-4b12-42c1-b6d7-9db1d45cc726', 'ip_address': '172.26.3.125'}], 'enable_snat': True}, 'gw_port_id': '0d51a388-183e-42d2-9f0b-90edf7634010', 'description': '', 'availability_zones': ['nova'], 'distributed': False, 'ha': False, 'ha_vr_id': 0, 'availability_zone_hints': [], 'routes': [], 'flavor_id': None, 'tags': [], 'created_at': '2021-12-09T10:46:44Z', 'updated_at': '2021-12-09T10:46:53Z', 'revision_number': 4, 'project_id': 'b15239b60548491b84a019aa6c1e701d', 'gw_port': {'id': '0d51a388-183e-42d2-9f0b-90edf7634010', 'name': '', 'network_id': '618a3198-6e1c-48fc-8d7f-4a6a4a4a0df8', 'tenant_id': '', 'mac_address': 'fa:16:3e:57:5f:a9', 'admin_state_up': True, 'status': 'ACTIVE', 'device_id': '32e148af-ba00-40d9-9253-d4c78f0af1c0', 'device_owner': 'network:router_gateway', 'standard_attr_id': 75, 'fixed_ips': [{'subnet_id': '21db15a9-4b12-42c1-b6d7-9db1d45cc726', 'ip_address': '172.26.3.125', 'prefixlen': 24}], 'allowed_address_pairs': [], 'extra_dhcp_opts': [], 'security_groups': [], 'description': '', 'binding:vnic_type': 'normal', 'binding:profile': {}, 'binding:host_id': 'dv-neutron-820911-3-hyperv', 'binding:vif_type': 'ovs', 'binding:vif_details': {'connectivity': 'l2', 'port_filter': True, 'ovs_hybrid_plug': False, 'datapath_type': 'system', 'bridge_name': 'br-int'}, 'port_security_enabled': False, 'tags': [], 'created_at': '2021-12-09T10:46:45Z', 'updated_at': '2021-12-09T10:46:53Z', 'revision_number': 4, 'project_id': '', 'subnets': [{'id': '21db15a9-4b12-42c1-b6d7-9db1d45cc726', 'cidr': '172.26.3.0/24', 'gateway_ip': '172.26.3.1', 'dns_nameservers': [], 'ipv6_ra_mode': None, 'subnetpool_id': None}], 'extra_subnets': [], 'address_scopes': {4: None, 6: None}, 'mtu': 1500}, 'enable_snat': True, 'gw_port_host': 'dv-neutron-820911-3-hyperv', '_interfaces': [{'id': '0586a07d-203c-49f7-a216-d5db68c2d0ba', 'name': '', 'network_id': 'b78a2018-f32f-4346-9b83-172e69f84812', 'tenant_id': 'b15239b60548491b84a019aa6c1e701d', 'mac_address': 'fa:16:3e:ac:52:17', 'admin_state_up': True, 'status': 'DOWN', 'device_id': '32e148af-ba00-40d9-9253-d4c78f0af1c0', 'device_owner': 'network:router_interface', 'standard_attr_id': 112, 'fixed_ips': [{'subnet_id': '8daf97f4-c98a-4332-8b4f-aecd867c5667', 'ip_address': '172.20.0.1', 'prefixlen': 28}], 'allowed_address_pairs': [], 'extra_dhcp_opts': [], 'security_groups': [], 'description': '', 'binding:vnic_type': 'normal', 'binding:profile': {}, 'binding:host_id': 'dv-neutron-820911-3-hyperv', 'binding:vif_type': 'ovs', 'binding:vif_details': {'connectivity': 'l2', 'port_filter': True, 'ovs_hybrid_plug': False, 'datapath_type': 'system', 'bridge_name': 'br-int'}, 'port_security_enabled': False, 'tags': [], 'created_at': '2021-12-09T10:46:51Z', 'updated_at': '2021-12-09T10:47:00Z', 'revision_number': 4, 'project_id': 'b15239b60548491b84a019aa6c1e701d', 'subnets': [{'id': '8daf97f4-c98a-4332-8b4f-aecd867c5667', 'cidr': '172.20.0.0/28', 'gateway_ip': '172.20.0.1', 'dns_nameservers': [], 'ipv6_ra_mode': None, 'subnetpool_id': None}], 'extra_subnets': [], 'address_scopes': {4: None, 6: None}, 'mtu': 1500}]}], 'dv-neutron-820911-3-hyperv', False) {} {{(pid=110270) wrapper /usr/local/lib/python3.8/dist-packages/oslo_log/helpers.py:65}}
Dec 09 10:47:01.755800 dv-neutron-820911-3-hyperv neutron-server[110270]: DEBUG neutron.api.rpc.handlers.l3_rpc [None req-e36c69d1-ea90-4cae-a55d-43b0a772921d None None] The sync data for ids ['32e148af-ba00-40d9-9253-d4c78f0af1c0'] in dv-neutron-820911-3-hyperv is: [{'id': '32e148af-ba00-40d9-9253-d4c78f0af1c0', 'name': 'tempest-ServerActionsTestJSON-1332864891-router', 'tenant_id': 'b15239b60548491b84a019aa6c1e701d', 'admin_state_up': True, 'status': 'ACTIVE', 'external_gateway_info': {'network_id': '618a3198-6e1c-48fc-8d7f-4a6a4a4a0df8', 'external_fixed_ips': [{'subnet_id': '21db15a9-4b12-42c1-b6d7-9db1d45cc726', 'ip_address': '172.26.3.125'}], 'enable_snat': True}, 'gw_port_id': '0d51a388-183e-42d2-9f0b-90edf7634010', 'description': '', 'availability_zones': ['nova'], 'distributed': False, 'ha': False, 'ha_vr_id': 0, 'availability_zone_hints': [], 'routes': [], 'flavor_id': None, 'tags': [], 'created_at': '2021-12-09T10:46:44Z', 'updated_at': '2021-12-09T10:46:53Z', 'revision_number': 4, 'project_id': 'b15239b60548491b84a019aa6c1e701d', 'gw_port': {'id': '0d51a388-183e-42d2-9f0b-90edf7634010', 'name': '', 'network_id': '618a3198-6e1c-48fc-8d7f-4a6a4a4a0df8', 'tenant_id': '', 'mac_address': 'fa:16:3e:57:5f:a9', 'admin_state_up': True, 'status': 'ACTIVE', 'device_id': '32e148af-ba00-40d9-9253-d4c78f0af1c0', 'device_owner': 'network:router_gateway', 'standard_attr_id': 75, 'fixed_ips': [{'subnet_id': '21db15a9-4b12-42c1-b6d7-9db1d45cc726', 'ip_address': '172.26.3.125', 'prefixlen': 24}], 'allowed_address_pairs': [], 'extra_dhcp_opts': [], 'security_groups': [], 'description': '', 'binding:vnic_type': 'normal', 'binding:profile': {}, 'binding:host_id': 'dv-neutron-820911-3-hyperv', 'binding:vif_type': 'ovs', 'binding:vif_details': {'connectivity': 'l2', 'port_filter': True, 'ovs_hybrid_plug': False, 'datapath_type': 'system', 'bridge_name': 'br-int'}, 'port_security_enabled': False, 'tags': [], 'created_at': '2021-12-09T10:46:45Z', 'updated_at': '2021-12-09T10:46:53Z', 'revision_number': 4, 'project_id': '', 'subnets': [{'id': '21db15a9-4b12-42c1-b6d7-9db1d45cc726', 'cidr': '172.26.3.0/24', 'gateway_ip': '172.26.3.1', 'dns_nameservers': [], 'ipv6_ra_mode': None, 'subnetpool_id': None}], 'extra_subnets': [], 'address_scopes': {4: None, 6: None}, 'mtu': 1500}, 'enable_snat': True, 'gw_port_host': 'dv-neutron-820911-3-hyperv', '_interfaces': [{'id': '0586a07d-203c-49f7-a216-d5db68c2d0ba', 'name': '', 'network_id': 'b78a2018-f32f-4346-9b83-172e69f84812', 'tenant_id': 'b15239b60548491b84a019aa6c1e701d', 'mac_address': 'fa:16:3e:ac:52:17', 'admin_state_up': True, 'status': 'DOWN', 'device_id': '32e148af-ba00-40d9-9253-d4c78f0af1c0', 'device_owner': 'network:router_interface', 'standard_attr_id': 112, 'fixed_ips': [{'subnet_id': '8daf97f4-c98a-4332-8b4f-aecd867c5667', 'ip_address': '172.20.0.1', 'prefixlen': 28}], 'allowed_address_pairs': [], 'extra_dhcp_opts': [], 'security_groups': [], 'description': '', 'binding:vnic_type': 'normal', 'binding:profile': {}, 'binding:host_id': 'dv-neutron-820911-3-hyperv', 'binding:vif_type': 'ovs', 'binding:vif_details': {'connectivity': 'l2', 'port_filter': True, 'ovs_hybrid_plug': False, 'datapath_type': 'system', 'bridge_name': 'br-int'}, 'port_security_enabled': False, 'tags': [], 'created_at': '2021-12-09T10:46:51Z', 'updated_at': '2021-12-09T10:47:00Z', 'revision_number': 4, 'project_id': 'b15239b60548491b84a019aa6c1e701d', 'subnets': [{'id': '8daf97f4-c98a-4332-8b4f-aecd867c5667', 'cidr': '172.20.0.0/28', 'gateway_ip': '172.20.0.1', 'dns_nameservers': [], 'ipv6_ra_mode': None, 'subnetpool_id': None}], 'extra_subnets': [], 'address_scopes': {4: None, 6: None}, 'mtu': 1500}]}] {{(pid=110270) sync_routers /opt/stack/neutron/neutron/api/rpc/handlers/l3_rpc.py:137}}
Dec 09 10:47:01.765841 dv-neutron-820911-3-hyperv neutron-server[110269]: DEBUG neutron_lib.callbacks.manager [None req-ad9d965b-a6b0-4b2e-bcd9-42c1b64995a0 tempest-RoutersAdminTest-91825771 tempest-RoutersAdminTest-91825771-project-admin] Subscribe: > subnet after_create 55550000 {{(pid=110269) subscribe /usr/local/lib/python3.8/dist-packages/neutron_lib/callbacks/manager.py:45}}
Dec 09 10:47:01.766229 dv-neutron-820911-3-hyperv neutron-server[110269]: DEBUG neutron_lib.callbacks.manager [None req-ad9d965b-a6b0-4b2e-bcd9-42c1b64995a0 tempest-RoutersAdminTest-91825771 tempest-RoutersAdminTest-91825771-project-admin] Subscribe: > subnet after_delete 55550000 {{(pid=110269) subscribe /usr/local/lib/python3.8/dist-packages/neutron_lib/callbacks/manager.py:45}}
Dec 09 10:47:01.766683 dv-neutron-820911-3-hyperv neutron-server[110269]: DEBUG neutron_lib.callbacks.manager [None req-ad9d965b-a6b0-4b2e-bcd9-42c1b64995a0 tempest-RoutersAdminTest-91825771 tempest-RoutersAdminTest-91825771-project-admin] Subscribe: > subnet before_create 55550000 {{(pid=110269) subscribe /usr/local/lib/python3.8/dist-packages/neutron_lib/callbacks/manager.py:45}}
Dec 09 10:47:01.767005 dv-neutron-820911-3-hyperv neutron-server[110269]: DEBUG neutron_lib.callbacks.manager [None req-ad9d965b-a6b0-4b2e-bcd9-42c1b64995a0 tempest-RoutersAdminTest-91825771 tempest-RoutersAdminTest-91825771-project-admin] Subscribe: > subnet before_update 55550000 {{(pid=110269) subscribe /usr/local/lib/python3.8/dist-packages/neutron_lib/callbacks/manager.py:45}}
Dec 09 10:47:01.767340 dv-neutron-820911-3-hyperv neutron-server[110269]: DEBUG neutron.services.segments.db [None req-ad9d965b-a6b0-4b2e-bcd9-42c1b64995a0 tempest-RoutersAdminTest-91825771 tempest-RoutersAdminTest-91825771-project-admin] neutron.services.segments.plugin.Plugin method get_segments called with arguments (,) {'filters': {'network_id': ['7d9fdd4e-5af8-460f-9d96-4b100098ed3d']}} {{(pid=110269) wrapper /usr/local/lib/python3.8/dist-packages/oslo_log/helpers.py:65}}
Dec 09 10:47:01.792489 dv-neutron-820911-3-hyperv neutron-server[110269]: DEBUG neutron.services.segments.db [None req-ad9d965b-a6b0-4b2e-bcd9-42c1b64995a0 tempest-RoutersAdminTest-91825771 tempest-RoutersAdminTest-91825771-project-admin] neutron.services.segments.plugin.Plugin method delete_segment called with arguments (, 'd108db6b-f077-486c-8815-ae493cd5a43d') {'for_net_delete': True} {{(pid=110269) wrapper /usr/local/lib/python3.8/dist-packages/oslo_log/helpers.py:65}}
Dec 09 10:47:01.792489 dv-neutron-820911-3-hyperv neutron-server[110269]: DEBUG neutron.services.segments.db [None req-ad9d965b-a6b0-4b2e-bcd9-42c1b64995a0 tempest-RoutersAdminTest-91825771 tempest-RoutersAdminTest-91825771-project-admin] neutron.services.segments.plugin.Plugin method get_segment called with arguments (, 'd108db6b-f077-486c-8815-ae493cd5a43d') {} {{(pid=110269) wrapper /usr/local/lib/python3.8/dist-packages/oslo_log/helpers.py:65}}
Dec 09 10:47:01.806503 dv-neutron-820911-3-hyperv neutron-server[110270]: DEBUG neutron_lib.callbacks.manager [None req-52160697-4189-409d-84b8-2804346d6660 None None] Publish callbacks ['neutron.plugins.ml2.plugin.SecurityGroupServerNotifierRpcMixin._notify_sg_on_port_change-1591373', 'neutron.plugins.ml2.ovo_rpc._ObjectChangeHandler.handle_event-28521', 'neutron.api.rpc.agentnotifiers.dhcp_rpc_agent_api.DhcpAgentNotifyAPI._native_event_send_dhcp_notification-559121', 'neutron.db.l3_db.L3RpcNotifierMixin._notify_gateway_port_ip_changed-8764387061809', 'neutron.db.l3_dvrscheduler_db._notify_l3_agent_port_update-8764386512662', 'neutron.db.l3_hascheduler_db._notify_l3_agent_ha_port_update-8764386512680'] for port, after_update {{(pid=110270) _notify_loop /usr/local/lib/python3.8/dist-packages/neutron_lib/callbacks/manager.py:175}}
Dec 09 10:47:01.835057 dv-neutron-820911-3-hyperv neutron-server[110269]: DEBUG neutron_lib.callbacks.manager [None req-ad9d965b-a6b0-4b2e-bcd9-42c1b64995a0 tempest-RoutersAdminTest-91825771 tempest-RoutersAdminTest-91825771-project-admin] Publish callbacks ['neutron.plugins.ml2.db._prevent_segment_delete_with_port_bound-8764386984403', 'neutron.services.segments.plugin.Plugin._prevent_segment_delete_with_subnet_associated-59081438'] for segment, before_delete {{(pid=110269) _notify_loop /usr/local/lib/python3.8/dist-packages/neutron_lib/callbacks/manager.py:175}}
Dec 09 10:47:01.859660 dv-neutron-820911-3-hyperv neutron-server[110269]: DEBUG neutron_lib.callbacks.manager [None req-ad9d965b-a6b0-4b2e-bcd9-42c1b64995a0 tempest-RoutersAdminTest-91825771 tempest-RoutersAdminTest-91825771-project-admin] Publish callbacks ['neutron.plugins.ml2.plugin.Ml2Plugin._handle_segment_change-1966896'] for segment, precommit_delete {{(pid=110269) _notify_loop /usr/local/lib/python3.8/dist-packages/neutron_lib/callbacks/manager.py:175}}
Dec 09 10:47:01.872105 dv-neutron-820911-3-hyperv neutron-server[110269]: DEBUG neutron.plugins.ml2.drivers.type_vlan [None req-ad9d965b-a6b0-4b2e-bcd9-42c1b64995a0 tempest-RoutersAdminTest-91825771 tempest-RoutersAdminTest-91825771-project-admin] Releasing vlan 744 on physical network physnet1 to pool {{(pid=110269) release_segment /opt/stack/neutron/neutron/plugins/ml2/drivers/type_vlan.py:304}}
Dec 09 10:47:01.872528 dv-neutron-820911-3-hyperv neutron-server[110269]: DEBUG neutron_lib.callbacks.manager [None req-ad9d965b-a6b0-4b2e-bcd9-42c1b64995a0 tempest-RoutersAdminTest-91825771 tempest-RoutersAdminTest-91825771-project-admin] Publish callbacks ['neutron.plugins.ml2.plugin.Ml2Plugin._handle_segment_change-1966896', 'neutron.services.segments.plugin.NovaSegmentNotifier._notify_segment_deleted-60767440'] for segment, after_delete {{(pid=110269) _notify_loop /usr/local/lib/python3.8/dist-packages/neutron_lib/callbacks/manager.py:175}}
Dec 09 10:47:01.880232 dv-neutron-820911-3-hyperv neutron-server[110269]: /usr/lib/python3/dist-packages/secretstorage/dhcrypto.py:15: CryptographyDeprecationWarning: int_from_bytes is deprecated, use int.from_bytes instead
Dec 09 10:47:01.880232 dv-neutron-820911-3-hyperv neutron-server[110269]: from cryptography.utils import int_from_bytes
Dec 09 10:47:01.880232 dv-neutron-820911-3-hyperv neutron-server[110269]: /usr/lib/python3/dist-packages/secretstorage/util.py:19: CryptographyDeprecationWarning: int_from_bytes is deprecated, use int.from_bytes instead
Dec 09 10:47:01.880232 dv-neutron-820911-3-hyperv neutron-server[110269]: from cryptography.utils import int_from_bytes
Dec 09 10:47:01.880232 dv-neutron-820911-3-hyperv neutron-server[110269]: /usr/local/lib/python3.8/dist-packages/neutron_lib/db/model_query.py:331: SAWarning: DELETE statement on table 'ml2_port_bindings' expected to delete 1 row(s); 0 were matched. Please set confirm_deleted_rows=False within the mapper configuration to prevent this warning.
Dec 09 10:47:01.880232 dv-neutron-820911-3-hyperv neutron-server[110269]: items = [
Dec 09 10:47:01.880232 dv-neutron-820911-3-hyperv neutron-server[110269]: Traceback (most recent call last):
Dec 09 10:47:01.880232 dv-neutron-820911-3-hyperv neutron-server[110269]: File "/usr/local/lib/python3.8/dist-packages/eventlet/hubs/hub.py", line 476, in fire_timers
Dec 09 10:47:01.880232 dv-neutron-820911-3-hyperv neutron-server[110269]: timer()
Dec 09 10:47:01.880232 dv-neutron-820911-3-hyperv neutron-server[110269]: File "/usr/local/lib/python3.8/dist-packages/eventlet/hubs/timer.py", line 59, in __call__
Dec 09 10:47:01.880232 dv-neutron-820911-3-hyperv neutron-server[110269]: cb(*args, **kw)
Dec 09 10:47:01.880232 dv-neutron-820911-3-hyperv neutron-server[110269]: File "/opt/stack/neutron/neutron/common/utils.py", line 914, in wrapper
Dec 09 10:47:01.880232 dv-neutron-820911-3-hyperv neutron-server[110269]: return func(*args, **kwargs)
Dec 09 10:47:01.880232 dv-neutron-820911-3-hyperv neutron-server[110269]: File "/opt/stack/neutron/neutron/notifiers/batch_notifier.py", line 58, in synced_send
Dec 09 10:47:01.880232 dv-neutron-820911-3-hyperv neutron-server[110269]: self._notify()
Dec 09 10:47:01.880232 dv-neutron-820911-3-hyperv neutron-server[110269]: File "/opt/stack/neutron/neutron/notifiers/batch_notifier.py", line 69, in _notify
Dec 09 10:47:01.880232 dv-neutron-820911-3-hyperv neutron-server[110269]: self.callback(batched_events)
Dec 09 10:47:01.880232 dv-neutron-820911-3-hyperv neutron-server[110269]: File "/opt/stack/neutron/neutron/services/segments/plugin.py", line 211, in _send_notifications
Dec 09 10:47:01.880232 dv-neutron-820911-3-hyperv neutron-server[110269]: event.method(event)
Dec 09 10:47:01.880232 dv-neutron-820911-3-hyperv neutron-server[110269]: File "/opt/stack/neutron/neutron/services/segments/plugin.py", line 383, in _delete_nova_inventory
Dec 09 10:47:01.880232 dv-neutron-820911-3-hyperv neutron-server[110269]: aggregate_id = self._get_aggregate_id(event.segment_id)
Dec 09 10:47:01.880232 dv-neutron-820911-3-hyperv neutron-server[110269]: File "/opt/stack/neutron/neutron/services/segments/plugin.py", line 370, in _get_aggregate_id
Dec 09 10:47:01.880232 dv-neutron-820911-3-hyperv neutron-server[110269]: aggregate_uuid = self.p_client.list_aggregates(
Dec 09 10:47:01.880232 dv-neutron-820911-3-hyperv neutron-server[110269]: File "/usr/local/lib/python3.8/dist-packages/neutron_lib/placement/client.py", line 58, in wrapper
Dec 09 10:47:01.880232 dv-neutron-820911-3-hyperv neutron-server[110269]: return f(self, *a, **k)
Dec 09 10:47:01.880232 dv-neutron-820911-3-hyperv neutron-server[110269]: File "/usr/local/lib/python3.8/dist-packages/neutron_lib/placement/client.py", line 554, in list_aggregates
Dec 09 10:47:01.880232 dv-neutron-820911-3-hyperv neutron-server[110269]: return self._get(url).json()
Dec 09 10:47:01.880232 dv-neutron-820911-3-hyperv neutron-server[110269]: File "/usr/local/lib/python3.8/dist-packages/neutron_lib/placement/client.py", line 190, in _get
Dec 09 10:47:01.880232 dv-neutron-820911-3-hyperv neutron-server[110269]: return self._client.get(url, endpoint_filter=self._ks_filter,
Dec 09 10:47:01.880232 dv-neutron-820911-3-hyperv neutron-server[110269]: File "/usr/local/lib/python3.8/dist-packages/keystoneauth1/session.py", line 1141, in get
Dec 09 10:47:01.880232 dv-neutron-820911-3-hyperv neutron-server[110269]: return self.request(url, 'GET', **kwargs)
Dec 09 10:47:01.880232 dv-neutron-820911-3-hyperv neutron-server[110269]: File "/usr/local/lib/python3.8/dist-packages/keystoneauth1/session.py", line 811, in request
Dec 09 10:47:01.880232 dv-neutron-820911-3-hyperv neutron-server[110269]: base_url = self.get_endpoint(auth, allow=allow,
Dec 09 10:47:01.880232 dv-neutron-820911-3-hyperv neutron-server[110269]: File "/usr/local/lib/python3.8/dist-packages/keystoneauth1/session.py", line 1241, in get_endpoint
Dec 09 10:47:01.880232 dv-neutron-820911-3-hyperv neutron-server[110269]: auth = self._auth_required(auth, 'determine endpoint URL')
Dec 09 10:47:01.880232 dv-neutron-820911-3-hyperv neutron-server[110269]: File "/usr/local/lib/python3.8/dist-packages/keystoneauth1/session.py", line 1181, in _auth_required
Dec 09 10:47:01.880232 dv-neutron-820911-3-hyperv neutron-server[110269]: raise exceptions.MissingAuthPlugin(msg_fmt % msg)
Dec 09 10:47:01.880232 dv-neutron-820911-3-hyperv neutron-server[110269]: keystoneauth1.exceptions.auth_plugins.MissingAuthPlugin: An auth plugin is required to determine endpoint URL
Dec 09 10:47:01.907710 dv-neutron-820911-3-hyperv neutron-server[110270]: DEBUG neutron.api.rpc.handlers.resources_rpc [None req-52160697-4189-409d-84b8-2804346d6660 None None] Pushing event updated for resources: {'Port': ['ID=0586a07d-203c-49f7-a216-d5db68c2d0ba,revision_number=5']} {{(pid=110270) push /opt/stack/neutron/neutron/api/rpc/handlers/resources_rpc.py:237}}
Dec 09 10:47:01.934690 dv-neutron-820911-3-hyperv neutron-server[110270]: DEBUG neutron.db.provisioning_blocks [None req-8988f7e4-fe7d-4e32-b75f-23a4829f84aa None None] Provisioning complete for port abaae345-b336-4fa6-a4bb-669ecdae7383 triggered by entity DHCP. {{(pid=110270) provisioning_complete /opt/stack/neutron/neutron/db/provisioning_blocks.py:139}}
Dec 09 10:47:01.936272 dv-neutron-820911-3-hyperv neutron-server[110270]: DEBUG neutron_lib.callbacks.manager [None req-8988f7e4-fe7d-4e32-b75f-23a4829f84aa None None] Publish callbacks ['neutron.plugins.ml2.plugin.Ml2Plugin._port_provisioned-1992275'] for port, provisioning_complete {{(pid=110270) _notify_loop /usr/local/lib/python3.8/dist-packages/neutron_lib/callbacks/manager.py:175}}
Dec 09 10:47:01.964699 dv-neutron-820911-3-hyperv neutron-server[110268]: INFO neutron.wsgi [None req-cffe10e9-2424-44fd-96df-ff133f1214ec tempest-ExternalNetworksTestJSON-726888483 tempest-ExternalNetworksTestJSON-726888483-project-admin] 10.222.0.81 "GET /v2.0/floatingips?floating_network_id=75d65459-66d3-4d3f-a9c7-707871142793 HTTP/1.1" status: 200 len: 689 time: 0.2809284
Dec 09 10:47:01.968017 dv-neutron-820911-3-hyperv neutron-server[110269]: DEBUG neutron.wsgi [-] (110269) accepted ('10.222.0.81', 52384) {{(pid=110269) server /usr/local/lib/python3.8/dist-packages/eventlet/wsgi.py:1004}}
Dec 09 10:47:01.996763 dv-neutron-820911-3-hyperv neutron-server[110270]: DEBUG neutron.plugins.ml2.plugin [None req-8988f7e4-fe7d-4e32-b75f-23a4829f84aa None None] Port abaae345-b336-4fa6-a4bb-669ecdae7383 cannot update to ACTIVE because it is not bound. {{(pid=110270) _port_provisioned /opt/stack/neutron/neutron/plugins/ml2/plugin.py:342}}
Dec 09 10:47:02.032162 dv-neutron-820911-3-hyperv neutron-server[110269]: DEBUG neutron_lib.callbacks.manager [None req-ad9d965b-a6b0-4b2e-bcd9-42c1b64995a0 tempest-RoutersAdminTest-91825771 tempest-RoutersAdminTest-91825771-project-admin] Publish callbacks ['neutron.plugins.ml2.plugin.Ml2Plugin._network_delete_after_delete_handler-1993155', 'neutron.plugins.ml2.ovo_rpc._ObjectChangeHandler.handle_event-601481', 'neutron.api.rpc.agentnotifiers.dhcp_rpc_agent_api.DhcpAgentNotifyAPI._native_event_send_dhcp_notification-559121', 'neutron.services.l3_router.l3_router_plugin.DVRResourceOperationHandler.delete_fip_namespaces_for_ext_net-526243'] for network, after_delete {{(pid=110269) _notify_loop /usr/local/lib/python3.8/dist-packages/neutron_lib/callbacks/manager.py:175}}
Dec 09 10:47:02.052542 dv-neutron-820911-3-hyperv neutron-server[110269]: DEBUG neutron.api.rpc.agentnotifiers.l3_rpc_agent_api [None req-ad9d965b-a6b0-4b2e-bcd9-42c1b64995a0 tempest-RoutersAdminTest-91825771 tempest-RoutersAdminTest-91825771-project-admin] Fanout notify agent at l3_agent the message fipnamespace_delete_on_ext_net for external_network 7d9fdd4e-5af8-460f-9d96-4b100098ed3d {{(pid=110269) _notification_fanout /opt/stack/neutron/neutron/api/rpc/agentnotifiers/l3_rpc_agent_api.py:120}}
Dec 09 10:47:02.071868 dv-neutron-820911-3-hyperv neutron-server[110269]: DEBUG neutron_lib.callbacks.manager [None req-ad9d965b-a6b0-4b2e-bcd9-42c1b64995a0 tempest-RoutersAdminTest-91825771 tempest-RoutersAdminTest-91825771-project-admin] Publish callbacks ['neutron.api.rpc.agentnotifiers.dhcp_rpc_agent_api.DhcpAgentNotifyAPI._send_dhcp_notification-559231'] for network, before_response {{(pid=110269) _notify_loop /usr/local/lib/python3.8/dist-packages/neutron_lib/callbacks/manager.py:175}}
Dec 09 10:47:02.079265 dv-neutron-820911-3-hyperv neutron-server[110269]: INFO neutron.wsgi [None req-ad9d965b-a6b0-4b2e-bcd9-42c1b64995a0 tempest-RoutersAdminTest-91825771 tempest-RoutersAdminTest-91825771-project-admin] 10.222.0.81 "DELETE /v2.0/networks/7d9fdd4e-5af8-460f-9d96-4b100098ed3d HTTP/1.1" status: 204 len: 168 time: 0.7371817
Dec 09 10:47:02.080532 dv-neutron-820911-3-hyperv neutron-server[110269]: DEBUG neutron.api.rpc.handlers.resources_rpc [None req-ad9d965b-a6b0-4b2e-bcd9-42c1b64995a0 tempest-RoutersAdminTest-91825771 tempest-RoutersAdminTest-91825771-project-admin] Pushing event deleted for resources: {'Network': ['ID=7d9fdd4e-5af8-460f-9d96-4b100098ed3d,revision_number=None']} {{(pid=110269) push /opt/stack/neutron/neutron/api/rpc/handlers/resources_rpc.py:237}}
Dec 09 10:47:02.105996 dv-neutron-820911-3-hyperv neutron-server[110269]: DEBUG neutron_lib.callbacks.manager [None req-12d1fa0a-7632-483c-9e62-1718fc84712a tempest-ExternalNetworksTestJSON-726888483 tempest-ExternalNetworksTestJSON-726888483-project-admin] Publish callbacks ['neutron.plugins.ml2.plugin.External_net_db_mixin._before_network_delete_handler-1645852'] for network, before_delete {{(pid=110269) _notify_loop /usr/local/lib/python3.8/dist-packages/neutron_lib/callbacks/manager.py:175}}
Dec 09 10:47:02.220298 dv-neutron-820911-3-hyperv neutron-server[110268]: DEBUG neutron.api.rpc.handlers.resources_rpc [None req-358f4408-403a-43f1-ba38-aff2c3166751 admin admin] Pushing event updated for resources: {'Port': ['ID=92ca7887-5f2e-49b1-91b1-67618f19e32e,revision_number=2']} {{(pid=110268) push /opt/stack/neutron/neutron/api/rpc/handlers/resources_rpc.py:237}}
Dec 09 10:47:02.244851 dv-neutron-820911-3-hyperv neutron-server[110269]: DEBUG neutron.plugins.ml2.plugin [None req-12d1fa0a-7632-483c-9e62-1718fc84712a tempest-ExternalNetworksTestJSON-726888483 tempest-ExternalNetworksTestJSON-726888483-project-admin] Deleting port 4c08441e-4e08-4f4f-b9ba-8eaa5c25187e {{(pid=110269) _pre_delete_port /opt/stack/neutron/neutron/plugins/ml2/plugin.py:1936}}
Dec 09 10:47:02.245205 dv-neutron-820911-3-hyperv neutron-server[110269]: DEBUG neutron_lib.callbacks.manager [None req-12d1fa0a-7632-483c-9e62-1718fc84712a tempest-ExternalNetworksTestJSON-726888483 tempest-ExternalNetworksTestJSON-726888483-project-admin] Publish callbacks ['neutron.db.l3_db.L3_NAT_dbonly_mixin._prevent_l3_port_delete_callback-8764387055288'] for port, before_delete {{(pid=110269) _notify_loop /usr/local/lib/python3.8/dist-packages/neutron_lib/callbacks/manager.py:175}}
Dec 09 10:47:02.334521 dv-neutron-820911-3-hyperv neutron-server[110269]: DEBUG neutron_lib.callbacks.manager [None req-12d1fa0a-7632-483c-9e62-1718fc84712a tempest-ExternalNetworksTestJSON-726888483 tempest-ExternalNetworksTestJSON-726888483-project-admin] Publish callbacks ['neutron.services.l3_router.l3_router_plugin.L3_NAT_dbonly_mixin._precommit_delete_port_callback-535266'] for port, precommit_delete {{(pid=110269) _notify_loop /usr/local/lib/python3.8/dist-packages/neutron_lib/callbacks/manager.py:175}}
