Dec 20 08:41:59.667689 dv-neutron-820491-1-hyperv neutron-server[83444]: File "/opt/stack/neutron/neutron/services/segments/plugin.py", line 211, in _send_notifications
Dec 20 08:41:59.667689 dv-neutron-820491-1-hyperv neutron-server[83444]: event.method(event)
Dec 20 08:41:59.667689 dv-neutron-820491-1-hyperv neutron-server[83444]: File "/opt/stack/neutron/neutron/services/segments/plugin.py", line 379, in _delete_nova_inventory
Dec 20 08:41:59.667689 dv-neutron-820491-1-hyperv neutron-server[83444]: aggregate_id = self._get_aggregate_id(event.segment_id)
Dec 20 08:41:59.667689 dv-neutron-820491-1-hyperv neutron-server[83444]: File "/opt/stack/neutron/neutron/services/segments/plugin.py", line 366, in _get_aggregate_id
Dec 20 08:41:59.667689 dv-neutron-820491-1-hyperv neutron-server[83444]: aggregate_uuid = self.p_client.list_aggregates(
Dec 20 08:41:59.667689 dv-neutron-820491-1-hyperv neutron-server[83444]: File "/usr/local/lib/python3.8/dist-packages/neutron_lib/placement/client.py", line 57, in wrapper
Dec 20 08:41:59.667689 dv-neutron-820491-1-hyperv neutron-server[83444]: return f(self, *a, **k)
Dec 20 08:41:59.667689 dv-neutron-820491-1-hyperv neutron-server[83444]: File "/usr/local/lib/python3.8/dist-packages/neutron_lib/placement/client.py", line 554, in list_aggregates
Dec 20 08:41:59.667689 dv-neutron-820491-1-hyperv neutron-server[83444]: return self._get(url).json()
Dec 20 08:41:59.667689 dv-neutron-820491-1-hyperv neutron-server[83444]: File "/usr/local/lib/python3.8/dist-packages/neutron_lib/placement/client.py", line 190, in _get
Dec 20 08:41:59.667689 dv-neutron-820491-1-hyperv neutron-server[83444]: return self._client.get(url, endpoint_filter=self._ks_filter,
Dec 20 08:41:59.667689 dv-neutron-820491-1-hyperv neutron-server[83444]: File "/usr/local/lib/python3.8/dist-packages/keystoneauth1/session.py", line 1131, in get
Dec 20 08:41:59.667689 dv-neutron-820491-1-hyperv neutron-server[83444]: return self.request(url, 'GET', **kwargs)
Dec 20 08:41:59.667689 dv-neutron-820491-1-hyperv neutron-server[83444]: File "/usr/local/lib/python3.8/dist-packages/keystoneauth1/session.py", line 801, in request
Dec 20 08:41:59.667689 dv-neutron-820491-1-hyperv neutron-server[83444]: base_url = self.get_endpoint(auth, allow=allow,
Dec 20 08:41:59.667689 dv-neutron-820491-1-hyperv neutron-server[83444]: File "/usr/local/lib/python3.8/dist-packages/keystoneauth1/session.py", line 1231, in get_endpoint
Dec 20 08:41:59.667689 dv-neutron-820491-1-hyperv neutron-server[83444]: auth = self._auth_required(auth, 'determine endpoint URL')
Dec 20 08:41:59.667689 dv-neutron-820491-1-hyperv neutron-server[83444]: File "/usr/local/lib/python3.8/dist-packages/keystoneauth1/session.py", line 1171, in _auth_required
Dec 20 08:41:59.667689 dv-neutron-820491-1-hyperv neutron-server[83444]: raise exceptions.MissingAuthPlugin(msg_fmt % msg)
Dec 20 08:41:59.667689 dv-neutron-820491-1-hyperv neutron-server[83444]: keystoneauth1.exceptions.auth_plugins.MissingAuthPlugin: An auth plugin is required to determine endpoint URL
Dec 20 08:41:59.677396 dv-neutron-820491-1-hyperv neutron-server[83444]: DEBUG neutron_lib.callbacks.manager [None req-f1373d25-feb3-42b9-8356-8c1e05b2598e tempest-ExternalNetworksAdminNegativeTestJSON-987880733 tempest-ExternalNetworksAdminNegativeTestJSON-987880733-project-admin] Notify callbacks ['neutron.plugins.ml2.ovo_rpc._ObjectChangeHandler.handle_event-325111'] for security_group, after_create {{(pid=83444) _notify_loop /usr/local/lib/python3.8/dist-packages/neutron_lib/callbacks/manager.py:192}}
Dec 20 08:41:59.683540 dv-neutron-820491-1-hyperv neutron-server[83444]: DEBUG neutron.pecan_wsgi.hooks.quota_enforcement [None req-dbaaf48f-3c2b-4bb9-a5c6-b37ce4b09ddd tempest-NetworksTestDHCPv6-1921766214 tempest-NetworksTestDHCPv6-1921766214-project] Made reservation on behalf of 9679bafc94a64ee0a207e63ba5560387 for: {'subnet': 1} {{(pid=83444) before /opt/stack/neutron/neutron/pecan_wsgi/hooks/quota_enforcement.py:53}}
Dec 20 08:41:59.750403 dv-neutron-820491-1-hyperv neutron-server[83444]: DEBUG oslo_concurrency.lockutils [-] Lock "event-dispatch" acquired by "neutron.plugins.ml2.ovo_rpc._ObjectChangeHandler.dispatch_events" :: waited 0.000s {{(pid=83444) inner /usr/local/lib/python3.8/dist-packages/oslo_concurrency/lockutils.py:355}}
Dec 20 08:41:59.768954 dv-neutron-820491-1-hyperv neutron-server[83445]: DEBUG neutron.db.provisioning_blocks [None req-9d160f19-824b-4871-a07e-40fd83e975ee tempest-PortsAdminExtendedAttrsTestJSON-1760463337 tempest-PortsAdminExtendedAttrsTestJSON-1760463337-project-admin] Transition to ACTIVE for port object f9a09b51-d5eb-4dbc-aa09-b2db6159429d will not be triggered until provisioned by entity L2. {{(pid=83445) add_provisioning_component /opt/stack/neutron/neutron/db/provisioning_blocks.py:73}}
Dec 20 08:41:59.774882 dv-neutron-820491-1-hyperv neutron-server[83444]: DEBUG neutron.notifiers.nova [None req-f1373d25-feb3-42b9-8356-8c1e05b2598e tempest-ExternalNetworksAdminNegativeTestJSON-987880733 tempest-ExternalNetworksAdminNegativeTestJSON-987880733-project-admin] device_id is not set on port cbc2c255-8dd1-47b4-92e2-662e199914ca yet. {{(pid=83444) _can_notify /opt/stack/neutron/neutron/notifiers/nova.py:190}}
Dec 20 08:41:59.810002 dv-neutron-820491-1-hyperv neutron-server[83445]: DEBUG neutron_lib.callbacks.manager [None req-c31cd088-5e8d-49e7-8614-cc85dec60f39 tempest-AllowedAddressPairIpV6TestJSON-460627082 tempest-AllowedAddressPairIpV6TestJSON-460627082-project] Notify callbacks [] for port, precommit_create {{(pid=83445) _notify_loop /usr/local/lib/python3.8/dist-packages/neutron_lib/callbacks/manager.py:192}}
Dec 20 08:41:59.813392 dv-neutron-820491-1-hyperv neutron-server[83445]: DEBUG neutron_lib.callbacks.manager [None req-9d160f19-824b-4871-a07e-40fd83e975ee tempest-PortsAdminExtendedAttrsTestJSON-1760463337 tempest-PortsAdminExtendedAttrsTestJSON-1760463337-project-admin] Notify callbacks ['neutron.plugins.ml2.plugin.SecurityGroupServerNotifierRpcMixin.notify_sg_on_port_change-32748389', 'neutron.plugins.ml2.ovo_rpc._ObjectChangeHandler.handle_event-22107', 'neutron.api.rpc.agentnotifiers.dhcp_rpc_agent_api.DhcpAgentNotifyAPI._native_event_send_dhcp_notification-32897838', 'neutron.db.l3_dvrscheduler_db._notify_l3_agent_new_port-8789431915093'] for port, after_create {{(pid=83445) _notify_loop /usr/local/lib/python3.8/dist-packages/neutron_lib/callbacks/manager.py:192}}
Dec 20 08:41:59.818112 dv-neutron-820491-1-hyperv neutron-server[83446]: DEBUG neutron.api.rpc.handlers.dhcp_rpc [None req-ad825aff-53f4-4b47-a5ab-274b5f083a2a None None] Network 2a4d4f7f-598a-4e75-9554-bac4816f8d8f requested from dv-neutron-820491-1-hyperv {{(pid=83446) get_network_info /opt/stack/neutron/neutron/api/rpc/handlers/dhcp_rpc.py:198}}
Dec 20 08:41:59.830181 dv-neutron-820491-1-hyperv neutron-server[83445]: DEBUG oslo_concurrency.lockutils [None req-5bdfe4cb-1973-4bac-8524-5d865433f68a admin admin] Lock "event-dispatch" acquired by "neutron.plugins.ml2.ovo_rpc._ObjectChangeHandler.dispatch_events" :: waited 0.000s {{(pid=83445) inner /usr/local/lib/python3.8/dist-packages/oslo_concurrency/lockutils.py:355}}
Dec 20 08:41:59.860072 dv-neutron-820491-1-hyperv neutron-server[83446]: DEBUG neutron.api.rpc.handlers.dhcp_rpc [None req-21f9b63f-9524-49d3-a7ed-2980d27d41cd None None] DHCP port deletion for f75aa0d2-5f41-40f3-a9e0-d60d934965a4 request from dv-neutron-820491-1-hyperv {{(pid=83446) release_dhcp_port /opt/stack/neutron/neutron/api/rpc/handlers/dhcp_rpc.py:245}}
Dec 20 08:41:59.874640 dv-neutron-820491-1-hyperv neutron-server[83446]: DEBUG neutron.plugins.ml2.plugin [None req-21f9b63f-9524-49d3-a7ed-2980d27d41cd None None] Deleting port 063557c2-d2f1-4269-b5aa-7d3ef4cbf915 {{(pid=83446) _pre_delete_port /opt/stack/neutron/neutron/plugins/ml2/plugin.py:1863}}
Dec 20 08:41:59.874939 dv-neutron-820491-1-hyperv neutron-server[83446]: DEBUG neutron_lib.callbacks.manager [None req-21f9b63f-9524-49d3-a7ed-2980d27d41cd None None] Notify callbacks ['neutron.db.l3_db.L3_NAT_dbonly_mixin._prevent_l3_port_delete_callback-8789432284676'] for port, before_delete {{(pid=83446) _notify_loop /usr/local/lib/python3.8/dist-packages/neutron_lib/callbacks/manager.py:192}}
Dec 20 08:41:59.877385 dv-neutron-820491-1-hyperv neutron-server[83445]: DEBUG neutron.db.provisioning_blocks [None req-c31cd088-5e8d-49e7-8614-cc85dec60f39 tempest-AllowedAddressPairIpV6TestJSON-460627082 tempest-AllowedAddressPairIpV6TestJSON-460627082-project] Transition to ACTIVE for port object 5ff4d279-16c1-44eb-8a26-29a68f45fc5f will not be triggered until provisioned by entity DHCP. {{(pid=83445) add_provisioning_component /opt/stack/neutron/neutron/db/provisioning_blocks.py:73}}
Dec 20 08:41:59.931752 dv-neutron-820491-1-hyperv neutron-server[83445]: DEBUG neutron.api.rpc.handlers.resources_rpc [None req-9d160f19-824b-4871-a07e-40fd83e975ee tempest-PortsAdminExtendedAttrsTestJSON-1760463337 tempest-PortsAdminExtendedAttrsTestJSON-1760463337-project-admin] Pushing event updated for resources: {'Port': ['ID=f9a09b51-d5eb-4dbc-aa09-b2db6159429d,revision_number=1']} {{(pid=83445) push /opt/stack/neutron/neutron/api/rpc/handlers/resources_rpc.py:237}}
Dec 20 08:41:59.936159 dv-neutron-820491-1-hyperv neutron-server[83445]: DEBUG oslo_concurrency.lockutils [None req-9d160f19-824b-4871-a07e-40fd83e975ee tempest-PortsAdminExtendedAttrsTestJSON-1760463337 tempest-PortsAdminExtendedAttrsTestJSON-1760463337-project-admin] Lock "event-dispatch" released by "neutron.plugins.ml2.ovo_rpc._ObjectChangeHandler.dispatch_events" :: held 0.105s {{(pid=83445) inner /usr/local/lib/python3.8/dist-packages/oslo_concurrency/lockutils.py:367}}
Dec 20 08:41:59.978372 dv-neutron-820491-1-hyperv neutron-server[83445]: DEBUG neutron.plugins.ml2.drivers.mech_agent [None req-9d160f19-824b-4871-a07e-40fd83e975ee tempest-PortsAdminExtendedAttrsTestJSON-1760463337 tempest-PortsAdminExtendedAttrsTestJSON-1760463337-project-admin] Checking segment: {'id': '4b5cce3c-72dc-41c5-85c0-b41189f1c9de', 'network_type': 'vlan', 'physical_network': 'physnet1', 'segmentation_id': 311, 'network_id': '89e85b71-aa43-4a01-81dd-ce4ea4642e74'} for mappings: {'physnet1': 'br-data'} with network types: ['local', 'flat', 'vlan'] {{(pid=83445) check_segment_for_agent /opt/stack/neutron/neutron/plugins/ml2/drivers/mech_agent.py:340}}
Dec 20 08:41:59.978782 dv-neutron-820491-1-hyperv neutron-server[83445]: DEBUG neutron.scheduler.dhcp_agent_scheduler [None req-9d160f19-824b-4871-a07e-40fd83e975ee tempest-PortsAdminExtendedAttrsTestJSON-1760463337 tempest-PortsAdminExtendedAttrsTestJSON-1760463337-project-admin] Network hostable DHCP agents. Network: 89e85b71-aa43-4a01-81dd-ce4ea4642e74, hostable agents: ['5a522f69-2c56-46ba-9131-853905d096b7'], hosted agents: [] {{(pid=83445) _get_network_hostable_dhcp_agents /opt/stack/neutron/neutron/scheduler/dhcp_agent_scheduler.py:329}}
Dec 20 08:41:59.993763 dv-neutron-820491-1-hyperv neutron-server[83445]: DEBUG neutron_lib.callbacks.manager [None req-c31cd088-5e8d-49e7-8614-cc85dec60f39 tempest-AllowedAddressPairIpV6TestJSON-460627082 tempest-AllowedAddressPairIpV6TestJSON-460627082-project] Notify callbacks ['neutron.plugins.ml2.plugin.SecurityGroupServerNotifierRpcMixin.notify_sg_on_port_change-32748389', 'neutron.plugins.ml2.ovo_rpc._ObjectChangeHandler.handle_event-22107', 'neutron.api.rpc.agentnotifiers.dhcp_rpc_agent_api.DhcpAgentNotifyAPI._native_event_send_dhcp_notification-32897838', 'neutron.db.l3_dvrscheduler_db._notify_l3_agent_new_port-8789431915093'] for port, after_create {{(pid=83445) _notify_loop /usr/local/lib/python3.8/dist-packages/neutron_lib/callbacks/manager.py:192}}
Dec 20 08:42:00.021959 dv-neutron-820491-1-hyperv neutron-server[83446]: DEBUG neutron.api.rpc.handlers.dhcp_rpc [None req-ca2ff380-105b-46a8-9d55-b564ff8d825b None None] Create dhcp port {'port': {'name': '', 'admin_state_up': True, 'device_id': 'dhcp379966ee-c7a6-584e-9d64-de54eaff7c2a-c2d79a55-ba3d-4dca-b1f7-7774ad58e449', 'network_id': 'c2d79a55-ba3d-4dca-b1f7-7774ad58e449', 'tenant_id': '54a732c01ec540e6b22fe785716e8e1f', 'fixed_ips': [{'subnet_id': 'ef213403-6a30-481a-8615-806413efd66a'}]}} from dv-neutron-820491-1-hyperv. {{(pid=83446) create_dhcp_port /opt/stack/neutron/neutron/api/rpc/handlers/dhcp_rpc.py:264}}
Dec 20 08:42:00.022785 dv-neutron-820491-1-hyperv neutron-server[83446]: DEBUG neutron_lib.callbacks.manager [None req-ca2ff380-105b-46a8-9d55-b564ff8d825b None None] Notify callbacks ['neutron.plugins.ml2.plugin.SecurityGroupDbMixin._ensure_default_security_group_handler-32747765'] for port, before_create {{(pid=83446) _notify_loop /usr/local/lib/python3.8/dist-packages/neutron_lib/callbacks/manager.py:192}}
Dec 20 08:42:00.049736 dv-neutron-820491-1-hyperv neutron-server[83444]: DEBUG neutron_lib.callbacks.manager [None req-957c86de-d08c-45ae-bda4-ea46a7b31cd9 tempest-QuotasNegativeTest-1997358782 tempest-QuotasNegativeTest-1997358782-project-admin] Notify callbacks ['neutron.plugins.ml2.plugin.Ml2Plugin._network_delete_after_delete_handler-32730276', 'neutron.plugins.ml2.ovo_rpc._ObjectChangeHandler.handle_event-325022', 'neutron.api.rpc.agentnotifiers.dhcp_rpc_agent_api.DhcpAgentNotifyAPI._native_event_send_dhcp_notification-32897838', 'neutron.services.l3_router.l3_router_plugin.DVRResourceOperationHandler.delete_fip_namespaces_for_ext_net-346000'] for network, after_delete {{(pid=83444) _notify_loop /usr/local/lib/python3.8/dist-packages/neutron_lib/callbacks/manager.py:192}}
Dec 20 08:42:00.099895 dv-neutron-820491-1-hyperv neutron-server[83444]: DEBUG neutron.api.rpc.handlers.resources_rpc [None req-f1373d25-feb3-42b9-8356-8c1e05b2598e tempest-ExternalNetworksAdminNegativeTestJSON-987880733 tempest-ExternalNetworksAdminNegativeTestJSON-987880733-project-admin] Pushing event updated for resources: {'SecurityGroup': ['ID=c1249cba-216e-4e94-b691-5ad29de2a09e,revision_number=1']} {{(pid=83444) push /opt/stack/neutron/neutron/api/rpc/handlers/resources_rpc.py:237}}
Dec 20 08:42:00.103409 dv-neutron-820491-1-hyperv neutron-server[83445]: DEBUG oslo_concurrency.lockutils [-] Lock "event-dispatch" acquired by "neutron.plugins.ml2.ovo_rpc._ObjectChangeHandler.dispatch_events" :: waited 0.000s {{(pid=83445) inner /usr/local/lib/python3.8/dist-packages/oslo_concurrency/lockutils.py:355}}
Dec 20 08:42:00.148453 dv-neutron-820491-1-hyperv neutron-server[83444]: DEBUG neutron_lib.callbacks.manager [None req-957c86de-d08c-45ae-bda4-ea46a7b31cd9 tempest-QuotasNegativeTest-1997358782 tempest-QuotasNegativeTest-1997358782-project-admin] Notify callbacks ['neutron.api.rpc.agentnotifiers.dhcp_rpc_agent_api.DhcpAgentNotifyAPI._send_dhcp_notification-32898034'] for network, before_response {{(pid=83444) _notify_loop /usr/local/lib/python3.8/dist-packages/neutron_lib/callbacks/manager.py:192}}
Dec 20 08:42:00.161330 dv-neutron-820491-1-hyperv neutron-server[83444]: DEBUG neutron_lib.callbacks.manager [None req-dbaaf48f-3c2b-4bb9-a5c6-b37ce4b09ddd tempest-NetworksTestDHCPv6-1921766214 tempest-NetworksTestDHCPv6-1921766214-project] Notify callbacks ['neutron.services.segments.plugin.SegmentHostRoutes.host_routes_before_create-1529102'] for subnet, before_create {{(pid=83444) _notify_loop /usr/local/lib/python3.8/dist-packages/neutron_lib/callbacks/manager.py:192}}
Dec 20 08:42:00.197626 dv-neutron-820491-1-hyperv neutron-server[83445]: DEBUG neutron.scheduler.dhcp_agent_scheduler [None req-c31cd088-5e8d-49e7-8614-cc85dec60f39 tempest-AllowedAddressPairIpV6TestJSON-460627082 tempest-AllowedAddressPairIpV6TestJSON-460627082-project] Network 2a4d4f7f-598a-4e75-9554-bac4816f8d8f is already hosted by enough agents. {{(pid=83445) _get_dhcp_agents_hosting_network /opt/stack/neutron/neutron/scheduler/dhcp_agent_scheduler.py:275}}
Dec 20 08:42:00.201463 dv-neutron-820491-1-hyperv neutron-server[83445]: DEBUG neutron.api.rpc.handlers.resources_rpc [None req-c31cd088-5e8d-49e7-8614-cc85dec60f39 tempest-AllowedAddressPairIpV6TestJSON-460627082 tempest-AllowedAddressPairIpV6TestJSON-460627082-project] Pushing event updated for resources: {'Port': ['ID=5ff4d279-16c1-44eb-8a26-29a68f45fc5f,revision_number=1']} {{(pid=83445) push /opt/stack/neutron/neutron/api/rpc/handlers/resources_rpc.py:237}}
Dec 20 08:42:00.204984 dv-neutron-820491-1-hyperv neutron-server[83445]: DEBUG neutron.scheduler.base_scheduler [None req-c31cd088-5e8d-49e7-8614-cc85dec60f39 tempest-AllowedAddressPairIpV6TestJSON-460627082 tempest-AllowedAddressPairIpV6TestJSON-460627082-project] Resources bound (agent type, host, resource id): {{(pid=83445) schedule /opt/stack/neutron/neutron/scheduler/base_scheduler.py:57}}
Dec 20 08:42:00.210151 dv-neutron-820491-1-hyperv neutron-server[83445]: DEBUG oslo_concurrency.lockutils [None req-c31cd088-5e8d-49e7-8614-cc85dec60f39 tempest-AllowedAddressPairIpV6TestJSON-460627082 tempest-AllowedAddressPairIpV6TestJSON-460627082-project] Lock "event-dispatch" released by "neutron.plugins.ml2.ovo_rpc._ObjectChangeHandler.dispatch_events" :: held 0.107s {{(pid=83445) inner /usr/local/lib/python3.8/dist-packages/oslo_concurrency/lockutils.py:367}}
Dec 20 08:42:00.211722 dv-neutron-820491-1-hyperv neutron-server[83445]: DEBUG neutron.db.l3_dvrscheduler_db [None req-c31cd088-5e8d-49e7-8614-cc85dec60f39 tempest-AllowedAddressPairIpV6TestJSON-460627082 tempest-AllowedAddressPairIpV6TestJSON-460627082-project] Received port after_create {{(pid=83445) _notify_l3_agent_new_port /opt/stack/neutron/neutron/db/l3_dvrscheduler_db.py:535}}
Dec 20 08:42:00.215995 dv-neutron-820491-1-hyperv neutron-server[83445]: DEBUG neutron.pecan_wsgi.hooks.policy_enforcement [None req-c31cd088-5e8d-49e7-8614-cc85dec60f39 tempest-AllowedAddressPairIpV6TestJSON-460627082 tempest-AllowedAddressPairIpV6TestJSON-460627082-project] Attributes excluded by policy engine: ['binding:profile', 'binding:host_id', 'binding:vif_type', 'binding:vif_details', 'network'] {{(pid=83445) _exclude_attributes_by_policy /opt/stack/neutron/neutron/pecan_wsgi/hooks/policy_enforcement.py:255}}
Dec 20 08:42:00.217244 dv-neutron-820491-1-hyperv neutron-server[83445]: DEBUG neutron_lib.callbacks.manager [None req-c31cd088-5e8d-49e7-8614-cc85dec60f39 tempest-AllowedAddressPairIpV6TestJSON-460627082 tempest-AllowedAddressPairIpV6TestJSON-460627082-project] Notify callbacks ['neutron.notifiers.nova.Notifier._send_nova_notification-74638'] for port, before_response {{(pid=83445) _notify_loop /usr/local/lib/python3.8/dist-packages/neutron_lib/callbacks/manager.py:192}}
Dec 20 08:42:00.225383 dv-neutron-820491-1-hyperv neutron-server[83446]: DEBUG neutron.plugins.ml2.rpc [None req-d0399e5d-ff84-4788-a6af-5b2c3d0f439d None None] Device 028a9db6-829b-42a0-9080-5104768007f2 up at agent ovs-agent-dv-neutron-820491-1-hyperv {{(pid=83446) update_device_up /opt/stack/neutron/neutron/plugins/ml2/rpc.py:278}}
Dec 20 08:42:00.257608 dv-neutron-820491-1-hyperv neutron-server[83444]: INFO neutron.wsgi [None req-957c86de-d08c-45ae-bda4-ea46a7b31cd9 tempest-QuotasNegativeTest-1997358782 tempest-QuotasNegativeTest-1997358782-project-admin] 10.222.0.16 "DELETE /v2.0/networks/ce9794dc-1013-495d-866a-761ff32d1f85 HTTP/1.1" status: 204 len: 168 time: 2.1467199
Dec 20 08:42:00.270499 dv-neutron-820491-1-hyperv neutron-server[83445]: DEBUG neutron.scheduler.dhcp_agent_scheduler [None req-9d160f19-824b-4871-a07e-40fd83e975ee tempest-PortsAdminExtendedAttrsTestJSON-1760463337 tempest-PortsAdminExtendedAttrsTestJSON-1760463337-project-admin] Network 89e85b71-aa43-4a01-81dd-ce4ea4642e74 is scheduled to be hosted by DHCP agent 5a522f69-2c56-46ba-9131-853905d096b7 with binding_index 1 {{(pid=83445) bind /opt/stack/neutron/neutron/scheduler/dhcp_agent_scheduler.py:227}}
Dec 20 08:42:00.281326 dv-neutron-820491-1-hyperv neutron-server[83444]: DEBUG neutron.db.quota.driver [None req-099bd021-f6ba-41bd-88d4-da5e2c813a21 tempest-DHCPAgentSchedulersTestJSON-1809334250 tempest-DHCPAgentSchedulersTestJSON-1809334250-project] Resources subnetpool have unlimited quota limit. It is not required to calculate headroom {{(pid=83444) make_reservation /opt/stack/neutron/neutron/db/quota/driver.py:219}}
Dec 20 08:42:00.284958 dv-neutron-820491-1-hyperv neutron-server[83445]: INFO neutron.wsgi [None req-c31cd088-5e8d-49e7-8614-cc85dec60f39 tempest-AllowedAddressPairIpV6TestJSON-460627082 tempest-AllowedAddressPairIpV6TestJSON-460627082-project] 10.222.0.16 "POST /v2.0/ports HTTP/1.1" status: 201 len: 1006 time: 3.5113094
Dec 20 08:42:00.288538 dv-neutron-820491-1-hyperv neutron-server[83445]: DEBUG neutron.scheduler.base_scheduler [None req-9d160f19-824b-4871-a07e-40fd83e975ee tempest-PortsAdminExtendedAttrsTestJSON-1760463337 tempest-PortsAdminExtendedAttrsTestJSON-1760463337-project-admin] Resources bound (agent type, host, resource id): (DHCP agent, dv-neutron-820491-1-hyperv, 89e85b71-aa43-4a01-81dd-ce4ea4642e74) {{(pid=83445) schedule /opt/stack/neutron/neutron/scheduler/base_scheduler.py:57}}
Dec 20 08:42:00.290212 dv-neutron-820491-1-hyperv neutron-server[83445]: DEBUG neutron.wsgi [-] (83445) accepted ('10.222.0.16', 33820) {{(pid=83445) server /usr/local/lib/python3.8/dist-packages/eventlet/wsgi.py:992}}
Dec 20 08:42:00.291425 dv-neutron-820491-1-hyperv neutron-server[83444]: DEBUG oslo_concurrency.lockutils [None req-f1373d25-feb3-42b9-8356-8c1e05b2598e tempest-ExternalNetworksAdminNegativeTestJSON-987880733 tempest-ExternalNetworksAdminNegativeTestJSON-987880733-project-admin] Lock "event-dispatch" released by "neutron.plugins.ml2.ovo_rpc._ObjectChangeHandler.dispatch_events" :: held 0.541s {{(pid=83444) inner /usr/local/lib/python3.8/dist-packages/oslo_concurrency/lockutils.py:367}}
Dec 20 08:42:00.295088 dv-neutron-820491-1-hyperv neutron-server[83444]: DEBUG oslo_concurrency.lockutils [-] Lock "event-dispatch" acquired by "neutron.plugins.ml2.ovo_rpc._ObjectChangeHandler.dispatch_events" :: waited 0.148s {{(pid=83444) inner /usr/local/lib/python3.8/dist-packages/oslo_concurrency/lockutils.py:355}}
Dec 20 08:42:00.299326 dv-neutron-820491-1-hyperv neutron-server[83445]: DEBUG neutron.db.l3_dvrscheduler_db [None req-9d160f19-824b-4871-a07e-40fd83e975ee tempest-PortsAdminExtendedAttrsTestJSON-1760463337 tempest-PortsAdminExtendedAttrsTestJSON-1760463337-project-admin] Received port after_create {{(pid=83445) _notify_l3_agent_new_port /opt/stack/neutron/neutron/db/l3_dvrscheduler_db.py:535}}
Dec 20 08:42:00.312572 dv-neutron-820491-1-hyperv neutron-server[83444]: DEBUG neutron.quota.resource [None req-099bd021-f6ba-41bd-88d4-da5e2c813a21 tempest-DHCPAgentSchedulersTestJSON-1809334250 tempest-DHCPAgentSchedulersTestJSON-1809334250-project] Usage tracker for resource:port and tenant:54a732c01ec540e6b22fe785716e8e1f is out of sync, need to count used quota {{(pid=83444) count_used /opt/stack/neutron/neutron/quota/resource.py:270}}
Dec 20 08:42:00.325558 dv-neutron-820491-1-hyperv neutron-server[83446]: DEBUG neutron.api.rpc.handlers.dhcp_rpc [None req-55443b4f-64a8-48a1-a3ce-60c77839dcbb None None] Network 89e85b71-aa43-4a01-81dd-ce4ea4642e74 requested from dv-neutron-820491-1-hyperv {{(pid=83446) get_network_info /opt/stack/neutron/neutron/api/rpc/handlers/dhcp_rpc.py:198}}
Dec 20 08:42:00.367950 dv-neutron-820491-1-hyperv neutron-server[83444]: DEBUG neutron.quota.resource [None req-099bd021-f6ba-41bd-88d4-da5e2c813a21 tempest-DHCPAgentSchedulersTestJSON-1809334250 tempest-DHCPAgentSchedulersTestJSON-1809334250-project] Quota usage for port was recalculated. Used quota:0. {{(pid=83444) count_used /opt/stack/neutron/neutron/quota/resource.py:290}}
Dec 20 08:42:00.394168 dv-neutron-820491-1-hyperv neutron-server[83444]: DEBUG neutron.api.rpc.handlers.resources_rpc [None req-957c86de-d08c-45ae-bda4-ea46a7b31cd9 tempest-QuotasNegativeTest-1997358782 tempest-QuotasNegativeTest-1997358782-project-admin] Pushing event deleted for resources: {'Network': ['ID=ce9794dc-1013-495d-866a-761ff32d1f85,revision_number=None']} {{(pid=83444) push /opt/stack/neutron/neutron/api/rpc/handlers/resources_rpc.py:237}}
Dec 20 08:42:00.397942 dv-neutron-820491-1-hyperv neutron-server[83444]: DEBUG neutron.db.quota.driver [None req-099bd021-f6ba-41bd-88d4-da5e2c813a21 tempest-DHCPAgentSchedulersTestJSON-1809334250 tempest-DHCPAgentSchedulersTestJSON-1809334250-project] Attempting to reserve 1 items for resource port. Total usage: 0; quota limit: 500; headroom:500 {{(pid=83444) make_reservation /opt/stack/neutron/neutron/db/quota/driver.py:246}}
Dec 20 08:42:00.399219 dv-neutron-820491-1-hyperv neutron-server[83445]: DEBUG neutron.plugins.ml2.managers [None req-9d160f19-824b-4871-a07e-40fd83e975ee tempest-PortsAdminExtendedAttrsTestJSON-1760463337 tempest-PortsAdminExtendedAttrsTestJSON-1760463337-project-admin] Attempting to bind port f9a09b51-d5eb-4dbc-aa09-b2db6159429d on host hv-neutron-8204 for vnic_type normal with profile {{(pid=83445) bind_port /opt/stack/neutron/neutron/plugins/ml2/managers.py:790}}
Dec 20 08:42:00.399586 dv-neutron-820491-1-hyperv neutron-server[83445]: DEBUG neutron.plugins.ml2.managers [None req-9d160f19-824b-4871-a07e-40fd83e975ee tempest-PortsAdminExtendedAttrsTestJSON-1760463337 tempest-PortsAdminExtendedAttrsTestJSON-1760463337-project-admin] Attempting to bind port f9a09b51-d5eb-4dbc-aa09-b2db6159429d by drivers openvswitch,hyperv on host hv-neutron-8204 at level 0 using segments [{'id': '4b5cce3c-72dc-41c5-85c0-b41189f1c9de', 'network_type': 'vlan', 'physical_network': 'physnet1', 'segmentation_id': 311, 'network_id': '89e85b71-aa43-4a01-81dd-ce4ea4642e74'}] {{(pid=83445) _bind_port_level /opt/stack/neutron/neutron/plugins/ml2/managers.py:815}}
Dec 20 08:42:00.399960 dv-neutron-820491-1-hyperv neutron-server[83445]: DEBUG neutron.plugins.ml2.drivers.mech_agent [None req-9d160f19-824b-4871-a07e-40fd83e975ee tempest-PortsAdminExtendedAttrsTestJSON-1760463337 tempest-PortsAdminExtendedAttrsTestJSON-1760463337-project-admin] Attempting to bind port f9a09b51-d5eb-4dbc-aa09-b2db6159429d on network 89e85b71-aa43-4a01-81dd-ce4ea4642e74 {{(pid=83445) bind_port /opt/stack/neutron/neutron/plugins/ml2/drivers/mech_agent.py:85}}
Dec 20 08:42:00.416887 dv-neutron-820491-1-hyperv neutron-server[83444]: DEBUG oslo_concurrency.lockutils [None req-957c86de-d08c-45ae-bda4-ea46a7b31cd9 tempest-QuotasNegativeTest-1997358782 tempest-QuotasNegativeTest-1997358782-project-admin] Lock "event-dispatch" released by "neutron.plugins.ml2.ovo_rpc._ObjectChangeHandler.dispatch_events" :: held 0.122s {{(pid=83444) inner /usr/local/lib/python3.8/dist-packages/oslo_concurrency/lockutils.py:367}}
Dec 20 08:42:00.429367 dv-neutron-820491-1-hyperv neutron-server[83445]: DEBUG neutron.plugins.ml2.drivers.mech_agent [None req-9d160f19-824b-4871-a07e-40fd83e975ee tempest-PortsAdminExtendedAttrsTestJSON-1760463337 tempest-PortsAdminExtendedAttrsTestJSON-1760463337-project-admin] Port f9a09b51-d5eb-4dbc-aa09-b2db6159429d on network 89e85b71-aa43-4a01-81dd-ce4ea4642e74 not bound, no agent of type Open vSwitch agent registered on host hv-neutron-8204 {{(pid=83445) bind_port /opt/stack/neutron/neutron/plugins/ml2/drivers/mech_agent.py:97}}
Dec 20 08:42:00.429714 dv-neutron-820491-1-hyperv neutron-server[83445]: ERROR neutron.plugins.ml2.managers [None req-9d160f19-824b-4871-a07e-40fd83e975ee tempest-PortsAdminExtendedAttrsTestJSON-1760463337 tempest-PortsAdminExtendedAttrsTestJSON-1760463337-project-admin] Failed to bind port f9a09b51-d5eb-4dbc-aa09-b2db6159429d on host hv-neutron-8204 for vnic_type normal using segments [{'id': '4b5cce3c-72dc-41c5-85c0-b41189f1c9de', 'network_type': 'vlan', 'physical_network': 'physnet1', 'segmentation_id': 311, 'network_id': '89e85b71-aa43-4a01-81dd-ce4ea4642e74'}]
Dec 20 08:42:00.432042 dv-neutron-820491-1-hyperv neutron-server[83445]: INFO neutron.plugins.ml2.plugin [None req-9d160f19-824b-4871-a07e-40fd83e975ee tempest-PortsAdminExtendedAttrsTestJSON-1760463337 tempest-PortsAdminExtendedAttrsTestJSON-1760463337-project-admin] Attempt 2 to bind port f9a09b51-d5eb-4dbc-aa09-b2db6159429d
Dec 20 08:42:00.464567 dv-neutron-820491-1-hyperv neutron-server[83445]: DEBUG neutron_lib.callbacks.manager [None req-3bf1fae6-62c3-4a34-8d8d-9616c2214ce0 admin admin] Notify callbacks ['neutron.plugins.ml2.plugin.SecurityGroupDbMixin._ensure_default_security_group_handler-32747765'] for port, before_create {{(pid=83445) _notify_loop /usr/local/lib/python3.8/dist-packages/neutron_lib/callbacks/manager.py:192}}
Dec 20 08:42:00.481730 dv-neutron-820491-1-hyperv neutron-server[83445]: DEBUG neutron.plugins.ml2.managers [None req-9d160f19-824b-4871-a07e-40fd83e975ee tempest-PortsAdminExtendedAttrsTestJSON-1760463337 tempest-PortsAdminExtendedAttrsTestJSON-1760463337-project-admin] Attempting to bind port f9a09b51-d5eb-4dbc-aa09-b2db6159429d on host hv-neutron-8204 for vnic_type normal with profile {{(pid=83445) bind_port /opt/stack/neutron/neutron/plugins/ml2/managers.py:790}}
Dec 20 08:42:00.482637 dv-neutron-820491-1-hyperv neutron-server[83445]: DEBUG neutron.plugins.ml2.managers [None req-9d160f19-824b-4871-a07e-40fd83e975ee tempest-PortsAdminExtendedAttrsTestJSON-1760463337 tempest-PortsAdminExtendedAttrsTestJSON-1760463337-project-admin] Attempting to bind port f9a09b51-d5eb-4dbc-aa09-b2db6159429d by drivers openvswitch,hyperv on host hv-neutron-8204 at level 0 using segments [{'id': '4b5cce3c-72dc-41c5-85c0-b41189f1c9de', 'network_type': 'vlan', 'physical_network': 'physnet1', 'segmentation_id': 311, 'network_id': '89e85b71-aa43-4a01-81dd-ce4ea4642e74'}] {{(pid=83445) _bind_port_level /opt/stack/neutron/neutron/plugins/ml2/managers.py:815}}
Dec 20 08:42:00.482947 dv-neutron-820491-1-hyperv neutron-server[83445]: DEBUG neutron.plugins.ml2.drivers.mech_agent [None req-9d160f19-824b-4871-a07e-40fd83e975ee tempest-PortsAdminExtendedAttrsTestJSON-1760463337 tempest-PortsAdminExtendedAttrsTestJSON-1760463337-project-admin] Attempting to bind port f9a09b51-d5eb-4dbc-aa09-b2db6159429d on network 89e85b71-aa43-4a01-81dd-ce4ea4642e74 {{(pid=83445) bind_port /opt/stack/neutron/neutron/plugins/ml2/drivers/mech_agent.py:85}}
Dec 20 08:42:00.493661 dv-neutron-820491-1-hyperv neutron-server[83444]: DEBUG neutron.pecan_wsgi.hooks.quota_enforcement [None req-099bd021-f6ba-41bd-88d4-da5e2c813a21 tempest-DHCPAgentSchedulersTestJSON-1809334250 tempest-DHCPAgentSchedulersTestJSON-1809334250-project] Made reservation on behalf of 54a732c01ec540e6b22fe785716e8e1f for: {'port': 1} {{(pid=83444) before /opt/stack/neutron/neutron/pecan_wsgi/hooks/quota_enforcement.py:53}}
Dec 20 08:42:00.494074 dv-neutron-820491-1-hyperv neutron-server[83445]: DEBUG neutron.plugins.ml2.drivers.mech_agent [None req-9d160f19-824b-4871-a07e-40fd83e975ee tempest-PortsAdminExtendedAttrsTestJSON-1760463337 tempest-PortsAdminExtendedAttrsTestJSON-1760463337-project-admin] Port f9a09b51-d5eb-4dbc-aa09-b2db6159429d on network 89e85b71-aa43-4a01-81dd-ce4ea4642e74 not bound, no agent of type Open vSwitch agent registered on host hv-neutron-8204 {{(pid=83445) bind_port /opt/stack/neutron/neutron/plugins/ml2/drivers/mech_agent.py:97}}
Dec 20 08:42:00.494400 dv-neutron-820491-1-hyperv neutron-server[83445]: ERROR neutron.plugins.ml2.managers [None req-9d160f19-824b-4871-a07e-40fd83e975ee tempest-PortsAdminExtendedAttrsTestJSON-1760463337 tempest-PortsAdminExtendedAttrsTestJSON-1760463337-project-admin] Failed to bind port f9a09b51-d5eb-4dbc-aa09-b2db6159429d on host hv-neutron-8204 for vnic_type normal using segments [{'id': '4b5cce3c-72dc-41c5-85c0-b41189f1c9de', 'network_type': 'vlan', 'physical_network': 'physnet1', 'segmentation_id': 311, 'network_id': '89e85b71-aa43-4a01-81dd-ce4ea4642e74'}]
Dec 20 08:42:00.497195 dv-neutron-820491-1-hyperv neutron-server[83445]: INFO neutron.plugins.ml2.plugin [None req-9d160f19-824b-4871-a07e-40fd83e975ee tempest-PortsAdminExtendedAttrsTestJSON-1760463337 tempest-PortsAdminExtendedAttrsTestJSON-1760463337-project-admin] Attempt 3 to bind port f9a09b51-d5eb-4dbc-aa09-b2db6159429d
Dec 20 08:42:00.499043 dv-neutron-820491-1-hyperv neutron-server[83444]: DEBUG neutron_lib.callbacks.manager [None req-099bd021-f6ba-41bd-88d4-da5e2c813a21 tempest-DHCPAgentSchedulersTestJSON-1809334250 tempest-DHCPAgentSchedulersTestJSON-1809334250-project] Notify callbacks ['neutron.plugins.ml2.plugin.SecurityGroupDbMixin._ensure_default_security_group_handler-32747765'] for port, before_create {{(pid=83444) _notify_loop /usr/local/lib/python3.8/dist-packages/neutron_lib/callbacks/manager.py:192}}
Dec 20 08:42:00.516738 dv-neutron-820491-1-hyperv neutron-server[83445]: DEBUG neutron.pecan_wsgi.hooks.policy_enforcement [None req-997e9f42-e4ee-4fde-83a5-92e368f5ea16 tempest-AllowedAddressPairIpV6TestJSON-460627082 tempest-AllowedAddressPairIpV6TestJSON-460627082-project] Attributes excluded by policy engine: ['binding:profile', 'binding:host_id', 'binding:vif_type', 'binding:vif_details'] {{(pid=83445) _exclude_attributes_by_policy /opt/stack/neutron/neutron/pecan_wsgi/hooks/policy_enforcement.py:255}}
Dec 20 08:42:00.520831 dv-neutron-820491-1-hyperv neutron-server[83445]: DEBUG neutron.pecan_wsgi.hooks.policy_enforcement [None req-997e9f42-e4ee-4fde-83a5-92e368f5ea16 tempest-AllowedAddressPairIpV6TestJSON-460627082 tempest-AllowedAddressPairIpV6TestJSON-460627082-project] Attributes excluded by policy engine: ['binding:profile', 'binding:host_id', 'binding:vif_type', 'binding:vif_details'] {{(pid=83445) _exclude_attributes_by_policy /opt/stack/neutron/neutron/pecan_wsgi/hooks/policy_enforcement.py:255}}
Dec 20 08:42:00.524883 dv-neutron-820491-1-hyperv neutron-server[83445]: DEBUG neutron.pecan_wsgi.hooks.policy_enforcement [None req-997e9f42-e4ee-4fde-83a5-92e368f5ea16 tempest-AllowedAddressPairIpV6TestJSON-460627082 tempest-AllowedAddressPairIpV6TestJSON-460627082-project] Attributes excluded by policy engine: ['binding:profile', 'binding:host_id', 'binding:vif_type', 'binding:vif_details'] {{(pid=83445) _exclude_attributes_by_policy /opt/stack/neutron/neutron/pecan_wsgi/hooks/policy_enforcement.py:255}}
Dec 20 08:42:00.525794 dv-neutron-820491-1-hyperv neutron-server[83445]: DEBUG neutron.quota.resource [None req-997e9f42-e4ee-4fde-83a5-92e368f5ea16 tempest-AllowedAddressPairIpV6TestJSON-460627082 tempest-AllowedAddressPairIpV6TestJSON-460627082-project] Synchronizing usage tracker for tenant:6efc783da9574d08a8a0d82510a572d4 on resource:port {{(pid=83445) resync /opt/stack/neutron/neutron/quota/resource.py:241}}
Dec 20 08:42:00.599524 dv-neutron-820491-1-hyperv neutron-server[83444]: DEBUG neutron.notifiers.nova [None req-099bd021-f6ba-41bd-88d4-da5e2c813a21 tempest-DHCPAgentSchedulersTestJSON-1809334250 tempest-DHCPAgentSchedulersTestJSON-1809334250-project] device_id is not set on port b7d9e690-6ae1-485e-8846-27afdbd40af5 yet. {{(pid=83444) _can_notify /opt/stack/neutron/neutron/notifiers/nova.py:190}}
Dec 20 08:42:00.649320 dv-neutron-820491-1-hyperv neutron-server[83444]: INFO neutron.pecan_wsgi.hooks.translation [None req-f1373d25-feb3-42b9-8356-8c1e05b2598e tempest-ExternalNetworksAdminNegativeTestJSON-987880733 tempest-ExternalNetworksAdminNegativeTestJSON-987880733-project-admin] POST failed (client error): There was a conflict when trying to complete your request.
Dec 20 08:42:00.650692 dv-neutron-820491-1-hyperv neutron-server[83444]: DEBUG neutron.pecan_wsgi.hooks.notifier [None req-f1373d25-feb3-42b9-8356-8c1e05b2598e tempest-ExternalNetworksAdminNegativeTestJSON-987880733 tempest-ExternalNetworksAdminNegativeTestJSON-987880733-project-admin] No notification will be sent due to unsuccessful status code: 409 {{(pid=83444) after /opt/stack/neutron/neutron/pecan_wsgi/hooks/notifier.py:78}}
Dec 20 08:42:00.652384 dv-neutron-820491-1-hyperv neutron-server[83445]: DEBUG neutron.plugins.ml2.managers [None req-9d160f19-824b-4871-a07e-40fd83e975ee tempest-PortsAdminExtendedAttrsTestJSON-1760463337 tempest-PortsAdminExtendedAttrsTestJSON-1760463337-project-admin] Attempting to bind port f9a09b51-d5eb-4dbc-aa09-b2db6159429d on host hv-neutron-8204 for vnic_type normal with profile {{(pid=83445) bind_port /opt/stack/neutron/neutron/plugins/ml2/managers.py:790}}
Dec 20 08:42:00.654890 dv-neutron-820491-1-hyperv neutron-server[83445]: DEBUG neutron.plugins.ml2.managers [None req-9d160f19-824b-4871-a07e-40fd83e975ee tempest-PortsAdminExtendedAttrsTestJSON-1760463337 tempest-PortsAdminExtendedAttrsTestJSON-1760463337-project-admin] Attempting to bind port f9a09b51-d5eb-4dbc-aa09-b2db6159429d by drivers openvswitch,hyperv on host hv-neutron-8204 at level 0 using segments [{'id': '4b5cce3c-72dc-41c5-85c0-b41189f1c9de', 'network_type': 'vlan', 'physical_network': 'physnet1', 'segmentation_id': 311, 'network_id': '89e85b71-aa43-4a01-81dd-ce4ea4642e74'}] {{(pid=83445) _bind_port_level /opt/stack/neutron/neutron/plugins/ml2/managers.py:815}}
Dec 20 08:42:00.655234 dv-neutron-820491-1-hyperv neutron-server[83445]: DEBUG neutron.plugins.ml2.drivers.mech_agent [None req-9d160f19-824b-4871-a07e-40fd83e975ee tempest-PortsAdminExtendedAttrsTestJSON-1760463337 tempest-PortsAdminExtendedAttrsTestJSON-1760463337-project-admin] Attempting to bind port f9a09b51-d5eb-4dbc-aa09-b2db6159429d on network 89e85b71-aa43-4a01-81dd-ce4ea4642e74 {{(pid=83445) bind_port /opt/stack/neutron/neutron/plugins/ml2/drivers/mech_agent.py:85}}
Dec 20 08:42:00.683174 dv-neutron-820491-1-hyperv neutron-server[83445]: DEBUG neutron.plugins.ml2.drivers.mech_agent [None req-9d160f19-824b-4871-a07e-40fd83e975ee tempest-PortsAdminExtendedAttrsTestJSON-1760463337 tempest-PortsAdminExtendedAttrsTestJSON-1760463337-project-admin] Port f9a09b51-d5eb-4dbc-aa09-b2db6159429d on network 89e85b71-aa43-4a01-81dd-ce4ea4642e74 not bound, no agent of type Open vSwitch agent registered on host hv-neutron-8204 {{(pid=83445) bind_port /opt/stack/neutron/neutron/plugins/ml2/drivers/mech_agent.py:97}}
Dec 20 08:42:00.683557 dv-neutron-820491-1-hyperv neutron-server[83445]: ERROR neutron.plugins.ml2.managers [None req-9d160f19-824b-4871-a07e-40fd83e975ee tempest-PortsAdminExtendedAttrsTestJSON-1760463337 tempest-PortsAdminExtendedAttrsTestJSON-1760463337-project-admin] Failed to bind port f9a09b51-d5eb-4dbc-aa09-b2db6159429d on host hv-neutron-8204 for vnic_type normal using segments [{'id': '4b5cce3c-72dc-41c5-85c0-b41189f1c9de', 'network_type': 'vlan', 'physical_network': 'physnet1', 'segmentation_id': 311, 'network_id': '89e85b71-aa43-4a01-81dd-ce4ea4642e74'}]
Dec 20 08:42:00.691083 dv-neutron-820491-1-hyperv neutron-server[83445]: INFO neutron.plugins.ml2.plugin [None req-9d160f19-824b-4871-a07e-40fd83e975ee tempest-PortsAdminExtendedAttrsTestJSON-1760463337 tempest-PortsAdminExtendedAttrsTestJSON-1760463337-project-admin] Attempt 4 to bind port f9a09b51-d5eb-4dbc-aa09-b2db6159429d
Dec 20 08:42:00.704250 dv-neutron-820491-1-hyperv neutron-server[83445]: DEBUG neutron.quota.resource [None req-997e9f42-e4ee-4fde-83a5-92e368f5ea16 tempest-AllowedAddressPairIpV6TestJSON-460627082 tempest-AllowedAddressPairIpV6TestJSON-460627082-project] Unset dirty status for tenant:6efc783da9574d08a8a0d82510a572d4 on resource:port {{(pid=83445) _resync /opt/stack/neutron/neutron/quota/resource.py:233}}
Dec 20 08:42:00.705468 dv-neutron-820491-1-hyperv neutron-server[83445]: INFO neutron.wsgi [None req-997e9f42-e4ee-4fde-83a5-92e368f5ea16 tempest-AllowedAddressPairIpV6TestJSON-460627082 tempest-AllowedAddressPairIpV6TestJSON-460627082-project] 10.222.0.16 "GET /v2.0/ports HTTP/1.1" status: 200 len: 2479 time: 0.4124880
Dec 20 08:42:00.710672 dv-neutron-820491-1-hyperv neutron-server[83445]: DEBUG neutron.wsgi [-] (83445) accepted ('10.222.0.16', 33824) {{(pid=83445) server /usr/local/lib/python3.8/dist-packages/eventlet/wsgi.py:992}}
Dec 20 08:42:00.758381 dv-neutron-820491-1-hyperv neutron-server[83445]: DEBUG neutron.plugins.ml2.managers [None req-9d160f19-824b-4871-a07e-40fd83e975ee tempest-PortsAdminExtendedAttrsTestJSON-1760463337 tempest-PortsAdminExtendedAttrsTestJSON-1760463337-project-admin] Attempting to bind port f9a09b51-d5eb-4dbc-aa09-b2db6159429d on host hv-neutron-8204 for vnic_type normal with profile {{(pid=83445) bind_port /opt/stack/neutron/neutron/plugins/ml2/managers.py:790}}
Dec 20 08:42:00.758707 dv-neutron-820491-1-hyperv neutron-server[83445]: DEBUG neutron.plugins.ml2.managers [None req-9d160f19-824b-4871-a07e-40fd83e975ee tempest-PortsAdminExtendedAttrsTestJSON-1760463337 tempest-PortsAdminExtendedAttrsTestJSON-1760463337-project-admin] Attempting to bind port f9a09b51-d5eb-4dbc-aa09-b2db6159429d by drivers openvswitch,hyperv on host hv-neutron-8204 at level 0 using segments [{'id': '4b5cce3c-72dc-41c5-85c0-b41189f1c9de', 'network_type': 'vlan', 'physical_network': 'physnet1', 'segmentation_id': 311, 'network_id': '89e85b71-aa43-4a01-81dd-ce4ea4642e74'}] {{(pid=83445) _bind_port_level /opt/stack/neutron/neutron/plugins/ml2/managers.py:815}}
Dec 20 08:42:00.759035 dv-neutron-820491-1-hyperv neutron-server[83445]: DEBUG neutron.plugins.ml2.drivers.mech_agent [None req-9d160f19-824b-4871-a07e-40fd83e975ee tempest-PortsAdminExtendedAttrsTestJSON-1760463337 tempest-PortsAdminExtendedAttrsTestJSON-1760463337-project-admin] Attempting to bind port f9a09b51-d5eb-4dbc-aa09-b2db6159429d on network 89e85b71-aa43-4a01-81dd-ce4ea4642e74 {{(pid=83445) bind_port /opt/stack/neutron/neutron/plugins/ml2/drivers/mech_agent.py:85}}
Dec 20 08:42:00.768577 dv-neutron-820491-1-hyperv neutron-server[83444]: INFO neutron.wsgi [None req-f1373d25-feb3-42b9-8356-8c1e05b2598e tempest-ExternalNetworksAdminNegativeTestJSON-987880733 tempest-ExternalNetworksAdminNegativeTestJSON-987880733-project-admin] 10.222.0.16 "POST /v2.0/ports HTTP/1.1" status: 409 len: 372 time: 3.4050670
Dec 20 08:42:00.769518 dv-neutron-820491-1-hyperv neutron-server[83444]: DEBUG neutron.wsgi [-] (83444) accepted ('10.222.0.16', 33830) {{(pid=83444) server /usr/local/lib/python3.8/dist-packages/eventlet/wsgi.py:992}}
Dec 20 08:42:00.818216 dv-neutron-820491-1-hyperv neutron-server[83445]: DEBUG neutron.plugins.ml2.drivers.mech_agent [None req-9d160f19-824b-4871-a07e-40fd83e975ee tempest-PortsAdminExtendedAttrsTestJSON-1760463337 tempest-PortsAdminExtendedAttrsTestJSON-1760463337-project-admin] Port f9a09b51-d5eb-4dbc-aa09-b2db6159429d on network 89e85b71-aa43-4a01-81dd-ce4ea4642e74 not bound, no agent of type Open vSwitch agent registered on host hv-neutron-8204 {{(pid=83445) bind_port /opt/stack/neutron/neutron/plugins/ml2/drivers/mech_agent.py:97}}
Dec 20 08:42:00.820210 dv-neutron-820491-1-hyperv neutron-server[83445]: ERROR neutron.plugins.ml2.managers [None req-9d160f19-824b-4871-a07e-40fd83e975ee tempest-PortsAdminExtendedAttrsTestJSON-1760463337 tempest-PortsAdminExtendedAttrsTestJSON-1760463337-project-admin] Failed to bind port f9a09b51-d5eb-4dbc-aa09-b2db6159429d on host hv-neutron-8204 for vnic_type normal using segments [{'id': '4b5cce3c-72dc-41c5-85c0-b41189f1c9de', 'network_type': 'vlan', 'physical_network': 'physnet1', 'segmentation_id': 311, 'network_id': '89e85b71-aa43-4a01-81dd-ce4ea4642e74'}]
Dec 20 08:42:00.827109 dv-neutron-820491-1-hyperv neutron-server[83446]: DEBUG neutron.plugins.ml2.db [None req-21f9b63f-9524-49d3-a7ed-2980d27d41cd None None] For port 063557c2-d2f1-4269-b5aa-7d3ef4cbf915, host dv-neutron-820491-1-hyperv, got binding levels [PortBindingLevel(driver='openvswitch',host='dv-neutron-820491-1-hyperv',level=0,port_id=063557c2-d2f1-4269-b5aa-7d3ef4cbf915,segment=NetworkSegment(7c00552d-ea93-440b-911c-cb3aa0a4eeff),segment_id=7c00552d-ea93-440b-911c-cb3aa0a4eeff)] {{(pid=83446) get_binding_level_objs /opt/stack/neutron/neutron/plugins/ml2/db.py:74}}
Dec 20 08:42:00.827865 dv-neutron-820491-1-hyperv neutron-server[83446]: DEBUG neutron_lib.callbacks.manager [None req-21f9b63f-9524-49d3-a7ed-2980d27d41cd None None] Notify callbacks ['neutron.services.l3_router.l3_router_plugin.L3_NAT_dbonly_mixin._precommit_delete_port_callback-349750'] for port, precommit_delete {{(pid=83446) _notify_loop /usr/local/lib/python3.8/dist-packages/neutron_lib/callbacks/manager.py:192}}
Dec 20 08:42:00.828529 dv-neutron-820491-1-hyperv neutron-server[83445]: INFO neutron.plugins.ml2.plugin [None req-9d160f19-824b-4871-a07e-40fd83e975ee tempest-PortsAdminExtendedAttrsTestJSON-1760463337 tempest-PortsAdminExtendedAttrsTestJSON-1760463337-project-admin] Attempt 5 to bind port f9a09b51-d5eb-4dbc-aa09-b2db6159429d
Dec 20 08:42:00.859516 dv-neutron-820491-1-hyperv neutron-server[83445]: DEBUG neutron.plugins.ml2.managers [None req-9d160f19-824b-4871-a07e-40fd83e975ee tempest-PortsAdminExtendedAttrsTestJSON-1760463337 tempest-PortsAdminExtendedAttrsTestJSON-1760463337-project-admin] Attempting to bind port f9a09b51-d5eb-4dbc-aa09-b2db6159429d on host hv-neutron-8204 for vnic_type normal with profile {{(pid=83445) bind_port /opt/stack/neutron/neutron/plugins/ml2/managers.py:790}}
Dec 20 08:42:00.859730 dv-neutron-820491-1-hyperv neutron-server[83445]: DEBUG neutron.plugins.ml2.managers [None req-9d160f19-824b-4871-a07e-40fd83e975ee tempest-PortsAdminExtendedAttrsTestJSON-1760463337 tempest-PortsAdminExtendedAttrsTestJSON-1760463337-project-admin] Attempting to bind port f9a09b51-d5eb-4dbc-aa09-b2db6159429d by drivers openvswitch,hyperv on host hv-neutron-8204 at level 0 using segments [{'id': '4b5cce3c-72dc-41c5-85c0-b41189f1c9de', 'network_type': 'vlan', 'physical_network': 'physnet1', 'segmentation_id': 311, 'network_id': '89e85b71-aa43-4a01-81dd-ce4ea4642e74'}] {{(pid=83445) _bind_port_level /opt/stack/neutron/neutron/plugins/ml2/managers.py:815}}
Dec 20 08:42:00.860065 dv-neutron-820491-1-hyperv neutron-server[83445]: DEBUG neutron.plugins.ml2.drivers.mech_agent [None req-9d160f19-824b-4871-a07e-40fd83e975ee tempest-PortsAdminExtendedAttrsTestJSON-1760463337 tempest-PortsAdminExtendedAttrsTestJSON-1760463337-project-admin] Attempting to bind port f9a09b51-d5eb-4dbc-aa09-b2db6159429d on network 89e85b71-aa43-4a01-81dd-ce4ea4642e74 {{(pid=83445) bind_port /opt/stack/neutron/neutron/plugins/ml2/drivers/mech_agent.py:85}}
Dec 20 08:42:00.871319 dv-neutron-820491-1-hyperv neutron-server[83445]: DEBUG neutron.plugins.ml2.plugin [None req-cca02d40-366e-4d9f-977b-42053633857c tempest-AllowedAddressPairIpV6TestJSON-460627082 tempest-AllowedAddressPairIpV6TestJSON-460627082-project] Deleting port 5ff4d279-16c1-44eb-8a26-29a68f45fc5f {{(pid=83445) _pre_delete_port /opt/stack/neutron/neutron/plugins/ml2/plugin.py:1863}}
Dec 20 08:42:00.871665 dv-neutron-820491-1-hyperv neutron-server[83445]: DEBUG neutron_lib.callbacks.manager [None req-cca02d40-366e-4d9f-977b-42053633857c tempest-AllowedAddressPairIpV6TestJSON-460627082 tempest-AllowedAddressPairIpV6TestJSON-460627082-project] Notify callbacks ['neutron.db.l3_db.L3_NAT_dbonly_mixin._prevent_l3_port_delete_callback-8789432284676'] for port, before_delete {{(pid=83445) _notify_loop /usr/local/lib/python3.8/dist-packages/neutron_lib/callbacks/manager.py:192}}
Dec 20 08:42:00.906241 dv-neutron-820491-1-hyperv neutron-server[83445]: DEBUG neutron.db.db_base_plugin_common [None req-3bf1fae6-62c3-4a34-8d8d-9616c2214ce0 admin admin] Allocated IP 172.20.0.1 (ae7d918f-a9f8-4196-ba8f-f2cde9016013/41a7a572-5490-4849-a924-85aba7f9eddc/1a68abfe-3c9d-4096-bb74-3714faf4418c) {{(pid=83445) _store_ip_allocation /opt/stack/neutron/neutron/db/db_base_plugin_common.py:131}}
Dec 20 08:42:00.920393 dv-neutron-820491-1-hyperv neutron-server[83445]: DEBUG neutron.plugins.ml2.drivers.mech_agent [None req-9d160f19-824b-4871-a07e-40fd83e975ee tempest-PortsAdminExtendedAttrsTestJSON-1760463337 tempest-PortsAdminExtendedAttrsTestJSON-1760463337-project-admin] Port f9a09b51-d5eb-4dbc-aa09-b2db6159429d on network 89e85b71-aa43-4a01-81dd-ce4ea4642e74 not bound, no agent of type Open vSwitch agent registered on host hv-neutron-8204 {{(pid=83445) bind_port /opt/stack/neutron/neutron/plugins/ml2/drivers/mech_agent.py:97}}
Dec 20 08:42:00.920721 dv-neutron-820491-1-hyperv neutron-server[83445]: ERROR neutron.plugins.ml2.managers [None req-9d160f19-824b-4871-a07e-40fd83e975ee tempest-PortsAdminExtendedAttrsTestJSON-1760463337 tempest-PortsAdminExtendedAttrsTestJSON-1760463337-project-admin] Failed to bind port f9a09b51-d5eb-4dbc-aa09-b2db6159429d on host hv-neutron-8204 for vnic_type normal using segments [{'id': '4b5cce3c-72dc-41c5-85c0-b41189f1c9de', 'network_type': 'vlan', 'physical_network': 'physnet1', 'segmentation_id': 311, 'network_id': '89e85b71-aa43-4a01-81dd-ce4ea4642e74'}]
Dec 20 08:42:00.926201 dv-neutron-820491-1-hyperv neutron-server[83445]: INFO neutron.plugins.ml2.plugin [None req-9d160f19-824b-4871-a07e-40fd83e975ee tempest-PortsAdminExtendedAttrsTestJSON-1760463337 tempest-PortsAdminExtendedAttrsTestJSON-1760463337-project-admin] Attempt 6 to bind port f9a09b51-d5eb-4dbc-aa09-b2db6159429d
Dec 20 08:42:01.003457 dv-neutron-820491-1-hyperv neutron-server[83446]: DEBUG neutron.plugins.ml2.plugin [None req-21f9b63f-9524-49d3-a7ed-2980d27d41cd None None] Calling delete_port for 063557c2-d2f1-4269-b5aa-7d3ef4cbf915 owned by network:dhcp {{(pid=83446) delete_port /opt/stack/neutron/neutron/plugins/ml2/plugin.py:1935}}
Dec 20 08:42:01.010898 dv-neutron-820491-1-hyperv neutron-server[83445]: DEBUG neutron.plugins.ml2.managers [None req-9d160f19-824b-4871-a07e-40fd83e975ee tempest-PortsAdminExtendedAttrsTestJSON-1760463337 tempest-PortsAdminExtendedAttrsTestJSON-1760463337-project-admin] Attempting to bind port f9a09b51-d5eb-4dbc-aa09-b2db6159429d on host hv-neutron-8204 for vnic_type normal with profile {{(pid=83445) bind_port /opt/stack/neutron/neutron/plugins/ml2/managers.py:790}}
