Dec 13 09:08:35.498372 dv-neutron-820190-4-hyperv neutron-server[103284]: DEBUG neutron.plugins.ml2.drivers.mech_agent [None req-fdedff0b-f84d-42ca-a605-8b27bd8e5438 tempest-PortsAdminExtendedAttrsTestJSON-383004055 tempest-PortsAdminExtendedAttrsTestJSON-383004055-project-admin] Port f8777caf-8a81-4bcd-91dc-11e31062ffbd on network 3c0a7206-7eae-4999-adbe-0eebfe641edf not bound, no agent of type Open vSwitch agent registered on host hv-neutron-8201 {{(pid=103284) bind_port /opt/stack/neutron/neutron/plugins/ml2/drivers/mech_agent.py:103}}
Dec 13 09:08:35.498692 dv-neutron-820190-4-hyperv neutron-server[103284]: ERROR neutron.plugins.ml2.managers [None req-fdedff0b-f84d-42ca-a605-8b27bd8e5438 tempest-PortsAdminExtendedAttrsTestJSON-383004055 tempest-PortsAdminExtendedAttrsTestJSON-383004055-project-admin] Failed to bind port f8777caf-8a81-4bcd-91dc-11e31062ffbd on host hv-neutron-8201 for vnic_type normal using segments [{'id': '4c31c79b-f3dd-4dfc-a55c-0ce6c224b14d', 'network_type': 'vlan', 'physical_network': 'physnet1', 'segmentation_id': 59, 'network_id': '3c0a7206-7eae-4999-adbe-0eebfe641edf'}]
Dec 13 09:08:35.499060 dv-neutron-820190-4-hyperv neutron-server[103284]: DEBUG neutron_lib.callbacks.manager [None req-fdedff0b-f84d-42ca-a605-8b27bd8e5438 tempest-PortsAdminExtendedAttrsTestJSON-383004055 tempest-PortsAdminExtendedAttrsTestJSON-383004055-project-admin] Publish callbacks ['neutron.plugins.ml2.plugin.SecurityGroupDbMixin._ensure_default_security_group_handler-2060924'] for port, before_update {{(pid=103284) _notify_loop /usr/local/lib/python3.8/dist-packages/neutron_lib/callbacks/manager.py:175}}
Dec 13 09:08:35.608186 dv-neutron-820190-4-hyperv neutron-server[103283]: DEBUG neutron_lib.callbacks.manager [None req-6d1a3ca5-a67a-4f54-8c3e-f62c10a66f26 tempest-RoutersAdminTest-747199460 tempest-RoutersAdminTest-747199460-project] Publish callbacks [] for router_gateway, before_create {{(pid=103283) _notify_loop /usr/local/lib/python3.8/dist-packages/neutron_lib/callbacks/manager.py:175}}
Dec 13 09:08:35.634571 dv-neutron-820190-4-hyperv neutron-server[103283]: DEBUG neutron_lib.callbacks.manager [None req-6d1a3ca5-a67a-4f54-8c3e-f62c10a66f26 tempest-RoutersAdminTest-747199460 tempest-RoutersAdminTest-747199460-project] Publish callbacks ['neutron.plugins.ml2.plugin.SecurityGroupDbMixin._ensure_default_security_group_handler-2060924'] for port, before_create {{(pid=103283) _notify_loop /usr/local/lib/python3.8/dist-packages/neutron_lib/callbacks/manager.py:175}}
Dec 13 09:08:35.699063 dv-neutron-820190-4-hyperv neutron-server[103284]: DEBUG neutron_lib.callbacks.manager [None req-2bd4d26f-cb1d-4967-af88-381372f73ec7 tempest-PortsAdminExtendedAttrsIpV6TestJSON-404319220 tempest-PortsAdminExtendedAttrsIpV6TestJSON-404319220-project-admin] Publish callbacks ['neutron.notifiers.nova.Notifier._send_nova_notification-121135'] for port, before_response {{(pid=103284) _notify_loop /usr/local/lib/python3.8/dist-packages/neutron_lib/callbacks/manager.py:175}}
Dec 13 09:08:35.714591 dv-neutron-820190-4-hyperv neutron-server[103284]: INFO neutron.wsgi [None req-2bd4d26f-cb1d-4967-af88-381372f73ec7 tempest-PortsAdminExtendedAttrsIpV6TestJSON-404319220 tempest-PortsAdminExtendedAttrsIpV6TestJSON-404319220-project-admin] 10.222.0.32 "DELETE /v2.0/ports/6302632b-9ab2-4cae-a401-91d1203f87e5 HTTP/1.1" status: 204 len: 168 time: 2.3394601
Dec 13 09:08:35.715447 dv-neutron-820190-4-hyperv neutron-server[103284]: DEBUG neutron.api.rpc.handlers.resources_rpc [None req-2bd4d26f-cb1d-4967-af88-381372f73ec7 tempest-PortsAdminExtendedAttrsIpV6TestJSON-404319220 tempest-PortsAdminExtendedAttrsIpV6TestJSON-404319220-project-admin] Pushing event deleted for resources: {'Port': ['ID=6302632b-9ab2-4cae-a401-91d1203f87e5,revision_number=None']} {{(pid=103284) push /opt/stack/neutron/neutron/api/rpc/handlers/resources_rpc.py:237}}
Dec 13 09:08:35.722291 dv-neutron-820190-4-hyperv neutron-server[103283]: DEBUG neutron.wsgi [-] (103283) accepted ('10.222.0.32', 45140) {{(pid=103283) server /usr/local/lib/python3.8/dist-packages/eventlet/wsgi.py:1004}}
Dec 13 09:08:35.880896 dv-neutron-820190-4-hyperv neutron-server[103285]: DEBUG neutron.plugins.ml2.rpc [None req-84aa303a-4847-41ad-8b8f-1004050a5e0f None None] Device a95820a0-3b47-4200-b8b3-610459b6be94 up at agent ovs-agent-dv-neutron-820190-4-hyperv {{(pid=103285) update_device_up /opt/stack/neutron/neutron/plugins/ml2/rpc.py:296}}
Dec 13 09:08:35.925332 dv-neutron-820190-4-hyperv neutron-server[103284]: DEBUG neutron_lib.callbacks.manager [None req-823716e4-7b79-45a3-9375-feb3b64b6cde admin admin] Publish callbacks [] for security_group, precommit_create {{(pid=103284) _notify_loop /usr/local/lib/python3.8/dist-packages/neutron_lib/callbacks/manager.py:175}}
Dec 13 09:08:35.959423 dv-neutron-820190-4-hyperv neutron-server[103283]: INFO neutron.pecan_wsgi.hooks.translation [None req-a2f83ab5-e3c8-4536-b25d-b6846991aff8 tempest-PortsAdminExtendedAttrsIpV6TestJSON-404319220 tempest-PortsAdminExtendedAttrsIpV6TestJSON-404319220-project-admin] GET failed (client error): The resource could not be found.
Dec 13 09:08:35.963945 dv-neutron-820190-4-hyperv neutron-server[103283]: INFO neutron.wsgi [None req-a2f83ab5-e3c8-4536-b25d-b6846991aff8 tempest-PortsAdminExtendedAttrsIpV6TestJSON-404319220 tempest-PortsAdminExtendedAttrsIpV6TestJSON-404319220-project-admin] 10.222.0.32 "GET /v2.0/ports/6302632b-9ab2-4cae-a401-91d1203f87e5 HTTP/1.1" status: 404 len: 333 time: 0.2337999
Dec 13 09:08:35.973293 dv-neutron-820190-4-hyperv neutron-server[103284]: DEBUG neutron_lib.callbacks.manager [None req-823716e4-7b79-45a3-9375-feb3b64b6cde admin admin] Publish callbacks ['neutron.plugins.ml2.ovo_rpc._ObjectChangeHandler.handle_event-905747'] for security_group, after_create {{(pid=103284) _notify_loop /usr/local/lib/python3.8/dist-packages/neutron_lib/callbacks/manager.py:175}}
Dec 13 09:08:35.990048 dv-neutron-820190-4-hyperv neutron-server[103284]: DEBUG neutron.wsgi [-] (103284) accepted ('10.222.0.32', 45144) {{(pid=103284) server /usr/local/lib/python3.8/dist-packages/eventlet/wsgi.py:1004}}
Dec 13 09:08:36.024964 dv-neutron-820190-4-hyperv neutron-server[103285]: DEBUG neutron.db.provisioning_blocks [None req-84aa303a-4847-41ad-8b8f-1004050a5e0f None None] Provisioning complete for port a95820a0-3b47-4200-b8b3-610459b6be94 triggered by entity L2. {{(pid=103285) provisioning_complete /opt/stack/neutron/neutron/db/provisioning_blocks.py:139}}
Dec 13 09:08:36.025376 dv-neutron-820190-4-hyperv neutron-server[103285]: DEBUG neutron_lib.callbacks.manager [None req-84aa303a-4847-41ad-8b8f-1004050a5e0f None None] Publish callbacks ['neutron.plugins.ml2.plugin.Ml2Plugin._port_provisioned-2088611'] for port, provisioning_complete {{(pid=103285) _notify_loop /usr/local/lib/python3.8/dist-packages/neutron_lib/callbacks/manager.py:175}}
Dec 13 09:08:36.070690 dv-neutron-820190-4-hyperv neutron-server[103283]: INFO neutron.wsgi [req-2e70151b-5392-40bc-9fa0-59f1ace4dafd req-b5d4e4f1-47fc-4eef-8897-dd8e0abbef57 tempest-ServersTestJSON-30165187 tempest-ServersTestJSON-30165187-project] 10.222.0.32 "GET /v2.0/ports?device_id=865d3aff-bcc2-4830-891e-0532f0d03e72 HTTP/1.1" status: 200 len: 210 time: 0.1185334
Dec 13 09:08:36.101183 dv-neutron-820190-4-hyperv neutron-server[103284]: DEBUG neutron.plugins.ml2.db [None req-fdedff0b-f84d-42ca-a605-8b27bd8e5438 tempest-PortsAdminExtendedAttrsTestJSON-383004055 tempest-PortsAdminExtendedAttrsTestJSON-383004055-project-admin] For port f8777caf-8a81-4bcd-91dc-11e31062ffbd, host hv-neutron-8201, cleared binding levels {{(pid=103284) clear_binding_levels /opt/stack/neutron/neutron/plugins/ml2/db.py:87}}
Dec 13 09:08:36.102332 dv-neutron-820190-4-hyperv neutron-server[103284]: DEBUG neutron.plugins.ml2.db [None req-fdedff0b-f84d-42ca-a605-8b27bd8e5438 tempest-PortsAdminExtendedAttrsTestJSON-383004055 tempest-PortsAdminExtendedAttrsTestJSON-383004055-project-admin] Attempted to set empty binding levels {{(pid=103284) set_binding_levels /opt/stack/neutron/neutron/plugins/ml2/db.py:65}}
Dec 13 09:08:36.172664 dv-neutron-820190-4-hyperv neutron-server[103283]: DEBUG neutron_lib.callbacks.manager [None req-1dfd73a4-dc04-46ac-849e-c156d591337a tempest-AllowedAddressPairIpV6TestJSON-372522700 tempest-AllowedAddressPairIpV6TestJSON-372522700-project] Publish callbacks [] for port, precommit_create {{(pid=103283) _notify_loop /usr/local/lib/python3.8/dist-packages/neutron_lib/callbacks/manager.py:175}}
Dec 13 09:08:36.182295 dv-neutron-820190-4-hyperv neutron-server[103285]: DEBUG neutron_lib.callbacks.manager [None req-84aa303a-4847-41ad-8b8f-1004050a5e0f None None] Publish callbacks ['neutron.plugins.ml2.plugin.SecurityGroupDbMixin._ensure_default_security_group_handler-2060924'] for port, before_update {{(pid=103285) _notify_loop /usr/local/lib/python3.8/dist-packages/neutron_lib/callbacks/manager.py:175}}
Dec 13 09:08:36.213832 dv-neutron-820190-4-hyperv neutron-server[103284]: INFO neutron.wsgi [None req-823716e4-7b79-45a3-9375-feb3b64b6cde admin admin] 10.222.0.32 "GET /v2.0/security-groups?tenant_id=1b0fdfba36444b9e80cdefbdc05dfa58&name=default HTTP/1.1" status: 200 len: 2996 time: 1.5887160
Dec 13 09:08:36.223745 dv-neutron-820190-4-hyperv neutron-server[103284]: DEBUG neutron.api.v2.base [None req-9e91cdf1-0700-4a0a-af7e-fef2871ef4b9 tempest-PortsAdminExtendedAttrsIpV6TestJSON-404319220 tempest-PortsAdminExtendedAttrsIpV6TestJSON-404319220-project-admin] Request body: {'port': {'network_id': 'b6167a95-034d-43a5-8405-7f261033629d', 'name': 'tempest-PortsAdminExtendedAttrsIpV6TestJSON-1724953116'}} {{(pid=103284) prepare_request_body /opt/stack/neutron/neutron/api/v2/base.py:729}}
Dec 13 09:08:36.236634 dv-neutron-820190-4-hyperv neutron-server[103285]: DEBUG neutron.plugins.ml2.db [None req-84aa303a-4847-41ad-8b8f-1004050a5e0f None None] For port a95820a0-3b47-4200-b8b3-610459b6be94, host dv-neutron-820190-4-hyperv, got binding levels [PortBindingLevel(driver='openvswitch',host='dv-neutron-820190-4-hyperv',level=0,port_id=a95820a0-3b47-4200-b8b3-610459b6be94,segment=NetworkSegment(17260447-38d7-47a1-979d-b895abace6e2),segment_id=17260447-38d7-47a1-979d-b895abace6e2)] {{(pid=103285) get_binding_level_objs /opt/stack/neutron/neutron/plugins/ml2/db.py:74}}
Dec 13 09:08:36.247753 dv-neutron-820190-4-hyperv neutron-server[103285]: DEBUG neutron_lib.callbacks.manager [None req-84aa303a-4847-41ad-8b8f-1004050a5e0f None None] Publish callbacks ['neutron.plugins.ml2.plugin.SecurityGroupServerNotifierRpcMixin._notify_sg_on_port_change-2062001', 'neutron.plugins.ml2.ovo_rpc._ObjectChangeHandler.handle_event-200996', 'neutron.api.rpc.agentnotifiers.dhcp_rpc_agent_api.DhcpAgentNotifyAPI._native_event_send_dhcp_notification-559766', 'neutron.db.l3_db.L3RpcNotifierMixin._notify_gateway_port_ip_changed-8729362333727', 'neutron.db.l3_dvrscheduler_db._notify_l3_agent_port_update-8729361897683', 'neutron.db.l3_hascheduler_db._notify_l3_agent_ha_port_update-8729361897701'] for port, after_update {{(pid=103285) _notify_loop /usr/local/lib/python3.8/dist-packages/neutron_lib/callbacks/manager.py:175}}
Dec 13 09:08:36.249211 dv-neutron-820190-4-hyperv neutron-server[103283]: DEBUG neutron.wsgi [-] (103283) accepted ('10.222.0.32', 45146) {{(pid=103283) server /usr/local/lib/python3.8/dist-packages/eventlet/wsgi.py:1004}}
Dec 13 09:08:36.270634 dv-neutron-820190-4-hyperv neutron-server[103283]: DEBUG neutron_lib.callbacks.manager [None req-1dfd73a4-dc04-46ac-849e-c156d591337a tempest-AllowedAddressPairIpV6TestJSON-372522700 tempest-AllowedAddressPairIpV6TestJSON-372522700-project] Publish callbacks ['neutron.plugins.ml2.plugin.SecurityGroupServerNotifierRpcMixin._notify_sg_on_port_change-2062001', 'neutron.plugins.ml2.ovo_rpc._ObjectChangeHandler.handle_event-200996', 'neutron.api.rpc.agentnotifiers.dhcp_rpc_agent_api.DhcpAgentNotifyAPI._native_event_send_dhcp_notification-559766', 'neutron.db.l3_dvrscheduler_db._notify_l3_agent_new_port-8729361897665', 'neutron.services.segments.plugin.NovaSegmentNotifier._notify_port_created_or_deleted-14243681'] for port, after_create {{(pid=103283) _notify_loop /usr/local/lib/python3.8/dist-packages/neutron_lib/callbacks/manager.py:175}}
Dec 13 09:08:36.289148 dv-neutron-820190-4-hyperv neutron-server[103284]: DEBUG neutron_lib.callbacks.manager [None req-fdedff0b-f84d-42ca-a605-8b27bd8e5438 tempest-PortsAdminExtendedAttrsTestJSON-383004055 tempest-PortsAdminExtendedAttrsTestJSON-383004055-project-admin] Publish callbacks ['neutron.plugins.ml2.plugin.SecurityGroupServerNotifierRpcMixin._notify_sg_on_port_change-2062001', 'neutron.plugins.ml2.ovo_rpc._ObjectChangeHandler.handle_event-200996', 'neutron.api.rpc.agentnotifiers.dhcp_rpc_agent_api.DhcpAgentNotifyAPI._native_event_send_dhcp_notification-559766', 'neutron.db.l3_db.L3RpcNotifierMixin._notify_gateway_port_ip_changed-8729362333727', 'neutron.db.l3_dvrscheduler_db._notify_l3_agent_port_update-8729361897683', 'neutron.db.l3_hascheduler_db._notify_l3_agent_ha_port_update-8729361897701', 'neutron.services.segments.plugin.NovaSegmentNotifier._notify_port_updated-14118047'] for port, after_update {{(pid=103284) _notify_loop /usr/local/lib/python3.8/dist-packages/neutron_lib/callbacks/manager.py:175}}
Dec 13 09:08:36.320542 dv-neutron-820190-4-hyperv neutron-server[103284]: DEBUG neutron.db.db_base_plugin_common [req-e2cd9f55-0ecf-4d81-9d96-0f6aa34a2ee2 req-ad74c6a3-9890-4d6d-8fcd-f0681c14819f tempest-ServersTestJSON-30165187 tempest-ServersTestJSON-30165187-project] Allocated IP 172.20.0.3 (aa74435c-56f0-4bf5-a937-c8aeee92c8b4/b6d28c71-39aa-43ee-82b9-35d8878adc81/c7c148b7-5d57-4080-aa2e-cc17ec0a3eee) {{(pid=103284) _store_ip_allocation /opt/stack/neutron/neutron/db/db_base_plugin_common.py:131}}
Dec 13 09:08:36.358890 dv-neutron-820190-4-hyperv neutron-server[103284]: DEBUG neutron.pecan_wsgi.hooks.policy_enforcement [None req-fdedff0b-f84d-42ca-a605-8b27bd8e5438 tempest-PortsAdminExtendedAttrsTestJSON-383004055 tempest-PortsAdminExtendedAttrsTestJSON-383004055-project-admin] Attributes excluded by policy engine: ['standard_attr_id'] {{(pid=103284) _exclude_attributes_by_policy /opt/stack/neutron/neutron/pecan_wsgi/hooks/policy_enforcement.py:255}}
Dec 13 09:08:36.359506 dv-neutron-820190-4-hyperv neutron-server[103284]: DEBUG neutron_lib.callbacks.manager [None req-fdedff0b-f84d-42ca-a605-8b27bd8e5438 tempest-PortsAdminExtendedAttrsTestJSON-383004055 tempest-PortsAdminExtendedAttrsTestJSON-383004055-project-admin] Publish callbacks ['neutron.notifiers.nova.Notifier._send_nova_notification-121135'] for port, before_response {{(pid=103284) _notify_loop /usr/local/lib/python3.8/dist-packages/neutron_lib/callbacks/manager.py:175}}
Dec 13 09:08:36.406962 dv-neutron-820190-4-hyperv neutron-server[103284]: DEBUG neutron.api.rpc.handlers.resources_rpc [None req-823716e4-7b79-45a3-9375-feb3b64b6cde admin admin] Pushing event updated for resources: {'SecurityGroup': ['ID=5075c85b-d1e1-49bf-baa5-3c84bc66ac87,revision_number=1']} {{(pid=103284) push /opt/stack/neutron/neutron/api/rpc/handlers/resources_rpc.py:237}}
Dec 13 09:08:36.407087 dv-neutron-820190-4-hyperv neutron-server[103285]: DEBUG neutron.api.rpc.handlers.resources_rpc [None req-84aa303a-4847-41ad-8b8f-1004050a5e0f None None] Pushing event updated for resources: {'Port': ['ID=a95820a0-3b47-4200-b8b3-610459b6be94,revision_number=3']} {{(pid=103285) push /opt/stack/neutron/neutron/api/rpc/handlers/resources_rpc.py:237}}
Dec 13 09:08:36.490405 dv-neutron-820190-4-hyperv neutron-server[103284]: DEBUG neutron_lib.callbacks.manager [None req-01f818e8-a95d-4887-8210-36bbb5fcb861 tempest-RoutersAdminNegativeIpV6Test-1531521322 tempest-RoutersAdminNegativeIpV6Test-1531521322-project-admin] Publish callbacks [] for router, before_delete {{(pid=103284) _notify_loop /usr/local/lib/python3.8/dist-packages/neutron_lib/callbacks/manager.py:175}}
Dec 13 09:08:36.509176 dv-neutron-820190-4-hyperv neutron-server[103284]: DEBUG neutron.pecan_wsgi.hooks.quota_enforcement [None req-9e91cdf1-0700-4a0a-af7e-fef2871ef4b9 tempest-PortsAdminExtendedAttrsIpV6TestJSON-404319220 tempest-PortsAdminExtendedAttrsIpV6TestJSON-404319220-project-admin] Made reservation on behalf of c4fb4e20cd9447849d6fd39a8ba90d43 for: {'port': 1} {{(pid=103284) before /opt/stack/neutron/neutron/pecan_wsgi/hooks/quota_enforcement.py:53}}
Dec 13 09:08:36.512360 dv-neutron-820190-4-hyperv neutron-server[103284]: DEBUG neutron_lib.callbacks.manager [None req-9e91cdf1-0700-4a0a-af7e-fef2871ef4b9 tempest-PortsAdminExtendedAttrsIpV6TestJSON-404319220 tempest-PortsAdminExtendedAttrsIpV6TestJSON-404319220-project-admin] Publish callbacks ['neutron.plugins.ml2.plugin.SecurityGroupDbMixin._ensure_default_security_group_handler-2060924'] for port, before_create {{(pid=103284) _notify_loop /usr/local/lib/python3.8/dist-packages/neutron_lib/callbacks/manager.py:175}}
Dec 13 09:08:36.534872 dv-neutron-820190-4-hyperv neutron-server[103283]: DEBUG neutron.scheduler.dhcp_agent_scheduler [None req-1dfd73a4-dc04-46ac-849e-c156d591337a tempest-AllowedAddressPairIpV6TestJSON-372522700 tempest-AllowedAddressPairIpV6TestJSON-372522700-project] Network 6a3cc722-1d03-4327-b0fa-7f2e3c5c4ba7 is already hosted by enough agents. {{(pid=103283) _get_dhcp_agents_hosting_network /opt/stack/neutron/neutron/scheduler/dhcp_agent_scheduler.py:275}}
Dec 13 09:08:36.537147 dv-neutron-820190-4-hyperv neutron-server[103283]: INFO neutron.wsgi [req-e83136ff-a03f-4245-826b-1a0b9f67a3b5 req-8c27f1ba-0223-444e-8a31-335042799bd3 tempest-ServersTestManualDisk-649715330 tempest-ServersTestManualDisk-649715330-project] 10.222.0.32 "GET /v2.0/ports?device_id=3b47784e-1d8c-48b0-9592-33ba1b68bd58 HTTP/1.1" status: 200 len: 210 time: 0.1149857
Dec 13 09:08:36.542298 dv-neutron-820190-4-hyperv neutron-server[103283]: DEBUG neutron.api.rpc.handlers.resources_rpc [None req-1dfd73a4-dc04-46ac-849e-c156d591337a tempest-AllowedAddressPairIpV6TestJSON-372522700 tempest-AllowedAddressPairIpV6TestJSON-372522700-project] Pushing event updated for resources: {'Port': ['ID=5af488ec-79b4-403f-bce2-e54d15f0eac1,revision_number=1']} {{(pid=103283) push /opt/stack/neutron/neutron/api/rpc/handlers/resources_rpc.py:237}}
Dec 13 09:08:36.545366 dv-neutron-820190-4-hyperv neutron-server[103283]: DEBUG neutron.scheduler.base_scheduler [None req-1dfd73a4-dc04-46ac-849e-c156d591337a tempest-AllowedAddressPairIpV6TestJSON-372522700 tempest-AllowedAddressPairIpV6TestJSON-372522700-project] Resources bound (agent type, host, resource id): {{(pid=103283) schedule /opt/stack/neutron/neutron/scheduler/base_scheduler.py:57}}
Dec 13 09:08:36.550780 dv-neutron-820190-4-hyperv neutron-server[103283]: DEBUG neutron.db.l3_dvrscheduler_db [None req-1dfd73a4-dc04-46ac-849e-c156d591337a tempest-AllowedAddressPairIpV6TestJSON-372522700 tempest-AllowedAddressPairIpV6TestJSON-372522700-project] Received port after_create {{(pid=103283) _notify_l3_agent_new_port /opt/stack/neutron/neutron/db/l3_dvrscheduler_db.py:535}}
Dec 13 09:08:36.557221 dv-neutron-820190-4-hyperv neutron-server[103283]: DEBUG neutron.pecan_wsgi.hooks.policy_enforcement [None req-1dfd73a4-dc04-46ac-849e-c156d591337a tempest-AllowedAddressPairIpV6TestJSON-372522700 tempest-AllowedAddressPairIpV6TestJSON-372522700-project] Attributes excluded by policy engine: ['standard_attr_id', 'binding:profile', 'binding:host_id', 'binding:vif_type', 'binding:vif_details', 'network'] {{(pid=103283) _exclude_attributes_by_policy /opt/stack/neutron/neutron/pecan_wsgi/hooks/policy_enforcement.py:255}}
Dec 13 09:08:36.557928 dv-neutron-820190-4-hyperv neutron-server[103283]: DEBUG neutron_lib.callbacks.manager [None req-1dfd73a4-dc04-46ac-849e-c156d591337a tempest-AllowedAddressPairIpV6TestJSON-372522700 tempest-AllowedAddressPairIpV6TestJSON-372522700-project] Publish callbacks ['neutron.notifiers.nova.Notifier._send_nova_notification-121135'] for port, before_response {{(pid=103283) _notify_loop /usr/local/lib/python3.8/dist-packages/neutron_lib/callbacks/manager.py:175}}
Dec 13 09:08:36.560961 dv-neutron-820190-4-hyperv neutron-server[103284]: INFO neutron.wsgi [None req-fdedff0b-f84d-42ca-a605-8b27bd8e5438 tempest-PortsAdminExtendedAttrsTestJSON-383004055 tempest-PortsAdminExtendedAttrsTestJSON-383004055-project-admin] 10.222.0.32 "POST /v2.0/ports HTTP/1.1" status: 201 len: 982 time: 5.8563812
Dec 13 09:08:36.565987 dv-neutron-820190-4-hyperv neutron-server[103283]: DEBUG neutron.wsgi [-] (103283) accepted ('10.222.0.32', 45152) {{(pid=103283) server /usr/local/lib/python3.8/dist-packages/eventlet/wsgi.py:1004}}
Dec 13 09:08:36.574331 dv-neutron-820190-4-hyperv neutron-server[103284]: DEBUG neutron.api.rpc.handlers.resources_rpc [None req-fdedff0b-f84d-42ca-a605-8b27bd8e5438 tempest-PortsAdminExtendedAttrsTestJSON-383004055 tempest-PortsAdminExtendedAttrsTestJSON-383004055-project-admin] Pushing event updated for resources: {'Port': ['ID=f8777caf-8a81-4bcd-91dc-11e31062ffbd,revision_number=2']} {{(pid=103284) push /opt/stack/neutron/neutron/api/rpc/handlers/resources_rpc.py:237}}
Dec 13 09:08:36.618741 dv-neutron-820190-4-hyperv neutron-server[103285]: DEBUG neutron.api.rpc.handlers.dhcp_rpc [None req-8086f92e-b6bb-417d-96fc-86657f87f087 None None] Network 6a3cc722-1d03-4327-b0fa-7f2e3c5c4ba7 requested from dv-neutron-820190-4-hyperv {{(pid=103285) get_network_info /opt/stack/neutron/neutron/api/rpc/handlers/dhcp_rpc.py:189}}
Dec 13 09:08:36.626072 dv-neutron-820190-4-hyperv neutron-server[103284]: DEBUG neutron.notifiers.nova [None req-9e91cdf1-0700-4a0a-af7e-fef2871ef4b9 tempest-PortsAdminExtendedAttrsIpV6TestJSON-404319220 tempest-PortsAdminExtendedAttrsIpV6TestJSON-404319220-project-admin] device_id is not set on port eaa3a31a-8f33-40d2-a049-8cae8d05720d yet. {{(pid=103284) _can_notify /opt/stack/neutron/neutron/notifiers/nova.py:190}}
Dec 13 09:08:36.661416 dv-neutron-820190-4-hyperv neutron-server[103283]: DEBUG neutron.db.db_base_plugin_common [None req-6d1a3ca5-a67a-4f54-8c3e-f62c10a66f26 tempest-RoutersAdminTest-747199460 tempest-RoutersAdminTest-747199460-project] Allocated IP 172.26.5.148 (640d8cea-d5a1-4d46-9ca3-a16cdf785596/e6259d2c-1a03-41c4-9746-e11e2f68d615/a265be4b-e9cd-4eb3-896d-dc80d37bff74) {{(pid=103283) _store_ip_allocation /opt/stack/neutron/neutron/db/db_base_plugin_common.py:131}}
Dec 13 09:08:36.693123 dv-neutron-820190-4-hyperv neutron-server[103285]: DEBUG neutron.db.provisioning_blocks [None req-8ae3c331-8e23-4a6e-b19a-f1be5ddc5367 None None] Provisioning complete for port a95820a0-3b47-4200-b8b3-610459b6be94 triggered by entity DHCP. {{(pid=103285) provisioning_complete /opt/stack/neutron/neutron/db/provisioning_blocks.py:139}}
Dec 13 09:08:36.693494 dv-neutron-820190-4-hyperv neutron-server[103285]: DEBUG neutron_lib.callbacks.manager [None req-8ae3c331-8e23-4a6e-b19a-f1be5ddc5367 None None] Publish callbacks ['neutron.plugins.ml2.plugin.Ml2Plugin._port_provisioned-2088611'] for port, provisioning_complete {{(pid=103285) _notify_loop /usr/local/lib/python3.8/dist-packages/neutron_lib/callbacks/manager.py:175}}
Dec 13 09:08:36.704440 dv-neutron-820190-4-hyperv neutron-server[103283]: DEBUG neutron_lib.callbacks.manager [None req-45e6e96a-297a-4cb5-8109-6798fb633a12 admin admin] Publish callbacks [] for security_group, before_delete {{(pid=103283) _notify_loop /usr/local/lib/python3.8/dist-packages/neutron_lib/callbacks/manager.py:175}}
Dec 13 09:08:36.753997 dv-neutron-820190-4-hyperv neutron-server[103283]: INFO neutron.wsgi [None req-1dfd73a4-dc04-46ac-849e-c156d591337a tempest-AllowedAddressPairIpV6TestJSON-372522700 tempest-AllowedAddressPairIpV6TestJSON-372522700-project] 10.222.0.32 "POST /v2.0/ports HTTP/1.1" status: 201 len: 943 time: 2.9036672
Dec 13 09:08:36.762452 dv-neutron-820190-4-hyperv neutron-server[103283]: DEBUG neutron.wsgi [-] (103283) accepted ('10.222.0.32', 45154) {{(pid=103283) server /usr/local/lib/python3.8/dist-packages/eventlet/wsgi.py:1004}}
Dec 13 09:08:36.768788 dv-neutron-820190-4-hyperv neutron-server[103283]: DEBUG neutron.api.v2.base [None req-f6ca8dd7-9e46-46a2-b654-45cdca5d5fa6 tempest-AllowedAddressPairIpV6TestJSON-372522700 tempest-AllowedAddressPairIpV6TestJSON-372522700-project] Request body: {'port': {'network_id': '6a3cc722-1d03-4327-b0fa-7f2e3c5c4ba7', 'name': 'tempest-AllowedAddressPairIpV6TestJSON-1527961084', 'allowed_address_pairs': [{'ip_address': '2001:db8::81', 'mac_address': 'fa:16:3e:3b:55:47'}]}} {{(pid=103283) prepare_request_body /opt/stack/neutron/neutron/api/v2/base.py:729}}
Dec 13 09:08:36.773021 dv-neutron-820190-4-hyperv neutron-server[103284]: DEBUG neutron_lib.callbacks.manager [None req-01f818e8-a95d-4887-8210-36bbb5fcb861 tempest-RoutersAdminNegativeIpV6Test-1531521322 tempest-RoutersAdminNegativeIpV6Test-1531521322-project-admin] Publish callbacks ['neutron.services.l3_router.l3_router_plugin.L3_HA_NAT_db_mixin._release_router_vr_id-955703', 'neutron.services.l3_router.service_providers.driver_controller.DriverController._clear_router_provider-32104'] for router, precommit_delete {{(pid=103284) _notify_loop /usr/local/lib/python3.8/dist-packages/neutron_lib/callbacks/manager.py:175}}
Dec 13 09:08:36.775537 dv-neutron-820190-4-hyperv neutron-server[103284]: DEBUG neutron_lib.callbacks.manager [None req-01f818e8-a95d-4887-8210-36bbb5fcb861 tempest-RoutersAdminNegativeIpV6Test-1531521322 tempest-RoutersAdminNegativeIpV6Test-1531521322-project-admin] Publish callbacks [] for router_controller, precommit_delete_associations {{(pid=103284) _notify_loop /usr/local/lib/python3.8/dist-packages/neutron_lib/callbacks/manager.py:175}}
Dec 13 09:08:36.868964 dv-neutron-820190-4-hyperv neutron-server[103284]: DEBUG neutron_lib.callbacks.manager [None req-01f818e8-a95d-4887-8210-36bbb5fcb861 tempest-RoutersAdminNegativeIpV6Test-1531521322 tempest-RoutersAdminNegativeIpV6Test-1531521322-project-admin] Publish callbacks ['neutron.services.l3_router.l3_router_plugin.L3_HA_NAT_db_mixin._cleanup_ha_network_handler-955694'] for router, after_delete {{(pid=103284) _notify_loop /usr/local/lib/python3.8/dist-packages/neutron_lib/callbacks/manager.py:175}}
Dec 13 09:08:36.870331 dv-neutron-820190-4-hyperv neutron-server[103284]: DEBUG neutron.api.rpc.agentnotifiers.l3_rpc_agent_api [None req-01f818e8-a95d-4887-8210-36bbb5fcb861 tempest-RoutersAdminNegativeIpV6Test-1531521322 tempest-RoutersAdminNegativeIpV6Test-1531521322-project-admin] Fanout notify agent at l3_agent the message router_deleted on router 3059b2ad-3c33-4e52-bbac-4d5cc63675da {{(pid=103284) _notification_fanout /opt/stack/neutron/neutron/api/rpc/agentnotifiers/l3_rpc_agent_api.py:114}}
Dec 13 09:08:36.894640 dv-neutron-820190-4-hyperv neutron-server[103283]: DEBUG neutron_lib.callbacks.manager [None req-45e6e96a-297a-4cb5-8109-6798fb633a12 admin admin] Publish callbacks [] for security_group, precommit_delete {{(pid=103283) _notify_loop /usr/local/lib/python3.8/dist-packages/neutron_lib/callbacks/manager.py:175}}
Dec 13 09:08:37.001338 dv-neutron-820190-4-hyperv neutron-server[103284]: INFO neutron.api.v2.resource [None req-01f818e8-a95d-4887-8210-36bbb5fcb861 tempest-RoutersAdminNegativeIpV6Test-1531521322 tempest-RoutersAdminNegativeIpV6Test-1531521322-project-admin] create failed (client error): There was a conflict when trying to complete your request.
Dec 13 09:08:37.005614 dv-neutron-820190-4-hyperv neutron-server[103284]: INFO neutron.wsgi [None req-01f818e8-a95d-4887-8210-36bbb5fcb861 tempest-RoutersAdminNegativeIpV6Test-1531521322 tempest-RoutersAdminNegativeIpV6Test-1531521322-project-admin] 10.222.0.32 "POST /v2.0/routers HTTP/1.1" status: 409 len: 371 time: 4.0739880
Dec 13 09:08:37.007728 dv-neutron-820190-4-hyperv neutron-server[103284]: DEBUG neutron.wsgi [-] (103284) accepted ('10.222.0.32', 45156) {{(pid=103284) server /usr/local/lib/python3.8/dist-packages/eventlet/wsgi.py:1004}}
Dec 13 09:08:37.072562 dv-neutron-820190-4-hyperv neutron-server[103283]: DEBUG neutron_lib.callbacks.manager [None req-6d1a3ca5-a67a-4f54-8c3e-f62c10a66f26 tempest-RoutersAdminTest-747199460 tempest-RoutersAdminTest-747199460-project] Publish callbacks [] for port, precommit_create {{(pid=103283) _notify_loop /usr/local/lib/python3.8/dist-packages/neutron_lib/callbacks/manager.py:175}}
Dec 13 09:08:37.152282 dv-neutron-820190-4-hyperv neutron-server[103283]: DEBUG neutron.plugins.ml2.plugin [None req-70576f89-702f-46e6-8999-bb108159793b tempest-PortsAdminExtendedAttrsTestJSON-383004055 tempest-PortsAdminExtendedAttrsTestJSON-383004055-project-admin] Deleting port f8777caf-8a81-4bcd-91dc-11e31062ffbd {{(pid=103283) _pre_delete_port /opt/stack/neutron/neutron/plugins/ml2/plugin.py:1936}}
Dec 13 09:08:37.152981 dv-neutron-820190-4-hyperv neutron-server[103283]: DEBUG neutron_lib.callbacks.manager [None req-70576f89-702f-46e6-8999-bb108159793b tempest-PortsAdminExtendedAttrsTestJSON-383004055 tempest-PortsAdminExtendedAttrsTestJSON-383004055-project-admin] Publish callbacks ['neutron.db.l3_db.L3_NAT_dbonly_mixin._prevent_l3_port_delete_callback-8729362376358'] for port, before_delete {{(pid=103283) _notify_loop /usr/local/lib/python3.8/dist-packages/neutron_lib/callbacks/manager.py:175}}
Dec 13 09:08:37.193004 dv-neutron-820190-4-hyperv neutron-server[103283]: DEBUG neutron_lib.callbacks.manager [None req-45e6e96a-297a-4cb5-8109-6798fb633a12 admin admin] Publish callbacks ['neutron.plugins.ml2.ovo_rpc._ObjectChangeHandler.handle_event-905747'] for security_group, after_delete {{(pid=103283) _notify_loop /usr/local/lib/python3.8/dist-packages/neutron_lib/callbacks/manager.py:175}}
Dec 13 09:08:37.197341 dv-neutron-820190-4-hyperv neutron-server[103283]: DEBUG neutron_lib.callbacks.manager [None req-45e6e96a-297a-4cb5-8109-6798fb633a12 admin admin] Publish callbacks [] for security_group, before_response {{(pid=103283) _notify_loop /usr/local/lib/python3.8/dist-packages/neutron_lib/callbacks/manager.py:175}}
Dec 13 09:08:37.198841 dv-neutron-820190-4-hyperv neutron-server[103283]: INFO neutron.wsgi [None req-45e6e96a-297a-4cb5-8109-6798fb633a12 admin admin] 10.222.0.32 "DELETE /v2.0/security-groups/5075c85b-d1e1-49bf-baa5-3c84bc66ac87 HTTP/1.1" status: 204 len: 168 time: 0.9481220
Dec 13 09:08:37.228746 dv-neutron-820190-4-hyperv neutron-server[103284]: DEBUG neutron_lib.callbacks.manager [req-e2cd9f55-0ecf-4d81-9d96-0f6aa34a2ee2 req-ad74c6a3-9890-4d6d-8fcd-f0681c14819f tempest-ServersTestJSON-30165187 tempest-ServersTestJSON-30165187-project] Publish callbacks [] for port, precommit_create {{(pid=103284) _notify_loop /usr/local/lib/python3.8/dist-packages/neutron_lib/callbacks/manager.py:175}}
Dec 13 09:08:37.342021 dv-neutron-820190-4-hyperv neutron-server[103283]: DEBUG neutron.api.rpc.handlers.resources_rpc [None req-45e6e96a-297a-4cb5-8109-6798fb633a12 admin admin] Pushing event deleted for resources: {'SecurityGroup': ['ID=5075c85b-d1e1-49bf-baa5-3c84bc66ac87,revision_number=None']} {{(pid=103283) push /opt/stack/neutron/neutron/api/rpc/handlers/resources_rpc.py:237}}
Dec 13 09:08:37.375072 dv-neutron-820190-4-hyperv neutron-server[103284]: DEBUG neutron_lib.callbacks.manager [None req-9e91cdf1-0700-4a0a-af7e-fef2871ef4b9 tempest-PortsAdminExtendedAttrsIpV6TestJSON-404319220 tempest-PortsAdminExtendedAttrsIpV6TestJSON-404319220-project-admin] Publish callbacks [] for port, precommit_create {{(pid=103284) _notify_loop /usr/local/lib/python3.8/dist-packages/neutron_lib/callbacks/manager.py:175}}
Dec 13 09:08:37.378667 dv-neutron-820190-4-hyperv neutron-server[103283]: INFO neutron.wsgi [req-c075bf92-90fb-4b62-9e83-818bc11f4263 req-7056a0d0-4a6f-4da0-a3c9-42d95392c0fa tempest-ServersTestJSON-30165187 tempest-ServersTestJSON-30165187-project] 10.222.0.32 "GET /v2.0/ports?device_id=865d3aff-bcc2-4830-891e-0532f0d03e72 HTTP/1.1" status: 200 len: 210 time: 0.1762774
Dec 13 09:08:37.393956 dv-neutron-820190-4-hyperv neutron-server[103283]: DEBUG neutron.pecan_wsgi.hooks.quota_enforcement [None req-f6ca8dd7-9e46-46a2-b654-45cdca5d5fa6 tempest-AllowedAddressPairIpV6TestJSON-372522700 tempest-AllowedAddressPairIpV6TestJSON-372522700-project] Made reservation on behalf of 5f1368e0d5154733a1648eb2e8b42ee0 for: {'port': 1} {{(pid=103283) before /opt/stack/neutron/neutron/pecan_wsgi/hooks/quota_enforcement.py:53}}
Dec 13 09:08:37.465548 dv-neutron-820190-4-hyperv neutron-server[103284]: DEBUG neutron.plugins.ml2.plugin [None req-33308f81-aca2-4125-a18d-84a44ef92e47 tempest-RoutersAdminNegativeIpV6Test-1531521322 tempest-RoutersAdminNegativeIpV6Test-1531521322-project-admin] Deleting port 977f4561-3912-4c75-bbb2-2598057816d1 {{(pid=103284) _pre_delete_port /opt/stack/neutron/neutron/plugins/ml2/plugin.py:1936}}
Dec 13 09:08:37.467737 dv-neutron-820190-4-hyperv neutron-server[103284]: DEBUG neutron_lib.callbacks.manager [None req-33308f81-aca2-4125-a18d-84a44ef92e47 tempest-RoutersAdminNegativeIpV6Test-1531521322 tempest-RoutersAdminNegativeIpV6Test-1531521322-project-admin] Publish callbacks ['neutron.db.l3_db.L3_NAT_dbonly_mixin._prevent_l3_port_delete_callback-8729362376358'] for port, before_delete {{(pid=103284) _notify_loop /usr/local/lib/python3.8/dist-packages/neutron_lib/callbacks/manager.py:175}}
Dec 13 09:08:37.482632 dv-neutron-820190-4-hyperv neutron-server[103285]: DEBUG neutron.db.provisioning_blocks [None req-f3ea0665-279d-46d2-8381-a80fb0db1d41 None None] Provisioning complete for port 5af488ec-79b4-403f-bce2-e54d15f0eac1 triggered by entity DHCP. {{(pid=103285) provisioning_complete /opt/stack/neutron/neutron/db/provisioning_blocks.py:139}}
Dec 13 09:08:37.484546 dv-neutron-820190-4-hyperv neutron-server[103285]: DEBUG neutron_lib.callbacks.manager [None req-f3ea0665-279d-46d2-8381-a80fb0db1d41 None None] Publish callbacks ['neutron.plugins.ml2.plugin.Ml2Plugin._port_provisioned-2088611'] for port, provisioning_complete {{(pid=103285) _notify_loop /usr/local/lib/python3.8/dist-packages/neutron_lib/callbacks/manager.py:175}}
Dec 13 09:08:37.500256 dv-neutron-820190-4-hyperv neutron-server[103283]: DEBUG neutron_lib.callbacks.manager [None req-6d1a3ca5-a67a-4f54-8c3e-f62c10a66f26 tempest-RoutersAdminTest-747199460 tempest-RoutersAdminTest-747199460-project] Publish callbacks ['neutron.plugins.ml2.plugin.SecurityGroupServerNotifierRpcMixin._notify_sg_on_port_change-2062001', 'neutron.plugins.ml2.ovo_rpc._ObjectChangeHandler.handle_event-200996', 'neutron.api.rpc.agentnotifiers.dhcp_rpc_agent_api.DhcpAgentNotifyAPI._native_event_send_dhcp_notification-559766', 'neutron.db.l3_dvrscheduler_db._notify_l3_agent_new_port-8729361897665', 'neutron.services.segments.plugin.NovaSegmentNotifier._notify_port_created_or_deleted-14243681'] for port, after_create {{(pid=103283) _notify_loop /usr/local/lib/python3.8/dist-packages/neutron_lib/callbacks/manager.py:175}}
Dec 13 09:08:37.502936 dv-neutron-820190-4-hyperv neutron-server[103284]: DEBUG neutron_lib.callbacks.manager [req-e2cd9f55-0ecf-4d81-9d96-0f6aa34a2ee2 req-ad74c6a3-9890-4d6d-8fcd-f0681c14819f tempest-ServersTestJSON-30165187 tempest-ServersTestJSON-30165187-project] Publish callbacks ['neutron.plugins.ml2.plugin.SecurityGroupServerNotifierRpcMixin._notify_sg_on_port_change-2062001', 'neutron.plugins.ml2.ovo_rpc._ObjectChangeHandler.handle_event-200996', 'neutron.api.rpc.agentnotifiers.dhcp_rpc_agent_api.DhcpAgentNotifyAPI._native_event_send_dhcp_notification-559766', 'neutron.db.l3_dvrscheduler_db._notify_l3_agent_new_port-8729361897665', 'neutron.services.segments.plugin.NovaSegmentNotifier._notify_port_created_or_deleted-14118032'] for port, after_create {{(pid=103284) _notify_loop /usr/local/lib/python3.8/dist-packages/neutron_lib/callbacks/manager.py:175}}
Dec 13 09:08:37.585876 dv-neutron-820190-4-hyperv neutron-server[103284]: DEBUG neutron.scheduler.dhcp_agent_scheduler [req-e2cd9f55-0ecf-4d81-9d96-0f6aa34a2ee2 req-ad74c6a3-9890-4d6d-8fcd-f0681c14819f tempest-ServersTestJSON-30165187 tempest-ServersTestJSON-30165187-project] Network aa74435c-56f0-4bf5-a937-c8aeee92c8b4 is already hosted by enough agents. {{(pid=103284) _get_dhcp_agents_hosting_network /opt/stack/neutron/neutron/scheduler/dhcp_agent_scheduler.py:275}}
Dec 13 09:08:37.623211 dv-neutron-820190-4-hyperv neutron-server[103285]: DEBUG neutron.plugins.ml2.plugin [None req-f3ea0665-279d-46d2-8381-a80fb0db1d41 None None] Port 5af488ec-79b4-403f-bce2-e54d15f0eac1 cannot update to ACTIVE because it is not bound. {{(pid=103285) _port_provisioned /opt/stack/neutron/neutron/plugins/ml2/plugin.py:342}}
Dec 13 09:08:37.625149 dv-neutron-820190-4-hyperv neutron-server[103283]: DEBUG neutron.plugins.ml2.db [None req-70576f89-702f-46e6-8999-bb108159793b tempest-PortsAdminExtendedAttrsTestJSON-383004055 tempest-PortsAdminExtendedAttrsTestJSON-383004055-project-admin] For port f8777caf-8a81-4bcd-91dc-11e31062ffbd, host hv-neutron-8201, got binding levels [] {{(pid=103283) get_binding_level_objs /opt/stack/neutron/neutron/plugins/ml2/db.py:74}}
Dec 13 09:08:37.625951 dv-neutron-820190-4-hyperv neutron-server[103283]: DEBUG neutron_lib.callbacks.manager [None req-70576f89-702f-46e6-8999-bb108159793b tempest-PortsAdminExtendedAttrsTestJSON-383004055 tempest-PortsAdminExtendedAttrsTestJSON-383004055-project-admin] Publish callbacks ['neutron.services.l3_router.l3_router_plugin.L3_NAT_dbonly_mixin._precommit_delete_port_callback-992046'] for port, precommit_delete {{(pid=103283) _notify_loop /usr/local/lib/python3.8/dist-packages/neutron_lib/callbacks/manager.py:175}}
Dec 13 09:08:37.631245 dv-neutron-820190-4-hyperv neutron-server[103284]: DEBUG neutron.scheduler.base_scheduler [req-e2cd9f55-0ecf-4d81-9d96-0f6aa34a2ee2 req-ad74c6a3-9890-4d6d-8fcd-f0681c14819f tempest-ServersTestJSON-30165187 tempest-ServersTestJSON-30165187-project] Resources bound (agent type, host, resource id): {{(pid=103284) schedule /opt/stack/neutron/neutron/scheduler/base_scheduler.py:57}}
Dec 13 09:08:37.659027 dv-neutron-820190-4-hyperv neutron-server[103285]: DEBUG neutron.db.provisioning_blocks [None req-f3ea0665-279d-46d2-8381-a80fb0db1d41 None None] Provisioning complete for port a95820a0-3b47-4200-b8b3-610459b6be94 triggered by entity DHCP. {{(pid=103285) provisioning_complete /opt/stack/neutron/neutron/db/provisioning_blocks.py:139}}
Dec 13 09:08:37.660066 dv-neutron-820190-4-hyperv neutron-server[103285]: DEBUG neutron_lib.callbacks.manager [None req-f3ea0665-279d-46d2-8381-a80fb0db1d41 None None] Publish callbacks ['neutron.plugins.ml2.plugin.Ml2Plugin._port_provisioned-2088611'] for port, provisioning_complete {{(pid=103285) _notify_loop /usr/local/lib/python3.8/dist-packages/neutron_lib/callbacks/manager.py:175}}
Dec 13 09:08:37.679081 dv-neutron-820190-4-hyperv neutron-server[103284]: DEBUG neutron.db.l3_dvrscheduler_db [req-e2cd9f55-0ecf-4d81-9d96-0f6aa34a2ee2 req-ad74c6a3-9890-4d6d-8fcd-f0681c14819f tempest-ServersTestJSON-30165187 tempest-ServersTestJSON-30165187-project] Received port after_create {{(pid=103284) _notify_l3_agent_new_port /opt/stack/neutron/neutron/db/l3_dvrscheduler_db.py:535}}
Dec 13 09:08:37.739988 dv-neutron-820190-4-hyperv neutron-server[103283]: DEBUG neutron.scheduler.dhcp_agent_scheduler [None req-6d1a3ca5-a67a-4f54-8c3e-f62c10a66f26 tempest-RoutersAdminTest-747199460 tempest-RoutersAdminTest-747199460-project] Network 640d8cea-d5a1-4d46-9ca3-a16cdf785596 is already hosted by enough agents. {{(pid=103283) _get_dhcp_agents_hosting_network /opt/stack/neutron/neutron/scheduler/dhcp_agent_scheduler.py:275}}
Dec 13 09:08:37.744926 dv-neutron-820190-4-hyperv neutron-server[103283]: DEBUG neutron.scheduler.base_scheduler [None req-6d1a3ca5-a67a-4f54-8c3e-f62c10a66f26 tempest-RoutersAdminTest-747199460 tempest-RoutersAdminTest-747199460-project] Resources bound (agent type, host, resource id): {{(pid=103283) schedule /opt/stack/neutron/neutron/scheduler/base_scheduler.py:57}}
Dec 13 09:08:37.750397 dv-neutron-820190-4-hyperv neutron-server[103283]: DEBUG neutron.db.l3_dvrscheduler_db [None req-6d1a3ca5-a67a-4f54-8c3e-f62c10a66f26 tempest-RoutersAdminTest-747199460 tempest-RoutersAdminTest-747199460-project] Received port after_create {{(pid=103283) _notify_l3_agent_new_port /opt/stack/neutron/neutron/db/l3_dvrscheduler_db.py:535}}
Dec 13 09:08:37.815611 dv-neutron-820190-4-hyperv neutron-server[103284]: DEBUG neutron.api.rpc.handlers.resources_rpc [None req-ad74c6a3-9890-4d6d-8fcd-f0681c14819f tempest-ServersTestJSON-30165187 tempest-ServersTestJSON-30165187-project] Pushing event updated for resources: {'Port': ['ID=c7c148b7-5d57-4080-aa2e-cc17ec0a3eee,revision_number=1']} {{(pid=103284) push /opt/stack/neutron/neutron/api/rpc/handlers/resources_rpc.py:237}}
Dec 13 09:08:37.818560 dv-neutron-820190-4-hyperv neutron-server[103284]: DEBUG neutron_lib.callbacks.manager [None req-9e91cdf1-0700-4a0a-af7e-fef2871ef4b9 tempest-PortsAdminExtendedAttrsIpV6TestJSON-404319220 tempest-PortsAdminExtendedAttrsIpV6TestJSON-404319220-project-admin] Publish callbacks ['neutron.plugins.ml2.plugin.SecurityGroupServerNotifierRpcMixin._notify_sg_on_port_change-2062001', 'neutron.plugins.ml2.ovo_rpc._ObjectChangeHandler.handle_event-200996', 'neutron.api.rpc.agentnotifiers.dhcp_rpc_agent_api.DhcpAgentNotifyAPI._native_event_send_dhcp_notification-559766', 'neutron.db.l3_dvrscheduler_db._notify_l3_agent_new_port-8729361897665', 'neutron.services.segments.plugin.NovaSegmentNotifier._notify_port_created_or_deleted-14118032'] for port, after_create {{(pid=103284) _notify_loop /usr/local/lib/python3.8/dist-packages/neutron_lib/callbacks/manager.py:175}}
Dec 13 09:08:37.871257 dv-neutron-820190-4-hyperv neutron-server[103285]: DEBUG neutron.plugins.ml2.rpc [None req-84aa303a-4847-41ad-8b8f-1004050a5e0f None None] Device a95820a0-3b47-4200-b8b3-610459b6be94 up at agent ovs-agent-dv-neutron-820190-4-hyperv {{(pid=103285) update_device_up /opt/stack/neutron/neutron/plugins/ml2/rpc.py:296}}
Dec 13 09:08:37.977942 dv-neutron-820190-4-hyperv neutron-server[103283]: DEBUG neutron.plugins.ml2.plugin [None req-70576f89-702f-46e6-8999-bb108159793b tempest-PortsAdminExtendedAttrsTestJSON-383004055 tempest-PortsAdminExtendedAttrsTestJSON-383004055-project-admin] Calling delete_port for f8777caf-8a81-4bcd-91dc-11e31062ffbd owned by {{(pid=103283) delete_port /opt/stack/neutron/neutron/plugins/ml2/plugin.py:2014}}
Dec 13 09:08:37.996682 dv-neutron-820190-4-hyperv neutron-server[103283]: INFO neutron.wsgi [req-95759946-f2ec-42a0-932b-d90a7b553943 req-c31e72b6-5853-48b0-b138-d11df19f5815 tempest-ServersTestManualDisk-649715330 tempest-ServersTestManualDisk-649715330-project] 10.222.0.32 "GET /v2.0/ports?device_id=3b47784e-1d8c-48b0-9592-33ba1b68bd58 HTTP/1.1" status: 200 len: 210 time: 0.0712407
Dec 13 09:08:38.047966 dv-neutron-820190-4-hyperv neutron-server[103285]: DEBUG neutron_lib.callbacks.manager [None req-b84f9933-0715-4fe8-a055-65af41c49229 None None] Publish callbacks ['neutron.services.segments.db._update_segment_host_mapping_for_agent-8729362449062', 'neutron.plugins.ml2.plugin.Ml2Plugin._retry_binding_revived_agents-2088690'] for agent, after_update {{(pid=103285) _notify_loop /usr/local/lib/python3.8/dist-packages/neutron_lib/callbacks/manager.py:175}}
Dec 13 09:08:38.062589 dv-neutron-820190-4-hyperv neutron-server[103285]: DEBUG neutron.db.provisioning_blocks [None req-84aa303a-4847-41ad-8b8f-1004050a5e0f None None] Provisioning complete for port a95820a0-3b47-4200-b8b3-610459b6be94 triggered by entity L2. {{(pid=103285) provisioning_complete /opt/stack/neutron/neutron/db/provisioning_blocks.py:139}}
Dec 13 09:08:38.063104 dv-neutron-820190-4-hyperv neutron-server[103285]: DEBUG neutron_lib.callbacks.manager [None req-84aa303a-4847-41ad-8b8f-1004050a5e0f None None] Publish callbacks ['neutron.plugins.ml2.plugin.Ml2Plugin._port_provisioned-2088611'] for port, provisioning_complete {{(pid=103285) _notify_loop /usr/local/lib/python3.8/dist-packages/neutron_lib/callbacks/manager.py:175}}
Dec 13 09:08:38.152179 dv-neutron-820190-4-hyperv neutron-server[103283]: DEBUG neutron.api.rpc.handlers.resources_rpc [None req-6d1a3ca5-a67a-4f54-8c3e-f62c10a66f26 tempest-RoutersAdminTest-747199460 tempest-RoutersAdminTest-747199460-project] Pushing event updated for resources: {'Port': ['ID=a265be4b-e9cd-4eb3-896d-dc80d37bff74,revision_number=1']} {{(pid=103283) push /opt/stack/neutron/neutron/api/rpc/handlers/resources_rpc.py:237}}
Dec 13 09:08:38.193828 dv-neutron-820190-4-hyperv neutron-server[103285]: DEBUG neutron.db.provisioning_blocks [None req-3de48d29-d0d6-4493-a9fe-50cd87c1b79a None None] Provisioning complete for port c7c148b7-5d57-4080-aa2e-cc17ec0a3eee triggered by entity DHCP. {{(pid=103285) provisioning_complete /opt/stack/neutron/neutron/db/provisioning_blocks.py:139}}
Dec 13 09:08:38.194200 dv-neutron-820190-4-hyperv neutron-server[103285]: DEBUG neutron_lib.callbacks.manager [None req-3de48d29-d0d6-4493-a9fe-50cd87c1b79a None None] Publish callbacks ['neutron.plugins.ml2.plugin.Ml2Plugin._port_provisioned-2088611'] for port, provisioning_complete {{(pid=103285) _notify_loop /usr/local/lib/python3.8/dist-packages/neutron_lib/callbacks/manager.py:175}}
Dec 13 09:08:38.262670 dv-neutron-820190-4-hyperv neutron-server[103285]: DEBUG neutron.plugins.ml2.plugin [None req-3de48d29-d0d6-4493-a9fe-50cd87c1b79a None None] Port c7c148b7-5d57-4080-aa2e-cc17ec0a3eee cannot update to ACTIVE because it is not bound. {{(pid=103285) _port_provisioned /opt/stack/neutron/neutron/plugins/ml2/plugin.py:342}}
Dec 13 09:08:38.276857 dv-neutron-820190-4-hyperv neutron-server[103285]: DEBUG neutron.db.provisioning_blocks [None req-3de48d29-d0d6-4493-a9fe-50cd87c1b79a None None] Provisioning complete for port 5af488ec-79b4-403f-bce2-e54d15f0eac1 triggered by entity DHCP. {{(pid=103285) provisioning_complete /opt/stack/neutron/neutron/db/provisioning_blocks.py:139}}
Dec 13 09:08:38.277405 dv-neutron-820190-4-hyperv neutron-server[103285]: DEBUG neutron_lib.callbacks.manager [None req-3de48d29-d0d6-4493-a9fe-50cd87c1b79a None None] Publish callbacks ['neutron.plugins.ml2.plugin.Ml2Plugin._port_provisioned-2088611'] for port, provisioning_complete {{(pid=103285) _notify_loop /usr/local/lib/python3.8/dist-packages/neutron_lib/callbacks/manager.py:175}}
Dec 13 09:08:38.321869 dv-neutron-820190-4-hyperv neutron-server[103285]: DEBUG neutron.plugins.ml2.plugin [None req-3de48d29-d0d6-4493-a9fe-50cd87c1b79a None None] Port 5af488ec-79b4-403f-bce2-e54d15f0eac1 cannot update to ACTIVE because it is not bound. {{(pid=103285) _port_provisioned /opt/stack/neutron/neutron/plugins/ml2/plugin.py:342}}
Dec 13 09:08:38.403114 dv-neutron-820190-4-hyperv neutron-server[103284]: DEBUG neutron.api.rpc.handlers.resources_rpc [None req-9e91cdf1-0700-4a0a-af7e-fef2871ef4b9 tempest-PortsAdminExtendedAttrsIpV6TestJSON-404319220 tempest-PortsAdminExtendedAttrsIpV6TestJSON-404319220-project-admin] Pushing event updated for resources: {'Port': ['ID=eaa3a31a-8f33-40d2-a049-8cae8d05720d,revision_number=1']} {{(pid=103284) push /opt/stack/neutron/neutron/api/rpc/handlers/resources_rpc.py:237}}
Dec 13 09:08:38.415449 dv-neutron-820190-4-hyperv neutron-server[103284]: DEBUG neutron_lib.callbacks.manager [None req-33308f81-aca2-4125-a18d-84a44ef92e47 tempest-RoutersAdminNegativeIpV6Test-1531521322 tempest-RoutersAdminNegativeIpV6Test-1531521322-project-admin] Publish callbacks ['neutron.services.l3_router.l3_router_plugin.L3_NAT_dbonly_mixin._precommit_delete_port_callback-992046'] for port, precommit_delete {{(pid=103284) _notify_loop /usr/local/lib/python3.8/dist-packages/neutron_lib/callbacks/manager.py:175}}
Dec 13 09:08:38.427278 dv-neutron-820190-4-hyperv neutron-server[103284]: DEBUG neutron.pecan_wsgi.hooks.policy_enforcement [req-e2cd9f55-0ecf-4d81-9d96-0f6aa34a2ee2 req-ad74c6a3-9890-4d6d-8fcd-f0681c14819f tempest-ServersTestJSON-30165187 tempest-ServersTestJSON-30165187-project] Attributes excluded by policy engine: ['standard_attr_id', 'binding:profile', 'binding:host_id', 'binding:vif_type', 'binding:vif_details', 'network'] {{(pid=103284) _exclude_attributes_by_policy /opt/stack/neutron/neutron/pecan_wsgi/hooks/policy_enforcement.py:255}}
Dec 13 09:08:38.428029 dv-neutron-820190-4-hyperv neutron-server[103284]: DEBUG neutron_lib.callbacks.manager [req-e2cd9f55-0ecf-4d81-9d96-0f6aa34a2ee2 req-ad74c6a3-9890-4d6d-8fcd-f0681c14819f tempest-ServersTestJSON-30165187 tempest-ServersTestJSON-30165187-project] Publish callbacks ['neutron.notifiers.nova.Notifier._send_nova_notification-121135'] for port, before_response {{(pid=103284) _notify_loop /usr/local/lib/python3.8/dist-packages/neutron_lib/callbacks/manager.py:175}}
Dec 13 09:08:38.471679 dv-neutron-820190-4-hyperv neutron-server[103284]: DEBUG neutron.plugins.ml2.plugin [None req-33308f81-aca2-4125-a18d-84a44ef92e47 tempest-RoutersAdminNegativeIpV6Test-1531521322 tempest-RoutersAdminNegativeIpV6Test-1531521322-project-admin] Calling delete_port for 977f4561-3912-4c75-bbb2-2598057816d1 owned by {{(pid=103284) delete_port /opt/stack/neutron/neutron/plugins/ml2/plugin.py:2014}}
Dec 13 09:08:38.474894 dv-neutron-820190-4-hyperv neutron-server[103284]: DEBUG neutron.scheduler.dhcp_agent_scheduler [None req-9e91cdf1-0700-4a0a-af7e-fef2871ef4b9 tempest-PortsAdminExtendedAttrsIpV6TestJSON-404319220 tempest-PortsAdminExtendedAttrsIpV6TestJSON-404319220-project-admin] Network b6167a95-034d-43a5-8405-7f261033629d is already hosted by enough agents. {{(pid=103284) _get_dhcp_agents_hosting_network /opt/stack/neutron/neutron/scheduler/dhcp_agent_scheduler.py:275}}
Dec 13 09:08:38.481722 dv-neutron-820190-4-hyperv neutron-server[103284]: INFO neutron.wsgi [req-e2cd9f55-0ecf-4d81-9d96-0f6aa34a2ee2 req-ad74c6a3-9890-4d6d-8fcd-f0681c14819f tempest-ServersTestJSON-30165187 tempest-ServersTestJSON-30165187-project] 10.222.0.39 "POST /v2.0/ports HTTP/1.1" status: 201 len: 933 time: 3.4260275
