Nov 29 09:11:35.018003 dv-neutron-819567-2-hyperv neutron-server[103457]: DEBUG neutron.plugins.ml2.plugin [None req-341cea2c-5139-4066-9b94-6b502ad34bfb None None] Port 252afc8e-f0bf-46be-b420-5ac05930a9d7 cannot update to ACTIVE because it is not bound. {{(pid=103457) _port_provisioned /opt/stack/neutron/neutron/plugins/ml2/plugin.py:342}}
Nov 29 09:11:35.030264 dv-neutron-819567-2-hyperv neutron-server[103456]: DEBUG neutron.api.rpc.handlers.resources_rpc [None req-1842a0aa-92d4-486b-9cfc-cce747a51a66 admin admin] Pushing event updated for resources: {'SecurityGroup': ['ID=8af7b1f7-4048-4830-91aa-8447dbaf9288,revision_number=1']} {{(pid=103456) push /opt/stack/neutron/neutron/api/rpc/handlers/resources_rpc.py:237}}
Nov 29 09:11:35.063758 dv-neutron-819567-2-hyperv neutron-server[103456]: INFO neutron.wsgi [None req-1842a0aa-92d4-486b-9cfc-cce747a51a66 admin admin] 10.222.0.18 "GET /v2.0/security-groups?tenant_id=bdb841f8d98848ce88c9d3075387cd13&name=default HTTP/1.1" status: 200 len: 2996 time: 1.5954018
Nov 29 09:11:35.099843 dv-neutron-819567-2-hyperv neutron-server[103456]: DEBUG neutron.wsgi [-] (103456) accepted ('10.222.0.18', 59200) {{(pid=103456) server /usr/local/lib/python3.8/dist-packages/eventlet/wsgi.py:1004}}
Nov 29 09:11:35.184712 dv-neutron-819567-2-hyperv neutron-server[103456]: DEBUG neutron.pecan_wsgi.hooks.policy_enforcement [req-14f87711-60c2-4286-bf96-8c1b86f79537 req-9f35c917-4654-4aff-9e2a-ed219d8667e3 tempest-ServersTestJSON-1622486996 tempest-ServersTestJSON-1622486996-project] Attributes excluded by policy engine: ['standard_attr_id', 'binding:profile', 'binding:host_id', 'binding:vif_type', 'binding:vif_details'] {{(pid=103456) _exclude_attributes_by_policy /opt/stack/neutron/neutron/pecan_wsgi/hooks/policy_enforcement.py:255}}
Nov 29 09:11:35.192295 dv-neutron-819567-2-hyperv neutron-server[103456]: INFO neutron.wsgi [req-14f87711-60c2-4286-bf96-8c1b86f79537 req-9f35c917-4654-4aff-9e2a-ed219d8667e3 tempest-ServersTestJSON-1622486996 tempest-ServersTestJSON-1622486996-project] 10.222.0.18 "GET /v2.0/ports?device_id=fca590e2-3d29-49ea-809c-55a38f1cfc1f HTTP/1.1" status: 200 len: 932 time: 0.1484478
Nov 29 09:11:35.229738 dv-neutron-819567-2-hyperv neutron-server[103456]: DEBUG neutron_lib.callbacks.manager [None req-f2fc02d5-d3c2-4b66-967a-384516b0b000 admin admin] Publish callbacks [] for security_group, before_delete {{(pid=103456) _notify_loop /usr/local/lib/python3.8/dist-packages/neutron_lib/callbacks/manager.py:175}}
Nov 29 09:11:35.273281 dv-neutron-819567-2-hyperv neutron-server[103456]: INFO neutron.wsgi [req-14f87711-60c2-4286-bf96-8c1b86f79537 req-15b8eb16-4ae0-47bd-a3d9-3e3fc0ba8c22 tempest-ServersTestJSON-1622486996 tempest-ServersTestJSON-1622486996-project] 10.222.0.18 "GET /v2.0/security-groups?id=c257014a-f775-4b1d-8ecf-561891893077&fields=id&fields=name HTTP/1.1" status: 200 len: 312 time: 0.0799296
Nov 29 09:11:35.279497 dv-neutron-819567-2-hyperv neutron-server[103456]: DEBUG neutron_lib.callbacks.manager [None req-f2fc02d5-d3c2-4b66-967a-384516b0b000 admin admin] Publish callbacks [] for security_group, precommit_delete {{(pid=103456) _notify_loop /usr/local/lib/python3.8/dist-packages/neutron_lib/callbacks/manager.py:175}}
Nov 29 09:11:35.297166 dv-neutron-819567-2-hyperv neutron-server[103457]: DEBUG neutron.db.provisioning_blocks [None req-288b33dc-b229-4dd4-a689-7fbb1de1509e None None] Provisioning complete for port c800d6eb-29a3-484f-9226-e73cad2a29d4 triggered by entity DHCP. {{(pid=103457) provisioning_complete /opt/stack/neutron/neutron/db/provisioning_blocks.py:139}}
Nov 29 09:11:35.298073 dv-neutron-819567-2-hyperv neutron-server[103457]: DEBUG neutron_lib.callbacks.manager [None req-288b33dc-b229-4dd4-a689-7fbb1de1509e None None] Publish callbacks ['neutron.plugins.ml2.plugin.Ml2Plugin._port_provisioned-1382994'] for port, provisioning_complete {{(pid=103457) _notify_loop /usr/local/lib/python3.8/dist-packages/neutron_lib/callbacks/manager.py:175}}
Nov 29 09:11:35.349613 dv-neutron-819567-2-hyperv neutron-server[103456]: DEBUG neutron_lib.callbacks.manager [None req-f2fc02d5-d3c2-4b66-967a-384516b0b000 admin admin] Publish callbacks ['neutron.plugins.ml2.ovo_rpc._ObjectChangeHandler.handle_event-738913'] for security_group, after_delete {{(pid=103456) _notify_loop /usr/local/lib/python3.8/dist-packages/neutron_lib/callbacks/manager.py:175}}
Nov 29 09:11:35.352058 dv-neutron-819567-2-hyperv neutron-server[103457]: DEBUG neutron.plugins.ml2.plugin [None req-288b33dc-b229-4dd4-a689-7fbb1de1509e None None] Port c800d6eb-29a3-484f-9226-e73cad2a29d4 cannot update to ACTIVE because it is not bound. {{(pid=103457) _port_provisioned /opt/stack/neutron/neutron/plugins/ml2/plugin.py:342}}
Nov 29 09:11:35.352886 dv-neutron-819567-2-hyperv neutron-server[103456]: DEBUG neutron_lib.callbacks.manager [None req-f2fc02d5-d3c2-4b66-967a-384516b0b000 admin admin] Publish callbacks [] for security_group, before_response {{(pid=103456) _notify_loop /usr/local/lib/python3.8/dist-packages/neutron_lib/callbacks/manager.py:175}}
Nov 29 09:11:35.354179 dv-neutron-819567-2-hyperv neutron-server[103456]: INFO neutron.wsgi [None req-f2fc02d5-d3c2-4b66-967a-384516b0b000 admin admin] 10.222.0.18 "DELETE /v2.0/security-groups/8af7b1f7-4048-4830-91aa-8447dbaf9288 HTTP/1.1" status: 204 len: 168 time: 0.2469466
Nov 29 09:11:35.363682 dv-neutron-819567-2-hyperv neutron-server[103456]: DEBUG neutron.api.rpc.handlers.resources_rpc [None req-f2fc02d5-d3c2-4b66-967a-384516b0b000 admin admin] Pushing event deleted for resources: {'SecurityGroup': ['ID=8af7b1f7-4048-4830-91aa-8447dbaf9288,revision_number=None']} {{(pid=103456) push /opt/stack/neutron/neutron/api/rpc/handlers/resources_rpc.py:237}}
Nov 29 09:11:35.408602 dv-neutron-819567-2-hyperv neutron-server[103455]: DEBUG neutron_lib.callbacks.manager [None req-2ff8167f-1688-4bea-96ed-ea3c614df6ff tempest-AllowedAddressPairIpV6TestJSON-95217946 tempest-AllowedAddressPairIpV6TestJSON-95217946-project] Publish callbacks [] for security_group, precommit_create {{(pid=103455) _notify_loop /usr/local/lib/python3.8/dist-packages/neutron_lib/callbacks/manager.py:175}}
Nov 29 09:11:35.418467 dv-neutron-819567-2-hyperv neutron-server[103455]: DEBUG neutron.notifiers.nova [req-bca1c218-1a8c-4749-847d-e3acb043bd70 req-582a494d-5103-4248-a065-3c2dce01c1f5 service neutron] Ignoring state change previous_port_status: DOWN current_port_status: DOWN port_id 1a394dec-2cb0-40ac-99a4-eb8694c5bb9b {{(pid=103455) record_port_status_changed /opt/stack/neutron/neutron/notifiers/nova.py:224}}
Nov 29 09:11:35.436312 dv-neutron-819567-2-hyperv neutron-server[103457]: DEBUG neutron.plugins.ml2.rpc [None req-bf57b979-dc2f-4c25-bb61-1a514d2df4c6 None None] Device 82f8e665-847f-4631-954b-e0590f2f0eb3 up at agent ovs-agent-dv-neutron-819567-2-hyperv {{(pid=103457) update_device_up /opt/stack/neutron/neutron/plugins/ml2/rpc.py:296}}
Nov 29 09:11:35.440372 dv-neutron-819567-2-hyperv neutron-server[103455]: DEBUG neutron_lib.callbacks.manager [req-bca1c218-1a8c-4749-847d-e3acb043bd70 req-582a494d-5103-4248-a065-3c2dce01c1f5 service neutron] Publish callbacks [] for port, precommit_update {{(pid=103455) _notify_loop /usr/local/lib/python3.8/dist-packages/neutron_lib/callbacks/manager.py:175}}
Nov 29 09:11:35.503518 dv-neutron-819567-2-hyperv neutron-server[103455]: DEBUG neutron_lib.callbacks.manager [None req-2ff8167f-1688-4bea-96ed-ea3c614df6ff tempest-AllowedAddressPairIpV6TestJSON-95217946 tempest-AllowedAddressPairIpV6TestJSON-95217946-project] Publish callbacks ['neutron.plugins.ml2.ovo_rpc._ObjectChangeHandler.handle_event-738913'] for security_group, after_create {{(pid=103455) _notify_loop /usr/local/lib/python3.8/dist-packages/neutron_lib/callbacks/manager.py:175}}
Nov 29 09:11:35.507923 dv-neutron-819567-2-hyperv neutron-server[103457]: DEBUG neutron.db.provisioning_blocks [None req-bf57b979-dc2f-4c25-bb61-1a514d2df4c6 None None] Provisioning complete for port 82f8e665-847f-4631-954b-e0590f2f0eb3 triggered by entity L2. {{(pid=103457) provisioning_complete /opt/stack/neutron/neutron/db/provisioning_blocks.py:139}}
Nov 29 09:11:35.508307 dv-neutron-819567-2-hyperv neutron-server[103457]: DEBUG neutron_lib.callbacks.manager [None req-bf57b979-dc2f-4c25-bb61-1a514d2df4c6 None None] Publish callbacks ['neutron.plugins.ml2.plugin.Ml2Plugin._port_provisioned-1382994'] for port, provisioning_complete {{(pid=103457) _notify_loop /usr/local/lib/python3.8/dist-packages/neutron_lib/callbacks/manager.py:175}}
Nov 29 09:11:35.586927 dv-neutron-819567-2-hyperv neutron-server[103455]: DEBUG neutron.db.provisioning_blocks [req-bca1c218-1a8c-4749-847d-e3acb043bd70 req-582a494d-5103-4248-a065-3c2dce01c1f5 service neutron] Transition to ACTIVE for port object 1a394dec-2cb0-40ac-99a4-eb8694c5bb9b will not be triggered until provisioned by entity L2. {{(pid=103455) add_provisioning_component /opt/stack/neutron/neutron/db/provisioning_blocks.py:73}}
Nov 29 09:11:35.612099 dv-neutron-819567-2-hyperv neutron-server[103455]: DEBUG neutron_lib.callbacks.manager [None req-1813b73a-e446-4681-861a-4c60e2a0855f tempest-PortsAdminExtendedAttrsIpV6TestJSON-1060662335 tempest-PortsAdminExtendedAttrsIpV6TestJSON-1060662335-project] Publish callbacks [] for security_group, precommit_create {{(pid=103455) _notify_loop /usr/local/lib/python3.8/dist-packages/neutron_lib/callbacks/manager.py:175}}
Nov 29 09:11:35.618236 dv-neutron-819567-2-hyperv neutron-server[103455]: DEBUG neutron.plugins.ml2.drivers.helpers [None req-2ff8167f-1688-4bea-96ed-ea3c614df6ff tempest-AllowedAddressPairIpV6TestJSON-95217946 tempest-AllowedAddressPairIpV6TestJSON-95217946-project] vlan segment allocate from pool success with {'physical_network': 'physnet1', 'vlan_id': 733} {{(pid=103455) allocate_partially_specified_segment /opt/stack/neutron/neutron/plugins/ml2/drivers/helpers.py:153}}
Nov 29 09:11:35.643415 dv-neutron-819567-2-hyperv neutron-server[103455]: DEBUG neutron.pecan_wsgi.hooks.policy_enforcement [None req-9d27cdf2-e4cc-4a74-8065-6ac2fb58d87e tempest-ExtraDHCPOptionsIpV6TestJSON-500327805 tempest-ExtraDHCPOptionsIpV6TestJSON-500327805-project] Attributes excluded by policy engine: ['standard_attr_id', 'binding:profile', 'binding:host_id', 'binding:vif_type', 'binding:vif_details'] {{(pid=103455) _exclude_attributes_by_policy /opt/stack/neutron/neutron/pecan_wsgi/hooks/policy_enforcement.py:255}}
Nov 29 09:11:35.649353 dv-neutron-819567-2-hyperv neutron-server[103455]: DEBUG neutron.pecan_wsgi.hooks.policy_enforcement [None req-9d27cdf2-e4cc-4a74-8065-6ac2fb58d87e tempest-ExtraDHCPOptionsIpV6TestJSON-500327805 tempest-ExtraDHCPOptionsIpV6TestJSON-500327805-project] Attributes excluded by policy engine: ['standard_attr_id', 'binding:profile', 'binding:host_id', 'binding:vif_type', 'binding:vif_details'] {{(pid=103455) _exclude_attributes_by_policy /opt/stack/neutron/neutron/pecan_wsgi/hooks/policy_enforcement.py:255}}
Nov 29 09:11:35.655431 dv-neutron-819567-2-hyperv neutron-server[103455]: DEBUG neutron.pecan_wsgi.hooks.policy_enforcement [None req-9d27cdf2-e4cc-4a74-8065-6ac2fb58d87e tempest-ExtraDHCPOptionsIpV6TestJSON-500327805 tempest-ExtraDHCPOptionsIpV6TestJSON-500327805-project] Attributes excluded by policy engine: ['standard_attr_id', 'binding:profile', 'binding:host_id', 'binding:vif_type', 'binding:vif_details'] {{(pid=103455) _exclude_attributes_by_policy /opt/stack/neutron/neutron/pecan_wsgi/hooks/policy_enforcement.py:255}}
Nov 29 09:11:35.657151 dv-neutron-819567-2-hyperv neutron-server[103455]: INFO neutron.wsgi [None req-9d27cdf2-e4cc-4a74-8065-6ac2fb58d87e tempest-ExtraDHCPOptionsIpV6TestJSON-500327805 tempest-ExtraDHCPOptionsIpV6TestJSON-500327805-project] 10.222.0.18 "GET /v2.0/ports HTTP/1.1" status: 200 len: 2623 time: 0.8265779
Nov 29 09:11:35.658019 dv-neutron-819567-2-hyperv neutron-server[103455]: DEBUG neutron_lib.callbacks.manager [req-bca1c218-1a8c-4749-847d-e3acb043bd70 req-582a494d-5103-4248-a065-3c2dce01c1f5 service neutron] Publish callbacks ['neutron.plugins.ml2.plugin.SecurityGroupServerNotifierRpcMixin._notify_sg_on_port_change-1773110', 'neutron.plugins.ml2.ovo_rpc._ObjectChangeHandler.handle_event-111178', 'neutron.api.rpc.agentnotifiers.dhcp_rpc_agent_api.DhcpAgentNotifyAPI._native_event_send_dhcp_notification-630355', 'neutron.db.l3_db.L3RpcNotifierMixin._notify_gateway_port_ip_changed-8727745296029', 'neutron.db.l3_dvrscheduler_db._notify_l3_agent_port_update-8727744908036', 'neutron.db.l3_hascheduler_db._notify_l3_agent_ha_port_update-8727744908054', 'neutron.services.segments.plugin.NovaSegmentNotifier._notify_port_updated-59887292'] for port, after_update {{(pid=103455) _notify_loop /usr/local/lib/python3.8/dist-packages/neutron_lib/callbacks/manager.py:175}}
Nov 29 09:11:35.660202 dv-neutron-819567-2-hyperv neutron-server[103456]: DEBUG neutron.wsgi [-] (103456) accepted ('10.222.0.18', 59208) {{(pid=103456) server /usr/local/lib/python3.8/dist-packages/eventlet/wsgi.py:1004}}
Nov 29 09:11:35.669195 dv-neutron-819567-2-hyperv neutron-server[103457]: DEBUG neutron.plugins.ml2.rpc [None req-bf57b979-dc2f-4c25-bb61-1a514d2df4c6 None None] Device 5099462f-0707-4a64-8402-d1c65130dc60 no longer exists at agent ovs-agent-dv-neutron-819567-2-hyperv {{(pid=103457) update_device_down /opt/stack/neutron/neutron/plugins/ml2/rpc.py:259}}
Nov 29 09:11:35.693281 dv-neutron-819567-2-hyperv neutron-server[103455]: DEBUG neutron_lib.callbacks.manager [None req-1813b73a-e446-4681-861a-4c60e2a0855f tempest-PortsAdminExtendedAttrsIpV6TestJSON-1060662335 tempest-PortsAdminExtendedAttrsIpV6TestJSON-1060662335-project] Publish callbacks ['neutron.plugins.ml2.ovo_rpc._ObjectChangeHandler.handle_event-738913'] for security_group, after_create {{(pid=103455) _notify_loop /usr/local/lib/python3.8/dist-packages/neutron_lib/callbacks/manager.py:175}}
Nov 29 09:11:35.697358 dv-neutron-819567-2-hyperv neutron-server[103457]: DEBUG neutron.plugins.ml2.plugin [None req-bf57b979-dc2f-4c25-bb61-1a514d2df4c6 None None] No Port match for: 5099462f-0707-4a64-8402-d1c65130dc60 {{(pid=103457) port_bound_to_host /opt/stack/neutron/neutron/plugins/ml2/plugin.py:2272}}
Nov 29 09:11:35.699058 dv-neutron-819567-2-hyperv neutron-server[103457]: DEBUG neutron.plugins.ml2.rpc [None req-bf57b979-dc2f-4c25-bb61-1a514d2df4c6 None None] Device 5099462f-0707-4a64-8402-d1c65130dc60 not bound to the agent host dv-neutron-819567-2-hyperv {{(pid=103457) update_device_down /opt/stack/neutron/neutron/plugins/ml2/rpc.py:269}}
Nov 29 09:11:35.761269 dv-neutron-819567-2-hyperv neutron-server[103455]: DEBUG neutron_lib.callbacks.manager [None req-2ff8167f-1688-4bea-96ed-ea3c614df6ff tempest-AllowedAddressPairIpV6TestJSON-95217946 tempest-AllowedAddressPairIpV6TestJSON-95217946-project] Publish callbacks ['neutron.plugins.ml2.plugin.Ml2Plugin._handle_segment_change-1589239'] for segment, precommit_create {{(pid=103455) _notify_loop /usr/local/lib/python3.8/dist-packages/neutron_lib/callbacks/manager.py:175}}
Nov 29 09:11:35.761614 dv-neutron-819567-2-hyperv neutron-server[103455]: INFO neutron.db.segments_db [None req-2ff8167f-1688-4bea-96ed-ea3c614df6ff tempest-AllowedAddressPairIpV6TestJSON-95217946 tempest-AllowedAddressPairIpV6TestJSON-95217946-project] Added segment 7d942483-132e-4fd6-84e9-8856273c8b7a of type vlan for network 918bbed0-2aea-400d-8430-3ccfbed0f017
Nov 29 09:11:35.772549 dv-neutron-819567-2-hyperv neutron-server[103455]: DEBUG neutron.api.rpc.handlers.resources_rpc [None req-2ff8167f-1688-4bea-96ed-ea3c614df6ff tempest-AllowedAddressPairIpV6TestJSON-95217946 tempest-AllowedAddressPairIpV6TestJSON-95217946-project] Pushing event updated for resources: {'SecurityGroup': ['ID=354f76e6-d4f5-49c8-8f8f-bb10886df3f7,revision_number=1']} {{(pid=103455) push /opt/stack/neutron/neutron/api/rpc/handlers/resources_rpc.py:237}}
Nov 29 09:11:35.774822 dv-neutron-819567-2-hyperv neutron-server[103456]: DEBUG neutron.plugins.ml2.plugin [None req-1c0a7a97-3243-4549-a9f3-cd1ce5f69879 tempest-ExtraDHCPOptionsIpV6TestJSON-500327805 tempest-ExtraDHCPOptionsIpV6TestJSON-500327805-project] Deleting port c800d6eb-29a3-484f-9226-e73cad2a29d4 {{(pid=103456) _pre_delete_port /opt/stack/neutron/neutron/plugins/ml2/plugin.py:1936}}
Nov 29 09:11:35.775996 dv-neutron-819567-2-hyperv neutron-server[103456]: DEBUG neutron_lib.callbacks.manager [None req-1c0a7a97-3243-4549-a9f3-cd1ce5f69879 tempest-ExtraDHCPOptionsIpV6TestJSON-500327805 tempest-ExtraDHCPOptionsIpV6TestJSON-500327805-project] Publish callbacks ['neutron.db.l3_db.L3_NAT_dbonly_mixin._prevent_l3_port_delete_callback-8727745289777'] for port, before_delete {{(pid=103456) _notify_loop /usr/local/lib/python3.8/dist-packages/neutron_lib/callbacks/manager.py:175}}
Nov 29 09:11:35.808826 dv-neutron-819567-2-hyperv neutron-server[103456]: DEBUG neutron.wsgi [-] (103456) accepted ('10.222.0.18', 59210) {{(pid=103456) server /usr/local/lib/python3.8/dist-packages/eventlet/wsgi.py:1004}}
Nov 29 09:11:35.834166 dv-neutron-819567-2-hyperv neutron-server[103455]: DEBUG neutron.plugins.ml2.drivers.helpers [None req-1813b73a-e446-4681-861a-4c60e2a0855f tempest-PortsAdminExtendedAttrsIpV6TestJSON-1060662335 tempest-PortsAdminExtendedAttrsIpV6TestJSON-1060662335-project] vlan segment allocate from pool success with {'physical_network': 'physnet1', 'vlan_id': 709} {{(pid=103455) allocate_partially_specified_segment /opt/stack/neutron/neutron/plugins/ml2/drivers/helpers.py:153}}
Nov 29 09:11:35.857405 dv-neutron-819567-2-hyperv neutron-server[103456]: DEBUG neutron_lib.callbacks.manager [None req-c5f78283-74c0-458e-9229-e5c2bc0124c1 admin admin] Publish callbacks [] for security_group, before_create {{(pid=103456) _notify_loop /usr/local/lib/python3.8/dist-packages/neutron_lib/callbacks/manager.py:175}}
Nov 29 09:11:35.901743 dv-neutron-819567-2-hyperv neutron-server[103456]: DEBUG neutron_lib.callbacks.manager [None req-1c0a7a97-3243-4549-a9f3-cd1ce5f69879 tempest-ExtraDHCPOptionsIpV6TestJSON-500327805 tempest-ExtraDHCPOptionsIpV6TestJSON-500327805-project] Publish callbacks ['neutron.services.l3_router.l3_router_plugin.L3_NAT_dbonly_mixin._precommit_delete_port_callback-704445'] for port, precommit_delete {{(pid=103456) _notify_loop /usr/local/lib/python3.8/dist-packages/neutron_lib/callbacks/manager.py:175}}
Nov 29 09:11:35.922516 dv-neutron-819567-2-hyperv neutron-server[103456]: DEBUG neutron.plugins.ml2.plugin [None req-1c0a7a97-3243-4549-a9f3-cd1ce5f69879 tempest-ExtraDHCPOptionsIpV6TestJSON-500327805 tempest-ExtraDHCPOptionsIpV6TestJSON-500327805-project] Calling delete_port for c800d6eb-29a3-484f-9226-e73cad2a29d4 owned by {{(pid=103456) delete_port /opt/stack/neutron/neutron/plugins/ml2/plugin.py:2014}}
Nov 29 09:11:35.925297 dv-neutron-819567-2-hyperv neutron-server[103455]: DEBUG neutron_lib.callbacks.manager [None req-1813b73a-e446-4681-861a-4c60e2a0855f tempest-PortsAdminExtendedAttrsIpV6TestJSON-1060662335 tempest-PortsAdminExtendedAttrsIpV6TestJSON-1060662335-project] Publish callbacks ['neutron.plugins.ml2.plugin.Ml2Plugin._handle_segment_change-1589239'] for segment, precommit_create {{(pid=103455) _notify_loop /usr/local/lib/python3.8/dist-packages/neutron_lib/callbacks/manager.py:175}}
Nov 29 09:11:35.926398 dv-neutron-819567-2-hyperv neutron-server[103455]: INFO neutron.db.segments_db [None req-1813b73a-e446-4681-861a-4c60e2a0855f tempest-PortsAdminExtendedAttrsIpV6TestJSON-1060662335 tempest-PortsAdminExtendedAttrsIpV6TestJSON-1060662335-project] Added segment 414a9c45-4f96-4336-85a5-7ae7c8ea504f of type vlan for network fa2f09b5-719d-455a-961b-72e9b858f8fd
Nov 29 09:11:35.963537 dv-neutron-819567-2-hyperv neutron-server[103455]: DEBUG neutron.api.rpc.handlers.resources_rpc [None req-582a494d-5103-4248-a065-3c2dce01c1f5 service neutron] Pushing event updated for resources: {'Port': ['ID=1a394dec-2cb0-40ac-99a4-eb8694c5bb9b,revision_number=2']} {{(pid=103455) push /opt/stack/neutron/neutron/api/rpc/handlers/resources_rpc.py:237}}
Nov 29 09:11:35.967162 dv-neutron-819567-2-hyperv neutron-server[103455]: DEBUG neutron_lib.callbacks.manager [None req-2ff8167f-1688-4bea-96ed-ea3c614df6ff tempest-AllowedAddressPairIpV6TestJSON-95217946 tempest-AllowedAddressPairIpV6TestJSON-95217946-project] Publish callbacks ['neutron.services.auto_allocate.db._ensure_external_network_default_value_callback-8727744874837'] for network, precommit_create {{(pid=103455) _notify_loop /usr/local/lib/python3.8/dist-packages/neutron_lib/callbacks/manager.py:175}}
Nov 29 09:11:35.976253 dv-neutron-819567-2-hyperv neutron-server[103455]: DEBUG neutron_lib.callbacks.manager [None req-1d1dccf3-05c5-413f-9454-3ff771a7c105 tempest-NetworksTestDHCPv6-964467158 tempest-NetworksTestDHCPv6-964467158-project] Publish callbacks ['neutron.plugins.ml2.ovo_rpc._ObjectChangeHandler.handle_event-731311', 'neutron.api.rpc.agentnotifiers.dhcp_rpc_agent_api.DhcpAgentNotifyAPI._native_event_send_dhcp_notification-630355', 'neutron.services.segments.plugin.NovaSegmentNotifier._notify_subnet_created-59887411', 'neutron.services.segments.plugin.SegmentHostRoutes.host_routes_after_create-60620738'] for subnet, after_create {{(pid=103455) _notify_loop /usr/local/lib/python3.8/dist-packages/neutron_lib/callbacks/manager.py:175}}
Nov 29 09:11:35.991680 dv-neutron-819567-2-hyperv neutron-server[103455]: DEBUG neutron.api.rpc.handlers.resources_rpc [None req-1813b73a-e446-4681-861a-4c60e2a0855f tempest-PortsAdminExtendedAttrsIpV6TestJSON-1060662335 tempest-PortsAdminExtendedAttrsIpV6TestJSON-1060662335-project] Pushing event updated for resources: {'SecurityGroup': ['ID=2974d769-b1a3-4840-85d8-6492f1f3ceed,revision_number=1']} {{(pid=103455) push /opt/stack/neutron/neutron/api/rpc/handlers/resources_rpc.py:237}}
Nov 29 09:11:36.089599 dv-neutron-819567-2-hyperv neutron-server[103455]: DEBUG neutron_lib.db.resource_extend [None req-2ff8167f-1688-4bea-96ed-ea3c614df6ff tempest-AllowedAddressPairIpV6TestJSON-95217946 tempest-AllowedAddressPairIpV6TestJSON-95217946-project] It took 0.10 seconds to run function 'neutron_lib.db.resource_extend.apply_funcs' {{(pid=103455) wrapper /usr/local/lib/python3.8/dist-packages/oslo_utils/timeutils.py:386}}
Nov 29 09:11:36.105413 dv-neutron-819567-2-hyperv neutron-server[103456]: DEBUG neutron_lib.callbacks.manager [None req-c5f78283-74c0-458e-9229-e5c2bc0124c1 admin admin] Publish callbacks [] for security_group, precommit_create {{(pid=103456) _notify_loop /usr/local/lib/python3.8/dist-packages/neutron_lib/callbacks/manager.py:175}}
Nov 29 09:11:36.114581 dv-neutron-819567-2-hyperv neutron-server[103456]: DEBUG neutron_lib.callbacks.manager [None req-c5f78283-74c0-458e-9229-e5c2bc0124c1 admin admin] Publish callbacks ['neutron.plugins.ml2.ovo_rpc._ObjectChangeHandler.handle_event-738913'] for security_group, after_create {{(pid=103456) _notify_loop /usr/local/lib/python3.8/dist-packages/neutron_lib/callbacks/manager.py:175}}
Nov 29 09:11:36.153658 dv-neutron-819567-2-hyperv neutron-server[103455]: DEBUG neutron_lib.callbacks.manager [None req-1813b73a-e446-4681-861a-4c60e2a0855f tempest-PortsAdminExtendedAttrsIpV6TestJSON-1060662335 tempest-PortsAdminExtendedAttrsIpV6TestJSON-1060662335-project] Publish callbacks ['neutron.services.auto_allocate.db._ensure_external_network_default_value_callback-8727744874837'] for network, precommit_create {{(pid=103455) _notify_loop /usr/local/lib/python3.8/dist-packages/neutron_lib/callbacks/manager.py:175}}
Nov 29 09:11:36.160209 dv-neutron-819567-2-hyperv neutron-server[103455]: DEBUG neutron.scheduler.dhcp_agent_scheduler [None req-1d1dccf3-05c5-413f-9454-3ff771a7c105 tempest-NetworksTestDHCPv6-964467158 tempest-NetworksTestDHCPv6-964467158-project] Network 845473a6-104d-40bc-a528-b525ab53087b is already hosted by enough agents. {{(pid=103455) _get_dhcp_agents_hosting_network /opt/stack/neutron/neutron/scheduler/dhcp_agent_scheduler.py:275}}
Nov 29 09:11:36.180924 dv-neutron-819567-2-hyperv neutron-server[103456]: INFO neutron.wsgi [None req-c5f78283-74c0-458e-9229-e5c2bc0124c1 admin admin] 10.222.0.18 "GET /v2.0/security-groups?tenant_id=d6cff35c388b4bdcab93ecd662b2e546&name=default HTTP/1.1" status: 200 len: 2996 time: 0.3685889
Nov 29 09:11:36.186558 dv-neutron-819567-2-hyperv neutron-server[103456]: DEBUG neutron.pecan_wsgi.hooks.policy_enforcement [req-bfbe09b5-99c2-4a65-85ee-2ab1032456e1 req-86a18b6d-479b-4e56-a056-dae59c474294 tempest-ServerActionsTestJSON-339385284 tempest-ServerActionsTestJSON-339385284-project] Attributes excluded by policy engine: ['standard_attr_id', 'binding:profile', 'binding:host_id', 'binding:vif_type', 'binding:vif_details'] {{(pid=103456) _exclude_attributes_by_policy /opt/stack/neutron/neutron/pecan_wsgi/hooks/policy_enforcement.py:255}}
Nov 29 09:11:36.188066 dv-neutron-819567-2-hyperv neutron-server[103456]: INFO neutron.wsgi [req-bfbe09b5-99c2-4a65-85ee-2ab1032456e1 req-86a18b6d-479b-4e56-a056-dae59c474294 tempest-ServerActionsTestJSON-339385284 tempest-ServerActionsTestJSON-339385284-project] 10.222.0.18 "GET /v2.0/ports?device_id=f15328f4-a4b5-4b00-8adc-76304f60adcc HTTP/1.1" status: 200 len: 943 time: 0.1748645
Nov 29 09:11:36.189522 dv-neutron-819567-2-hyperv neutron-server[103456]: DEBUG neutron.wsgi [-] (103456) accepted ('10.222.0.18', 59216) {{(pid=103456) server /usr/local/lib/python3.8/dist-packages/eventlet/wsgi.py:1004}}
Nov 29 09:11:36.199337 dv-neutron-819567-2-hyperv neutron-server[103456]: DEBUG neutron.pecan_wsgi.hooks.policy_enforcement [req-db9e3a6f-e6b1-4179-8caa-610c62dfdf11 req-9d007615-42a7-4cd3-833a-6effadc71399 tempest-ServersTestManualDisk-2053792135 tempest-ServersTestManualDisk-2053792135-project] Attributes excluded by policy engine: ['standard_attr_id', 'binding:profile', 'binding:host_id', 'binding:vif_type', 'binding:vif_details'] {{(pid=103456) _exclude_attributes_by_policy /opt/stack/neutron/neutron/pecan_wsgi/hooks/policy_enforcement.py:255}}
Nov 29 09:11:36.200800 dv-neutron-819567-2-hyperv neutron-server[103456]: INFO neutron.wsgi [req-db9e3a6f-e6b1-4179-8caa-610c62dfdf11 req-9d007615-42a7-4cd3-833a-6effadc71399 tempest-ServersTestManualDisk-2053792135 tempest-ServersTestManualDisk-2053792135-project] 10.222.0.18 "GET /v2.0/ports?device_id=af75e099-068b-4c5d-ad5d-0abb41249a3c HTTP/1.1" status: 200 len: 931 time: 0.1660535
Nov 29 09:11:36.200964 dv-neutron-819567-2-hyperv neutron-server[103455]: DEBUG neutron.scheduler.base_scheduler [None req-1d1dccf3-05c5-413f-9454-3ff771a7c105 tempest-NetworksTestDHCPv6-964467158 tempest-NetworksTestDHCPv6-964467158-project] Resources bound (agent type, host, resource id): {{(pid=103455) schedule /opt/stack/neutron/neutron/scheduler/base_scheduler.py:57}}
Nov 29 09:11:36.209759 dv-neutron-819567-2-hyperv neutron-server[103456]: DEBUG neutron.api.rpc.handlers.resources_rpc [None req-c5f78283-74c0-458e-9229-e5c2bc0124c1 admin admin] Pushing event updated for resources: {'SecurityGroup': ['ID=2d5d7d5e-c090-4e16-b0f4-e4518732c4c3,revision_number=1']} {{(pid=103456) push /opt/stack/neutron/neutron/api/rpc/handlers/resources_rpc.py:237}}
Nov 29 09:11:36.220643 dv-neutron-819567-2-hyperv neutron-server[103455]: DEBUG neutron.pecan_wsgi.hooks.policy_enforcement [None req-1d1dccf3-05c5-413f-9454-3ff771a7c105 tempest-NetworksTestDHCPv6-964467158 tempest-NetworksTestDHCPv6-964467158-project] Attributes excluded by policy engine: ['standard_attr_id', 'shared', 'segment_id', 'network'] {{(pid=103455) _exclude_attributes_by_policy /opt/stack/neutron/neutron/pecan_wsgi/hooks/policy_enforcement.py:255}}
Nov 29 09:11:36.221244 dv-neutron-819567-2-hyperv neutron-server[103455]: DEBUG neutron_lib.callbacks.manager [None req-1d1dccf3-05c5-413f-9454-3ff771a7c105 tempest-NetworksTestDHCPv6-964467158 tempest-NetworksTestDHCPv6-964467158-project] Publish callbacks ['neutron.api.rpc.agentnotifiers.dhcp_rpc_agent_api.DhcpAgentNotifyAPI._send_dhcp_notification-630397'] for subnet, before_response {{(pid=103455) _notify_loop /usr/local/lib/python3.8/dist-packages/neutron_lib/callbacks/manager.py:175}}
Nov 29 09:11:36.230223 dv-neutron-819567-2-hyperv neutron-server[103457]: DEBUG neutron.api.rpc.handlers.dhcp_rpc [None req-a7b35cad-79c4-471f-8b52-6e5230216e79 None None] Network 845473a6-104d-40bc-a528-b525ab53087b requested from dv-neutron-819567-2-hyperv {{(pid=103457) get_network_info /opt/stack/neutron/neutron/api/rpc/handlers/dhcp_rpc.py:218}}
Nov 29 09:11:36.235029 dv-neutron-819567-2-hyperv neutron-server[103455]: DEBUG neutron_lib.callbacks.manager [None req-2ff8167f-1688-4bea-96ed-ea3c614df6ff tempest-AllowedAddressPairIpV6TestJSON-95217946 tempest-AllowedAddressPairIpV6TestJSON-95217946-project] Publish callbacks ['neutron.plugins.ml2.ovo_rpc._ObjectChangeHandler.handle_event-735415', 'neutron.api.rpc.agentnotifiers.dhcp_rpc_agent_api.DhcpAgentNotifyAPI._native_event_send_dhcp_notification-630355'] for network, after_create {{(pid=103455) _notify_loop /usr/local/lib/python3.8/dist-packages/neutron_lib/callbacks/manager.py:175}}
Nov 29 09:11:36.240461 dv-neutron-819567-2-hyperv neutron-server[103455]: DEBUG neutron.pecan_wsgi.hooks.policy_enforcement [None req-2ff8167f-1688-4bea-96ed-ea3c614df6ff tempest-AllowedAddressPairIpV6TestJSON-95217946 tempest-AllowedAddressPairIpV6TestJSON-95217946-project] Attributes excluded by policy engine: ['standard_attr_id', 'provider:network_type', 'provider:physical_network', 'provider:segmentation_id', 'vlan_transparent'] {{(pid=103455) _exclude_attributes_by_policy /opt/stack/neutron/neutron/pecan_wsgi/hooks/policy_enforcement.py:255}}
Nov 29 09:11:36.241068 dv-neutron-819567-2-hyperv neutron-server[103455]: DEBUG neutron_lib.callbacks.manager [None req-2ff8167f-1688-4bea-96ed-ea3c614df6ff tempest-AllowedAddressPairIpV6TestJSON-95217946 tempest-AllowedAddressPairIpV6TestJSON-95217946-project] Publish callbacks [] for network, before_response {{(pid=103455) _notify_loop /usr/local/lib/python3.8/dist-packages/neutron_lib/callbacks/manager.py:175}}
Nov 29 09:11:36.258298 dv-neutron-819567-2-hyperv neutron-server[103455]: DEBUG neutron.api.rpc.handlers.resources_rpc [None req-1d1dccf3-05c5-413f-9454-3ff771a7c105 tempest-NetworksTestDHCPv6-964467158 tempest-NetworksTestDHCPv6-964467158-project] Pushing event updated for resources: {'Subnet': ['ID=83572569-6f3b-42d1-bae1-d7bd091ba11f,revision_number=0']} {{(pid=103455) push /opt/stack/neutron/neutron/api/rpc/handlers/resources_rpc.py:237}}
Nov 29 09:11:36.315378 dv-neutron-819567-2-hyperv neutron-server[103455]: DEBUG neutron.notifiers.nova [req-936a7bf7-2443-4c4c-b829-60b10e926fa4 req-b366777b-bf78-4fad-964b-98136ada1948 service neutron] Ignoring state change previous_port_status: DOWN current_port_status: DOWN port_id dc9159a2-7688-4c4a-801b-b24e2df560e4 {{(pid=103455) record_port_status_changed /opt/stack/neutron/neutron/notifiers/nova.py:224}}
Nov 29 09:11:36.333559 dv-neutron-819567-2-hyperv neutron-server[103455]: INFO neutron.wsgi [None req-1d1dccf3-05c5-413f-9454-3ff771a7c105 tempest-NetworksTestDHCPv6-964467158 tempest-NetworksTestDHCPv6-964467158-project] 10.222.0.18 "POST /v2.0/subnets HTTP/1.1" status: 201 len: 834 time: 3.3314295
Nov 29 09:11:36.341200 dv-neutron-819567-2-hyperv neutron-server[103455]: DEBUG neutron_lib.callbacks.manager [req-936a7bf7-2443-4c4c-b829-60b10e926fa4 req-b366777b-bf78-4fad-964b-98136ada1948 service neutron] Publish callbacks [] for port, precommit_update {{(pid=103455) _notify_loop /usr/local/lib/python3.8/dist-packages/neutron_lib/callbacks/manager.py:175}}
Nov 29 09:11:36.343955 dv-neutron-819567-2-hyperv neutron-server[103456]: DEBUG neutron.wsgi [-] (103456) accepted ('10.222.0.18', 59220) {{(pid=103456) server /usr/local/lib/python3.8/dist-packages/eventlet/wsgi.py:1004}}
Nov 29 09:11:36.355776 dv-neutron-819567-2-hyperv neutron-server[103455]: INFO neutron.wsgi [None req-2ff8167f-1688-4bea-96ed-ea3c614df6ff tempest-AllowedAddressPairIpV6TestJSON-95217946 tempest-AllowedAddressPairIpV6TestJSON-95217946-project] 10.222.0.18 "POST /v2.0/networks HTTP/1.1" status: 201 len: 798 time: 3.9801776
Nov 29 09:11:36.355776 dv-neutron-819567-2-hyperv neutron-server[103455]: DEBUG neutron_lib.callbacks.manager [None req-1813b73a-e446-4681-861a-4c60e2a0855f tempest-PortsAdminExtendedAttrsIpV6TestJSON-1060662335 tempest-PortsAdminExtendedAttrsIpV6TestJSON-1060662335-project] Publish callbacks ['neutron.plugins.ml2.ovo_rpc._ObjectChangeHandler.handle_event-735415', 'neutron.api.rpc.agentnotifiers.dhcp_rpc_agent_api.DhcpAgentNotifyAPI._native_event_send_dhcp_notification-630355'] for network, after_create {{(pid=103455) _notify_loop /usr/local/lib/python3.8/dist-packages/neutron_lib/callbacks/manager.py:175}}
Nov 29 09:11:36.357221 dv-neutron-819567-2-hyperv neutron-server[103456]: DEBUG neutron.api.v2.base [None req-62cac6d2-3cc7-4ae5-a5e5-10ef12a40e38 tempest-NetworksTestDHCPv6-964467158 tempest-NetworksTestDHCPv6-964467158-project] Request body: {'port': {'network_id': '845473a6-104d-40bc-a528-b525ab53087b', 'fixed_ips': [{'subnet_id': '83572569-6f3b-42d1-bae1-d7bd091ba11f', 'ip_address': '2001:db8::492d:99a5:794d:a01a'}], 'name': 'tempest-NetworksTestDHCPv6-1071986832'}} {{(pid=103456) prepare_request_body /opt/stack/neutron/neutron/api/v2/base.py:729}}
Nov 29 09:11:36.359777 dv-neutron-819567-2-hyperv neutron-server[103455]: DEBUG neutron.pecan_wsgi.hooks.policy_enforcement [None req-1813b73a-e446-4681-861a-4c60e2a0855f tempest-PortsAdminExtendedAttrsIpV6TestJSON-1060662335 tempest-PortsAdminExtendedAttrsIpV6TestJSON-1060662335-project] Attributes excluded by policy engine: ['standard_attr_id', 'provider:network_type', 'provider:physical_network', 'provider:segmentation_id', 'vlan_transparent'] {{(pid=103455) _exclude_attributes_by_policy /opt/stack/neutron/neutron/pecan_wsgi/hooks/policy_enforcement.py:255}}
Nov 29 09:11:36.360272 dv-neutron-819567-2-hyperv neutron-server[103455]: DEBUG neutron_lib.callbacks.manager [None req-1813b73a-e446-4681-861a-4c60e2a0855f tempest-PortsAdminExtendedAttrsIpV6TestJSON-1060662335 tempest-PortsAdminExtendedAttrsIpV6TestJSON-1060662335-project] Publish callbacks [] for network, before_response {{(pid=103455) _notify_loop /usr/local/lib/python3.8/dist-packages/neutron_lib/callbacks/manager.py:175}}
Nov 29 09:11:36.362209 dv-neutron-819567-2-hyperv neutron-server[103456]: DEBUG neutron.wsgi [-] (103456) accepted ('10.222.0.18', 59222) {{(pid=103456) server /usr/local/lib/python3.8/dist-packages/eventlet/wsgi.py:1004}}
Nov 29 09:11:36.388811 dv-neutron-819567-2-hyperv neutron-server[103456]: DEBUG neutron.api.v2.base [None req-b5cee9d4-22f1-4068-8c76-40bc813469a9 tempest-AllowedAddressPairIpV6TestJSON-95217946 tempest-AllowedAddressPairIpV6TestJSON-95217946-project] Request body: {'subnet': {'network_id': '918bbed0-2aea-400d-8430-3ccfbed0f017', 'cidr': '2001:db8::/64', 'ip_version': 6, 'gateway_ip': '2001:db8::1'}} {{(pid=103456) prepare_request_body /opt/stack/neutron/neutron/api/v2/base.py:729}}
Nov 29 09:11:36.392228 dv-neutron-819567-2-hyperv neutron-server[103456]: DEBUG neutron_lib.callbacks.manager [None req-1c0a7a97-3243-4549-a9f3-cd1ce5f69879 tempest-ExtraDHCPOptionsIpV6TestJSON-500327805 tempest-ExtraDHCPOptionsIpV6TestJSON-500327805-project] Publish callbacks ['neutron.plugins.ml2.plugin.SecurityGroupServerNotifierRpcMixin._notify_sg_on_port_change-1773110', 'neutron.plugins.ml2.ovo_rpc._ObjectChangeHandler.handle_event-111178', 'neutron.api.rpc.agentnotifiers.dhcp_rpc_agent_api.DhcpAgentNotifyAPI._native_event_send_dhcp_notification-630355', 'neutron.db.l3_db.L3RpcNotifierMixin._notify_routers_callback-8727745296011', 'neutron.db.l3_dvrscheduler_db._notify_port_delete-8727744907767', 'neutron.services.segments.plugin.NovaSegmentNotifier._notify_port_created_or_deleted-60196190'] for port, after_delete {{(pid=103456) _notify_loop /usr/local/lib/python3.8/dist-packages/neutron_lib/callbacks/manager.py:175}}
Nov 29 09:11:36.396794 dv-neutron-819567-2-hyperv neutron-server[103456]: INFO neutron.wsgi [req-bfbe09b5-99c2-4a65-85ee-2ab1032456e1 req-1cc945ff-36dc-400b-b44d-159b24bf4087 tempest-ServerActionsTestJSON-339385284 tempest-ServerActionsTestJSON-339385284-project] 10.222.0.18 "GET /v2.0/security-groups?id=4eafe825-dd40-4162-9fa4-2b80b9fb802e&fields=id&fields=name HTTP/1.1" status: 200 len: 313 time: 0.1881726
Nov 29 09:11:36.435301 dv-neutron-819567-2-hyperv neutron-server[103455]: DEBUG neutron.notifiers.nova [req-be53e5c0-8e02-497c-9427-9ef129b2a80f req-28e10355-fbcd-4452-88b8-8380e3683e4f service neutron] Ignoring state change previous_port_status: DOWN current_port_status: DOWN port_id 3898eb04-f481-4925-99ad-ca493061a127 {{(pid=103455) record_port_status_changed /opt/stack/neutron/neutron/notifiers/nova.py:224}}
Nov 29 09:11:36.448400 dv-neutron-819567-2-hyperv neutron-server[103455]: DEBUG neutron_lib.callbacks.manager [req-be53e5c0-8e02-497c-9427-9ef129b2a80f req-28e10355-fbcd-4452-88b8-8380e3683e4f service neutron] Publish callbacks [] for port, precommit_update {{(pid=103455) _notify_loop /usr/local/lib/python3.8/dist-packages/neutron_lib/callbacks/manager.py:175}}
Nov 29 09:11:36.458314 dv-neutron-819567-2-hyperv neutron-server[103455]: DEBUG neutron.db.provisioning_blocks [req-936a7bf7-2443-4c4c-b829-60b10e926fa4 req-b366777b-bf78-4fad-964b-98136ada1948 service neutron] Transition to ACTIVE for port object dc9159a2-7688-4c4a-801b-b24e2df560e4 will not be triggered until provisioned by entity L2. {{(pid=103455) add_provisioning_component /opt/stack/neutron/neutron/db/provisioning_blocks.py:73}}
Nov 29 09:11:36.459825 dv-neutron-819567-2-hyperv neutron-server[103456]: INFO neutron.wsgi [req-db9e3a6f-e6b1-4179-8caa-610c62dfdf11 req-93e21436-9589-4d9c-be94-479ce3f73031 tempest-ServersTestManualDisk-2053792135 tempest-ServersTestManualDisk-2053792135-project] 10.222.0.18 "GET /v2.0/security-groups?id=32d79913-a1d7-4719-a6c9-1054ef82a256&fields=id&fields=name HTTP/1.1" status: 200 len: 312 time: 0.2428038
Nov 29 09:11:36.460934 dv-neutron-819567-2-hyperv neutron-server[103455]: DEBUG neutron.api.rpc.handlers.resources_rpc [None req-2ff8167f-1688-4bea-96ed-ea3c614df6ff tempest-AllowedAddressPairIpV6TestJSON-95217946 tempest-AllowedAddressPairIpV6TestJSON-95217946-project] Pushing event updated for resources: {'Network': ['ID=918bbed0-2aea-400d-8430-3ccfbed0f017,revision_number=1']} {{(pid=103455) push /opt/stack/neutron/neutron/api/rpc/handlers/resources_rpc.py:237}}
Nov 29 09:11:36.469094 dv-neutron-819567-2-hyperv neutron-server[103455]: DEBUG neutron_lib.callbacks.manager [req-936a7bf7-2443-4c4c-b829-60b10e926fa4 req-b366777b-bf78-4fad-964b-98136ada1948 service neutron] Publish callbacks ['neutron.plugins.ml2.plugin.SecurityGroupServerNotifierRpcMixin._notify_sg_on_port_change-1773110', 'neutron.plugins.ml2.ovo_rpc._ObjectChangeHandler.handle_event-111178', 'neutron.api.rpc.agentnotifiers.dhcp_rpc_agent_api.DhcpAgentNotifyAPI._native_event_send_dhcp_notification-630355', 'neutron.db.l3_db.L3RpcNotifierMixin._notify_gateway_port_ip_changed-8727745296029', 'neutron.db.l3_dvrscheduler_db._notify_l3_agent_port_update-8727744908036', 'neutron.db.l3_hascheduler_db._notify_l3_agent_ha_port_update-8727744908054', 'neutron.services.segments.plugin.NovaSegmentNotifier._notify_port_updated-59887292'] for port, after_update {{(pid=103455) _notify_loop /usr/local/lib/python3.8/dist-packages/neutron_lib/callbacks/manager.py:175}}
Nov 29 09:11:36.471350 dv-neutron-819567-2-hyperv neutron-server[103456]: DEBUG neutron.api.rpc.handlers.resources_rpc [None req-1c0a7a97-3243-4549-a9f3-cd1ce5f69879 tempest-ExtraDHCPOptionsIpV6TestJSON-500327805 tempest-ExtraDHCPOptionsIpV6TestJSON-500327805-project] Pushing event deleted for resources: {'Port': ['ID=c800d6eb-29a3-484f-9226-e73cad2a29d4,revision_number=None']} {{(pid=103456) push /opt/stack/neutron/neutron/api/rpc/handlers/resources_rpc.py:237}}
Nov 29 09:11:36.473751 dv-neutron-819567-2-hyperv neutron-server[103456]: DEBUG neutron_lib.callbacks.manager [None req-f9cd97a8-6c70-4a9a-ad41-5286f388bc72 admin admin] Publish callbacks [] for security_group, before_delete {{(pid=103456) _notify_loop /usr/local/lib/python3.8/dist-packages/neutron_lib/callbacks/manager.py:175}}
Nov 29 09:11:36.489165 dv-neutron-819567-2-hyperv neutron-server[103455]: DEBUG neutron.plugins.ml2.managers [req-bca1c218-1a8c-4749-847d-e3acb043bd70 req-582a494d-5103-4248-a065-3c2dce01c1f5 service neutron] Attempting to bind port 1a394dec-2cb0-40ac-99a4-eb8694c5bb9b on host hv-neutron-8195 for vnic_type normal with profile {{(pid=103455) bind_port /opt/stack/neutron/neutron/plugins/ml2/managers.py:795}}
Nov 29 09:11:36.489542 dv-neutron-819567-2-hyperv neutron-server[103455]: DEBUG neutron.plugins.ml2.managers [req-bca1c218-1a8c-4749-847d-e3acb043bd70 req-582a494d-5103-4248-a065-3c2dce01c1f5 service neutron] Attempting to bind port 1a394dec-2cb0-40ac-99a4-eb8694c5bb9b by drivers openvswitch,hyperv on host hv-neutron-8195 at level 0 using segments [{'id': '7b9e745f-241e-4bf8-b8ad-73b4dbd25d48', 'network_type': 'vlan', 'physical_network': 'physnet1', 'segmentation_id': 728, 'network_id': 'fc22ac52-dde1-4704-bc8b-b06d4f0ba5d0'}] {{(pid=103455) _bind_port_level /opt/stack/neutron/neutron/plugins/ml2/managers.py:820}}
Nov 29 09:11:36.489886 dv-neutron-819567-2-hyperv neutron-server[103455]: DEBUG neutron.plugins.ml2.drivers.mech_agent [req-bca1c218-1a8c-4749-847d-e3acb043bd70 req-582a494d-5103-4248-a065-3c2dce01c1f5 service neutron] Attempting to bind port 1a394dec-2cb0-40ac-99a4-eb8694c5bb9b on network fc22ac52-dde1-4704-bc8b-b06d4f0ba5d0 {{(pid=103455) bind_port /opt/stack/neutron/neutron/plugins/ml2/drivers/mech_agent.py:91}}
Nov 29 09:11:36.501929 dv-neutron-819567-2-hyperv neutron-server[103455]: DEBUG neutron.plugins.ml2.drivers.mech_agent [req-bca1c218-1a8c-4749-847d-e3acb043bd70 req-582a494d-5103-4248-a065-3c2dce01c1f5 service neutron] Port 1a394dec-2cb0-40ac-99a4-eb8694c5bb9b on network fc22ac52-dde1-4704-bc8b-b06d4f0ba5d0 not bound, no agent of type Open vSwitch agent registered on host hv-neutron-8195 {{(pid=103455) bind_port /opt/stack/neutron/neutron/plugins/ml2/drivers/mech_agent.py:103}}
Nov 29 09:11:36.502300 dv-neutron-819567-2-hyperv neutron-server[103455]: DEBUG neutron.plugins.ml2.drivers.mech_agent [req-bca1c218-1a8c-4749-847d-e3acb043bd70 req-582a494d-5103-4248-a065-3c2dce01c1f5 service neutron] Attempting to bind port 1a394dec-2cb0-40ac-99a4-eb8694c5bb9b on network fc22ac52-dde1-4704-bc8b-b06d4f0ba5d0 {{(pid=103455) bind_port /opt/stack/neutron/neutron/plugins/ml2/drivers/mech_agent.py:91}}
Nov 29 09:11:36.508821 dv-neutron-819567-2-hyperv neutron-server[103457]: DEBUG neutron.plugins.ml2.rpc [None req-bf57b979-dc2f-4c25-bb61-1a514d2df4c6 None None] Network 918bbed0-2aea-400d-8430-3ccfbed0f017 details requested by agent ovs-agent-dv-neutron-819567-2-hyperv with host dv-neutron-819567-2-hyperv {{(pid=103457) get_network_details /opt/stack/neutron/neutron/plugins/ml2/rpc.py:248}}
Nov 29 09:11:36.540087 dv-neutron-819567-2-hyperv neutron-server[103455]: DEBUG neutron.plugins.ml2.drivers.mech_agent [req-bca1c218-1a8c-4749-847d-e3acb043bd70 req-582a494d-5103-4248-a065-3c2dce01c1f5 service neutron] Checking agent: {'id': '1cdc36f5-c3bc-4603-b338-264e973a235b', 'agent_type': 'HyperV agent', 'binary': 'neutron-hyperv-agent', 'topic': 'N/A', 'host': 'hv-neutron-8195', 'admin_state_up': True, 'created_at': datetime.datetime(2021, 11, 29, 9, 9, 20), 'started_at': datetime.datetime(2021, 11, 29, 9, 9, 20), 'heartbeat_timestamp': datetime.datetime(2021, 11, 29, 9, 11, 20), 'description': None, 'resources_synced': None, 'availability_zone': None, 'alive': True, 'configurations': {'vswitch_mappings': {'physnet1$': 'br-data'}}, 'resource_versions': {}} {{(pid=103455) bind_port /opt/stack/neutron/neutron/plugins/ml2/drivers/mech_agent.py:110}}
Nov 29 09:11:36.540435 dv-neutron-819567-2-hyperv neutron-server[103455]: DEBUG neutron.plugins.ml2.drivers.mech_agent [req-bca1c218-1a8c-4749-847d-e3acb043bd70 req-582a494d-5103-4248-a065-3c2dce01c1f5 service neutron] Checking segment: {'id': '7b9e745f-241e-4bf8-b8ad-73b4dbd25d48', 'network_type': 'vlan', 'physical_network': 'physnet1', 'segmentation_id': 728, 'network_id': 'fc22ac52-dde1-4704-bc8b-b06d4f0ba5d0'} for mappings: {'physnet1$': 'br-data'} with network types: ['local', 'flat', 'vlan'] {{(pid=103455) check_segment_for_agent /opt/stack/neutron/neutron/plugins/ml2/drivers/mech_agent.py:371}}
Nov 29 09:11:36.541052 dv-neutron-819567-2-hyperv neutron-server[103455]: DEBUG neutron.plugins.ml2.drivers.mech_agent [req-bca1c218-1a8c-4749-847d-e3acb043bd70 req-582a494d-5103-4248-a065-3c2dce01c1f5 service neutron] Bound using segment: {'id': '7b9e745f-241e-4bf8-b8ad-73b4dbd25d48', 'network_type': 'vlan', 'physical_network': 'physnet1', 'segmentation_id': 728, 'network_id': 'fc22ac52-dde1-4704-bc8b-b06d4f0ba5d0'} {{(pid=103455) bind_port /opt/stack/neutron/neutron/plugins/ml2/drivers/mech_agent.py:120}}
Nov 29 09:11:36.541493 dv-neutron-819567-2-hyperv neutron-server[103455]: DEBUG neutron.plugins.ml2.managers [req-bca1c218-1a8c-4749-847d-e3acb043bd70 req-582a494d-5103-4248-a065-3c2dce01c1f5 service neutron] Bound port: 1a394dec-2cb0-40ac-99a4-eb8694c5bb9b, host: hv-neutron-8195, vif_type: hyperv, vif_details: {"connectivity": "legacy", "port_filter": false}, binding_levels: [{'bound_driver': 'hyperv', 'bound_segment': {'id': '7b9e745f-241e-4bf8-b8ad-73b4dbd25d48', 'network_type': 'vlan', 'physical_network': 'physnet1', 'segmentation_id': 728, 'network_id': 'fc22ac52-dde1-4704-bc8b-b06d4f0ba5d0'}}] {{(pid=103455) _bind_port_level /opt/stack/neutron/neutron/plugins/ml2/managers.py:932}}
Nov 29 09:11:36.541850 dv-neutron-819567-2-hyperv neutron-server[103455]: DEBUG neutron_lib.callbacks.manager [req-bca1c218-1a8c-4749-847d-e3acb043bd70 req-582a494d-5103-4248-a065-3c2dce01c1f5 service neutron] Publish callbacks ['neutron.plugins.ml2.plugin.SecurityGroupDbMixin._ensure_default_security_group_handler-1773303'] for port, before_update {{(pid=103455) _notify_loop /usr/local/lib/python3.8/dist-packages/neutron_lib/callbacks/manager.py:175}}
Nov 29 09:11:36.546836 dv-neutron-819567-2-hyperv neutron-server[103455]: INFO neutron.wsgi [None req-1813b73a-e446-4681-861a-4c60e2a0855f tempest-PortsAdminExtendedAttrsIpV6TestJSON-1060662335 tempest-PortsAdminExtendedAttrsIpV6TestJSON-1060662335-project] 10.222.0.18 "POST /v2.0/networks HTTP/1.1" status: 201 len: 802 time: 3.0157950
Nov 29 09:11:36.551878 dv-neutron-819567-2-hyperv neutron-server[103455]: DEBUG neutron.db.provisioning_blocks [req-be53e5c0-8e02-497c-9427-9ef129b2a80f req-28e10355-fbcd-4452-88b8-8380e3683e4f service neutron] Transition to ACTIVE for port object 3898eb04-f481-4925-99ad-ca493061a127 will not be triggered until provisioned by entity L2. {{(pid=103455) add_provisioning_component /opt/stack/neutron/neutron/db/provisioning_blocks.py:73}}
Nov 29 09:11:36.585187 dv-neutron-819567-2-hyperv neutron-server[103455]: DEBUG neutron_lib.callbacks.manager [req-be53e5c0-8e02-497c-9427-9ef129b2a80f req-28e10355-fbcd-4452-88b8-8380e3683e4f service neutron] Publish callbacks ['neutron.plugins.ml2.plugin.SecurityGroupServerNotifierRpcMixin._notify_sg_on_port_change-1773110', 'neutron.plugins.ml2.ovo_rpc._ObjectChangeHandler.handle_event-111178', 'neutron.api.rpc.agentnotifiers.dhcp_rpc_agent_api.DhcpAgentNotifyAPI._native_event_send_dhcp_notification-630355', 'neutron.db.l3_db.L3RpcNotifierMixin._notify_gateway_port_ip_changed-8727745296029', 'neutron.db.l3_dvrscheduler_db._notify_l3_agent_port_update-8727744908036', 'neutron.db.l3_hascheduler_db._notify_l3_agent_ha_port_update-8727744908054', 'neutron.services.segments.plugin.NovaSegmentNotifier._notify_port_updated-59887292'] for port, after_update {{(pid=103455) _notify_loop /usr/local/lib/python3.8/dist-packages/neutron_lib/callbacks/manager.py:175}}
Nov 29 09:11:36.664526 dv-neutron-819567-2-hyperv neutron-server[103455]: DEBUG neutron.api.rpc.handlers.resources_rpc [None req-b366777b-bf78-4fad-964b-98136ada1948 service neutron] Pushing event updated for resources: {'Port': ['ID=dc9159a2-7688-4c4a-801b-b24e2df560e4,revision_number=2']} {{(pid=103455) push /opt/stack/neutron/neutron/api/rpc/handlers/resources_rpc.py:237}}
Nov 29 09:11:36.667519 dv-neutron-819567-2-hyperv neutron-server[103455]: DEBUG neutron.api.rpc.handlers.resources_rpc [None req-1813b73a-e446-4681-861a-4c60e2a0855f tempest-PortsAdminExtendedAttrsIpV6TestJSON-1060662335 tempest-PortsAdminExtendedAttrsIpV6TestJSON-1060662335-project] Pushing event updated for resources: {'Network': ['ID=fa2f09b5-719d-455a-961b-72e9b858f8fd,revision_number=1']} {{(pid=103455) push /opt/stack/neutron/neutron/api/rpc/handlers/resources_rpc.py:237}}
Nov 29 09:11:36.681799 dv-neutron-819567-2-hyperv neutron-server[103456]: DEBUG neutron_lib.callbacks.manager [None req-1c0a7a97-3243-4549-a9f3-cd1ce5f69879 tempest-ExtraDHCPOptionsIpV6TestJSON-500327805 tempest-ExtraDHCPOptionsIpV6TestJSON-500327805-project] Publish callbacks ['neutron.notifiers.nova.Notifier._send_nova_notification-172238'] for port, before_response {{(pid=103456) _notify_loop /usr/local/lib/python3.8/dist-packages/neutron_lib/callbacks/manager.py:175}}
Nov 29 09:11:36.691409 dv-neutron-819567-2-hyperv neutron-server[103456]: INFO neutron.wsgi [None req-1c0a7a97-3243-4549-a9f3-cd1ce5f69879 tempest-ExtraDHCPOptionsIpV6TestJSON-500327805 tempest-ExtraDHCPOptionsIpV6TestJSON-500327805-project] 10.222.0.18 "DELETE /v2.0/ports/c800d6eb-29a3-484f-9226-e73cad2a29d4 HTTP/1.1" status: 204 len: 168 time: 1.0301044
Nov 29 09:11:36.698095 dv-neutron-819567-2-hyperv neutron-server[103456]: DEBUG neutron.wsgi [-] (103456) accepted ('10.222.0.18', 59228) {{(pid=103456) server /usr/local/lib/python3.8/dist-packages/eventlet/wsgi.py:1004}}
Nov 29 09:11:36.712940 dv-neutron-819567-2-hyperv neutron-server[103456]: DEBUG neutron_lib.callbacks.manager [None req-f9cd97a8-6c70-4a9a-ad41-5286f388bc72 admin admin] Publish callbacks [] for security_group, precommit_delete {{(pid=103456) _notify_loop /usr/local/lib/python3.8/dist-packages/neutron_lib/callbacks/manager.py:175}}
