Nov 26 16:37:41.725109 dv-neutron-819440-1-hyperv neutron-server[87519]: DEBUG neutron_lib.callbacks.manager [None req-2b6776e6-d9ef-4969-a06f-85fd39ed3d1c admin admin] Notify callbacks [] for router_gateway, after_create {{(pid=87519) _notify_loop /usr/local/lib/python3.8/dist-packages/neutron_lib/callbacks/manager.py:192}}
Nov 26 16:37:41.737134 dv-neutron-819440-1-hyperv neutron-server[87520]: DEBUG neutron.db.provisioning_blocks [None req-c9c71c1b-6c42-42ea-9d18-54613bb82137 None None] Transition to ACTIVE for port object 8dbbe197-6340-47a0-9d93-36b5381fdd0d will not be triggered until provisioned by entity L2. {{(pid=87520) add_provisioning_component /opt/stack/neutron/neutron/db/provisioning_blocks.py:73}}
Nov 26 16:37:41.763198 dv-neutron-819440-1-hyperv neutron-server[87520]: DEBUG neutron.db.provisioning_blocks [None req-c9c71c1b-6c42-42ea-9d18-54613bb82137 None None] Transition to ACTIVE for port object 8dbbe197-6340-47a0-9d93-36b5381fdd0d will not be triggered until provisioned by entity DHCP. {{(pid=87520) add_provisioning_component /opt/stack/neutron/neutron/db/provisioning_blocks.py:73}}
Nov 26 16:37:41.779321 dv-neutron-819440-1-hyperv neutron-server[87519]: DEBUG oslo_concurrency.lockutils [None req-63b76acf-9759-4dd6-a05b-58bb05e7c2a8 tempest-PortsAdminExtendedAttrsIpV6TestJSON-2086138966 tempest-PortsAdminExtendedAttrsIpV6TestJSON-2086138966-project-admin] Lock "event-dispatch" released by "neutron.plugins.ml2.ovo_rpc._ObjectChangeHandler.dispatch_events" :: held 0.356s {{(pid=87519) inner /usr/local/lib/python3.8/dist-packages/oslo_concurrency/lockutils.py:367}}
Nov 26 16:37:41.909963 dv-neutron-819440-1-hyperv neutron-server[87518]: DEBUG neutron_lib.callbacks.manager [None req-5620f721-2f15-45e0-b5fe-b3434fa56853 tempest-DHCPAgentSchedulersTestJSON-684314253 tempest-DHCPAgentSchedulersTestJSON-684314253-project] Notify callbacks [] for port, precommit_create {{(pid=87518) _notify_loop /usr/local/lib/python3.8/dist-packages/neutron_lib/callbacks/manager.py:192}}
Nov 26 16:37:41.938441 dv-neutron-819440-1-hyperv neutron-server[87518]: DEBUG neutron.db.provisioning_blocks [None req-5620f721-2f15-45e0-b5fe-b3434fa56853 tempest-DHCPAgentSchedulersTestJSON-684314253 tempest-DHCPAgentSchedulersTestJSON-684314253-project] Transition to ACTIVE for port object a0023094-4c29-4fd1-825d-0c0d957234cf will not be triggered until provisioned by entity DHCP. {{(pid=87518) add_provisioning_component /opt/stack/neutron/neutron/db/provisioning_blocks.py:73}}
Nov 26 16:37:41.947847 dv-neutron-819440-1-hyperv neutron-server[87520]: DEBUG neutron.api.rpc.handlers.l3_rpc [None req-c63bbffe-5913-4df2-aeb4-a67e63ce4d60 None None] Sync routers for ids ['7d971ae5-c013-48a1-9b21-acaad5f75146'] in dv-neutron-819440-1-hyperv {{(pid=87520) sync_routers /opt/stack/neutron/neutron/api/rpc/handlers/l3_rpc.py:125}}
Nov 26 16:37:41.948667 dv-neutron-819440-1-hyperv neutron-server[87518]: DEBUG neutron.db.db_base_plugin_common [None req-7c7ce3dc-3243-4f0f-9918-3ededc83a992 tempest-ExtraDHCPOptionsTestJSON-1032430902 tempest-ExtraDHCPOptionsTestJSON-1032430902-project] Allocated IP 172.20.0.3 (31cb35ec-a0e0-43d1-ae70-742e553b3cd8/695ac3e1-6365-428c-b9d3-ca466b400344/76cf3b89-63d7-4153-b0c9-461ae65f00a2) {{(pid=87518) _store_ip_allocation /opt/stack/neutron/neutron/db/db_base_plugin_common.py:131}}
Nov 26 16:37:41.950590 dv-neutron-819440-1-hyperv neutron-server[87520]: DEBUG neutron.db.provisioning_blocks [None req-eb5d045e-3fe2-4bb9-81a4-e3b3124789f8 None None] Provisioning for port 7ea7999f-0f78-4887-8d8b-c767528ccc68 completed by entity L2. {{(pid=87520) provisioning_complete /opt/stack/neutron/neutron/db/provisioning_blocks.py:133}}
Nov 26 16:37:41.974581 dv-neutron-819440-1-hyperv neutron-server[87520]: DEBUG neutron.db.provisioning_blocks [None req-4aa6fee8-7229-4eb0-a7a2-1f4cffaf1db8 None None] Provisioning for port c8415812-36f3-4ca2-aab6-12edd93885c2 completed by entity DHCP. {{(pid=87520) provisioning_complete /opt/stack/neutron/neutron/db/provisioning_blocks.py:133}}
Nov 26 16:37:41.977969 dv-neutron-819440-1-hyperv neutron-server[87520]: DEBUG neutron_lib.callbacks.manager [None req-c9c71c1b-6c42-42ea-9d18-54613bb82137 None None] Notify callbacks ['neutron.plugins.ml2.plugin.SecurityGroupServerNotifierRpcMixin.notify_sg_on_port_change-1416542', 'neutron.plugins.ml2.ovo_rpc._ObjectChangeHandler.handle_event-224719', 'neutron.api.rpc.agentnotifiers.dhcp_rpc_agent_api.DhcpAgentNotifyAPI._native_event_send_dhcp_notification-3692377', 'neutron.db.l3_dvrscheduler_db._notify_l3_agent_new_port-8756664417877'] for port, after_create {{(pid=87520) _notify_loop /usr/local/lib/python3.8/dist-packages/neutron_lib/callbacks/manager.py:192}}
Nov 26 16:37:42.046840 dv-neutron-819440-1-hyperv neutron-server[87518]: DEBUG neutron_lib.callbacks.manager [None req-5620f721-2f15-45e0-b5fe-b3434fa56853 tempest-DHCPAgentSchedulersTestJSON-684314253 tempest-DHCPAgentSchedulersTestJSON-684314253-project] Notify callbacks ['neutron.plugins.ml2.plugin.SecurityGroupServerNotifierRpcMixin.notify_sg_on_port_change-1416542', 'neutron.plugins.ml2.ovo_rpc._ObjectChangeHandler.handle_event-224719', 'neutron.api.rpc.agentnotifiers.dhcp_rpc_agent_api.DhcpAgentNotifyAPI._native_event_send_dhcp_notification-3692377', 'neutron.db.l3_dvrscheduler_db._notify_l3_agent_new_port-8756664417877'] for port, after_create {{(pid=87518) _notify_loop /usr/local/lib/python3.8/dist-packages/neutron_lib/callbacks/manager.py:192}}
Nov 26 16:37:42.048280 dv-neutron-819440-1-hyperv neutron-server[87520]: DEBUG oslo_concurrency.lockutils [None req-186b6575-eea9-448a-93ec-3d8fcb704cd1 None None] Lock "event-dispatch" acquired by "neutron.plugins.ml2.ovo_rpc._ObjectChangeHandler.dispatch_events" :: waited 0.000s {{(pid=87520) inner /usr/local/lib/python3.8/dist-packages/oslo_concurrency/lockutils.py:355}}
Nov 26 16:37:42.082042 dv-neutron-819440-1-hyperv neutron-server[87520]: DEBUG neutron.db.provisioning_blocks [None req-eb5d045e-3fe2-4bb9-81a4-e3b3124789f8 None None] Provisioning complete for port 7ea7999f-0f78-4887-8d8b-c767528ccc68 triggered by entity L2. {{(pid=87520) provisioning_complete /opt/stack/neutron/neutron/db/provisioning_blocks.py:139}}
Nov 26 16:37:42.082424 dv-neutron-819440-1-hyperv neutron-server[87520]: DEBUG neutron_lib.callbacks.manager [None req-eb5d045e-3fe2-4bb9-81a4-e3b3124789f8 None None] Notify callbacks ['neutron.plugins.ml2.plugin.Ml2Plugin._port_provisioned-1423086'] for port, provisioning_complete {{(pid=87520) _notify_loop /usr/local/lib/python3.8/dist-packages/neutron_lib/callbacks/manager.py:192}}
Nov 26 16:37:42.112190 dv-neutron-819440-1-hyperv neutron-server[87518]: DEBUG oslo_concurrency.lockutils [None req-2ae2e4f9-b3fd-412a-9cd7-8412d97c4d51 tempest-ExtraDHCPOptionsTestJSON-1032430902 tempest-ExtraDHCPOptionsTestJSON-1032430902-project] Lock "event-dispatch" acquired by "neutron.plugins.ml2.ovo_rpc._ObjectChangeHandler.dispatch_events" :: waited 0.000s {{(pid=87518) inner /usr/local/lib/python3.8/dist-packages/oslo_concurrency/lockutils.py:355}}
Nov 26 16:37:42.196501 dv-neutron-819440-1-hyperv neutron-server[87518]: DEBUG neutron.scheduler.dhcp_agent_scheduler [None req-5620f721-2f15-45e0-b5fe-b3434fa56853 tempest-DHCPAgentSchedulersTestJSON-684314253 tempest-DHCPAgentSchedulersTestJSON-684314253-project] Network 1dc37c86-a01a-4555-99b6-e010fd7bee7b is already hosted by enough agents. {{(pid=87518) _get_dhcp_agents_hosting_network /opt/stack/neutron/neutron/scheduler/dhcp_agent_scheduler.py:275}}
Nov 26 16:37:42.202256 dv-neutron-819440-1-hyperv neutron-server[87520]: DEBUG neutron.db.l3_dvrscheduler_db [None req-c63bbffe-5913-4df2-aeb4-a67e63ce4d60 None None] Routers {'7d971ae5-c013-48a1-9b21-acaad5f75146'} bound to L3 agent in host dv-neutron-819440-1-hyperv {{(pid=87520) _get_router_ids_for_agent /opt/stack/neutron/neutron/db/l3_dvrscheduler_db.py:422}}
Nov 26 16:37:42.202915 dv-neutron-819440-1-hyperv neutron-server[87520]: DEBUG neutron.db.l3_hamode_db [None req-c63bbffe-5913-4df2-aeb4-a67e63ce4d60 None None] neutron.services.l3_router.l3_router_plugin.L3RouterPlugin method get_ha_sync_data_for_host called with arguments (, 'dv-neutron-819440-1-hyperv', Agent(admin_state_up=True,agent_type='L3 agent',availability_zone='nova',binary='neutron-l3-agent',configurations={"agent_mode": "legacy", "ex_gw_ports": 1, "extensions": [], "floating_ips": 0, "handle_internal_only_routers": true, "interface_driver": "openvswitch", "interfaces": 1, "log_agent_heartbeats": false, "routers": 1},created_at=2021-11-26T16:29:31Z,description=,heartbeat_timestamp=2021-11-26T16:37:31Z,host='dv-neutron-819440-1-hyperv',id=35626caf-339c-41a7-9f5d-0331de0ccaee,load=0,resource_versions=,resources_synced=,started_at=2021-11-26T16:29:31Z,topic='l3_agent')) {'router_ids': ['7d971ae5-c013-48a1-9b21-acaad5f75146'], 'active': True} {{(pid=87520) wrapper /usr/local/lib/python3.8/dist-packages/oslo_log/helpers.py:65}}
Nov 26 16:37:42.204278 dv-neutron-819440-1-hyperv neutron-server[87518]: DEBUG neutron.scheduler.base_scheduler [None req-5620f721-2f15-45e0-b5fe-b3434fa56853 tempest-DHCPAgentSchedulersTestJSON-684314253 tempest-DHCPAgentSchedulersTestJSON-684314253-project] Resources bound (agent type, host, resource id): {{(pid=87518) schedule /opt/stack/neutron/neutron/scheduler/base_scheduler.py:57}}
Nov 26 16:37:42.207211 dv-neutron-819440-1-hyperv neutron-server[87518]: DEBUG neutron.db.l3_dvrscheduler_db [None req-5620f721-2f15-45e0-b5fe-b3434fa56853 tempest-DHCPAgentSchedulersTestJSON-684314253 tempest-DHCPAgentSchedulersTestJSON-684314253-project] Received port after_create {{(pid=87518) _notify_l3_agent_new_port /opt/stack/neutron/neutron/db/l3_dvrscheduler_db.py:537}}
Nov 26 16:37:42.213251 dv-neutron-819440-1-hyperv neutron-server[87518]: DEBUG neutron.pecan_wsgi.hooks.policy_enforcement [None req-5620f721-2f15-45e0-b5fe-b3434fa56853 tempest-DHCPAgentSchedulersTestJSON-684314253 tempest-DHCPAgentSchedulersTestJSON-684314253-project] Attributes excluded by policy engine: ['standard_attr_id', 'binding:profile', 'binding:host_id', 'binding:vif_type', 'binding:vif_details', 'network'] {{(pid=87518) _exclude_attributes_by_policy /opt/stack/neutron/neutron/pecan_wsgi/hooks/policy_enforcement.py:255}}
Nov 26 16:37:42.213924 dv-neutron-819440-1-hyperv neutron-server[87518]: DEBUG neutron_lib.callbacks.manager [None req-5620f721-2f15-45e0-b5fe-b3434fa56853 tempest-DHCPAgentSchedulersTestJSON-684314253 tempest-DHCPAgentSchedulersTestJSON-684314253-project] Notify callbacks ['neutron.notifiers.nova.Notifier._send_nova_notification-173700', 'neutron.api.rpc.agentnotifiers.dhcp_rpc_agent_api.DhcpAgentNotifyAPI._send_dhcp_notification-3692407'] for port, before_response {{(pid=87518) _notify_loop /usr/local/lib/python3.8/dist-packages/neutron_lib/callbacks/manager.py:192}}
Nov 26 16:37:42.265981 dv-neutron-819440-1-hyperv neutron-server[87518]: DEBUG neutron.api.rpc.handlers.resources_rpc [None req-5620f721-2f15-45e0-b5fe-b3434fa56853 tempest-DHCPAgentSchedulersTestJSON-684314253 tempest-DHCPAgentSchedulersTestJSON-684314253-project] Pushing event updated for resources: {'Port': ['ID=a0023094-4c29-4fd1-825d-0c0d957234cf,revision_number=1']} {{(pid=87518) push /opt/stack/neutron/neutron/api/rpc/handlers/resources_rpc.py:237}}
Nov 26 16:37:42.269501 dv-neutron-819440-1-hyperv neutron-server[87518]: DEBUG oslo_concurrency.lockutils [None req-5620f721-2f15-45e0-b5fe-b3434fa56853 tempest-DHCPAgentSchedulersTestJSON-684314253 tempest-DHCPAgentSchedulersTestJSON-684314253-project] Lock "event-dispatch" released by "neutron.plugins.ml2.ovo_rpc._ObjectChangeHandler.dispatch_events" :: held 0.157s {{(pid=87518) inner /usr/local/lib/python3.8/dist-packages/oslo_concurrency/lockutils.py:367}}
Nov 26 16:37:42.284427 dv-neutron-819440-1-hyperv neutron-server[87520]: DEBUG neutron.scheduler.dhcp_agent_scheduler [None req-c9c71c1b-6c42-42ea-9d18-54613bb82137 None None] Network 31cb35ec-a0e0-43d1-ae70-742e553b3cd8 is already hosted by enough agents. {{(pid=87520) _get_dhcp_agents_hosting_network /opt/stack/neutron/neutron/scheduler/dhcp_agent_scheduler.py:275}}
Nov 26 16:37:42.388228 dv-neutron-819440-1-hyperv neutron-server[87518]: INFO neutron.wsgi [None req-5620f721-2f15-45e0-b5fe-b3434fa56853 tempest-DHCPAgentSchedulersTestJSON-684314253 tempest-DHCPAgentSchedulersTestJSON-684314253-project] 10.222.0.11 "POST /v2.0/ports HTTP/1.1" status: 201 len: 938 time: 3.6470003
Nov 26 16:37:42.392114 dv-neutron-819440-1-hyperv neutron-server[87518]: DEBUG neutron.wsgi [-] (87518) accepted ('10.222.0.11', 41860) {{(pid=87518) server /usr/local/lib/python3.8/dist-packages/eventlet/wsgi.py:992}}
Nov 26 16:37:42.403667 dv-neutron-819440-1-hyperv neutron-server[87520]: DEBUG neutron.scheduler.base_scheduler [None req-c9c71c1b-6c42-42ea-9d18-54613bb82137 None None] Resources bound (agent type, host, resource id): {{(pid=87520) schedule /opt/stack/neutron/neutron/scheduler/base_scheduler.py:57}}
Nov 26 16:37:42.406265 dv-neutron-819440-1-hyperv neutron-server[87520]: DEBUG neutron.plugins.ml2.managers [None req-55bb5dba-8511-487a-b0d3-658af2aa61f9 None None] Attempting to bind port 7bb945d4-820e-4b7f-9b1e-bcfe790d6791 on host dv-neutron-819440-1-hyperv for vnic_type normal with profile {{(pid=87520) bind_port /opt/stack/neutron/neutron/plugins/ml2/managers.py:790}}
Nov 26 16:37:42.406634 dv-neutron-819440-1-hyperv neutron-server[87520]: DEBUG neutron.plugins.ml2.managers [None req-55bb5dba-8511-487a-b0d3-658af2aa61f9 None None] Attempting to bind port 7bb945d4-820e-4b7f-9b1e-bcfe790d6791 by drivers openvswitch,hyperv on host dv-neutron-819440-1-hyperv at level 0 using segments [{'id': 'b3d2b4d0-8ab0-4174-8b22-ae3b68a59441', 'network_type': 'vlan', 'physical_network': 'physnet1', 'segmentation_id': 441, 'network_id': '1dc37c86-a01a-4555-99b6-e010fd7bee7b'}] {{(pid=87520) _bind_port_level /opt/stack/neutron/neutron/plugins/ml2/managers.py:815}}
Nov 26 16:37:42.406993 dv-neutron-819440-1-hyperv neutron-server[87520]: DEBUG neutron.plugins.ml2.drivers.mech_agent [None req-55bb5dba-8511-487a-b0d3-658af2aa61f9 None None] Attempting to bind port 7bb945d4-820e-4b7f-9b1e-bcfe790d6791 on network 1dc37c86-a01a-4555-99b6-e010fd7bee7b {{(pid=87520) bind_port /opt/stack/neutron/neutron/plugins/ml2/drivers/mech_agent.py:86}}
Nov 26 16:37:42.412900 dv-neutron-819440-1-hyperv neutron-server[87519]: DEBUG neutron_lib.callbacks.manager [None req-c45b4d92-1c9a-4b97-ab9c-327023a39ac1 tempest-ExternalNetworksTestJSON-2000430610 tempest-ExternalNetworksTestJSON-2000430610-project-admin] Subscribe: > segment before_delete 55550000 {{(pid=87519) subscribe /usr/local/lib/python3.8/dist-packages/neutron_lib/callbacks/manager.py:45}}
Nov 26 16:37:42.413287 dv-neutron-819440-1-hyperv neutron-server[87519]: DEBUG neutron_lib.callbacks.manager [None req-c45b4d92-1c9a-4b97-ab9c-327023a39ac1 tempest-ExternalNetworksTestJSON-2000430610 tempest-ExternalNetworksTestJSON-2000430610-project-admin] Subscribe: > subnet precommit_delete_associations 55550000 {{(pid=87519) subscribe /usr/local/lib/python3.8/dist-packages/neutron_lib/callbacks/manager.py:45}}
Nov 26 16:37:42.414770 dv-neutron-819440-1-hyperv neutron-server[87519]: DEBUG neutron_lib.callbacks.manager [None req-c45b4d92-1c9a-4b97-ab9c-327023a39ac1 tempest-ExternalNetworksTestJSON-2000430610 tempest-ExternalNetworksTestJSON-2000430610-project-admin] Subscribe: > segment_host_mapping after_create 55550000 {{(pid=87519) subscribe /usr/local/lib/python3.8/dist-packages/neutron_lib/callbacks/manager.py:45}}
Nov 26 16:37:42.415105 dv-neutron-819440-1-hyperv neutron-server[87519]: DEBUG neutron_lib.callbacks.manager [None req-c45b4d92-1c9a-4b97-ab9c-327023a39ac1 tempest-ExternalNetworksTestJSON-2000430610 tempest-ExternalNetworksTestJSON-2000430610-project-admin] Subscribe: > port after_create 55550000 {{(pid=87519) subscribe /usr/local/lib/python3.8/dist-packages/neutron_lib/callbacks/manager.py:45}}
Nov 26 16:37:42.415453 dv-neutron-819440-1-hyperv neutron-server[87519]: DEBUG neutron_lib.callbacks.manager [None req-c45b4d92-1c9a-4b97-ab9c-327023a39ac1 tempest-ExternalNetworksTestJSON-2000430610 tempest-ExternalNetworksTestJSON-2000430610-project-admin] Subscribe: > port after_delete 55550000 {{(pid=87519) subscribe /usr/local/lib/python3.8/dist-packages/neutron_lib/callbacks/manager.py:45}}
Nov 26 16:37:42.415845 dv-neutron-819440-1-hyperv neutron-server[87519]: DEBUG neutron_lib.callbacks.manager [None req-c45b4d92-1c9a-4b97-ab9c-327023a39ac1 tempest-ExternalNetworksTestJSON-2000430610 tempest-ExternalNetworksTestJSON-2000430610-project-admin] Subscribe: > port after_update 55550000 {{(pid=87519) subscribe /usr/local/lib/python3.8/dist-packages/neutron_lib/callbacks/manager.py:45}}
Nov 26 16:37:42.416172 dv-neutron-819440-1-hyperv neutron-server[87519]: DEBUG neutron_lib.callbacks.manager [None req-c45b4d92-1c9a-4b97-ab9c-327023a39ac1 tempest-ExternalNetworksTestJSON-2000430610 tempest-ExternalNetworksTestJSON-2000430610-project-admin] Subscribe: > segment after_delete 55550000 {{(pid=87519) subscribe /usr/local/lib/python3.8/dist-packages/neutron_lib/callbacks/manager.py:45}}
Nov 26 16:37:42.416493 dv-neutron-819440-1-hyperv neutron-server[87519]: DEBUG neutron_lib.callbacks.manager [None req-c45b4d92-1c9a-4b97-ab9c-327023a39ac1 tempest-ExternalNetworksTestJSON-2000430610 tempest-ExternalNetworksTestJSON-2000430610-project-admin] Subscribe: > subnet after_create 55550000 {{(pid=87519) subscribe /usr/local/lib/python3.8/dist-packages/neutron_lib/callbacks/manager.py:45}}
Nov 26 16:37:42.416814 dv-neutron-819440-1-hyperv neutron-server[87519]: DEBUG neutron_lib.callbacks.manager [None req-c45b4d92-1c9a-4b97-ab9c-327023a39ac1 tempest-ExternalNetworksTestJSON-2000430610 tempest-ExternalNetworksTestJSON-2000430610-project-admin] Subscribe: > subnet after_delete 55550000 {{(pid=87519) subscribe /usr/local/lib/python3.8/dist-packages/neutron_lib/callbacks/manager.py:45}}
Nov 26 16:37:42.417129 dv-neutron-819440-1-hyperv neutron-server[87519]: DEBUG neutron_lib.callbacks.manager [None req-c45b4d92-1c9a-4b97-ab9c-327023a39ac1 tempest-ExternalNetworksTestJSON-2000430610 tempest-ExternalNetworksTestJSON-2000430610-project-admin] Subscribe: > subnet after_update 55550000 {{(pid=87519) subscribe /usr/local/lib/python3.8/dist-packages/neutron_lib/callbacks/manager.py:45}}
Nov 26 16:37:42.418530 dv-neutron-819440-1-hyperv neutron-server[87520]: DEBUG neutron.db.l3_dvrscheduler_db [None req-c9c71c1b-6c42-42ea-9d18-54613bb82137 None None] Received port after_create {{(pid=87520) _notify_l3_agent_new_port /opt/stack/neutron/neutron/db/l3_dvrscheduler_db.py:537}}
Nov 26 16:37:42.457661 dv-neutron-819440-1-hyperv neutron-server[87518]: DEBUG neutron_lib.callbacks.manager [None req-7c7ce3dc-3243-4f0f-9918-3ededc83a992 tempest-ExtraDHCPOptionsTestJSON-1032430902 tempest-ExtraDHCPOptionsTestJSON-1032430902-project] Notify callbacks [] for port, precommit_create {{(pid=87518) _notify_loop /usr/local/lib/python3.8/dist-packages/neutron_lib/callbacks/manager.py:192}}
Nov 26 16:37:42.484953 dv-neutron-819440-1-hyperv neutron-server[87518]: DEBUG neutron.db.provisioning_blocks [None req-7c7ce3dc-3243-4f0f-9918-3ededc83a992 tempest-ExtraDHCPOptionsTestJSON-1032430902 tempest-ExtraDHCPOptionsTestJSON-1032430902-project] Transition to ACTIVE for port object 76cf3b89-63d7-4153-b0c9-461ae65f00a2 will not be triggered until provisioned by entity DHCP. {{(pid=87518) add_provisioning_component /opt/stack/neutron/neutron/db/provisioning_blocks.py:73}}
Nov 26 16:37:42.489365 dv-neutron-819440-1-hyperv neutron-server[87518]: DEBUG neutron.plugins.ml2.plugin [None req-9456a3d5-556d-4ec5-87aa-1e3fe38dcb84 tempest-DHCPAgentSchedulersTestJSON-684314253 tempest-DHCPAgentSchedulersTestJSON-684314253-project] Deleting port a0023094-4c29-4fd1-825d-0c0d957234cf {{(pid=87518) _pre_delete_port /opt/stack/neutron/neutron/plugins/ml2/plugin.py:1892}}
Nov 26 16:37:42.489625 dv-neutron-819440-1-hyperv neutron-server[87518]: DEBUG neutron_lib.callbacks.manager [None req-9456a3d5-556d-4ec5-87aa-1e3fe38dcb84 tempest-DHCPAgentSchedulersTestJSON-684314253 tempest-DHCPAgentSchedulersTestJSON-684314253-project] Notify callbacks ['neutron.db.l3_db.L3_NAT_dbonly_mixin._prevent_l3_port_delete_callback-8756664959425'] for port, before_delete {{(pid=87518) _notify_loop /usr/local/lib/python3.8/dist-packages/neutron_lib/callbacks/manager.py:192}}
Nov 26 16:37:42.555587 dv-neutron-819440-1-hyperv neutron-server[87520]: DEBUG neutron.plugins.ml2.drivers.mech_agent [None req-55bb5dba-8511-487a-b0d3-658af2aa61f9 None None] Checking agent: {'id': '7d6a6bc5-cc2f-4908-8482-dde8f50c85d4', 'agent_type': 'Open vSwitch agent', 'binary': 'neutron-openvswitch-agent', 'topic': 'N/A', 'host': 'dv-neutron-819440-1-hyperv', 'admin_state_up': True, 'created_at': datetime.datetime(2021, 11, 26, 16, 29, 29), 'started_at': datetime.datetime(2021, 11, 26, 16, 29, 59), 'heartbeat_timestamp': datetime.datetime(2021, 11, 26, 16, 37, 29), 'description': None, 'resources_synced': None, 'availability_zone': None, 'alive': True, 'configurations': {'arp_responder_enabled': False, 'baremetal_smartnic': False, 'bridge_mappings': {'physnet1': 'br-data'}, 'datapath_type': 'system', 'devices': 0, 'enable_distributed_routing': False, 'extensions': [], 'in_distributed_mode': False, 'integration_bridge': 'br-int', 'l2_population': False, 'log_agent_heartbeats': False, 'ovs_capabilities': {'datapath_types': ['netdev', 'system'], 'iface_types': ['erspan', 'geneve', 'gre', 'internal', 'ip6erspan', 'ip6gre', 'lisp', 'patch', 'stt', 'system', 'tap', 'vxlan']}, 'ovs_hybrid_plug': False, 'resource_provider_bandwidths': {}, 'resource_provider_hypervisors': {'br-data': 'dv-neutron-819440-1-hyperv'}, 'resource_provider_inventory_defaults': {'allocation_ratio': 1.0, 'min_unit': 1, 'step_size': 1, 'reserved': 0}, 'tunnel_types': [], 'tunneling_ip': None, 'vhostuser_socket_dir': '/var/run/openvswitch'}, 'resource_versions': {'AddressGroup': '1.2', 'ConntrackHelper': '1.0', 'Log': '1.0', 'Network': '1.1', 'Port': '1.7', 'PortForwarding': '1.2', 'QosPolicy': '1.8', 'SecurityGroup': '1.4', 'SecurityGroupRule': '1.2', 'SubPort': '1.0', 'Subnet': '1.1', 'Trunk': '1.1'}} {{(pid=87520) bind_port /opt/stack/neutron/neutron/plugins/ml2/drivers/mech_agent.py:105}}
Nov 26 16:37:42.556212 dv-neutron-819440-1-hyperv neutron-server[87520]: DEBUG neutron.plugins.ml2.drivers.mech_agent [None req-55bb5dba-8511-487a-b0d3-658af2aa61f9 None None] Checking segment: {'id': 'b3d2b4d0-8ab0-4174-8b22-ae3b68a59441', 'network_type': 'vlan', 'physical_network': 'physnet1', 'segmentation_id': 441, 'network_id': '1dc37c86-a01a-4555-99b6-e010fd7bee7b'} for mappings: {'physnet1': 'br-data'} with network types: ['local', 'flat', 'vlan'] {{(pid=87520) check_segment_for_agent /opt/stack/neutron/neutron/plugins/ml2/drivers/mech_agent.py:341}}
Nov 26 16:37:42.556515 dv-neutron-819440-1-hyperv neutron-server[87520]: DEBUG neutron_lib.callbacks.manager [None req-55bb5dba-8511-487a-b0d3-658af2aa61f9 None None] Notify callbacks [] for ovs_bridge_name, before_read {{(pid=87520) _notify_loop /usr/local/lib/python3.8/dist-packages/neutron_lib/callbacks/manager.py:192}}
Nov 26 16:37:42.557239 dv-neutron-819440-1-hyperv neutron-server[87520]: DEBUG neutron.plugins.ml2.drivers.mech_agent [None req-55bb5dba-8511-487a-b0d3-658af2aa61f9 None None] Bound using segment: {'id': 'b3d2b4d0-8ab0-4174-8b22-ae3b68a59441', 'network_type': 'vlan', 'physical_network': 'physnet1', 'segmentation_id': 441, 'network_id': '1dc37c86-a01a-4555-99b6-e010fd7bee7b'} {{(pid=87520) bind_port /opt/stack/neutron/neutron/plugins/ml2/drivers/mech_agent.py:115}}
Nov 26 16:37:42.557364 dv-neutron-819440-1-hyperv neutron-server[87520]: DEBUG neutron.plugins.ml2.managers [None req-55bb5dba-8511-487a-b0d3-658af2aa61f9 None None] Bound port: 7bb945d4-820e-4b7f-9b1e-bcfe790d6791, host: dv-neutron-819440-1-hyperv, vif_type: ovs, vif_details: {"connectivity": "l2", "port_filter": true, "ovs_hybrid_plug": false, "datapath_type": "system", "bridge_name": "br-int"}, binding_levels: [{'bound_driver': 'openvswitch', 'bound_segment': {'id': 'b3d2b4d0-8ab0-4174-8b22-ae3b68a59441', 'network_type': 'vlan', 'physical_network': 'physnet1', 'segmentation_id': 441, 'network_id': '1dc37c86-a01a-4555-99b6-e010fd7bee7b'}}] {{(pid=87520) _bind_port_level /opt/stack/neutron/neutron/plugins/ml2/managers.py:928}}
Nov 26 16:37:42.557713 dv-neutron-819440-1-hyperv neutron-server[87520]: DEBUG neutron_lib.callbacks.manager [None req-55bb5dba-8511-487a-b0d3-658af2aa61f9 None None] Notify callbacks ['neutron.plugins.ml2.plugin.SecurityGroupDbMixin._ensure_default_security_group_handler-1416477'] for port, before_update {{(pid=87520) _notify_loop /usr/local/lib/python3.8/dist-packages/neutron_lib/callbacks/manager.py:192}}
Nov 26 16:37:42.637378 dv-neutron-819440-1-hyperv neutron-server[87520]: DEBUG neutron.api.rpc.handlers.resources_rpc [None req-c9c71c1b-6c42-42ea-9d18-54613bb82137 None None] Pushing event updated for resources: {'Port': ['ID=8dbbe197-6340-47a0-9d93-36b5381fdd0d,revision_number=1']} {{(pid=87520) push /opt/stack/neutron/neutron/api/rpc/handlers/resources_rpc.py:237}}
Nov 26 16:37:42.640073 dv-neutron-819440-1-hyperv neutron-server[87520]: DEBUG neutron.db.provisioning_blocks [None req-4aa6fee8-7229-4eb0-a7a2-1f4cffaf1db8 None None] Provisioning complete for port 0091ea53-155e-4fb4-8e43-25a6c6fab097 triggered by entity DHCP. {{(pid=87520) provisioning_complete /opt/stack/neutron/neutron/db/provisioning_blocks.py:139}}
Nov 26 16:37:42.640460 dv-neutron-819440-1-hyperv neutron-server[87520]: DEBUG neutron_lib.callbacks.manager [None req-4aa6fee8-7229-4eb0-a7a2-1f4cffaf1db8 None None] Notify callbacks ['neutron.plugins.ml2.plugin.Ml2Plugin._port_provisioned-1423086'] for port, provisioning_complete {{(pid=87520) _notify_loop /usr/local/lib/python3.8/dist-packages/neutron_lib/callbacks/manager.py:192}}
Nov 26 16:37:42.647289 dv-neutron-819440-1-hyperv neutron-server[87519]: DEBUG neutron_lib.callbacks.manager [None req-c45b4d92-1c9a-4b97-ab9c-327023a39ac1 tempest-ExternalNetworksTestJSON-2000430610 tempest-ExternalNetworksTestJSON-2000430610-project-admin] Subscribe: > subnet after_create 55550000 {{(pid=87519) subscribe /usr/local/lib/python3.8/dist-packages/neutron_lib/callbacks/manager.py:45}}
Nov 26 16:37:42.647902 dv-neutron-819440-1-hyperv neutron-server[87519]: DEBUG neutron_lib.callbacks.manager [None req-c45b4d92-1c9a-4b97-ab9c-327023a39ac1 tempest-ExternalNetworksTestJSON-2000430610 tempest-ExternalNetworksTestJSON-2000430610-project-admin] Subscribe: > subnet after_delete 55550000 {{(pid=87519) subscribe /usr/local/lib/python3.8/dist-packages/neutron_lib/callbacks/manager.py:45}}
Nov 26 16:37:42.648468 dv-neutron-819440-1-hyperv neutron-server[87519]: DEBUG neutron_lib.callbacks.manager [None req-c45b4d92-1c9a-4b97-ab9c-327023a39ac1 tempest-ExternalNetworksTestJSON-2000430610 tempest-ExternalNetworksTestJSON-2000430610-project-admin] Subscribe: > subnet before_create 55550000 {{(pid=87519) subscribe /usr/local/lib/python3.8/dist-packages/neutron_lib/callbacks/manager.py:45}}
Nov 26 16:37:42.649010 dv-neutron-819440-1-hyperv neutron-server[87519]: DEBUG neutron_lib.callbacks.manager [None req-c45b4d92-1c9a-4b97-ab9c-327023a39ac1 tempest-ExternalNetworksTestJSON-2000430610 tempest-ExternalNetworksTestJSON-2000430610-project-admin] Subscribe: > subnet before_update 55550000 {{(pid=87519) subscribe /usr/local/lib/python3.8/dist-packages/neutron_lib/callbacks/manager.py:45}}
Nov 26 16:37:42.649592 dv-neutron-819440-1-hyperv neutron-server[87519]: DEBUG neutron.services.segments.db [None req-c45b4d92-1c9a-4b97-ab9c-327023a39ac1 tempest-ExternalNetworksTestJSON-2000430610 tempest-ExternalNetworksTestJSON-2000430610-project-admin] neutron.services.segments.plugin.Plugin method get_segments called with arguments (,) {'filters': {'network_id': ['b97693b2-ab60-40be-a756-f67de8a37041']}} {{(pid=87519) wrapper /usr/local/lib/python3.8/dist-packages/oslo_log/helpers.py:65}}
Nov 26 16:37:42.663473 dv-neutron-819440-1-hyperv neutron-server[87519]: DEBUG neutron.services.segments.db [None req-c45b4d92-1c9a-4b97-ab9c-327023a39ac1 tempest-ExternalNetworksTestJSON-2000430610 tempest-ExternalNetworksTestJSON-2000430610-project-admin] neutron.services.segments.plugin.Plugin method delete_segment called with arguments (, 'd3d55cec-89d3-4248-bc7d-23d8efcdd393') {'for_net_delete': True} {{(pid=87519) wrapper /usr/local/lib/python3.8/dist-packages/oslo_log/helpers.py:65}}
Nov 26 16:37:42.664241 dv-neutron-819440-1-hyperv neutron-server[87519]: DEBUG neutron.services.segments.db [None req-c45b4d92-1c9a-4b97-ab9c-327023a39ac1 tempest-ExternalNetworksTestJSON-2000430610 tempest-ExternalNetworksTestJSON-2000430610-project-admin] neutron.services.segments.plugin.Plugin method get_segment called with arguments (, 'd3d55cec-89d3-4248-bc7d-23d8efcdd393') {} {{(pid=87519) wrapper /usr/local/lib/python3.8/dist-packages/oslo_log/helpers.py:65}}
Nov 26 16:37:42.670326 dv-neutron-819440-1-hyperv neutron-server[87520]: DEBUG oslo_concurrency.lockutils [None req-c9c71c1b-6c42-42ea-9d18-54613bb82137 None None] Lock "event-dispatch" released by "neutron.plugins.ml2.ovo_rpc._ObjectChangeHandler.dispatch_events" :: held 0.622s {{(pid=87520) inner /usr/local/lib/python3.8/dist-packages/oslo_concurrency/lockutils.py:367}}
Nov 26 16:37:42.680247 dv-neutron-819440-1-hyperv neutron-server[87519]: DEBUG neutron_lib.callbacks.manager [None req-c45b4d92-1c9a-4b97-ab9c-327023a39ac1 tempest-ExternalNetworksTestJSON-2000430610 tempest-ExternalNetworksTestJSON-2000430610-project-admin] Notify callbacks ['neutron.plugins.ml2.db._prevent_segment_delete_with_port_bound-8756664751737', 'neutron.services.segments.plugin.Plugin._prevent_segment_delete_with_subnet_associated-4126726'] for segment, before_delete {{(pid=87519) _notify_loop /usr/local/lib/python3.8/dist-packages/neutron_lib/callbacks/manager.py:192}}
Nov 26 16:37:42.700907 dv-neutron-819440-1-hyperv neutron-server[87519]: DEBUG neutron_lib.callbacks.manager [None req-c45b4d92-1c9a-4b97-ab9c-327023a39ac1 tempest-ExternalNetworksTestJSON-2000430610 tempest-ExternalNetworksTestJSON-2000430610-project-admin] Notify callbacks ['neutron.plugins.ml2.plugin.Ml2Plugin._handle_segment_change-1423654'] for segment, precommit_delete {{(pid=87519) _notify_loop /usr/local/lib/python3.8/dist-packages/neutron_lib/callbacks/manager.py:192}}
Nov 26 16:37:42.710998 dv-neutron-819440-1-hyperv neutron-server[87519]: DEBUG neutron.plugins.ml2.drivers.type_vlan [None req-c45b4d92-1c9a-4b97-ab9c-327023a39ac1 tempest-ExternalNetworksTestJSON-2000430610 tempest-ExternalNetworksTestJSON-2000430610-project-admin] Releasing vlan 421 on physical network physnet1 to pool {{(pid=87519) release_segment /opt/stack/neutron/neutron/plugins/ml2/drivers/type_vlan.py:304}}
Nov 26 16:37:42.712146 dv-neutron-819440-1-hyperv neutron-server[87519]: DEBUG neutron_lib.callbacks.manager [None req-c45b4d92-1c9a-4b97-ab9c-327023a39ac1 tempest-ExternalNetworksTestJSON-2000430610 tempest-ExternalNetworksTestJSON-2000430610-project-admin] Notify callbacks ['neutron.plugins.ml2.plugin.Ml2Plugin._handle_after_delete_segment_change-1423663', 'neutron.services.segments.plugin.NovaSegmentNotifier._notify_segment_deleted-2462457'] for segment, after_delete {{(pid=87519) _notify_loop /usr/local/lib/python3.8/dist-packages/neutron_lib/callbacks/manager.py:192}}
Nov 26 16:37:42.750806 dv-neutron-819440-1-hyperv neutron-server[87518]: DEBUG neutron_lib.callbacks.manager [None req-9456a3d5-556d-4ec5-87aa-1e3fe38dcb84 tempest-DHCPAgentSchedulersTestJSON-684314253 tempest-DHCPAgentSchedulersTestJSON-684314253-project] Notify callbacks ['neutron.services.l3_router.l3_router_plugin.L3_NAT_dbonly_mixin._precommit_delete_port_callback-3772825'] for port, precommit_delete {{(pid=87518) _notify_loop /usr/local/lib/python3.8/dist-packages/neutron_lib/callbacks/manager.py:192}}
Nov 26 16:37:42.865692 dv-neutron-819440-1-hyperv neutron-server[87519]: /usr/lib/python3/dist-packages/secretstorage/dhcrypto.py:15: CryptographyDeprecationWarning: int_from_bytes is deprecated, use int.from_bytes instead
Nov 26 16:37:42.865692 dv-neutron-819440-1-hyperv neutron-server[87519]: from cryptography.utils import int_from_bytes
Nov 26 16:37:42.865692 dv-neutron-819440-1-hyperv neutron-server[87519]: /usr/lib/python3/dist-packages/secretstorage/util.py:19: CryptographyDeprecationWarning: int_from_bytes is deprecated, use int.from_bytes instead
Nov 26 16:37:42.865692 dv-neutron-819440-1-hyperv neutron-server[87519]: from cryptography.utils import int_from_bytes
Nov 26 16:37:42.865692 dv-neutron-819440-1-hyperv neutron-server[87519]: /usr/local/lib/python3.8/dist-packages/sqlalchemy/orm/relationships.py:1994: SAWarning: Setting backref / back_populates on relationship QosNetworkPolicyBinding.port to refer to viewonly relationship Port.qos_network_policy_binding should include sync_backref=False set on the QosNetworkPolicyBinding.port relationship. (this warning may be suppressed after 10 occurrences)
Nov 26 16:37:42.865692 dv-neutron-819440-1-hyperv neutron-server[87519]: util.warn_limited(
Nov 26 16:37:42.865692 dv-neutron-819440-1-hyperv neutron-server[87519]: /usr/local/lib/python3.8/dist-packages/sqlalchemy/orm/relationships.py:1994: SAWarning: Setting backref / back_populates on relationship Tag.standard_attr to refer to viewonly relationship StandardAttribute.tags should include sync_backref=False set on the Tag.standard_attr relationship. (this warning may be suppressed after 10 occurrences)
Nov 26 16:37:42.865692 dv-neutron-819440-1-hyperv neutron-server[87519]: util.warn_limited(
Nov 26 16:37:42.865692 dv-neutron-819440-1-hyperv neutron-server[87519]: Traceback (most recent call last):
Nov 26 16:37:42.865692 dv-neutron-819440-1-hyperv neutron-server[87519]: File "/usr/local/lib/python3.8/dist-packages/eventlet/hubs/hub.py", line 476, in fire_timers
Nov 26 16:37:42.865692 dv-neutron-819440-1-hyperv neutron-server[87519]: timer()
Nov 26 16:37:42.865692 dv-neutron-819440-1-hyperv neutron-server[87519]: File "/usr/local/lib/python3.8/dist-packages/eventlet/hubs/timer.py", line 59, in __call__
Nov 26 16:37:42.865692 dv-neutron-819440-1-hyperv neutron-server[87519]: cb(*args, **kw)
Nov 26 16:37:42.865692 dv-neutron-819440-1-hyperv neutron-server[87519]: File "/opt/stack/neutron/neutron/common/utils.py", line 905, in wrapper
Nov 26 16:37:42.865692 dv-neutron-819440-1-hyperv neutron-server[87519]: return func(*args, **kwargs)
Nov 26 16:37:42.865692 dv-neutron-819440-1-hyperv neutron-server[87519]: File "/opt/stack/neutron/neutron/notifiers/batch_notifier.py", line 58, in synced_send
Nov 26 16:37:42.865692 dv-neutron-819440-1-hyperv neutron-server[87519]: self._notify()
Nov 26 16:37:42.865692 dv-neutron-819440-1-hyperv neutron-server[87519]: File "/opt/stack/neutron/neutron/notifiers/batch_notifier.py", line 69, in _notify
Nov 26 16:37:42.865692 dv-neutron-819440-1-hyperv neutron-server[87519]: self.callback(batched_events)
Nov 26 16:37:42.865692 dv-neutron-819440-1-hyperv neutron-server[87519]: File "/opt/stack/neutron/neutron/services/segments/plugin.py", line 211, in _send_notifications
Nov 26 16:37:42.865692 dv-neutron-819440-1-hyperv neutron-server[87519]: event.method(event)
Nov 26 16:37:42.865692 dv-neutron-819440-1-hyperv neutron-server[87519]: File "/opt/stack/neutron/neutron/services/segments/plugin.py", line 379, in _delete_nova_inventory
Nov 26 16:37:42.865692 dv-neutron-819440-1-hyperv neutron-server[87519]: aggregate_id = self._get_aggregate_id(event.segment_id)
Nov 26 16:37:42.865692 dv-neutron-819440-1-hyperv neutron-server[87519]: File "/opt/stack/neutron/neutron/services/segments/plugin.py", line 366, in _get_aggregate_id
Nov 26 16:37:42.865692 dv-neutron-819440-1-hyperv neutron-server[87519]: aggregate_uuid = self.p_client.list_aggregates(
Nov 26 16:37:42.865692 dv-neutron-819440-1-hyperv neutron-server[87519]: File "/usr/local/lib/python3.8/dist-packages/neutron_lib/placement/client.py", line 57, in wrapper
Nov 26 16:37:42.865692 dv-neutron-819440-1-hyperv neutron-server[87519]: return f(self, *a, **k)
Nov 26 16:37:42.865692 dv-neutron-819440-1-hyperv neutron-server[87519]: File "/usr/local/lib/python3.8/dist-packages/neutron_lib/placement/client.py", line 553, in list_aggregates
Nov 26 16:37:42.865692 dv-neutron-819440-1-hyperv neutron-server[87519]: return self._get(url).json()
Nov 26 16:37:42.865692 dv-neutron-819440-1-hyperv neutron-server[87519]: File "/usr/local/lib/python3.8/dist-packages/neutron_lib/placement/client.py", line 189, in _get
Nov 26 16:37:42.865692 dv-neutron-819440-1-hyperv neutron-server[87519]: return self._client.get(url, endpoint_filter=self._ks_filter,
Nov 26 16:37:42.865692 dv-neutron-819440-1-hyperv neutron-server[87519]: File "/usr/local/lib/python3.8/dist-packages/keystoneauth1/session.py", line 1141, in get
Nov 26 16:37:42.865692 dv-neutron-819440-1-hyperv neutron-server[87519]: return self.request(url, 'GET', **kwargs)
Nov 26 16:37:42.865692 dv-neutron-819440-1-hyperv neutron-server[87519]: File "/usr/local/lib/python3.8/dist-packages/keystoneauth1/session.py", line 811, in request
Nov 26 16:37:42.865692 dv-neutron-819440-1-hyperv neutron-server[87519]: base_url = self.get_endpoint(auth, allow=allow,
Nov 26 16:37:42.865692 dv-neutron-819440-1-hyperv neutron-server[87519]: File "/usr/local/lib/python3.8/dist-packages/keystoneauth1/session.py", line 1241, in get_endpoint
Nov 26 16:37:42.865692 dv-neutron-819440-1-hyperv neutron-server[87519]: auth = self._auth_required(auth, 'determine endpoint URL')
Nov 26 16:37:42.865692 dv-neutron-819440-1-hyperv neutron-server[87519]: File "/usr/local/lib/python3.8/dist-packages/keystoneauth1/session.py", line 1181, in _auth_required
Nov 26 16:37:42.865692 dv-neutron-819440-1-hyperv neutron-server[87519]: raise exceptions.MissingAuthPlugin(msg_fmt % msg)
Nov 26 16:37:42.865692 dv-neutron-819440-1-hyperv neutron-server[87519]: keystoneauth1.exceptions.auth_plugins.MissingAuthPlugin: An auth plugin is required to determine endpoint URL
Nov 26 16:37:42.869552 dv-neutron-819440-1-hyperv neutron-server[87519]: DEBUG neutron_lib.callbacks.manager [None req-5b4beb66-7f9a-4fc9-8f7e-f19432024177 admin admin] Notify callbacks ['neutron.plugins.ml2.plugin.SecurityGroupServerNotifierRpcMixin.notify_sg_on_port_change-1416542', 'neutron.plugins.ml2.ovo_rpc._ObjectChangeHandler.handle_event-224719', 'neutron.api.rpc.agentnotifiers.dhcp_rpc_agent_api.DhcpAgentNotifyAPI._native_event_send_dhcp_notification-3692377', 'neutron.db.l3_dvrscheduler_db._notify_l3_agent_new_port-8756664417877', 'neutron.services.segments.plugin.NovaSegmentNotifier._notify_port_created_or_deleted-2462228'] for port, after_create {{(pid=87519) _notify_loop /usr/local/lib/python3.8/dist-packages/neutron_lib/callbacks/manager.py:192}}
Nov 26 16:37:42.875844 dv-neutron-819440-1-hyperv neutron-server[87519]: DEBUG neutron.wsgi [-] (87519) accepted ('10.222.0.11', 41866) {{(pid=87519) server /usr/local/lib/python3.8/dist-packages/eventlet/wsgi.py:992}}
Nov 26 16:37:42.876736 dv-neutron-819440-1-hyperv neutron-server[87520]: DEBUG neutron.plugins.ml2.managers [None req-c9c71c1b-6c42-42ea-9d18-54613bb82137 None None] Attempting to bind port 8dbbe197-6340-47a0-9d93-36b5381fdd0d on host dv-neutron-819440-1-hyperv for vnic_type normal with profile {{(pid=87520) bind_port /opt/stack/neutron/neutron/plugins/ml2/managers.py:790}}
Nov 26 16:37:42.877113 dv-neutron-819440-1-hyperv neutron-server[87520]: DEBUG neutron.plugins.ml2.managers [None req-c9c71c1b-6c42-42ea-9d18-54613bb82137 None None] Attempting to bind port 8dbbe197-6340-47a0-9d93-36b5381fdd0d by drivers openvswitch,hyperv on host dv-neutron-819440-1-hyperv at level 0 using segments [{'id': 'd3050d57-adec-4a5e-9252-6c4a9112d110', 'network_type': 'vlan', 'physical_network': 'physnet1', 'segmentation_id': 433, 'network_id': '31cb35ec-a0e0-43d1-ae70-742e553b3cd8'}] {{(pid=87520) _bind_port_level /opt/stack/neutron/neutron/plugins/ml2/managers.py:815}}
Nov 26 16:37:42.877348 dv-neutron-819440-1-hyperv neutron-server[87519]: DEBUG neutron_lib.callbacks.manager [None req-c45b4d92-1c9a-4b97-ab9c-327023a39ac1 tempest-ExternalNetworksTestJSON-2000430610 tempest-ExternalNetworksTestJSON-2000430610-project-admin] Notify callbacks ['neutron.plugins.ml2.plugin.Ml2Plugin._network_delete_after_delete_handler-1422174', 'neutron.plugins.ml2.ovo_rpc._ObjectChangeHandler.handle_event-3862019', 'neutron.api.rpc.agentnotifiers.dhcp_rpc_agent_api.DhcpAgentNotifyAPI._native_event_send_dhcp_notification-3692377', 'neutron.services.l3_router.l3_router_plugin.DVRResourceOperationHandler.delete_fip_namespaces_for_ext_net-3774105'] for network, after_delete {{(pid=87519) _notify_loop /usr/local/lib/python3.8/dist-packages/neutron_lib/callbacks/manager.py:192}}
Nov 26 16:37:42.877465 dv-neutron-819440-1-hyperv neutron-server[87520]: DEBUG neutron.plugins.ml2.drivers.mech_agent [None req-c9c71c1b-6c42-42ea-9d18-54613bb82137 None None] Attempting to bind port 8dbbe197-6340-47a0-9d93-36b5381fdd0d on network 31cb35ec-a0e0-43d1-ae70-742e553b3cd8 {{(pid=87520) bind_port /opt/stack/neutron/neutron/plugins/ml2/drivers/mech_agent.py:86}}
Nov 26 16:37:42.888179 dv-neutron-819440-1-hyperv neutron-server[87518]: DEBUG neutron.plugins.ml2.plugin [None req-9456a3d5-556d-4ec5-87aa-1e3fe38dcb84 tempest-DHCPAgentSchedulersTestJSON-684314253 tempest-DHCPAgentSchedulersTestJSON-684314253-project] Calling delete_port for a0023094-4c29-4fd1-825d-0c0d957234cf owned by {{(pid=87518) delete_port /opt/stack/neutron/neutron/plugins/ml2/plugin.py:1964}}
Nov 26 16:37:42.896401 dv-neutron-819440-1-hyperv neutron-server[87519]: DEBUG neutron.scheduler.dhcp_agent_scheduler [None req-63b76acf-9759-4dd6-a05b-58bb05e7c2a8 tempest-PortsAdminExtendedAttrsIpV6TestJSON-2086138966 tempest-PortsAdminExtendedAttrsIpV6TestJSON-2086138966-project-admin] Network 2fb13060-f08e-4bdf-b197-2b06c4c79ceb is scheduled to be hosted by DHCP agent 912d8c8b-7d8d-44fa-b96c-1a94d63c663b with binding_index 1 {{(pid=87519) bind /opt/stack/neutron/neutron/scheduler/dhcp_agent_scheduler.py:227}}
Nov 26 16:37:42.907467 dv-neutron-819440-1-hyperv neutron-server[87519]: DEBUG neutron.api.v2.base [None req-7edddb44-66f5-42c6-ac60-9e884bed9974 tempest-ServerActionsTestJSON-1222120380 tempest-ServerActionsTestJSON-1222120380-project] Request body: {'security_group': {'name': 'tempest-securitygroup--1975215686', 'description': 'tempest-description--1225137750'}} {{(pid=87519) prepare_request_body /opt/stack/neutron/neutron/api/v2/base.py:729}}
Nov 26 16:37:42.942550 dv-neutron-819440-1-hyperv neutron-server[87519]: DEBUG neutron.db.quota.driver [None req-7edddb44-66f5-42c6-ac60-9e884bed9974 tempest-ServerActionsTestJSON-1222120380 tempest-ServerActionsTestJSON-1222120380-project] Resources subnetpool have unlimited quota limit. It is not required to calculate headroom {{(pid=87519) make_reservation /opt/stack/neutron/neutron/db/quota/driver.py:219}}
Nov 26 16:37:42.942729 dv-neutron-819440-1-hyperv neutron-server[87520]: DEBUG neutron_lib.callbacks.manager [None req-eb5d045e-3fe2-4bb9-81a4-e3b3124789f8 None None] Notify callbacks ['neutron.plugins.ml2.plugin.SecurityGroupDbMixin._ensure_default_security_group_handler-1416477'] for port, before_update {{(pid=87520) _notify_loop /usr/local/lib/python3.8/dist-packages/neutron_lib/callbacks/manager.py:192}}
Nov 26 16:37:42.942846 dv-neutron-819440-1-hyperv neutron-server[87519]: DEBUG neutron.quota.resource [None req-7edddb44-66f5-42c6-ac60-9e884bed9974 tempest-ServerActionsTestJSON-1222120380 tempest-ServerActionsTestJSON-1222120380-project] Usage tracker for resource:security_group and tenant:06e5b26eff95490196e93abf54aa53ed is out of sync, need to count used quota {{(pid=87519) count_used /opt/stack/neutron/neutron/quota/resource.py:270}}
Nov 26 16:37:42.942846 dv-neutron-819440-1-hyperv neutron-server[87519]: DEBUG neutron.quota.resource [None req-7edddb44-66f5-42c6-ac60-9e884bed9974 tempest-ServerActionsTestJSON-1222120380 tempest-ServerActionsTestJSON-1222120380-project] Quota usage for security_group was recalculated. Used quota:1. {{(pid=87519) count_used /opt/stack/neutron/neutron/quota/resource.py:290}}
Nov 26 16:37:42.942846 dv-neutron-819440-1-hyperv neutron-server[87519]: DEBUG oslo_concurrency.lockutils [None req-edf7e452-46f7-4d61-b07b-8945298ee6d4 tempest-AllowedAddressPairTestJSON-1226112687 tempest-AllowedAddressPairTestJSON-1226112687-project] Lock "event-dispatch" acquired by "neutron.plugins.ml2.ovo_rpc._ObjectChangeHandler.dispatch_events" :: waited 0.000s {{(pid=87519) inner /usr/local/lib/python3.8/dist-packages/oslo_concurrency/lockutils.py:355}}
Nov 26 16:37:42.953236 dv-neutron-819440-1-hyperv neutron-server[87520]: DEBUG neutron.plugins.ml2.drivers.mech_agent [None req-c9c71c1b-6c42-42ea-9d18-54613bb82137 None None] Checking agent: {'id': '7d6a6bc5-cc2f-4908-8482-dde8f50c85d4', 'agent_type': 'Open vSwitch agent', 'binary': 'neutron-openvswitch-agent', 'topic': 'N/A', 'host': 'dv-neutron-819440-1-hyperv', 'admin_state_up': True, 'created_at': datetime.datetime(2021, 11, 26, 16, 29, 29), 'started_at': datetime.datetime(2021, 11, 26, 16, 29, 59), 'heartbeat_timestamp': datetime.datetime(2021, 11, 26, 16, 37, 29), 'description': None, 'resources_synced': None, 'availability_zone': None, 'alive': True, 'configurations': {'arp_responder_enabled': False, 'baremetal_smartnic': False, 'bridge_mappings': {'physnet1': 'br-data'}, 'datapath_type': 'system', 'devices': 0, 'enable_distributed_routing': False, 'extensions': [], 'in_distributed_mode': False, 'integration_bridge': 'br-int', 'l2_population': False, 'log_agent_heartbeats': False, 'ovs_capabilities': {'datapath_types': ['netdev', 'system'], 'iface_types': ['erspan', 'geneve', 'gre', 'internal', 'ip6erspan', 'ip6gre', 'lisp', 'patch', 'stt', 'system', 'tap', 'vxlan']}, 'ovs_hybrid_plug': False, 'resource_provider_bandwidths': {}, 'resource_provider_hypervisors': {'br-data': 'dv-neutron-819440-1-hyperv'}, 'resource_provider_inventory_defaults': {'allocation_ratio': 1.0, 'min_unit': 1, 'step_size': 1, 'reserved': 0}, 'tunnel_types': [], 'tunneling_ip': None, 'vhostuser_socket_dir': '/var/run/openvswitch'}, 'resource_versions': {'AddressGroup': '1.2', 'ConntrackHelper': '1.0', 'Log': '1.0', 'Network': '1.1', 'Port': '1.7', 'PortForwarding': '1.2', 'QosPolicy': '1.8', 'SecurityGroup': '1.4', 'SecurityGroupRule': '1.2', 'SubPort': '1.0', 'Subnet': '1.1', 'Trunk': '1.1'}} {{(pid=87520) bind_port /opt/stack/neutron/neutron/plugins/ml2/drivers/mech_agent.py:105}}
Nov 26 16:37:42.953423 dv-neutron-819440-1-hyperv neutron-server[87518]: DEBUG neutron_lib.callbacks.manager [None req-7c7ce3dc-3243-4f0f-9918-3ededc83a992 tempest-ExtraDHCPOptionsTestJSON-1032430902 tempest-ExtraDHCPOptionsTestJSON-1032430902-project] Notify callbacks ['neutron.plugins.ml2.plugin.SecurityGroupServerNotifierRpcMixin.notify_sg_on_port_change-1416542', 'neutron.plugins.ml2.ovo_rpc._ObjectChangeHandler.handle_event-224719', 'neutron.api.rpc.agentnotifiers.dhcp_rpc_agent_api.DhcpAgentNotifyAPI._native_event_send_dhcp_notification-3692377', 'neutron.db.l3_dvrscheduler_db._notify_l3_agent_new_port-8756664417877'] for port, after_create {{(pid=87518) _notify_loop /usr/local/lib/python3.8/dist-packages/neutron_lib/callbacks/manager.py:192}}
Nov 26 16:37:42.953635 dv-neutron-819440-1-hyperv neutron-server[87520]: DEBUG neutron.plugins.ml2.drivers.mech_agent [None req-c9c71c1b-6c42-42ea-9d18-54613bb82137 None None] Checking segment: {'id': 'd3050d57-adec-4a5e-9252-6c4a9112d110', 'network_type': 'vlan', 'physical_network': 'physnet1', 'segmentation_id': 433, 'network_id': '31cb35ec-a0e0-43d1-ae70-742e553b3cd8'} for mappings: {'physnet1': 'br-data'} with network types: ['local', 'flat', 'vlan'] {{(pid=87520) check_segment_for_agent /opt/stack/neutron/neutron/plugins/ml2/drivers/mech_agent.py:341}}
Nov 26 16:37:42.954030 dv-neutron-819440-1-hyperv neutron-server[87520]: DEBUG neutron_lib.callbacks.manager [None req-c9c71c1b-6c42-42ea-9d18-54613bb82137 None None] Notify callbacks [] for ovs_bridge_name, before_read {{(pid=87520) _notify_loop /usr/local/lib/python3.8/dist-packages/neutron_lib/callbacks/manager.py:192}}
Nov 26 16:37:42.955030 dv-neutron-819440-1-hyperv neutron-server[87520]: DEBUG neutron.plugins.ml2.drivers.mech_agent [None req-c9c71c1b-6c42-42ea-9d18-54613bb82137 None None] Bound using segment: {'id': 'd3050d57-adec-4a5e-9252-6c4a9112d110', 'network_type': 'vlan', 'physical_network': 'physnet1', 'segmentation_id': 433, 'network_id': '31cb35ec-a0e0-43d1-ae70-742e553b3cd8'} {{(pid=87520) bind_port /opt/stack/neutron/neutron/plugins/ml2/drivers/mech_agent.py:115}}
Nov 26 16:37:42.955030 dv-neutron-819440-1-hyperv neutron-server[87520]: DEBUG neutron.plugins.ml2.managers [None req-c9c71c1b-6c42-42ea-9d18-54613bb82137 None None] Bound port: 8dbbe197-6340-47a0-9d93-36b5381fdd0d, host: dv-neutron-819440-1-hyperv, vif_type: ovs, vif_details: {"connectivity": "l2", "port_filter": true, "ovs_hybrid_plug": false, "datapath_type": "system", "bridge_name": "br-int"}, binding_levels: [{'bound_driver': 'openvswitch', 'bound_segment': {'id': 'd3050d57-adec-4a5e-9252-6c4a9112d110', 'network_type': 'vlan', 'physical_network': 'physnet1', 'segmentation_id': 433, 'network_id': '31cb35ec-a0e0-43d1-ae70-742e553b3cd8'}}] {{(pid=87520) _bind_port_level /opt/stack/neutron/neutron/plugins/ml2/managers.py:928}}
Nov 26 16:37:42.955507 dv-neutron-819440-1-hyperv neutron-server[87520]: DEBUG neutron_lib.callbacks.manager [None req-c9c71c1b-6c42-42ea-9d18-54613bb82137 None None] Notify callbacks ['neutron.plugins.ml2.plugin.SecurityGroupDbMixin._ensure_default_security_group_handler-1416477'] for port, before_update {{(pid=87520) _notify_loop /usr/local/lib/python3.8/dist-packages/neutron_lib/callbacks/manager.py:192}}
