Feb 15 06:48:19.350993 dv-neutron-819418-8-hyperv devstack@n-api.service[102443]: [pid: 102443|app: 0|req: 17/34] 10.222.0.36 () {64 vars in 1282 bytes} [Tue Feb 15 06:48:19 2022] POST /compute/v2.1/flavors => generated 408 bytes in 73 msecs (HTTP/1.1 200) 9 headers in 359 bytes (1 switches on core 0)
Feb 15 06:48:19.362713 dv-neutron-819418-8-hyperv devstack@n-api.service[102442]: DEBUG nova.api.openstack.wsgi [None req-5fd34be2-cba5-4d25-a069-5a961fe3f14b admin admin] Action: 'create', calling method: >, body: {"extra_specs": {"hw_rng:allowed": "True"}} {{(pid=102442) _process_stack /opt/stack/nova/nova/api/openstack/wsgi.py:511}}
Feb 15 06:48:19.385997 dv-neutron-819418-8-hyperv devstack@n-api.service[102442]: INFO nova.api.openstack.requestlog [None req-5fd34be2-cba5-4d25-a069-5a961fe3f14b admin admin] 10.222.0.36 "POST /compute/v2.1/flavors/5/os-extra_specs" status: 200 len: 43 microversion: 2.61 time: 0.026915
Feb 15 06:48:19.386504 dv-neutron-819418-8-hyperv devstack@n-api.service[102442]: [pid: 102442|app: 0|req: 18/35] 10.222.0.36 () {64 vars in 1332 bytes} [Tue Feb 15 06:48:19 2022] POST /compute/v2.1/flavors/5/os-extra_specs => generated 43 bytes in 28 msecs (HTTP/1.1 200) 9 headers in 358 bytes (1 switches on core 0)
Feb 15 06:48:45.701471 dv-neutron-819418-8-hyperv devstack@n-api.service[102443]: DEBUG nova.api.openstack.wsgi [None req-6db5ca85-8515-4a28-8887-13063088987c admin admin] Calling method '>' {{(pid=102443) _process_stack /opt/stack/nova/nova/api/openstack/wsgi.py:513}}
Feb 15 06:48:45.703066 dv-neutron-819418-8-hyperv devstack@n-api.service[102443]: INFO nova.api.openstack.requestlog [None req-6db5ca85-8515-4a28-8887-13063088987c admin admin] 10.222.0.36 "GET /compute/v2.1" status: 200 len: 388 microversion: 2.1 time: 0.001446
Feb 15 06:48:45.703473 dv-neutron-819418-8-hyperv devstack@n-api.service[102443]: [pid: 102443|app: 0|req: 18/36] 10.222.0.36 () {54 vars in 930 bytes} [Tue Feb 15 06:48:45 2022] GET /compute/v2.1 => generated 388 bytes in 3 msecs (HTTP/1.1 200) 9 headers in 357 bytes (1 switches on core 0)
Feb 15 06:48:45.760153 dv-neutron-819418-8-hyperv devstack@n-api.service[102442]: DEBUG nova.api.openstack.wsgi [None req-9053a8fd-223f-41cc-a005-c408de30e41b admin admin] Calling method '>' {{(pid=102442) _process_stack /opt/stack/nova/nova/api/openstack/wsgi.py:513}}
Feb 15 06:48:45.777036 dv-neutron-819418-8-hyperv devstack@n-api.service[102442]: INFO nova.api.openstack.requestlog [None req-9053a8fd-223f-41cc-a005-c408de30e41b admin admin] 10.222.0.36 "GET /compute/v2.1/flavors/detail?is_public=True" status: 200 len: 4202 microversion: 2.61 time: 0.067492
Feb 15 06:48:45.777562 dv-neutron-819418-8-hyperv devstack@n-api.service[102442]: [pid: 102442|app: 0|req: 19/37] 10.222.0.36 () {60 vars in 1291 bytes} [Tue Feb 15 06:48:45 2022] GET /compute/v2.1/flavors/detail?is_public=True => generated 4202 bytes in 69 msecs (HTTP/1.1 200) 9 headers in 360 bytes (1 switches on core 0)
Feb 15 06:48:47.129461 dv-neutron-819418-8-hyperv devstack@n-api.service[102443]: DEBUG nova.api.openstack.wsgi [None req-6db5ca85-8515-4a28-8887-13063088987c admin admin] Calling method '>' {{(pid=102443) _process_stack /opt/stack/nova/nova/api/openstack/wsgi.py:513}}
Feb 15 06:48:47.130728 dv-neutron-819418-8-hyperv devstack@n-api.service[102443]: INFO nova.api.openstack.requestlog [None req-6db5ca85-8515-4a28-8887-13063088987c admin admin] 10.222.0.36 "GET /compute/v2.1" status: 200 len: 388 microversion: 2.1 time: 0.001712
Feb 15 06:48:47.131140 dv-neutron-819418-8-hyperv devstack@n-api.service[102443]: [pid: 102443|app: 0|req: 19/38] 10.222.0.36 () {56 vars in 1074 bytes} [Tue Feb 15 06:48:47 2022] GET /compute/v2.1 => generated 388 bytes in 3 msecs (HTTP/1.1 200) 9 headers in 357 bytes (1 switches on core 0)
Feb 15 06:48:47.324987 dv-neutron-819418-8-hyperv devstack@n-api.service[102442]: DEBUG nova.api.openstack.wsgi [None req-f22c1923-b6b7-4b5f-87ec-002b106139f7 admin admin] Calling method '>' {{(pid=102442) _process_stack /opt/stack/nova/nova/api/openstack/wsgi.py:513}}
Feb 15 06:48:47.330913 dv-neutron-819418-8-hyperv devstack@n-api.service[102442]: INFO nova.api.openstack.wsgi [None req-f22c1923-b6b7-4b5f-87ec-002b106139f7 admin admin] HTTP exception thrown: Flavor 42 could not be found.
Feb 15 06:48:47.331482 dv-neutron-819418-8-hyperv devstack@n-api.service[102442]: DEBUG nova.api.openstack.wsgi [None req-f22c1923-b6b7-4b5f-87ec-002b106139f7 admin admin] Returning 404 to user: Flavor 42 could not be found. {{(pid=102442) __call__ /opt/stack/nova/nova/api/openstack/wsgi.py:936}}
Feb 15 06:48:47.332309 dv-neutron-819418-8-hyperv devstack@n-api.service[102442]: INFO nova.api.openstack.requestlog [None req-f22c1923-b6b7-4b5f-87ec-002b106139f7 admin admin] 10.222.0.36 "GET /compute/v2.1/flavors/42" status: 404 len: 75 microversion: 2.90 time: 0.057343
Feb 15 06:48:47.332819 dv-neutron-819418-8-hyperv devstack@n-api.service[102442]: [pid: 102442|app: 0|req: 20/39] 10.222.0.36 () {60 vars in 1190 bytes} [Tue Feb 15 06:48:47 2022] GET /compute/v2.1/flavors/42 => generated 75 bytes in 58 msecs (HTTP/1.1 404) 9 headers in 380 bytes (1 switches on core 0)
Feb 15 06:48:47.341975 dv-neutron-819418-8-hyperv devstack@n-api.service[102443]: DEBUG nova.api.openstack.wsgi [None req-3af2dd25-cddb-48d6-9de6-b204d23d2fb5 admin admin] Calling method '>' {{(pid=102443) _process_stack /opt/stack/nova/nova/api/openstack/wsgi.py:513}}
Feb 15 06:48:47.362334 dv-neutron-819418-8-hyperv devstack@n-api.service[102443]: INFO nova.api.openstack.requestlog [None req-3af2dd25-cddb-48d6-9de6-b204d23d2fb5 admin admin] 10.222.0.36 "GET /compute/v2.1/flavors?is_public=None" status: 200 len: 2056 microversion: 2.90 time: 0.023884
Feb 15 06:48:47.362862 dv-neutron-819418-8-hyperv devstack@n-api.service[102443]: [pid: 102443|app: 0|req: 20/40] 10.222.0.36 () {60 vars in 1210 bytes} [Tue Feb 15 06:48:47 2022] GET /compute/v2.1/flavors?is_public=None => generated 2056 bytes in 25 msecs (HTTP/1.1 200) 9 headers in 360 bytes (1 switches on core 0)
Feb 15 06:48:47.371966 dv-neutron-819418-8-hyperv devstack@n-api.service[102442]: DEBUG nova.api.openstack.wsgi [None req-878a9cd2-45e1-4d9c-9326-5848a32e0483 admin admin] Calling method '>' {{(pid=102442) _process_stack /opt/stack/nova/nova/api/openstack/wsgi.py:513}}
Feb 15 06:48:47.394036 dv-neutron-819418-8-hyperv devstack@n-api.service[102442]: INFO nova.api.openstack.requestlog [None req-878a9cd2-45e1-4d9c-9326-5848a32e0483 admin admin] 10.222.0.36 "GET /compute/v2.1/flavors?is_public=None" status: 200 len: 2056 microversion: 2.90 time: 0.025481
Feb 15 06:48:47.394549 dv-neutron-819418-8-hyperv devstack@n-api.service[102442]: [pid: 102442|app: 0|req: 21/41] 10.222.0.36 () {60 vars in 1210 bytes} [Tue Feb 15 06:48:47 2022] GET /compute/v2.1/flavors?is_public=None => generated 2056 bytes in 27 msecs (HTTP/1.1 200) 9 headers in 360 bytes (1 switches on core 0)
Feb 15 06:48:47.403590 dv-neutron-819418-8-hyperv devstack@n-api.service[102443]: DEBUG nova.api.openstack.wsgi [None req-779f793f-3fc5-4067-ad6f-b4f835b1f0ab admin admin] Calling method '>' {{(pid=102443) _process_stack /opt/stack/nova/nova/api/openstack/wsgi.py:513}}
Feb 15 06:48:47.409625 dv-neutron-819418-8-hyperv devstack@n-api.service[102443]: INFO nova.api.openstack.wsgi [None req-779f793f-3fc5-4067-ad6f-b4f835b1f0ab admin admin] HTTP exception thrown: Flavor 42 could not be found.
Feb 15 06:48:47.410196 dv-neutron-819418-8-hyperv devstack@n-api.service[102443]: DEBUG nova.api.openstack.wsgi [None req-779f793f-3fc5-4067-ad6f-b4f835b1f0ab admin admin] Returning 404 to user: Flavor 42 could not be found. {{(pid=102443) __call__ /opt/stack/nova/nova/api/openstack/wsgi.py:936}}
Feb 15 06:48:47.410985 dv-neutron-819418-8-hyperv devstack@n-api.service[102443]: INFO nova.api.openstack.requestlog [None req-779f793f-3fc5-4067-ad6f-b4f835b1f0ab admin admin] 10.222.0.36 "GET /compute/v2.1/flavors/42" status: 404 len: 75 microversion: 2.90 time: 0.010966
Feb 15 06:48:47.411476 dv-neutron-819418-8-hyperv devstack@n-api.service[102443]: [pid: 102443|app: 0|req: 21/42] 10.222.0.36 () {60 vars in 1190 bytes} [Tue Feb 15 06:48:47 2022] GET /compute/v2.1/flavors/42 => generated 75 bytes in 12 msecs (HTTP/1.1 404) 9 headers in 380 bytes (1 switches on core 0)
Feb 15 06:48:48.675298 dv-neutron-819418-8-hyperv devstack@n-api.service[102442]: DEBUG nova.api.openstack.wsgi [None req-878a9cd2-45e1-4d9c-9326-5848a32e0483 admin admin] Calling method '>' {{(pid=102442) _process_stack /opt/stack/nova/nova/api/openstack/wsgi.py:513}}
Feb 15 06:48:48.676350 dv-neutron-819418-8-hyperv devstack@n-api.service[102442]: INFO nova.api.openstack.requestlog [None req-878a9cd2-45e1-4d9c-9326-5848a32e0483 admin admin] 10.222.0.36 "GET /compute/v2.1" status: 200 len: 388 microversion: 2.1 time: 0.001500
Feb 15 06:48:48.676748 dv-neutron-819418-8-hyperv devstack@n-api.service[102442]: [pid: 102442|app: 0|req: 22/43] 10.222.0.36 () {56 vars in 1074 bytes} [Tue Feb 15 06:48:48 2022] GET /compute/v2.1 => generated 388 bytes in 2 msecs (HTTP/1.1 200) 9 headers in 357 bytes (1 switches on core 0)
Feb 15 06:48:48.868732 dv-neutron-819418-8-hyperv devstack@n-api.service[102443]: DEBUG nova.api.openstack.wsgi [None req-0f059520-c3b7-41c8-ac91-88e31244676a admin admin] Calling method '>' {{(pid=102443) _process_stack /opt/stack/nova/nova/api/openstack/wsgi.py:513}}
Feb 15 06:48:48.873859 dv-neutron-819418-8-hyperv devstack@n-api.service[102443]: INFO nova.api.openstack.wsgi [None req-0f059520-c3b7-41c8-ac91-88e31244676a admin admin] HTTP exception thrown: Flavor 84 could not be found.
Feb 15 06:48:48.874417 dv-neutron-819418-8-hyperv devstack@n-api.service[102443]: DEBUG nova.api.openstack.wsgi [None req-0f059520-c3b7-41c8-ac91-88e31244676a admin admin] Returning 404 to user: Flavor 84 could not be found. {{(pid=102443) __call__ /opt/stack/nova/nova/api/openstack/wsgi.py:936}}
Feb 15 06:48:48.875249 dv-neutron-819418-8-hyperv devstack@n-api.service[102443]: INFO nova.api.openstack.requestlog [None req-0f059520-c3b7-41c8-ac91-88e31244676a admin admin] 10.222.0.36 "GET /compute/v2.1/flavors/84" status: 404 len: 75 microversion: 2.90 time: 0.058106
Feb 15 06:48:48.875770 dv-neutron-819418-8-hyperv devstack@n-api.service[102443]: [pid: 102443|app: 0|req: 22/44] 10.222.0.36 () {60 vars in 1190 bytes} [Tue Feb 15 06:48:48 2022] GET /compute/v2.1/flavors/84 => generated 75 bytes in 59 msecs (HTTP/1.1 404) 9 headers in 380 bytes (1 switches on core 0)
Feb 15 06:48:48.885314 dv-neutron-819418-8-hyperv devstack@n-api.service[102442]: DEBUG nova.api.openstack.wsgi [None req-19b48039-b422-4e95-81d6-dbd6a697a656 admin admin] Calling method '>' {{(pid=102442) _process_stack /opt/stack/nova/nova/api/openstack/wsgi.py:513}}
Feb 15 06:48:48.898887 dv-neutron-819418-8-hyperv devstack@n-api.service[102442]: INFO nova.api.openstack.requestlog [None req-19b48039-b422-4e95-81d6-dbd6a697a656 admin admin] 10.222.0.36 "GET /compute/v2.1/flavors?is_public=None" status: 200 len: 2056 microversion: 2.90 time: 0.017130
Feb 15 06:48:48.899437 dv-neutron-819418-8-hyperv devstack@n-api.service[102442]: [pid: 102442|app: 0|req: 23/45] 10.222.0.36 () {60 vars in 1210 bytes} [Tue Feb 15 06:48:48 2022] GET /compute/v2.1/flavors?is_public=None => generated 2056 bytes in 18 msecs (HTTP/1.1 200) 9 headers in 360 bytes (1 switches on core 0)
Feb 15 06:48:48.908864 dv-neutron-819418-8-hyperv devstack@n-api.service[102443]: DEBUG nova.api.openstack.wsgi [None req-2bd8a91f-8577-41f4-8817-a5aab942dc34 admin admin] Calling method '>' {{(pid=102443) _process_stack /opt/stack/nova/nova/api/openstack/wsgi.py:513}}
Feb 15 06:48:48.921889 dv-neutron-819418-8-hyperv devstack@n-api.service[102443]: INFO nova.api.openstack.requestlog [None req-2bd8a91f-8577-41f4-8817-a5aab942dc34 admin admin] 10.222.0.36 "GET /compute/v2.1/flavors?is_public=None" status: 200 len: 2056 microversion: 2.90 time: 0.017043
Feb 15 06:48:48.922404 dv-neutron-819418-8-hyperv devstack@n-api.service[102443]: [pid: 102443|app: 0|req: 23/46] 10.222.0.36 () {60 vars in 1210 bytes} [Tue Feb 15 06:48:48 2022] GET /compute/v2.1/flavors?is_public=None => generated 2056 bytes in 18 msecs (HTTP/1.1 200) 9 headers in 360 bytes (1 switches on core 0)
Feb 15 06:48:48.930939 dv-neutron-819418-8-hyperv devstack@n-api.service[102442]: DEBUG nova.api.openstack.wsgi [None req-dedde6af-35f6-443b-a872-8c85b357d7fd admin admin] Calling method '>' {{(pid=102442) _process_stack /opt/stack/nova/nova/api/openstack/wsgi.py:513}}
Feb 15 06:48:48.935848 dv-neutron-819418-8-hyperv devstack@n-api.service[102442]: INFO nova.api.openstack.wsgi [None req-dedde6af-35f6-443b-a872-8c85b357d7fd admin admin] HTTP exception thrown: Flavor 84 could not be found.
Feb 15 06:48:48.936436 dv-neutron-819418-8-hyperv devstack@n-api.service[102442]: DEBUG nova.api.openstack.wsgi [None req-dedde6af-35f6-443b-a872-8c85b357d7fd admin admin] Returning 404 to user: Flavor 84 could not be found. {{(pid=102442) __call__ /opt/stack/nova/nova/api/openstack/wsgi.py:936}}
Feb 15 06:48:48.937347 dv-neutron-819418-8-hyperv devstack@n-api.service[102442]: INFO nova.api.openstack.requestlog [None req-dedde6af-35f6-443b-a872-8c85b357d7fd admin admin] 10.222.0.36 "GET /compute/v2.1/flavors/84" status: 404 len: 75 microversion: 2.90 time: 0.009755
Feb 15 06:48:48.937893 dv-neutron-819418-8-hyperv devstack@n-api.service[102442]: [pid: 102442|app: 0|req: 24/47] 10.222.0.36 () {60 vars in 1190 bytes} [Tue Feb 15 06:48:48 2022] GET /compute/v2.1/flavors/84 => generated 75 bytes in 11 msecs (HTTP/1.1 404) 9 headers in 380 bytes (2 switches on core 0)
Feb 15 06:48:50.195846 dv-neutron-819418-8-hyperv devstack@n-api.service[102443]: DEBUG nova.api.openstack.wsgi [None req-2bd8a91f-8577-41f4-8817-a5aab942dc34 admin admin] Calling method '>' {{(pid=102443) _process_stack /opt/stack/nova/nova/api/openstack/wsgi.py:513}}
Feb 15 06:48:50.196918 dv-neutron-819418-8-hyperv devstack@n-api.service[102443]: INFO nova.api.openstack.requestlog [None req-2bd8a91f-8577-41f4-8817-a5aab942dc34 admin admin] 10.222.0.36 "GET /compute/v2.1" status: 200 len: 388 microversion: 2.1 time: 0.001479
Feb 15 06:48:50.197324 dv-neutron-819418-8-hyperv devstack@n-api.service[102443]: [pid: 102443|app: 0|req: 24/48] 10.222.0.36 () {56 vars in 1074 bytes} [Tue Feb 15 06:48:50 2022] GET /compute/v2.1 => generated 388 bytes in 2 msecs (HTTP/1.1 200) 9 headers in 357 bytes (1 switches on core 0)
Feb 15 06:48:50.389337 dv-neutron-819418-8-hyperv devstack@n-api.service[102442]: DEBUG nova.api.openstack.wsgi [None req-d163501d-4170-4133-bdd3-3487a7efedf2 admin admin] Calling method '>' {{(pid=102442) _process_stack /opt/stack/nova/nova/api/openstack/wsgi.py:513}}
Feb 15 06:48:50.395238 dv-neutron-819418-8-hyperv devstack@n-api.service[102442]: INFO nova.api.openstack.wsgi [None req-d163501d-4170-4133-bdd3-3487a7efedf2 admin admin] HTTP exception thrown: Flavor 451 could not be found.
Feb 15 06:48:50.395794 dv-neutron-819418-8-hyperv devstack@n-api.service[102442]: DEBUG nova.api.openstack.wsgi [None req-d163501d-4170-4133-bdd3-3487a7efedf2 admin admin] Returning 404 to user: Flavor 451 could not be found. {{(pid=102442) __call__ /opt/stack/nova/nova/api/openstack/wsgi.py:936}}
Feb 15 06:48:50.396666 dv-neutron-819418-8-hyperv devstack@n-api.service[102442]: INFO nova.api.openstack.requestlog [None req-d163501d-4170-4133-bdd3-3487a7efedf2 admin admin] 10.222.0.36 "GET /compute/v2.1/flavors/451" status: 404 len: 76 microversion: 2.90 time: 0.056809
Feb 15 06:48:50.397164 dv-neutron-819418-8-hyperv devstack@n-api.service[102442]: [pid: 102442|app: 0|req: 25/49] 10.222.0.36 () {60 vars in 1193 bytes} [Tue Feb 15 06:48:50 2022] GET /compute/v2.1/flavors/451 => generated 76 bytes in 58 msecs (HTTP/1.1 404) 9 headers in 380 bytes (1 switches on core 0)
Feb 15 06:48:50.406946 dv-neutron-819418-8-hyperv devstack@n-api.service[102443]: DEBUG nova.api.openstack.wsgi [None req-9b7fead8-e2db-492b-a1e5-58460124c45a admin admin] Calling method '>' {{(pid=102443) _process_stack /opt/stack/nova/nova/api/openstack/wsgi.py:513}}
Feb 15 06:48:50.420026 dv-neutron-819418-8-hyperv devstack@n-api.service[102443]: INFO nova.api.openstack.requestlog [None req-9b7fead8-e2db-492b-a1e5-58460124c45a admin admin] 10.222.0.36 "GET /compute/v2.1/flavors?is_public=None" status: 200 len: 2056 microversion: 2.90 time: 0.017256
Feb 15 06:48:50.420552 dv-neutron-819418-8-hyperv devstack@n-api.service[102443]: [pid: 102443|app: 0|req: 25/50] 10.222.0.36 () {60 vars in 1210 bytes} [Tue Feb 15 06:48:50 2022] GET /compute/v2.1/flavors?is_public=None => generated 2056 bytes in 18 msecs (HTTP/1.1 200) 9 headers in 360 bytes (1 switches on core 0)
Feb 15 06:48:50.430045 dv-neutron-819418-8-hyperv devstack@n-api.service[102442]: DEBUG nova.api.openstack.wsgi [None req-6aa315a8-cb7d-4072-bb22-d427be97f626 admin admin] Calling method '>' {{(pid=102442) _process_stack /opt/stack/nova/nova/api/openstack/wsgi.py:513}}
Feb 15 06:48:50.442521 dv-neutron-819418-8-hyperv devstack@n-api.service[102442]: INFO nova.api.openstack.requestlog [None req-6aa315a8-cb7d-4072-bb22-d427be97f626 admin admin] 10.222.0.36 "GET /compute/v2.1/flavors?is_public=None" status: 200 len: 2056 microversion: 2.90 time: 0.016461
Feb 15 06:48:50.443035 dv-neutron-819418-8-hyperv devstack@n-api.service[102442]: [pid: 102442|app: 0|req: 26/51] 10.222.0.36 () {60 vars in 1210 bytes} [Tue Feb 15 06:48:50 2022] GET /compute/v2.1/flavors?is_public=None => generated 2056 bytes in 17 msecs (HTTP/1.1 200) 9 headers in 360 bytes (1 switches on core 0)
Feb 15 06:48:50.451610 dv-neutron-819418-8-hyperv devstack@n-api.service[102443]: DEBUG nova.api.openstack.wsgi [None req-b5aeab01-e12f-44df-afe2-091d3b08829c admin admin] Calling method '>' {{(pid=102443) _process_stack /opt/stack/nova/nova/api/openstack/wsgi.py:513}}
Feb 15 06:48:50.457123 dv-neutron-819418-8-hyperv devstack@n-api.service[102443]: INFO nova.api.openstack.wsgi [None req-b5aeab01-e12f-44df-afe2-091d3b08829c admin admin] HTTP exception thrown: Flavor 451 could not be found.
Feb 15 06:48:50.457686 dv-neutron-819418-8-hyperv devstack@n-api.service[102443]: DEBUG nova.api.openstack.wsgi [None req-b5aeab01-e12f-44df-afe2-091d3b08829c admin admin] Returning 404 to user: Flavor 451 could not be found. {{(pid=102443) __call__ /opt/stack/nova/nova/api/openstack/wsgi.py:936}}
Feb 15 06:48:50.458460 dv-neutron-819418-8-hyperv devstack@n-api.service[102443]: INFO nova.api.openstack.requestlog [None req-b5aeab01-e12f-44df-afe2-091d3b08829c admin admin] 10.222.0.36 "GET /compute/v2.1/flavors/451" status: 404 len: 76 microversion: 2.90 time: 0.010231
Feb 15 06:48:50.458951 dv-neutron-819418-8-hyperv devstack@n-api.service[102443]: [pid: 102443|app: 0|req: 26/52] 10.222.0.36 () {60 vars in 1193 bytes} [Tue Feb 15 06:48:50 2022] GET /compute/v2.1/flavors/451 => generated 76 bytes in 11 msecs (HTTP/1.1 404) 9 headers in 380 bytes (2 switches on core 0)
Feb 15 06:48:51.741903 dv-neutron-819418-8-hyperv devstack@n-api.service[102442]: DEBUG nova.api.openstack.wsgi [None req-6aa315a8-cb7d-4072-bb22-d427be97f626 admin admin] Calling method '>' {{(pid=102442) _process_stack /opt/stack/nova/nova/api/openstack/wsgi.py:513}}
Feb 15 06:48:51.742901 dv-neutron-819418-8-hyperv devstack@n-api.service[102442]: INFO nova.api.openstack.requestlog [None req-6aa315a8-cb7d-4072-bb22-d427be97f626 admin admin] 10.222.0.36 "GET /compute/v2.1" status: 200 len: 388 microversion: 2.1 time: 0.001697
Feb 15 06:48:51.743291 dv-neutron-819418-8-hyperv devstack@n-api.service[102442]: [pid: 102442|app: 0|req: 27/53] 10.222.0.36 () {56 vars in 1074 bytes} [Tue Feb 15 06:48:51 2022] GET /compute/v2.1 => generated 388 bytes in 3 msecs (HTTP/1.1 200) 9 headers in 357 bytes (1 switches on core 0)
Feb 15 06:48:51.928831 dv-neutron-819418-8-hyperv devstack@n-api.service[102443]: DEBUG nova.api.openstack.wsgi [None req-74fd74c1-b195-4144-a6ea-47ca1c305cea admin admin] Action: 'create', calling method: >, body: {"flavor": {"name": "m1.nano", "ram": 256, "vcpus": 1, "disk": 1, "id": "42", "swap": 0, "OS-FLV-EXT-DATA:ephemeral": 0, "rxtx_factor": 1.0, "os-flavor-access:is_public": true}} {{(pid=102443) _process_stack /opt/stack/nova/nova/api/openstack/wsgi.py:511}}
Feb 15 06:48:51.947493 dv-neutron-819418-8-hyperv devstack@n-api.service[102443]: INFO nova.api.openstack.requestlog [None req-74fd74c1-b195-4144-a6ea-47ca1c305cea admin admin] 10.222.0.36 "POST /compute/v2.1/flavors" status: 200 len: 404 microversion: 2.90 time: 0.069610
Feb 15 06:48:51.948079 dv-neutron-819418-8-hyperv devstack@n-api.service[102443]: [pid: 102443|app: 0|req: 27/54] 10.222.0.36 () {64 vars in 1235 bytes} [Tue Feb 15 06:48:51 2022] POST /compute/v2.1/flavors => generated 404 bytes in 71 msecs (HTTP/1.1 200) 9 headers in 359 bytes (1 switches on core 0)
Feb 15 06:48:53.249007 dv-neutron-819418-8-hyperv devstack@n-api.service[102442]: DEBUG nova.api.openstack.wsgi [None req-6aa315a8-cb7d-4072-bb22-d427be97f626 admin admin] Calling method '>' {{(pid=102442) _process_stack /opt/stack/nova/nova/api/openstack/wsgi.py:513}}
Feb 15 06:48:53.250677 dv-neutron-819418-8-hyperv devstack@n-api.service[102442]: INFO nova.api.openstack.requestlog [None req-6aa315a8-cb7d-4072-bb22-d427be97f626 admin admin] 10.222.0.36 "GET /compute/v2.1" status: 200 len: 388 microversion: 2.1 time: 0.001784
Feb 15 06:48:53.251836 dv-neutron-819418-8-hyperv devstack@n-api.service[102442]: [pid: 102442|app: 0|req: 28/55] 10.222.0.36 () {56 vars in 1074 bytes} [Tue Feb 15 06:48:53 2022] GET /compute/v2.1 => generated 388 bytes in 4 msecs (HTTP/1.1 200) 9 headers in 357 bytes (1 switches on core 0)
Feb 15 06:48:53.439701 dv-neutron-819418-8-hyperv devstack@n-api.service[102443]: DEBUG nova.api.openstack.wsgi [None req-1c4b0af6-900f-46db-8622-ff80e6a37a7b admin admin] Action: 'create', calling method: >, body: {"flavor": {"name": "m1.micro", "ram": 256, "vcpus": 1, "disk": 2, "id": "84", "swap": 0, "OS-FLV-EXT-DATA:ephemeral": 0, "rxtx_factor": 1.0, "os-flavor-access:is_public": true}} {{(pid=102443) _process_stack /opt/stack/nova/nova/api/openstack/wsgi.py:511}}
Feb 15 06:48:53.456874 dv-neutron-819418-8-hyperv devstack@n-api.service[102443]: INFO nova.api.openstack.requestlog [None req-1c4b0af6-900f-46db-8622-ff80e6a37a7b admin admin] 10.222.0.36 "POST /compute/v2.1/flavors" status: 200 len: 405 microversion: 2.90 time: 0.066414
Feb 15 06:48:53.457444 dv-neutron-819418-8-hyperv devstack@n-api.service[102443]: [pid: 102443|app: 0|req: 28/56] 10.222.0.36 () {64 vars in 1235 bytes} [Tue Feb 15 06:48:53 2022] POST /compute/v2.1/flavors => generated 405 bytes in 68 msecs (HTTP/1.1 200) 9 headers in 359 bytes (2 switches on core 0)
Feb 15 06:48:54.720621 dv-neutron-819418-8-hyperv devstack@n-api.service[102442]: DEBUG nova.api.openstack.wsgi [None req-6aa315a8-cb7d-4072-bb22-d427be97f626 admin admin] Calling method '>' {{(pid=102442) _process_stack /opt/stack/nova/nova/api/openstack/wsgi.py:513}}
Feb 15 06:48:54.721614 dv-neutron-819418-8-hyperv devstack@n-api.service[102442]: INFO nova.api.openstack.requestlog [None req-6aa315a8-cb7d-4072-bb22-d427be97f626 admin admin] 10.222.0.36 "GET /compute/v2.1" status: 200 len: 388 microversion: 2.1 time: 0.001458
Feb 15 06:48:54.722006 dv-neutron-819418-8-hyperv devstack@n-api.service[102442]: [pid: 102442|app: 0|req: 29/57] 10.222.0.36 () {56 vars in 1074 bytes} [Tue Feb 15 06:48:54 2022] GET /compute/v2.1 => generated 388 bytes in 2 msecs (HTTP/1.1 200) 9 headers in 357 bytes (1 switches on core 0)
Feb 15 06:48:54.907855 dv-neutron-819418-8-hyperv devstack@n-api.service[102443]: DEBUG nova.api.openstack.wsgi [None req-998a4d2f-60fa-4377-9a52-f16b9f909862 admin admin] Action: 'create', calling method: >, body: {"flavor": {"name": "m1.heat", "ram": 512, "vcpus": 1, "disk": 1, "id": "451", "swap": 0, "OS-FLV-EXT-DATA:ephemeral": 0, "rxtx_factor": 1.0, "os-flavor-access:is_public": true}} {{(pid=102443) _process_stack /opt/stack/nova/nova/api/openstack/wsgi.py:511}}
Feb 15 06:48:54.924803 dv-neutron-819418-8-hyperv devstack@n-api.service[102443]: INFO nova.api.openstack.requestlog [None req-998a4d2f-60fa-4377-9a52-f16b9f909862 admin admin] 10.222.0.36 "POST /compute/v2.1/flavors" status: 200 len: 407 microversion: 2.90 time: 0.067109
Feb 15 06:48:54.925345 dv-neutron-819418-8-hyperv devstack@n-api.service[102443]: [pid: 102443|app: 0|req: 29/58] 10.222.0.36 () {64 vars in 1235 bytes} [Tue Feb 15 06:48:54 2022] POST /compute/v2.1/flavors => generated 407 bytes in 68 msecs (HTTP/1.1 200) 9 headers in 359 bytes (2 switches on core 0)
Feb 15 06:48:56.193683 dv-neutron-819418-8-hyperv devstack@n-api.service[102442]: DEBUG nova.api.openstack.wsgi [None req-6aa315a8-cb7d-4072-bb22-d427be97f626 admin admin] Calling method '>' {{(pid=102442) _process_stack /opt/stack/nova/nova/api/openstack/wsgi.py:513}}
Feb 15 06:48:56.194692 dv-neutron-819418-8-hyperv devstack@n-api.service[102442]: INFO nova.api.openstack.requestlog [None req-6aa315a8-cb7d-4072-bb22-d427be97f626 admin admin] 10.222.0.36 "GET /compute/v2.1" status: 200 len: 388 microversion: 2.1 time: 0.001420
Feb 15 06:48:56.195092 dv-neutron-819418-8-hyperv devstack@n-api.service[102442]: [pid: 102442|app: 0|req: 30/59] 10.222.0.36 () {56 vars in 1074 bytes} [Tue Feb 15 06:48:56 2022] GET /compute/v2.1 => generated 388 bytes in 2 msecs (HTTP/1.1 200) 9 headers in 357 bytes (1 switches on core 0)
Feb 15 06:48:56.382129 dv-neutron-819418-8-hyperv devstack@n-api.service[102443]: DEBUG nova.api.openstack.wsgi [None req-55deba2c-dcfa-4d0c-a7f1-65cbe13cff76 admin admin] Action: 'create', calling method: >, body: {"flavor": {"name": "m1.heat2", "ram": 1024, "vcpus": 1, "disk": 1, "id": "452", "swap": 0, "OS-FLV-EXT-DATA:ephemeral": 0, "rxtx_factor": 1.0, "os-flavor-access:is_public": true}} {{(pid=102443) _process_stack /opt/stack/nova/nova/api/openstack/wsgi.py:511}}
Feb 15 06:48:56.399355 dv-neutron-819418-8-hyperv devstack@n-api.service[102443]: INFO nova.api.openstack.requestlog [None req-55deba2c-dcfa-4d0c-a7f1-65cbe13cff76 admin admin] 10.222.0.36 "POST /compute/v2.1/flavors" status: 200 len: 409 microversion: 2.90 time: 0.067419
Feb 15 06:48:56.399926 dv-neutron-819418-8-hyperv devstack@n-api.service[102443]: [pid: 102443|app: 0|req: 30/60] 10.222.0.36 () {64 vars in 1235 bytes} [Tue Feb 15 06:48:56 2022] POST /compute/v2.1/flavors => generated 409 bytes in 69 msecs (HTTP/1.1 200) 9 headers in 359 bytes (2 switches on core 0)
Feb 15 06:48:57.657142 dv-neutron-819418-8-hyperv devstack@n-api.service[102442]: DEBUG nova.api.openstack.wsgi [None req-6aa315a8-cb7d-4072-bb22-d427be97f626 admin admin] Calling method '>' {{(pid=102442) _process_stack /opt/stack/nova/nova/api/openstack/wsgi.py:513}}
Feb 15 06:48:57.658162 dv-neutron-819418-8-hyperv devstack@n-api.service[102442]: INFO nova.api.openstack.requestlog [None req-6aa315a8-cb7d-4072-bb22-d427be97f626 admin admin] 10.222.0.36 "GET /compute/v2.1" status: 200 len: 388 microversion: 2.1 time: 0.001493
Feb 15 06:48:57.658563 dv-neutron-819418-8-hyperv devstack@n-api.service[102442]: [pid: 102442|app: 0|req: 31/61] 10.222.0.36 () {56 vars in 1074 bytes} [Tue Feb 15 06:48:57 2022] GET /compute/v2.1 => generated 388 bytes in 2 msecs (HTTP/1.1 200) 9 headers in 357 bytes (1 switches on core 0)
Feb 15 06:48:57.844877 dv-neutron-819418-8-hyperv devstack@n-api.service[102443]: DEBUG nova.api.openstack.wsgi [None req-c60015eb-ebe4-4b68-8f6c-3158dc14dfdb admin admin] Calling method '>' {{(pid=102443) _process_stack /opt/stack/nova/nova/api/openstack/wsgi.py:513}}
Feb 15 06:48:57.863633 dv-neutron-819418-8-hyperv devstack@n-api.service[102443]: INFO nova.api.openstack.requestlog [None req-c60015eb-ebe4-4b68-8f6c-3158dc14dfdb admin admin] 10.222.0.36 "GET /compute/v2.1/flavors/detail" status: 200 len: 5777 microversion: 2.90 time: 0.069092
Feb 15 06:48:57.864215 dv-neutron-819418-8-hyperv devstack@n-api.service[102443]: [pid: 102443|app: 0|req: 31/62] 10.222.0.36 () {60 vars in 1202 bytes} [Tue Feb 15 06:48:57 2022] GET /compute/v2.1/flavors/detail => generated 5777 bytes in 70 msecs (HTTP/1.1 200) 9 headers in 360 bytes (2 switches on core 0)
Feb 15 06:49:43.436995 dv-neutron-819418-8-hyperv devstack@n-api.service[102442]: DEBUG nova.api.openstack.wsgi [None req-6aa315a8-cb7d-4072-bb22-d427be97f626 admin admin] Calling method '>' {{(pid=102442) _process_stack /opt/stack/nova/nova/api/openstack/wsgi.py:513}}
Feb 15 06:49:43.438024 dv-neutron-819418-8-hyperv devstack@n-api.service[102442]: INFO nova.api.openstack.requestlog [None req-6aa315a8-cb7d-4072-bb22-d427be97f626 admin admin] 10.222.0.36 "GET /compute/v2.1" status: 200 len: 388 microversion: 2.1 time: 0.001484
Feb 15 06:49:43.438420 dv-neutron-819418-8-hyperv devstack@n-api.service[102442]: [pid: 102442|app: 0|req: 32/63] 10.222.0.36 () {54 vars in 930 bytes} [Tue Feb 15 06:49:43 2022] GET /compute/v2.1 => generated 388 bytes in 2 msecs (HTTP/1.1 200) 9 headers in 357 bytes (1 switches on core 0)
Feb 15 06:49:43.495594 dv-neutron-819418-8-hyperv devstack@n-api.service[102443]: DEBUG nova.api.openstack.wsgi [None req-9c236fa2-6b7c-4899-8c4e-8b7874d839f1 admin admin] Calling method '>' {{(pid=102443) _process_stack /opt/stack/nova/nova/api/openstack/wsgi.py:513}}
Feb 15 06:49:43.515491 dv-neutron-819418-8-hyperv devstack@n-api.service[102443]: INFO nova.api.openstack.requestlog [None req-9c236fa2-6b7c-4899-8c4e-8b7874d839f1 admin admin] 10.222.0.36 "GET /compute/v2.1/flavors/detail?is_public=True" status: 200 len: 5791 microversion: 2.61 time: 0.071196
Feb 15 06:49:43.516002 dv-neutron-819418-8-hyperv devstack@n-api.service[102443]: [pid: 102443|app: 0|req: 32/64] 10.222.0.36 () {60 vars in 1291 bytes} [Tue Feb 15 06:49:43 2022] GET /compute/v2.1/flavors/detail?is_public=True => generated 5791 bytes in 72 msecs (HTTP/1.1 200) 9 headers in 360 bytes (2 switches on core 0)
Feb 15 06:49:43.538108 dv-neutron-819418-8-hyperv devstack@n-api.service[102442]: DEBUG nova.api.openstack.wsgi [None req-e5d836e1-1821-4438-8c21-d2221ba4b318 admin admin] Calling method '>' {{(pid=102442) _process_stack /opt/stack/nova/nova/api/openstack/wsgi.py:513}}
Feb 15 06:49:43.545800 dv-neutron-819418-8-hyperv devstack@n-api.service[102442]: INFO nova.api.openstack.requestlog [None req-e5d836e1-1821-4438-8c21-d2221ba4b318 admin admin] 10.222.0.36 "GET /compute/v2.1/flavors/42/os-extra_specs" status: 200 len: 19 microversion: 2.61 time: 0.011256
Feb 15 06:49:43.546312 dv-neutron-819418-8-hyperv devstack@n-api.service[102442]: [pid: 102442|app: 0|req: 33/65] 10.222.0.36 () {60 vars in 1282 bytes} [Tue Feb 15 06:49:43 2022] GET /compute/v2.1/flavors/42/os-extra_specs => generated 19 bytes in 12 msecs (HTTP/1.1 200) 9 headers in 358 bytes (1 switches on core 0)
Feb 15 06:49:43.557115 dv-neutron-819418-8-hyperv devstack@n-api.service[102443]: DEBUG nova.api.openstack.wsgi [None req-44272b76-3e97-4fbf-bb2d-2246963e2a40 admin admin] Calling method '>' {{(pid=102443) _process_stack /opt/stack/nova/nova/api/openstack/wsgi.py:513}}
Feb 15 06:49:43.564746 dv-neutron-819418-8-hyperv devstack@n-api.service[102443]: INFO nova.api.openstack.requestlog [None req-44272b76-3e97-4fbf-bb2d-2246963e2a40 admin admin] 10.222.0.36 "GET /compute/v2.1/flavors/451/os-extra_specs" status: 200 len: 19 microversion: 2.61 time: 0.011146
Feb 15 06:49:43.565266 dv-neutron-819418-8-hyperv devstack@n-api.service[102443]: [pid: 102443|app: 0|req: 33/66] 10.222.0.36 () {60 vars in 1285 bytes} [Tue Feb 15 06:49:43 2022] GET /compute/v2.1/flavors/451/os-extra_specs => generated 19 bytes in 12 msecs (HTTP/1.1 200) 9 headers in 358 bytes (2 switches on core 0)
Feb 15 06:49:43.576563 dv-neutron-819418-8-hyperv devstack@n-api.service[102442]: DEBUG nova.api.openstack.wsgi [None req-7827167a-80f5-4a5c-a338-6b18856a0bf2 admin admin] Calling method '>' {{(pid=102442) _process_stack /opt/stack/nova/nova/api/openstack/wsgi.py:513}}
Feb 15 06:49:43.583943 dv-neutron-819418-8-hyperv devstack@n-api.service[102442]: INFO nova.api.openstack.requestlog [None req-7827167a-80f5-4a5c-a338-6b18856a0bf2 admin admin] 10.222.0.36 "GET /compute/v2.1/flavors/452/os-extra_specs" status: 200 len: 19 microversion: 2.61 time: 0.011292
Feb 15 06:49:43.584468 dv-neutron-819418-8-hyperv devstack@n-api.service[102442]: [pid: 102442|app: 0|req: 34/67] 10.222.0.36 () {60 vars in 1285 bytes} [Tue Feb 15 06:49:43 2022] GET /compute/v2.1/flavors/452/os-extra_specs => generated 19 bytes in 12 msecs (HTTP/1.1 200) 9 headers in 358 bytes (1 switches on core 0)
Feb 15 06:49:43.595743 dv-neutron-819418-8-hyperv devstack@n-api.service[102443]: DEBUG nova.api.openstack.wsgi [None req-02d43035-3689-4ae5-b84d-5473f200afb5 admin admin] Calling method '>' {{(pid=102443) _process_stack /opt/stack/nova/nova/api/openstack/wsgi.py:513}}
Feb 15 06:49:43.603128 dv-neutron-819418-8-hyperv devstack@n-api.service[102443]: INFO nova.api.openstack.requestlog [None req-02d43035-3689-4ae5-b84d-5473f200afb5 admin admin] 10.222.0.36 "GET /compute/v2.1/flavors/84/os-extra_specs" status: 200 len: 19 microversion: 2.61 time: 0.010752
Feb 15 06:49:43.603636 dv-neutron-819418-8-hyperv devstack@n-api.service[102443]: [pid: 102443|app: 0|req: 34/68] 10.222.0.36 () {60 vars in 1282 bytes} [Tue Feb 15 06:49:43 2022] GET /compute/v2.1/flavors/84/os-extra_specs => generated 19 bytes in 12 msecs (HTTP/1.1 200) 9 headers in 358 bytes (1 switches on core 0)
Feb 15 06:51:09.164782 dv-neutron-819418-8-hyperv devstack@n-api.service[102442]: DEBUG nova.api.openstack.wsgi [None req-aacacf0e-ef31-496f-b000-62715e2a4b6b tempest-verify_tempest_config-1644155088 tempest-verify_tempest_config-1644155088-project] Calling method '>' {{(pid=102442) _process_stack /opt/stack/nova/nova/api/openstack/wsgi.py:513}}
Feb 15 06:51:09.166777 dv-neutron-819418-8-hyperv devstack@n-api.service[102442]: INFO nova.api.openstack.requestlog [None req-aacacf0e-ef31-496f-b000-62715e2a4b6b tempest-verify_tempest_config-1644155088 tempest-verify_tempest_config-1644155088-project] 10.222.0.36 "GET /compute/v2.1/extensions" status: 200 len: 22700 microversion: 2.1 time: 0.103130
Feb 15 06:51:09.167313 dv-neutron-819418-8-hyperv devstack@n-api.service[102442]: [pid: 102442|app: 0|req: 35/69] 10.222.0.36 () {58 vars in 1133 bytes} [Tue Feb 15 06:51:09 2022] GET /compute/v2.1/extensions => generated 22700 bytes in 104 msecs (HTTP/1.1 200) 9 headers in 359 bytes (1 switches on core 0)
Feb 15 06:52:22.692581 dv-neutron-819418-8-hyperv devstack@n-api.service[102443]: DEBUG nova.api.openstack.wsgi [None req-02d43035-3689-4ae5-b84d-5473f200afb5 admin admin] Calling method '>' {{(pid=102443) _process_stack /opt/stack/nova/nova/api/openstack/wsgi.py:513}}
Feb 15 06:52:22.693595 dv-neutron-819418-8-hyperv devstack@n-api.service[102443]: INFO nova.api.openstack.requestlog [None req-02d43035-3689-4ae5-b84d-5473f200afb5 admin admin] 10.222.0.36 "GET /compute/v2.1" status: 200 len: 388 microversion: 2.1 time: 0.001470
Feb 15 06:52:22.693997 dv-neutron-819418-8-hyperv devstack@n-api.service[102443]: [pid: 102443|app: 0|req: 35/70] 10.222.0.36 () {56 vars in 1074 bytes} [Tue Feb 15 06:52:22 2022] GET /compute/v2.1 => generated 388 bytes in 2 msecs (HTTP/1.1 200) 9 headers in 357 bytes (1 switches on core 0)
Feb 15 06:52:22.951861 dv-neutron-819418-8-hyperv devstack@n-api.service[102442]: DEBUG nova.api.openstack.wsgi [None req-be8da9c1-18df-4b3a-b423-19b4d5390d56 admin admin] Calling method '>' {{(pid=102442) _process_stack /opt/stack/nova/nova/api/openstack/wsgi.py:513}}
Feb 15 06:52:22.953075 dv-neutron-819418-8-hyperv devstack@n-api.service[102442]: /usr/local/lib/python3.8/dist-packages/oslo_policy/policy.py:1119: UserWarning: Policy "os_compute_api:os-services:list": "rule:system_reader_api" failed scope check. The token used to make the request was project scoped but the policy requires ['system'] scope. This behavior may change in the future where using the intended scope is required
Feb 15 06:52:22.953075 dv-neutron-819418-8-hyperv devstack@n-api.service[102442]: warnings.warn(msg)
Feb 15 06:52:22.954613 dv-neutron-819418-8-hyperv devstack@n-api.service[102442]: DEBUG oslo_concurrency.lockutils [None req-be8da9c1-18df-4b3a-b423-19b4d5390d56 admin admin] Lock "00000000-0000-0000-0000-000000000000" acquired by "nova.context.set_target_cell..get_or_set_cached_cell_and_set_connections" :: waited 0.000s {{(pid=102442) inner /usr/local/lib/python3.8/dist-packages/oslo_concurrency/lockutils.py:386}}
Feb 15 06:52:22.955064 dv-neutron-819418-8-hyperv devstack@n-api.service[102442]: DEBUG oslo_concurrency.lockutils [None req-be8da9c1-18df-4b3a-b423-19b4d5390d56 admin admin] Lock "00000000-0000-0000-0000-000000000000" "released" by "nova.context.set_target_cell..get_or_set_cached_cell_and_set_connections" :: held 0.000s {{(pid=102442) inner /usr/local/lib/python3.8/dist-packages/oslo_concurrency/lockutils.py:400}}
Feb 15 06:52:22.955924 dv-neutron-819418-8-hyperv devstack@n-api.service[102442]: DEBUG oslo_concurrency.lockutils [None req-be8da9c1-18df-4b3a-b423-19b4d5390d56 admin admin] Lock "1988e5f2-4c30-4e03-8b47-752b9025638f" acquired by "nova.context.set_target_cell..get_or_set_cached_cell_and_set_connections" :: waited 0.000s {{(pid=102442) inner /usr/local/lib/python3.8/dist-packages/oslo_concurrency/lockutils.py:386}}
Feb 15 06:52:22.956363 dv-neutron-819418-8-hyperv devstack@n-api.service[102442]: DEBUG oslo_concurrency.lockutils [None req-be8da9c1-18df-4b3a-b423-19b4d5390d56 admin admin] Lock "1988e5f2-4c30-4e03-8b47-752b9025638f" "released" by "nova.context.set_target_cell..get_or_set_cached_cell_and_set_connections" :: held 0.000s {{(pid=102442) inner /usr/local/lib/python3.8/dist-packages/oslo_concurrency/lockutils.py:400}}
Feb 15 06:52:22.989088 dv-neutron-819418-8-hyperv devstack@n-api.service[102442]: INFO nova.api.openstack.requestlog [None req-be8da9c1-18df-4b3a-b423-19b4d5390d56 admin admin] 10.222.0.36 "GET /compute/v2.1/os-services" status: 200 len: 797 microversion: 2.90 time: 0.149724
Feb 15 06:52:22.989649 dv-neutron-819418-8-hyperv devstack@n-api.service[102442]: [pid: 102442|app: 0|req: 36/71] 10.222.0.36 () {60 vars in 1193 bytes} [Tue Feb 15 06:52:22 2022] GET /compute/v2.1/os-services => generated 797 bytes in 151 msecs (HTTP/1.1 200) 9 headers in 359 bytes (1 switches on core 0)
Feb 15 06:52:24.269984 dv-neutron-819418-8-hyperv devstack@n-api.service[102443]: DEBUG nova.api.openstack.wsgi [None req-02d43035-3689-4ae5-b84d-5473f200afb5 admin admin] Calling method '>' {{(pid=102443) _process_stack /opt/stack/nova/nova/api/openstack/wsgi.py:513}}
Feb 15 06:52:24.271044 dv-neutron-819418-8-hyperv devstack@n-api.service[102443]: INFO nova.api.openstack.requestlog [None req-02d43035-3689-4ae5-b84d-5473f200afb5 admin admin] 10.222.0.36 "GET /compute/v2.1" status: 200 len: 388 microversion: 2.1 time: 0.001451
Feb 15 06:52:24.271445 dv-neutron-819418-8-hyperv devstack@n-api.service[102443]: [pid: 102443|app: 0|req: 36/72] 10.222.0.36 () {56 vars in 1074 bytes} [Tue Feb 15 06:52:24 2022] GET /compute/v2.1 => generated 388 bytes in 2 msecs (HTTP/1.1 200) 9 headers in 357 bytes (2 switches on core 0)
Feb 15 06:52:24.457050 dv-neutron-819418-8-hyperv devstack@n-api.service[102442]: DEBUG nova.api.openstack.wsgi [None req-5209a240-3d5a-4bc1-ab91-fb2a37479606 admin admin] Calling method '>' {{(pid=102442) _process_stack /opt/stack/nova/nova/api/openstack/wsgi.py:513}}
Feb 15 06:52:24.458209 dv-neutron-819418-8-hyperv devstack@n-api.service[102442]: /usr/local/lib/python3.8/dist-packages/oslo_policy/policy.py:1119: UserWarning: Policy "os_compute_api:os-services:list": "rule:system_reader_api" failed scope check. The token used to make the request was project scoped but the policy requires ['system'] scope. This behavior may change in the future where using the intended scope is required
Feb 15 06:52:24.458209 dv-neutron-819418-8-hyperv devstack@n-api.service[102442]: warnings.warn(msg)
Feb 15 06:52:24.459747 dv-neutron-819418-8-hyperv devstack@n-api.service[102442]: DEBUG oslo_concurrency.lockutils [None req-5209a240-3d5a-4bc1-ab91-fb2a37479606 admin admin] Lock "00000000-0000-0000-0000-000000000000" acquired by "nova.context.set_target_cell..get_or_set_cached_cell_and_set_connections" :: waited 0.000s {{(pid=102442) inner /usr/local/lib/python3.8/dist-packages/oslo_concurrency/lockutils.py:386}}
Feb 15 06:52:24.460207 dv-neutron-819418-8-hyperv devstack@n-api.service[102442]: DEBUG oslo_concurrency.lockutils [None req-5209a240-3d5a-4bc1-ab91-fb2a37479606 admin admin] Lock "00000000-0000-0000-0000-000000000000" "released" by "nova.context.set_target_cell..get_or_set_cached_cell_and_set_connections" :: held 0.000s {{(pid=102442) inner /usr/local/lib/python3.8/dist-packages/oslo_concurrency/lockutils.py:400}}
Feb 15 06:52:24.461011 dv-neutron-819418-8-hyperv devstack@n-api.service[102442]: DEBUG oslo_concurrency.lockutils [None req-5209a240-3d5a-4bc1-ab91-fb2a37479606 admin admin] Lock "1988e5f2-4c30-4e03-8b47-752b9025638f" acquired by "nova.context.set_target_cell..get_or_set_cached_cell_and_set_connections" :: waited 0.000s {{(pid=102442) inner /usr/local/lib/python3.8/dist-packages/oslo_concurrency/lockutils.py:386}}
Feb 15 06:52:24.461443 dv-neutron-819418-8-hyperv devstack@n-api.service[102442]: DEBUG oslo_concurrency.lockutils [None req-5209a240-3d5a-4bc1-ab91-fb2a37479606 admin admin] Lock "1988e5f2-4c30-4e03-8b47-752b9025638f" "released" by "nova.context.set_target_cell..get_or_set_cached_cell_and_set_connections" :: held 0.000s {{(pid=102442) inner /usr/local/lib/python3.8/dist-packages/oslo_concurrency/lockutils.py:400}}
Feb 15 06:52:24.483277 dv-neutron-819418-8-hyperv devstack@n-api.service[102442]: INFO nova.api.openstack.requestlog [None req-5209a240-3d5a-4bc1-ab91-fb2a37479606 admin admin] 10.222.0.36 "GET /compute/v2.1/os-services" status: 200 len: 797 microversion: 2.90 time: 0.076254
Feb 15 06:52:24.483831 dv-neutron-819418-8-hyperv devstack@n-api.service[102442]: [pid: 102442|app: 0|req: 37/73] 10.222.0.36 () {60 vars in 1193 bytes} [Tue Feb 15 06:52:24 2022] GET /compute/v2.1/os-services => generated 797 bytes in 78 msecs (HTTP/1.1 200) 9 headers in 359 bytes (1 switches on core 0)
Feb 15 06:52:36.173838 dv-neutron-819418-8-hyperv devstack@n-api.service[102443]: DEBUG nova.api.openstack.wsgi [None req-02d43035-3689-4ae5-b84d-5473f200afb5 admin admin] Calling method '>' {{(pid=102443) _process_stack /opt/stack/nova/nova/api/openstack/wsgi.py:513}}
Feb 15 06:52:36.174843 dv-neutron-819418-8-hyperv devstack@n-api.service[102443]: INFO nova.api.openstack.requestlog [None req-02d43035-3689-4ae5-b84d-5473f200afb5 admin admin] 10.222.0.36 "GET /compute/v2.1" status: 200 len: 388 microversion: 2.1 time: 0.001421
Feb 15 06:52:36.175239 dv-neutron-819418-8-hyperv devstack@n-api.service[102443]: [pid: 102443|app: 0|req: 37/74] 10.222.0.36 () {56 vars in 1074 bytes} [Tue Feb 15 06:52:36 2022] GET /compute/v2.1 => generated 388 bytes in 2 msecs (HTTP/1.1 200) 9 headers in 357 bytes (1 switches on core 0)
Feb 15 06:52:36.365044 dv-neutron-819418-8-hyperv devstack@n-api.service[102442]: DEBUG nova.api.openstack.wsgi [None req-fe4e6fdd-acdd-4825-af66-2854ac079656 admin admin] Calling method '>' {{(pid=102442) _process_stack /opt/stack/nova/nova/api/openstack/wsgi.py:513}}
Feb 15 06:52:36.366186 dv-neutron-819418-8-hyperv devstack@n-api.service[102442]: /usr/local/lib/python3.8/dist-packages/oslo_policy/policy.py:1119: UserWarning: Policy "os_compute_api:os-services:list": "rule:system_reader_api" failed scope check. The token used to make the request was project scoped but the policy requires ['system'] scope. This behavior may change in the future where using the intended scope is required
Feb 15 06:52:36.366186 dv-neutron-819418-8-hyperv devstack@n-api.service[102442]: warnings.warn(msg)
Feb 15 06:52:36.368221 dv-neutron-819418-8-hyperv devstack@n-api.service[102442]: DEBUG oslo_concurrency.lockutils [None req-fe4e6fdd-acdd-4825-af66-2854ac079656 admin admin] Lock "00000000-0000-0000-0000-000000000000" acquired by "nova.context.set_target_cell..get_or_set_cached_cell_and_set_connections" :: waited 0.000s {{(pid=102442) inner /usr/local/lib/python3.8/dist-packages/oslo_concurrency/lockutils.py:386}}
Feb 15 06:52:36.368656 dv-neutron-819418-8-hyperv devstack@n-api.service[102442]: DEBUG oslo_concurrency.lockutils [None req-fe4e6fdd-acdd-4825-af66-2854ac079656 admin admin] Lock "00000000-0000-0000-0000-000000000000" "released" by "nova.context.set_target_cell..get_or_set_cached_cell_and_set_connections" :: held 0.001s {{(pid=102442) inner /usr/local/lib/python3.8/dist-packages/oslo_concurrency/lockutils.py:400}}
Feb 15 06:52:36.369501 dv-neutron-819418-8-hyperv devstack@n-api.service[102442]: DEBUG oslo_concurrency.lockutils [None req-fe4e6fdd-acdd-4825-af66-2854ac079656 admin admin] Lock "1988e5f2-4c30-4e03-8b47-752b9025638f" acquired by "nova.context.set_target_cell..get_or_set_cached_cell_and_set_connections" :: waited 0.000s {{(pid=102442) inner /usr/local/lib/python3.8/dist-packages/oslo_concurrency/lockutils.py:386}}
Feb 15 06:52:36.369931 dv-neutron-819418-8-hyperv devstack@n-api.service[102442]: DEBUG oslo_concurrency.lockutils [None req-fe4e6fdd-acdd-4825-af66-2854ac079656 admin admin] Lock "1988e5f2-4c30-4e03-8b47-752b9025638f" "released" by "nova.context.set_target_cell..get_or_set_cached_cell_and_set_connections" :: held 0.000s {{(pid=102442) inner /usr/local/lib/python3.8/dist-packages/oslo_concurrency/lockutils.py:400}}
Feb 15 06:52:36.394501 dv-neutron-819418-8-hyperv devstack@n-api.service[102442]: INFO nova.api.openstack.requestlog [None req-fe4e6fdd-acdd-4825-af66-2854ac079656 admin admin] 10.222.0.36 "GET /compute/v2.1/os-services" status: 200 len: 1017 microversion: 2.90 time: 0.079194
Feb 15 06:52:36.394979 dv-neutron-819418-8-hyperv devstack@n-api.service[102442]: [pid: 102442|app: 0|req: 38/75] 10.222.0.36 () {60 vars in 1193 bytes} [Tue Feb 15 06:52:36 2022] GET /compute/v2.1/os-services => generated 1017 bytes in 80 msecs (HTTP/1.1 200) 9 headers in 360 bytes (1 switches on core 0)
Feb 15 06:52:37.664669 dv-neutron-819418-8-hyperv devstack@n-api.service[102443]: DEBUG nova.api.openstack.wsgi [None req-02d43035-3689-4ae5-b84d-5473f200afb5 admin admin] Calling method '>' {{(pid=102443) _process_stack /opt/stack/nova/nova/api/openstack/wsgi.py:513}}
Feb 15 06:52:37.665694 dv-neutron-819418-8-hyperv devstack@n-api.service[102443]: INFO nova.api.openstack.requestlog [None req-02d43035-3689-4ae5-b84d-5473f200afb5 admin admin] 10.222.0.36 "GET /compute/v2.1" status: 200 len: 388 microversion: 2.1 time: 0.001507
Feb 15 06:52:37.666108 dv-neutron-819418-8-hyperv devstack@n-api.service[102443]: [pid: 102443|app: 0|req: 38/76] 10.222.0.36 () {56 vars in 1074 bytes} [Tue Feb 15 06:52:37 2022] GET /compute/v2.1 => generated 388 bytes in 2 msecs (HTTP/1.1 200) 9 headers in 357 bytes (1 switches on core 0)
Feb 15 06:52:37.856471 dv-neutron-819418-8-hyperv devstack@n-api.service[102442]: DEBUG nova.api.openstack.wsgi [None req-8606b68a-de99-4a52-a2ac-15ed7de5e65b admin admin] Calling method '>' {{(pid=102442) _process_stack /opt/stack/nova/nova/api/openstack/wsgi.py:513}}
Feb 15 06:52:37.857656 dv-neutron-819418-8-hyperv devstack@n-api.service[102442]: /usr/local/lib/python3.8/dist-packages/oslo_policy/policy.py:1119: UserWarning: Policy "os_compute_api:os-services:list": "rule:system_reader_api" failed scope check. The token used to make the request was project scoped but the policy requires ['system'] scope. This behavior may change in the future where using the intended scope is required
Feb 15 06:52:37.857656 dv-neutron-819418-8-hyperv devstack@n-api.service[102442]: warnings.warn(msg)
Feb 15 06:52:37.859167 dv-neutron-819418-8-hyperv devstack@n-api.service[102442]: DEBUG oslo_concurrency.lockutils [None req-8606b68a-de99-4a52-a2ac-15ed7de5e65b admin admin] Lock "00000000-0000-0000-0000-000000000000" acquired by "nova.context.set_target_cell..get_or_set_cached_cell_and_set_connections" :: waited 0.000s {{(pid=102442) inner /usr/local/lib/python3.8/dist-packages/oslo_concurrency/lockutils.py:386}}
Feb 15 06:52:37.859614 dv-neutron-819418-8-hyperv devstack@n-api.service[102442]: DEBUG oslo_concurrency.lockutils [None req-8606b68a-de99-4a52-a2ac-15ed7de5e65b admin admin] Lock "00000000-0000-0000-0000-000000000000" "released" by "nova.context.set_target_cell..get_or_set_cached_cell_and_set_connections" :: held 0.000s {{(pid=102442) inner /usr/local/lib/python3.8/dist-packages/oslo_concurrency/lockutils.py:400}}
Feb 15 06:52:37.860453 dv-neutron-819418-8-hyperv devstack@n-api.service[102442]: DEBUG oslo_concurrency.lockutils [None req-8606b68a-de99-4a52-a2ac-15ed7de5e65b admin admin] Lock "1988e5f2-4c30-4e03-8b47-752b9025638f" acquired by "nova.context.set_target_cell..get_or_set_cached_cell_and_set_connections" :: waited 0.000s {{(pid=102442) inner /usr/local/lib/python3.8/dist-packages/oslo_concurrency/lockutils.py:386}}
Feb 15 06:52:37.860884 dv-neutron-819418-8-hyperv devstack@n-api.service[102442]: DEBUG oslo_concurrency.lockutils [None req-8606b68a-de99-4a52-a2ac-15ed7de5e65b admin admin] Lock "1988e5f2-4c30-4e03-8b47-752b9025638f" "released" by "nova.context.set_target_cell..get_or_set_cached_cell_and_set_connections" :: held 0.000s {{(pid=102442) inner /usr/local/lib/python3.8/dist-packages/oslo_concurrency/lockutils.py:400}}
Feb 15 06:52:37.882245 dv-neutron-819418-8-hyperv devstack@n-api.service[102442]: INFO nova.api.openstack.requestlog [None req-8606b68a-de99-4a52-a2ac-15ed7de5e65b admin admin] 10.222.0.36 "GET /compute/v2.1/os-services" status: 200 len: 1017 microversion: 2.90 time: 0.077527
Feb 15 06:52:37.882712 dv-neutron-819418-8-hyperv devstack@n-api.service[102442]: [pid: 102442|app: 0|req: 39/77] 10.222.0.36 () {60 vars in 1193 bytes} [Tue Feb 15 06:52:37 2022] GET /compute/v2.1/os-services => generated 1017 bytes in 79 msecs (HTTP/1.1 200) 9 headers in 360 bytes (1 switches on core 0)
