Feb 08 14:40:59.267189 dv-neutron-819418-3-hyperv devstack@n-api.service[108930]: DEBUG nova.api.openstack.wsgi [None req-4630ebaa-0820-4fc8-b201-fa788ecc3ec6 admin admin] Action: 'create', calling method: >, body: {"extra_specs": {"hw_rng:allowed": "True"}} {{(pid=108930) _process_stack /opt/stack/nova/nova/api/openstack/wsgi.py:511}}
Feb 08 14:40:59.293204 dv-neutron-819418-3-hyperv devstack@n-api.service[108930]: INFO nova.api.openstack.requestlog [None req-4630ebaa-0820-4fc8-b201-fa788ecc3ec6 admin admin] 10.222.0.86 "POST /compute/v2.1/flavors/5/os-extra_specs" status: 200 len: 43 microversion: 2.61 time: 0.034958
Feb 08 14:40:59.294170 dv-neutron-819418-3-hyperv devstack@n-api.service[108930]: [pid: 108930|app: 0|req: 17/35] 10.222.0.86 () {64 vars in 1332 bytes} [Tue Feb 8 14:40:59 2022] POST /compute/v2.1/flavors/5/os-extra_specs => generated 43 bytes in 37 msecs (HTTP/1.1 200) 9 headers in 358 bytes (1 switches on core 0)
Feb 08 14:41:26.973684 dv-neutron-819418-3-hyperv devstack@n-api.service[108931]: DEBUG nova.api.openstack.wsgi [None req-92c264c1-81bc-4f43-84f2-37a1c2d68663 admin admin] Calling method '>' {{(pid=108931) _process_stack /opt/stack/nova/nova/api/openstack/wsgi.py:513}}
Feb 08 14:41:26.974699 dv-neutron-819418-3-hyperv devstack@n-api.service[108931]: INFO nova.api.openstack.requestlog [None req-92c264c1-81bc-4f43-84f2-37a1c2d68663 admin admin] 10.222.0.86 "GET /compute/v2.1" status: 200 len: 388 microversion: 2.1 time: 0.001771
Feb 08 14:41:26.975101 dv-neutron-819418-3-hyperv devstack@n-api.service[108931]: [pid: 108931|app: 0|req: 19/36] 10.222.0.86 () {54 vars in 930 bytes} [Tue Feb 8 14:41:26 2022] GET /compute/v2.1 => generated 388 bytes in 3 msecs (HTTP/1.1 200) 9 headers in 357 bytes (1 switches on core 0)
Feb 08 14:41:27.034065 dv-neutron-819418-3-hyperv devstack@n-api.service[108930]: DEBUG nova.api.openstack.wsgi [None req-dfc44e6c-8e86-4b5c-93ce-862fd5bf6711 admin admin] Calling method '>' {{(pid=108930) _process_stack /opt/stack/nova/nova/api/openstack/wsgi.py:513}}
Feb 08 14:41:27.051790 dv-neutron-819418-3-hyperv devstack@n-api.service[108930]: INFO nova.api.openstack.requestlog [None req-dfc44e6c-8e86-4b5c-93ce-862fd5bf6711 admin admin] 10.222.0.86 "GET /compute/v2.1/flavors/detail?is_public=True" status: 200 len: 4202 microversion: 2.61 time: 0.069937
Feb 08 14:41:27.052345 dv-neutron-819418-3-hyperv devstack@n-api.service[108930]: [pid: 108930|app: 0|req: 18/37] 10.222.0.86 () {60 vars in 1291 bytes} [Tue Feb 8 14:41:26 2022] GET /compute/v2.1/flavors/detail?is_public=True => generated 4202 bytes in 71 msecs (HTTP/1.1 200) 9 headers in 360 bytes (1 switches on core 0)
Feb 08 14:41:28.456618 dv-neutron-819418-3-hyperv devstack@n-api.service[108931]: DEBUG nova.api.openstack.wsgi [None req-92c264c1-81bc-4f43-84f2-37a1c2d68663 admin admin] Calling method '>' {{(pid=108931) _process_stack /opt/stack/nova/nova/api/openstack/wsgi.py:513}}
Feb 08 14:41:28.457653 dv-neutron-819418-3-hyperv devstack@n-api.service[108931]: INFO nova.api.openstack.requestlog [None req-92c264c1-81bc-4f43-84f2-37a1c2d68663 admin admin] 10.222.0.86 "GET /compute/v2.1" status: 200 len: 388 microversion: 2.1 time: 0.001424
Feb 08 14:41:28.458053 dv-neutron-819418-3-hyperv devstack@n-api.service[108931]: [pid: 108931|app: 0|req: 20/38] 10.222.0.86 () {56 vars in 1074 bytes} [Tue Feb 8 14:41:28 2022] GET /compute/v2.1 => generated 388 bytes in 2 msecs (HTTP/1.1 200) 9 headers in 357 bytes (2 switches on core 0)
Feb 08 14:41:28.658242 dv-neutron-819418-3-hyperv devstack@n-api.service[108930]: DEBUG nova.api.openstack.wsgi [None req-004b306b-e9b6-46d4-a67a-2d88d78c959a admin admin] Calling method '>' {{(pid=108930) _process_stack /opt/stack/nova/nova/api/openstack/wsgi.py:513}}
Feb 08 14:41:28.663891 dv-neutron-819418-3-hyperv devstack@n-api.service[108930]: INFO nova.api.openstack.wsgi [None req-004b306b-e9b6-46d4-a67a-2d88d78c959a admin admin] HTTP exception thrown: Flavor 42 could not be found.
Feb 08 14:41:28.664388 dv-neutron-819418-3-hyperv devstack@n-api.service[108930]: DEBUG nova.api.openstack.wsgi [None req-004b306b-e9b6-46d4-a67a-2d88d78c959a admin admin] Returning 404 to user: Flavor 42 could not be found. {{(pid=108930) __call__ /opt/stack/nova/nova/api/openstack/wsgi.py:936}}
Feb 08 14:41:28.665189 dv-neutron-819418-3-hyperv devstack@n-api.service[108930]: INFO nova.api.openstack.requestlog [None req-004b306b-e9b6-46d4-a67a-2d88d78c959a admin admin] 10.222.0.86 "GET /compute/v2.1/flavors/42" status: 404 len: 75 microversion: 2.90 time: 0.060513
Feb 08 14:41:28.665737 dv-neutron-819418-3-hyperv devstack@n-api.service[108930]: [pid: 108930|app: 0|req: 19/39] 10.222.0.86 () {60 vars in 1190 bytes} [Tue Feb 8 14:41:28 2022] GET /compute/v2.1/flavors/42 => generated 75 bytes in 62 msecs (HTTP/1.1 404) 9 headers in 380 bytes (1 switches on core 0)
Feb 08 14:41:28.675203 dv-neutron-819418-3-hyperv devstack@n-api.service[108931]: DEBUG nova.api.openstack.wsgi [None req-8e68c40a-7f12-42d0-8f5e-2d44061c28d3 admin admin] Calling method '>' {{(pid=108931) _process_stack /opt/stack/nova/nova/api/openstack/wsgi.py:513}}
Feb 08 14:41:28.696036 dv-neutron-819418-3-hyperv devstack@n-api.service[108931]: INFO nova.api.openstack.requestlog [None req-8e68c40a-7f12-42d0-8f5e-2d44061c28d3 admin admin] 10.222.0.86 "GET /compute/v2.1/flavors?is_public=None" status: 200 len: 2056 microversion: 2.90 time: 0.024273
Feb 08 14:41:28.696597 dv-neutron-819418-3-hyperv devstack@n-api.service[108931]: [pid: 108931|app: 0|req: 21/40] 10.222.0.86 () {60 vars in 1210 bytes} [Tue Feb 8 14:41:28 2022] GET /compute/v2.1/flavors?is_public=None => generated 2056 bytes in 25 msecs (HTTP/1.1 200) 9 headers in 360 bytes (1 switches on core 0)
Feb 08 14:41:28.706725 dv-neutron-819418-3-hyperv devstack@n-api.service[108930]: DEBUG nova.api.openstack.wsgi [None req-13650ad2-73eb-4c81-96f5-acedc5492b29 admin admin] Calling method '>' {{(pid=108930) _process_stack /opt/stack/nova/nova/api/openstack/wsgi.py:513}}
Feb 08 14:41:28.727462 dv-neutron-819418-3-hyperv devstack@n-api.service[108930]: INFO nova.api.openstack.requestlog [None req-13650ad2-73eb-4c81-96f5-acedc5492b29 admin admin] 10.222.0.86 "GET /compute/v2.1/flavors?is_public=None" status: 200 len: 2056 microversion: 2.90 time: 0.024205
Feb 08 14:41:28.728027 dv-neutron-819418-3-hyperv devstack@n-api.service[108930]: [pid: 108930|app: 0|req: 20/41] 10.222.0.86 () {60 vars in 1210 bytes} [Tue Feb 8 14:41:28 2022] GET /compute/v2.1/flavors?is_public=None => generated 2056 bytes in 25 msecs (HTTP/1.1 200) 9 headers in 360 bytes (1 switches on core 0)
Feb 08 14:41:28.737740 dv-neutron-819418-3-hyperv devstack@n-api.service[108931]: DEBUG nova.api.openstack.wsgi [None req-a20484a2-145c-49bf-b041-2e565868e4df admin admin] Calling method '>' {{(pid=108931) _process_stack /opt/stack/nova/nova/api/openstack/wsgi.py:513}}
Feb 08 14:41:28.743273 dv-neutron-819418-3-hyperv devstack@n-api.service[108931]: INFO nova.api.openstack.wsgi [None req-a20484a2-145c-49bf-b041-2e565868e4df admin admin] HTTP exception thrown: Flavor 42 could not be found.
Feb 08 14:41:28.743840 dv-neutron-819418-3-hyperv devstack@n-api.service[108931]: DEBUG nova.api.openstack.wsgi [None req-a20484a2-145c-49bf-b041-2e565868e4df admin admin] Returning 404 to user: Flavor 42 could not be found. {{(pid=108931) __call__ /opt/stack/nova/nova/api/openstack/wsgi.py:936}}
Feb 08 14:41:28.744630 dv-neutron-819418-3-hyperv devstack@n-api.service[108931]: INFO nova.api.openstack.requestlog [None req-a20484a2-145c-49bf-b041-2e565868e4df admin admin] 10.222.0.86 "GET /compute/v2.1/flavors/42" status: 404 len: 75 microversion: 2.90 time: 0.010431
Feb 08 14:41:28.745664 dv-neutron-819418-3-hyperv devstack@n-api.service[108931]: [pid: 108931|app: 0|req: 22/42] 10.222.0.86 () {60 vars in 1190 bytes} [Tue Feb 8 14:41:28 2022] GET /compute/v2.1/flavors/42 => generated 75 bytes in 12 msecs (HTTP/1.1 404) 9 headers in 380 bytes (1 switches on core 0)
Feb 08 14:41:30.039291 dv-neutron-819418-3-hyperv devstack@n-api.service[108930]: DEBUG nova.api.openstack.wsgi [None req-13650ad2-73eb-4c81-96f5-acedc5492b29 admin admin] Calling method '>' {{(pid=108930) _process_stack /opt/stack/nova/nova/api/openstack/wsgi.py:513}}
Feb 08 14:41:30.040326 dv-neutron-819418-3-hyperv devstack@n-api.service[108930]: INFO nova.api.openstack.requestlog [None req-13650ad2-73eb-4c81-96f5-acedc5492b29 admin admin] 10.222.0.86 "GET /compute/v2.1" status: 200 len: 388 microversion: 2.1 time: 0.001436
Feb 08 14:41:30.040718 dv-neutron-819418-3-hyperv devstack@n-api.service[108930]: [pid: 108930|app: 0|req: 21/43] 10.222.0.86 () {56 vars in 1074 bytes} [Tue Feb 8 14:41:30 2022] GET /compute/v2.1 => generated 388 bytes in 2 msecs (HTTP/1.1 200) 9 headers in 357 bytes (1 switches on core 0)
Feb 08 14:41:30.235098 dv-neutron-819418-3-hyperv devstack@n-api.service[108931]: DEBUG nova.api.openstack.wsgi [None req-3117f4f6-b81d-4a95-9683-b9809fe6070f admin admin] Calling method '>' {{(pid=108931) _process_stack /opt/stack/nova/nova/api/openstack/wsgi.py:513}}
Feb 08 14:41:30.240879 dv-neutron-819418-3-hyperv devstack@n-api.service[108931]: INFO nova.api.openstack.wsgi [None req-3117f4f6-b81d-4a95-9683-b9809fe6070f admin admin] HTTP exception thrown: Flavor 84 could not be found.
Feb 08 14:41:30.241504 dv-neutron-819418-3-hyperv devstack@n-api.service[108931]: DEBUG nova.api.openstack.wsgi [None req-3117f4f6-b81d-4a95-9683-b9809fe6070f admin admin] Returning 404 to user: Flavor 84 could not be found. {{(pid=108931) __call__ /opt/stack/nova/nova/api/openstack/wsgi.py:936}}
Feb 08 14:41:30.242312 dv-neutron-819418-3-hyperv devstack@n-api.service[108931]: INFO nova.api.openstack.requestlog [None req-3117f4f6-b81d-4a95-9683-b9809fe6070f admin admin] 10.222.0.86 "GET /compute/v2.1/flavors/84" status: 404 len: 75 microversion: 2.90 time: 0.061643
Feb 08 14:41:30.242855 dv-neutron-819418-3-hyperv devstack@n-api.service[108931]: [pid: 108931|app: 0|req: 23/44] 10.222.0.86 () {60 vars in 1190 bytes} [Tue Feb 8 14:41:30 2022] GET /compute/v2.1/flavors/84 => generated 75 bytes in 63 msecs (HTTP/1.1 404) 9 headers in 380 bytes (1 switches on core 0)
Feb 08 14:41:30.256880 dv-neutron-819418-3-hyperv devstack@n-api.service[108930]: DEBUG nova.api.openstack.wsgi [None req-b6e429dd-f9b6-4751-9e97-69a9938f43dc admin admin] Calling method '>' {{(pid=108930) _process_stack /opt/stack/nova/nova/api/openstack/wsgi.py:513}}
Feb 08 14:41:30.271444 dv-neutron-819418-3-hyperv devstack@n-api.service[108930]: INFO nova.api.openstack.requestlog [None req-b6e429dd-f9b6-4751-9e97-69a9938f43dc admin admin] 10.222.0.86 "GET /compute/v2.1/flavors?is_public=None" status: 200 len: 2056 microversion: 2.90 time: 0.018131
Feb 08 14:41:30.272004 dv-neutron-819418-3-hyperv devstack@n-api.service[108930]: [pid: 108930|app: 0|req: 22/45] 10.222.0.86 () {60 vars in 1210 bytes} [Tue Feb 8 14:41:30 2022] GET /compute/v2.1/flavors?is_public=None => generated 2056 bytes in 19 msecs (HTTP/1.1 200) 9 headers in 360 bytes (1 switches on core 0)
Feb 08 14:41:30.282458 dv-neutron-819418-3-hyperv devstack@n-api.service[108931]: DEBUG nova.api.openstack.wsgi [None req-a2c95093-cf5a-43dc-9647-1247f870caee admin admin] Calling method '>' {{(pid=108931) _process_stack /opt/stack/nova/nova/api/openstack/wsgi.py:513}}
Feb 08 14:41:30.296503 dv-neutron-819418-3-hyperv devstack@n-api.service[108931]: INFO nova.api.openstack.requestlog [None req-a2c95093-cf5a-43dc-9647-1247f870caee admin admin] 10.222.0.86 "GET /compute/v2.1/flavors?is_public=None" status: 200 len: 2056 microversion: 2.90 time: 0.017536
Feb 08 14:41:30.297051 dv-neutron-819418-3-hyperv devstack@n-api.service[108931]: [pid: 108931|app: 0|req: 24/46] 10.222.0.86 () {60 vars in 1210 bytes} [Tue Feb 8 14:41:30 2022] GET /compute/v2.1/flavors?is_public=None => generated 2056 bytes in 19 msecs (HTTP/1.1 200) 9 headers in 360 bytes (1 switches on core 0)
Feb 08 14:41:30.306826 dv-neutron-819418-3-hyperv devstack@n-api.service[108930]: DEBUG nova.api.openstack.wsgi [None req-14872b2e-6a79-455a-a5bf-90cc7f409d4e admin admin] Calling method '>' {{(pid=108930) _process_stack /opt/stack/nova/nova/api/openstack/wsgi.py:513}}
Feb 08 14:41:30.313227 dv-neutron-819418-3-hyperv devstack@n-api.service[108930]: INFO nova.api.openstack.wsgi [None req-14872b2e-6a79-455a-a5bf-90cc7f409d4e admin admin] HTTP exception thrown: Flavor 84 could not be found.
Feb 08 14:41:30.313823 dv-neutron-819418-3-hyperv devstack@n-api.service[108930]: DEBUG nova.api.openstack.wsgi [None req-14872b2e-6a79-455a-a5bf-90cc7f409d4e admin admin] Returning 404 to user: Flavor 84 could not be found. {{(pid=108930) __call__ /opt/stack/nova/nova/api/openstack/wsgi.py:936}}
Feb 08 14:41:30.314607 dv-neutron-819418-3-hyperv devstack@n-api.service[108930]: INFO nova.api.openstack.requestlog [None req-14872b2e-6a79-455a-a5bf-90cc7f409d4e admin admin] 10.222.0.86 "GET /compute/v2.1/flavors/84" status: 404 len: 75 microversion: 2.90 time: 0.011360
Feb 08 14:41:30.315123 dv-neutron-819418-3-hyperv devstack@n-api.service[108930]: [pid: 108930|app: 0|req: 23/47] 10.222.0.86 () {60 vars in 1190 bytes} [Tue Feb 8 14:41:30 2022] GET /compute/v2.1/flavors/84 => generated 75 bytes in 12 msecs (HTTP/1.1 404) 9 headers in 380 bytes (2 switches on core 0)
Feb 08 14:41:31.620988 dv-neutron-819418-3-hyperv devstack@n-api.service[108931]: DEBUG nova.api.openstack.wsgi [None req-a2c95093-cf5a-43dc-9647-1247f870caee admin admin] Calling method '>' {{(pid=108931) _process_stack /opt/stack/nova/nova/api/openstack/wsgi.py:513}}
Feb 08 14:41:31.622015 dv-neutron-819418-3-hyperv devstack@n-api.service[108931]: INFO nova.api.openstack.requestlog [None req-a2c95093-cf5a-43dc-9647-1247f870caee admin admin] 10.222.0.86 "GET /compute/v2.1" status: 200 len: 388 microversion: 2.1 time: 0.001447
Feb 08 14:41:31.622414 dv-neutron-819418-3-hyperv devstack@n-api.service[108931]: [pid: 108931|app: 0|req: 25/48] 10.222.0.86 () {56 vars in 1074 bytes} [Tue Feb 8 14:41:31 2022] GET /compute/v2.1 => generated 388 bytes in 2 msecs (HTTP/1.1 200) 9 headers in 357 bytes (1 switches on core 0)
Feb 08 14:41:31.813633 dv-neutron-819418-3-hyperv devstack@n-api.service[108930]: DEBUG nova.api.openstack.wsgi [None req-9ea641b1-e3d7-4784-bffc-d4a3fbaed18d admin admin] Calling method '>' {{(pid=108930) _process_stack /opt/stack/nova/nova/api/openstack/wsgi.py:513}}
Feb 08 14:41:31.818876 dv-neutron-819418-3-hyperv devstack@n-api.service[108930]: INFO nova.api.openstack.wsgi [None req-9ea641b1-e3d7-4784-bffc-d4a3fbaed18d admin admin] HTTP exception thrown: Flavor 451 could not be found.
Feb 08 14:41:31.819439 dv-neutron-819418-3-hyperv devstack@n-api.service[108930]: DEBUG nova.api.openstack.wsgi [None req-9ea641b1-e3d7-4784-bffc-d4a3fbaed18d admin admin] Returning 404 to user: Flavor 451 could not be found. {{(pid=108930) __call__ /opt/stack/nova/nova/api/openstack/wsgi.py:936}}
Feb 08 14:41:31.820212 dv-neutron-819418-3-hyperv devstack@n-api.service[108930]: INFO nova.api.openstack.requestlog [None req-9ea641b1-e3d7-4784-bffc-d4a3fbaed18d admin admin] 10.222.0.86 "GET /compute/v2.1/flavors/451" status: 404 len: 76 microversion: 2.90 time: 0.058559
Feb 08 14:41:31.820720 dv-neutron-819418-3-hyperv devstack@n-api.service[108930]: [pid: 108930|app: 0|req: 24/49] 10.222.0.86 () {60 vars in 1193 bytes} [Tue Feb 8 14:41:31 2022] GET /compute/v2.1/flavors/451 => generated 76 bytes in 60 msecs (HTTP/1.1 404) 9 headers in 380 bytes (1 switches on core 0)
Feb 08 14:41:31.830200 dv-neutron-819418-3-hyperv devstack@n-api.service[108931]: DEBUG nova.api.openstack.wsgi [None req-c48bdeab-14d4-4484-a4f2-4fd248d5575b admin admin] Calling method '>' {{(pid=108931) _process_stack /opt/stack/nova/nova/api/openstack/wsgi.py:513}}
Feb 08 14:41:31.845842 dv-neutron-819418-3-hyperv devstack@n-api.service[108931]: INFO nova.api.openstack.requestlog [None req-c48bdeab-14d4-4484-a4f2-4fd248d5575b admin admin] 10.222.0.86 "GET /compute/v2.1/flavors?is_public=None" status: 200 len: 2056 microversion: 2.90 time: 0.018953
Feb 08 14:41:31.846350 dv-neutron-819418-3-hyperv devstack@n-api.service[108931]: [pid: 108931|app: 0|req: 26/50] 10.222.0.86 () {60 vars in 1210 bytes} [Tue Feb 8 14:41:31 2022] GET /compute/v2.1/flavors?is_public=None => generated 2056 bytes in 20 msecs (HTTP/1.1 200) 9 headers in 360 bytes (1 switches on core 0)
Feb 08 14:41:31.857999 dv-neutron-819418-3-hyperv devstack@n-api.service[108930]: DEBUG nova.api.openstack.wsgi [None req-7251211b-4cc9-4932-b4e7-354c505d0517 admin admin] Calling method '>' {{(pid=108930) _process_stack /opt/stack/nova/nova/api/openstack/wsgi.py:513}}
Feb 08 14:41:31.871751 dv-neutron-819418-3-hyperv devstack@n-api.service[108930]: INFO nova.api.openstack.requestlog [None req-7251211b-4cc9-4932-b4e7-354c505d0517 admin admin] 10.222.0.86 "GET /compute/v2.1/flavors?is_public=None" status: 200 len: 2056 microversion: 2.90 time: 0.019098
Feb 08 14:41:31.872306 dv-neutron-819418-3-hyperv devstack@n-api.service[108930]: [pid: 108930|app: 0|req: 25/51] 10.222.0.86 () {60 vars in 1210 bytes} [Tue Feb 8 14:41:31 2022] GET /compute/v2.1/flavors?is_public=None => generated 2056 bytes in 20 msecs (HTTP/1.1 200) 9 headers in 360 bytes (1 switches on core 0)
Feb 08 14:41:31.881999 dv-neutron-819418-3-hyperv devstack@n-api.service[108931]: DEBUG nova.api.openstack.wsgi [None req-97cc8bed-936c-4017-a6ad-440c8830277a admin admin] Calling method '>' {{(pid=108931) _process_stack /opt/stack/nova/nova/api/openstack/wsgi.py:513}}
Feb 08 14:41:31.888038 dv-neutron-819418-3-hyperv devstack@n-api.service[108931]: INFO nova.api.openstack.wsgi [None req-97cc8bed-936c-4017-a6ad-440c8830277a admin admin] HTTP exception thrown: Flavor 451 could not be found.
Feb 08 14:41:31.888616 dv-neutron-819418-3-hyperv devstack@n-api.service[108931]: DEBUG nova.api.openstack.wsgi [None req-97cc8bed-936c-4017-a6ad-440c8830277a admin admin] Returning 404 to user: Flavor 451 could not be found. {{(pid=108931) __call__ /opt/stack/nova/nova/api/openstack/wsgi.py:936}}
Feb 08 14:41:31.889433 dv-neutron-819418-3-hyperv devstack@n-api.service[108931]: INFO nova.api.openstack.requestlog [None req-97cc8bed-936c-4017-a6ad-440c8830277a admin admin] 10.222.0.86 "GET /compute/v2.1/flavors/451" status: 404 len: 76 microversion: 2.90 time: 0.011073
Feb 08 14:41:31.889962 dv-neutron-819418-3-hyperv devstack@n-api.service[108931]: [pid: 108931|app: 0|req: 27/52] 10.222.0.86 () {60 vars in 1193 bytes} [Tue Feb 8 14:41:31 2022] GET /compute/v2.1/flavors/451 => generated 76 bytes in 12 msecs (HTTP/1.1 404) 9 headers in 380 bytes (1 switches on core 0)
Feb 08 14:41:33.201726 dv-neutron-819418-3-hyperv devstack@n-api.service[108930]: DEBUG nova.api.openstack.wsgi [None req-7251211b-4cc9-4932-b4e7-354c505d0517 admin admin] Calling method '>' {{(pid=108930) _process_stack /opt/stack/nova/nova/api/openstack/wsgi.py:513}}
Feb 08 14:41:33.202734 dv-neutron-819418-3-hyperv devstack@n-api.service[108930]: INFO nova.api.openstack.requestlog [None req-7251211b-4cc9-4932-b4e7-354c505d0517 admin admin] 10.222.0.86 "GET /compute/v2.1" status: 200 len: 388 microversion: 2.1 time: 0.001507
Feb 08 14:41:33.203133 dv-neutron-819418-3-hyperv devstack@n-api.service[108930]: [pid: 108930|app: 0|req: 26/53] 10.222.0.86 () {56 vars in 1074 bytes} [Tue Feb 8 14:41:33 2022] GET /compute/v2.1 => generated 388 bytes in 2 msecs (HTTP/1.1 200) 9 headers in 357 bytes (1 switches on core 0)
Feb 08 14:41:33.401226 dv-neutron-819418-3-hyperv devstack@n-api.service[108931]: DEBUG nova.api.openstack.wsgi [None req-77e3a677-591b-4912-8d2f-afaa5adf586f admin admin] Action: 'create', calling method: >, body: {"flavor": {"name": "m1.nano", "ram": 256, "vcpus": 1, "disk": 1, "id": "42", "swap": 0, "OS-FLV-EXT-DATA:ephemeral": 0, "rxtx_factor": 1.0, "os-flavor-access:is_public": true}} {{(pid=108931) _process_stack /opt/stack/nova/nova/api/openstack/wsgi.py:511}}
Feb 08 14:41:33.422582 dv-neutron-819418-3-hyperv devstack@n-api.service[108931]: INFO nova.api.openstack.requestlog [None req-77e3a677-591b-4912-8d2f-afaa5adf586f admin admin] 10.222.0.86 "POST /compute/v2.1/flavors" status: 200 len: 404 microversion: 2.90 time: 0.077732
Feb 08 14:41:33.423048 dv-neutron-819418-3-hyperv devstack@n-api.service[108931]: [pid: 108931|app: 0|req: 28/54] 10.222.0.86 () {64 vars in 1235 bytes} [Tue Feb 8 14:41:33 2022] POST /compute/v2.1/flavors => generated 404 bytes in 79 msecs (HTTP/1.1 200) 9 headers in 359 bytes (1 switches on core 0)
Feb 08 14:41:34.733833 dv-neutron-819418-3-hyperv devstack@n-api.service[108930]: DEBUG nova.api.openstack.wsgi [None req-7251211b-4cc9-4932-b4e7-354c505d0517 admin admin] Calling method '>' {{(pid=108930) _process_stack /opt/stack/nova/nova/api/openstack/wsgi.py:513}}
Feb 08 14:41:34.734731 dv-neutron-819418-3-hyperv devstack@n-api.service[108930]: INFO nova.api.openstack.requestlog [None req-7251211b-4cc9-4932-b4e7-354c505d0517 admin admin] 10.222.0.86 "GET /compute/v2.1" status: 200 len: 388 microversion: 2.1 time: 0.001778
Feb 08 14:41:34.735132 dv-neutron-819418-3-hyperv devstack@n-api.service[108930]: [pid: 108930|app: 0|req: 27/55] 10.222.0.86 () {56 vars in 1074 bytes} [Tue Feb 8 14:41:34 2022] GET /compute/v2.1 => generated 388 bytes in 3 msecs (HTTP/1.1 200) 9 headers in 357 bytes (2 switches on core 0)
Feb 08 14:41:34.935226 dv-neutron-819418-3-hyperv devstack@n-api.service[108931]: DEBUG nova.api.openstack.wsgi [None req-6579b309-48d1-4f4a-b750-8b11a82d5d67 admin admin] Action: 'create', calling method: >, body: {"flavor": {"name": "m1.micro", "ram": 256, "vcpus": 1, "disk": 2, "id": "84", "swap": 0, "OS-FLV-EXT-DATA:ephemeral": 0, "rxtx_factor": 1.0, "os-flavor-access:is_public": true}} {{(pid=108931) _process_stack /opt/stack/nova/nova/api/openstack/wsgi.py:511}}
Feb 08 14:41:34.954325 dv-neutron-819418-3-hyperv devstack@n-api.service[108931]: INFO nova.api.openstack.requestlog [None req-6579b309-48d1-4f4a-b750-8b11a82d5d67 admin admin] 10.222.0.86 "POST /compute/v2.1/flavors" status: 200 len: 405 microversion: 2.90 time: 0.074711
Feb 08 14:41:34.954790 dv-neutron-819418-3-hyperv devstack@n-api.service[108931]: [pid: 108931|app: 0|req: 29/56] 10.222.0.86 () {64 vars in 1235 bytes} [Tue Feb 8 14:41:34 2022] POST /compute/v2.1/flavors => generated 405 bytes in 76 msecs (HTTP/1.1 200) 9 headers in 359 bytes (1 switches on core 0)
Feb 08 14:41:36.262400 dv-neutron-819418-3-hyperv devstack@n-api.service[108930]: DEBUG nova.api.openstack.wsgi [None req-7251211b-4cc9-4932-b4e7-354c505d0517 admin admin] Calling method '>' {{(pid=108930) _process_stack /opt/stack/nova/nova/api/openstack/wsgi.py:513}}
Feb 08 14:41:36.263421 dv-neutron-819418-3-hyperv devstack@n-api.service[108930]: INFO nova.api.openstack.requestlog [None req-7251211b-4cc9-4932-b4e7-354c505d0517 admin admin] 10.222.0.86 "GET /compute/v2.1" status: 200 len: 388 microversion: 2.1 time: 0.001789
Feb 08 14:41:36.263829 dv-neutron-819418-3-hyperv devstack@n-api.service[108930]: [pid: 108930|app: 0|req: 28/57] 10.222.0.86 () {56 vars in 1074 bytes} [Tue Feb 8 14:41:36 2022] GET /compute/v2.1 => generated 388 bytes in 3 msecs (HTTP/1.1 200) 9 headers in 357 bytes (1 switches on core 0)
Feb 08 14:41:36.457723 dv-neutron-819418-3-hyperv devstack@n-api.service[108931]: DEBUG nova.api.openstack.wsgi [None req-bcba95d8-7e0f-4dfd-9d45-dc06da4d4a10 admin admin] Action: 'create', calling method: >, body: {"flavor": {"name": "m1.heat", "ram": 512, "vcpus": 1, "disk": 1, "id": "451", "swap": 0, "OS-FLV-EXT-DATA:ephemeral": 0, "rxtx_factor": 1.0, "os-flavor-access:is_public": true}} {{(pid=108931) _process_stack /opt/stack/nova/nova/api/openstack/wsgi.py:511}}
Feb 08 14:41:36.475734 dv-neutron-819418-3-hyperv devstack@n-api.service[108931]: INFO nova.api.openstack.requestlog [None req-bcba95d8-7e0f-4dfd-9d45-dc06da4d4a10 admin admin] 10.222.0.86 "POST /compute/v2.1/flavors" status: 200 len: 407 microversion: 2.90 time: 0.070573
Feb 08 14:41:36.476284 dv-neutron-819418-3-hyperv devstack@n-api.service[108931]: [pid: 108931|app: 0|req: 30/58] 10.222.0.86 () {64 vars in 1235 bytes} [Tue Feb 8 14:41:36 2022] POST /compute/v2.1/flavors => generated 407 bytes in 72 msecs (HTTP/1.1 200) 9 headers in 359 bytes (1 switches on core 0)
Feb 08 14:41:37.779044 dv-neutron-819418-3-hyperv devstack@n-api.service[108930]: DEBUG nova.api.openstack.wsgi [None req-7251211b-4cc9-4932-b4e7-354c505d0517 admin admin] Calling method '>' {{(pid=108930) _process_stack /opt/stack/nova/nova/api/openstack/wsgi.py:513}}
Feb 08 14:41:37.780051 dv-neutron-819418-3-hyperv devstack@n-api.service[108930]: INFO nova.api.openstack.requestlog [None req-7251211b-4cc9-4932-b4e7-354c505d0517 admin admin] 10.222.0.86 "GET /compute/v2.1" status: 200 len: 388 microversion: 2.1 time: 0.001425
Feb 08 14:41:37.780444 dv-neutron-819418-3-hyperv devstack@n-api.service[108930]: [pid: 108930|app: 0|req: 29/59] 10.222.0.86 () {56 vars in 1074 bytes} [Tue Feb 8 14:41:37 2022] GET /compute/v2.1 => generated 388 bytes in 2 msecs (HTTP/1.1 200) 9 headers in 357 bytes (1 switches on core 0)
Feb 08 14:41:37.973184 dv-neutron-819418-3-hyperv devstack@n-api.service[108931]: DEBUG nova.api.openstack.wsgi [None req-b2bb0bab-f0f1-4356-bd22-9ffd7dc6e744 admin admin] Action: 'create', calling method: >, body: {"flavor": {"name": "m1.heat2", "ram": 1024, "vcpus": 1, "disk": 1, "id": "452", "swap": 0, "OS-FLV-EXT-DATA:ephemeral": 0, "rxtx_factor": 1.0, "os-flavor-access:is_public": true}} {{(pid=108931) _process_stack /opt/stack/nova/nova/api/openstack/wsgi.py:511}}
Feb 08 14:41:37.991503 dv-neutron-819418-3-hyperv devstack@n-api.service[108931]: INFO nova.api.openstack.requestlog [None req-b2bb0bab-f0f1-4356-bd22-9ffd7dc6e744 admin admin] 10.222.0.86 "POST /compute/v2.1/flavors" status: 200 len: 409 microversion: 2.90 time: 0.070954
Feb 08 14:41:37.991970 dv-neutron-819418-3-hyperv devstack@n-api.service[108931]: [pid: 108931|app: 0|req: 31/60] 10.222.0.86 () {64 vars in 1235 bytes} [Tue Feb 8 14:41:37 2022] POST /compute/v2.1/flavors => generated 409 bytes in 72 msecs (HTTP/1.1 200) 9 headers in 359 bytes (2 switches on core 0)
Feb 08 14:41:39.317257 dv-neutron-819418-3-hyperv devstack@n-api.service[108930]: DEBUG nova.api.openstack.wsgi [None req-7251211b-4cc9-4932-b4e7-354c505d0517 admin admin] Calling method '>' {{(pid=108930) _process_stack /opt/stack/nova/nova/api/openstack/wsgi.py:513}}
Feb 08 14:41:39.318370 dv-neutron-819418-3-hyperv devstack@n-api.service[108930]: INFO nova.api.openstack.requestlog [None req-7251211b-4cc9-4932-b4e7-354c505d0517 admin admin] 10.222.0.86 "GET /compute/v2.1" status: 200 len: 388 microversion: 2.1 time: 0.001565
Feb 08 14:41:39.318765 dv-neutron-819418-3-hyperv devstack@n-api.service[108930]: [pid: 108930|app: 0|req: 30/61] 10.222.0.86 () {56 vars in 1074 bytes} [Tue Feb 8 14:41:39 2022] GET /compute/v2.1 => generated 388 bytes in 2 msecs (HTTP/1.1 200) 9 headers in 357 bytes (1 switches on core 0)
Feb 08 14:41:39.510899 dv-neutron-819418-3-hyperv devstack@n-api.service[108931]: DEBUG nova.api.openstack.wsgi [None req-0958a624-ad77-4551-9dca-ef2c35ee694f admin admin] Calling method '>' {{(pid=108931) _process_stack /opt/stack/nova/nova/api/openstack/wsgi.py:513}}
Feb 08 14:41:39.531213 dv-neutron-819418-3-hyperv devstack@n-api.service[108931]: INFO nova.api.openstack.requestlog [None req-0958a624-ad77-4551-9dca-ef2c35ee694f admin admin] 10.222.0.86 "GET /compute/v2.1/flavors/detail" status: 200 len: 5777 microversion: 2.90 time: 0.071208
Feb 08 14:41:39.531667 dv-neutron-819418-3-hyperv devstack@n-api.service[108931]: [pid: 108931|app: 0|req: 32/62] 10.222.0.86 () {60 vars in 1202 bytes} [Tue Feb 8 14:41:39 2022] GET /compute/v2.1/flavors/detail => generated 5777 bytes in 73 msecs (HTTP/1.1 200) 9 headers in 360 bytes (2 switches on core 0)
Feb 08 14:42:27.169452 dv-neutron-819418-3-hyperv devstack@n-api.service[108930]: DEBUG nova.api.openstack.wsgi [None req-7251211b-4cc9-4932-b4e7-354c505d0517 admin admin] Calling method '>' {{(pid=108930) _process_stack /opt/stack/nova/nova/api/openstack/wsgi.py:513}}
Feb 08 14:42:27.170485 dv-neutron-819418-3-hyperv devstack@n-api.service[108930]: INFO nova.api.openstack.requestlog [None req-7251211b-4cc9-4932-b4e7-354c505d0517 admin admin] 10.222.0.86 "GET /compute/v2.1" status: 200 len: 388 microversion: 2.1 time: 0.002086
Feb 08 14:42:27.170896 dv-neutron-819418-3-hyperv devstack@n-api.service[108930]: [pid: 108930|app: 0|req: 31/63] 10.222.0.86 () {54 vars in 930 bytes} [Tue Feb 8 14:42:27 2022] GET /compute/v2.1 => generated 388 bytes in 4 msecs (HTTP/1.1 200) 9 headers in 357 bytes (1 switches on core 0)
Feb 08 14:42:27.235213 dv-neutron-819418-3-hyperv devstack@n-api.service[108931]: DEBUG nova.api.openstack.wsgi [None req-b8eb9402-63a5-401e-b5be-c4b6a9779162 admin admin] Calling method '>' {{(pid=108931) _process_stack /opt/stack/nova/nova/api/openstack/wsgi.py:513}}
Feb 08 14:42:27.255160 dv-neutron-819418-3-hyperv devstack@n-api.service[108931]: INFO nova.api.openstack.requestlog [None req-b8eb9402-63a5-401e-b5be-c4b6a9779162 admin admin] 10.222.0.86 "GET /compute/v2.1/flavors/detail?is_public=True" status: 200 len: 5791 microversion: 2.61 time: 0.077228
Feb 08 14:42:27.255729 dv-neutron-819418-3-hyperv devstack@n-api.service[108931]: [pid: 108931|app: 0|req: 33/64] 10.222.0.86 () {60 vars in 1291 bytes} [Tue Feb 8 14:42:27 2022] GET /compute/v2.1/flavors/detail?is_public=True => generated 5791 bytes in 78 msecs (HTTP/1.1 200) 9 headers in 360 bytes (1 switches on core 0)
Feb 08 14:42:27.281859 dv-neutron-819418-3-hyperv devstack@n-api.service[108930]: DEBUG nova.api.openstack.wsgi [None req-b4361c64-b916-4990-8463-9b81a5a47593 admin admin] Calling method '>' {{(pid=108930) _process_stack /opt/stack/nova/nova/api/openstack/wsgi.py:513}}
Feb 08 14:42:27.290068 dv-neutron-819418-3-hyperv devstack@n-api.service[108930]: INFO nova.api.openstack.requestlog [None req-b4361c64-b916-4990-8463-9b81a5a47593 admin admin] 10.222.0.86 "GET /compute/v2.1/flavors/42/os-extra_specs" status: 200 len: 19 microversion: 2.61 time: 0.011596
Feb 08 14:42:27.291024 dv-neutron-819418-3-hyperv devstack@n-api.service[108930]: [pid: 108930|app: 0|req: 32/65] 10.222.0.86 () {60 vars in 1282 bytes} [Tue Feb 8 14:42:27 2022] GET /compute/v2.1/flavors/42/os-extra_specs => generated 19 bytes in 13 msecs (HTTP/1.1 200) 9 headers in 358 bytes (1 switches on core 0)
Feb 08 14:42:27.303085 dv-neutron-819418-3-hyperv devstack@n-api.service[108931]: DEBUG nova.api.openstack.wsgi [None req-b5f60db2-bb1b-4c7d-b3cc-b0d6184b5d5c admin admin] Calling method '>' {{(pid=108931) _process_stack /opt/stack/nova/nova/api/openstack/wsgi.py:513}}
Feb 08 14:42:27.312019 dv-neutron-819418-3-hyperv devstack@n-api.service[108931]: INFO nova.api.openstack.requestlog [None req-b5f60db2-bb1b-4c7d-b3cc-b0d6184b5d5c admin admin] 10.222.0.86 "GET /compute/v2.1/flavors/451/os-extra_specs" status: 200 len: 19 microversion: 2.61 time: 0.012442
Feb 08 14:42:27.312585 dv-neutron-819418-3-hyperv devstack@n-api.service[108931]: [pid: 108931|app: 0|req: 34/66] 10.222.0.86 () {60 vars in 1285 bytes} [Tue Feb 8 14:42:27 2022] GET /compute/v2.1/flavors/451/os-extra_specs => generated 19 bytes in 14 msecs (HTTP/1.1 200) 9 headers in 358 bytes (1 switches on core 0)
Feb 08 14:42:27.326089 dv-neutron-819418-3-hyperv devstack@n-api.service[108930]: DEBUG nova.api.openstack.wsgi [None req-615075cb-a345-48ce-82b9-74b00de68393 admin admin] Calling method '>' {{(pid=108930) _process_stack /opt/stack/nova/nova/api/openstack/wsgi.py:513}}
Feb 08 14:42:27.335783 dv-neutron-819418-3-hyperv devstack@n-api.service[108930]: INFO nova.api.openstack.requestlog [None req-615075cb-a345-48ce-82b9-74b00de68393 admin admin] 10.222.0.86 "GET /compute/v2.1/flavors/452/os-extra_specs" status: 200 len: 19 microversion: 2.61 time: 0.014550
Feb 08 14:42:27.336356 dv-neutron-819418-3-hyperv devstack@n-api.service[108930]: [pid: 108930|app: 0|req: 33/67] 10.222.0.86 () {60 vars in 1285 bytes} [Tue Feb 8 14:42:27 2022] GET /compute/v2.1/flavors/452/os-extra_specs => generated 19 bytes in 16 msecs (HTTP/1.1 200) 9 headers in 358 bytes (1 switches on core 0)
Feb 08 14:42:27.349118 dv-neutron-819418-3-hyperv devstack@n-api.service[108931]: DEBUG nova.api.openstack.wsgi [None req-fb8a9667-1ffb-4663-913d-0030ed79b689 admin admin] Calling method '>' {{(pid=108931) _process_stack /opt/stack/nova/nova/api/openstack/wsgi.py:513}}
Feb 08 14:42:27.357822 dv-neutron-819418-3-hyperv devstack@n-api.service[108931]: INFO nova.api.openstack.requestlog [None req-fb8a9667-1ffb-4663-913d-0030ed79b689 admin admin] 10.222.0.86 "GET /compute/v2.1/flavors/84/os-extra_specs" status: 200 len: 19 microversion: 2.61 time: 0.011866
Feb 08 14:42:27.358381 dv-neutron-819418-3-hyperv devstack@n-api.service[108931]: [pid: 108931|app: 0|req: 35/68] 10.222.0.86 () {60 vars in 1282 bytes} [Tue Feb 8 14:42:27 2022] GET /compute/v2.1/flavors/84/os-extra_specs => generated 19 bytes in 13 msecs (HTTP/1.1 200) 9 headers in 358 bytes (1 switches on core 0)
Feb 08 14:43:58.201447 dv-neutron-819418-3-hyperv devstack@n-api.service[108930]: DEBUG nova.api.openstack.wsgi [None req-7fdf058a-17c6-4cd8-b9b9-7e011a8fd5d9 tempest-verify_tempest_config-1288740533 tempest-verify_tempest_config-1288740533-project] Calling method '>' {{(pid=108930) _process_stack /opt/stack/nova/nova/api/openstack/wsgi.py:513}}
Feb 08 14:43:58.203492 dv-neutron-819418-3-hyperv devstack@n-api.service[108930]: INFO nova.api.openstack.requestlog [None req-7fdf058a-17c6-4cd8-b9b9-7e011a8fd5d9 tempest-verify_tempest_config-1288740533 tempest-verify_tempest_config-1288740533-project] 10.222.0.86 "GET /compute/v2.1/extensions" status: 200 len: 22700 microversion: 2.1 time: 0.122170
Feb 08 14:43:58.204043 dv-neutron-819418-3-hyperv devstack@n-api.service[108930]: [pid: 108930|app: 0|req: 34/69] 10.222.0.86 () {58 vars in 1133 bytes} [Tue Feb 8 14:43:58 2022] GET /compute/v2.1/extensions => generated 22700 bytes in 123 msecs (HTTP/1.1 200) 9 headers in 359 bytes (1 switches on core 0)
Feb 08 14:45:21.420482 dv-neutron-819418-3-hyperv devstack@n-api.service[108931]: DEBUG nova.api.openstack.wsgi [None req-fb8a9667-1ffb-4663-913d-0030ed79b689 admin admin] Calling method '>' {{(pid=108931) _process_stack /opt/stack/nova/nova/api/openstack/wsgi.py:513}}
Feb 08 14:45:21.421533 dv-neutron-819418-3-hyperv devstack@n-api.service[108931]: INFO nova.api.openstack.requestlog [None req-fb8a9667-1ffb-4663-913d-0030ed79b689 admin admin] 10.222.0.86 "GET /compute/v2.1" status: 200 len: 388 microversion: 2.1 time: 0.001464
Feb 08 14:45:21.421957 dv-neutron-819418-3-hyperv devstack@n-api.service[108931]: [pid: 108931|app: 0|req: 36/70] 10.222.0.86 () {56 vars in 1074 bytes} [Tue Feb 8 14:45:21 2022] GET /compute/v2.1 => generated 388 bytes in 2 msecs (HTTP/1.1 200) 9 headers in 357 bytes (2 switches on core 0)
Feb 08 14:45:21.680134 dv-neutron-819418-3-hyperv devstack@n-api.service[108930]: DEBUG nova.api.openstack.wsgi [None req-daea13e3-d5c2-4c2a-a7e7-48dd449f5482 admin admin] Calling method '>' {{(pid=108930) _process_stack /opt/stack/nova/nova/api/openstack/wsgi.py:513}}
Feb 08 14:45:21.681295 dv-neutron-819418-3-hyperv devstack@n-api.service[108930]: /usr/local/lib/python3.8/dist-packages/oslo_policy/policy.py:1119: UserWarning: Policy "os_compute_api:os-services:list": "rule:system_reader_api" failed scope check. The token used to make the request was project scoped but the policy requires ['system'] scope. This behavior may change in the future where using the intended scope is required
Feb 08 14:45:21.681295 dv-neutron-819418-3-hyperv devstack@n-api.service[108930]: warnings.warn(msg)
Feb 08 14:45:21.682920 dv-neutron-819418-3-hyperv devstack@n-api.service[108930]: DEBUG oslo_concurrency.lockutils [None req-daea13e3-d5c2-4c2a-a7e7-48dd449f5482 admin admin] Lock "00000000-0000-0000-0000-000000000000" acquired by "nova.context.set_target_cell..get_or_set_cached_cell_and_set_connections" :: waited 0.000s {{(pid=108930) inner /usr/local/lib/python3.8/dist-packages/oslo_concurrency/lockutils.py:386}}
Feb 08 14:45:21.683394 dv-neutron-819418-3-hyperv devstack@n-api.service[108930]: DEBUG oslo_concurrency.lockutils [None req-daea13e3-d5c2-4c2a-a7e7-48dd449f5482 admin admin] Lock "00000000-0000-0000-0000-000000000000" "released" by "nova.context.set_target_cell..get_or_set_cached_cell_and_set_connections" :: held 0.001s {{(pid=108930) inner /usr/local/lib/python3.8/dist-packages/oslo_concurrency/lockutils.py:400}}
Feb 08 14:45:21.684201 dv-neutron-819418-3-hyperv devstack@n-api.service[108930]: DEBUG oslo_concurrency.lockutils [None req-daea13e3-d5c2-4c2a-a7e7-48dd449f5482 admin admin] Lock "b1ae27ea-f697-4623-a185-33bcb2213e45" acquired by "nova.context.set_target_cell..get_or_set_cached_cell_and_set_connections" :: waited 0.000s {{(pid=108930) inner /usr/local/lib/python3.8/dist-packages/oslo_concurrency/lockutils.py:386}}
Feb 08 14:45:21.684622 dv-neutron-819418-3-hyperv devstack@n-api.service[108930]: DEBUG oslo_concurrency.lockutils [None req-daea13e3-d5c2-4c2a-a7e7-48dd449f5482 admin admin] Lock "b1ae27ea-f697-4623-a185-33bcb2213e45" "released" by "nova.context.set_target_cell..get_or_set_cached_cell_and_set_connections" :: held 0.000s {{(pid=108930) inner /usr/local/lib/python3.8/dist-packages/oslo_concurrency/lockutils.py:400}}
Feb 08 14:45:21.718180 dv-neutron-819418-3-hyperv devstack@n-api.service[108930]: INFO nova.api.openstack.requestlog [None req-daea13e3-d5c2-4c2a-a7e7-48dd449f5482 admin admin] 10.222.0.86 "GET /compute/v2.1/os-services" status: 200 len: 797 microversion: 2.90 time: 0.156081
Feb 08 14:45:21.718746 dv-neutron-819418-3-hyperv devstack@n-api.service[108930]: [pid: 108930|app: 0|req: 35/71] 10.222.0.86 () {60 vars in 1193 bytes} [Tue Feb 8 14:45:21 2022] GET /compute/v2.1/os-services => generated 797 bytes in 157 msecs (HTTP/1.1 200) 9 headers in 359 bytes (1 switches on core 0)
Feb 08 14:45:23.030641 dv-neutron-819418-3-hyperv devstack@n-api.service[108931]: DEBUG nova.api.openstack.wsgi [None req-fb8a9667-1ffb-4663-913d-0030ed79b689 admin admin] Calling method '>' {{(pid=108931) _process_stack /opt/stack/nova/nova/api/openstack/wsgi.py:513}}
Feb 08 14:45:23.031671 dv-neutron-819418-3-hyperv devstack@n-api.service[108931]: INFO nova.api.openstack.requestlog [None req-fb8a9667-1ffb-4663-913d-0030ed79b689 admin admin] 10.222.0.86 "GET /compute/v2.1" status: 200 len: 388 microversion: 2.1 time: 0.001447
Feb 08 14:45:23.032069 dv-neutron-819418-3-hyperv devstack@n-api.service[108931]: [pid: 108931|app: 0|req: 37/72] 10.222.0.86 () {56 vars in 1074 bytes} [Tue Feb 8 14:45:23 2022] GET /compute/v2.1 => generated 388 bytes in 2 msecs (HTTP/1.1 200) 9 headers in 357 bytes (1 switches on core 0)
Feb 08 14:45:23.228554 dv-neutron-819418-3-hyperv devstack@n-api.service[108930]: DEBUG nova.api.openstack.wsgi [None req-fb3926ea-be1c-489c-a59f-c83263a34008 admin admin] Calling method '>' {{(pid=108930) _process_stack /opt/stack/nova/nova/api/openstack/wsgi.py:513}}
Feb 08 14:45:23.230010 dv-neutron-819418-3-hyperv devstack@n-api.service[108930]: /usr/local/lib/python3.8/dist-packages/oslo_policy/policy.py:1119: UserWarning: Policy "os_compute_api:os-services:list": "rule:system_reader_api" failed scope check. The token used to make the request was project scoped but the policy requires ['system'] scope. This behavior may change in the future where using the intended scope is required
Feb 08 14:45:23.230010 dv-neutron-819418-3-hyperv devstack@n-api.service[108930]: warnings.warn(msg)
Feb 08 14:45:23.231578 dv-neutron-819418-3-hyperv devstack@n-api.service[108930]: DEBUG oslo_concurrency.lockutils [None req-fb3926ea-be1c-489c-a59f-c83263a34008 admin admin] Lock "00000000-0000-0000-0000-000000000000" acquired by "nova.context.set_target_cell..get_or_set_cached_cell_and_set_connections" :: waited 0.000s {{(pid=108930) inner /usr/local/lib/python3.8/dist-packages/oslo_concurrency/lockutils.py:386}}
Feb 08 14:45:23.232025 dv-neutron-819418-3-hyperv devstack@n-api.service[108930]: DEBUG oslo_concurrency.lockutils [None req-fb3926ea-be1c-489c-a59f-c83263a34008 admin admin] Lock "00000000-0000-0000-0000-000000000000" "released" by "nova.context.set_target_cell..get_or_set_cached_cell_and_set_connections" :: held 0.000s {{(pid=108930) inner /usr/local/lib/python3.8/dist-packages/oslo_concurrency/lockutils.py:400}}
Feb 08 14:45:23.232829 dv-neutron-819418-3-hyperv devstack@n-api.service[108930]: DEBUG oslo_concurrency.lockutils [None req-fb3926ea-be1c-489c-a59f-c83263a34008 admin admin] Lock "b1ae27ea-f697-4623-a185-33bcb2213e45" acquired by "nova.context.set_target_cell..get_or_set_cached_cell_and_set_connections" :: waited 0.000s {{(pid=108930) inner /usr/local/lib/python3.8/dist-packages/oslo_concurrency/lockutils.py:386}}
Feb 08 14:45:23.233258 dv-neutron-819418-3-hyperv devstack@n-api.service[108930]: DEBUG oslo_concurrency.lockutils [None req-fb3926ea-be1c-489c-a59f-c83263a34008 admin admin] Lock "b1ae27ea-f697-4623-a185-33bcb2213e45" "released" by "nova.context.set_target_cell..get_or_set_cached_cell_and_set_connections" :: held 0.000s {{(pid=108930) inner /usr/local/lib/python3.8/dist-packages/oslo_concurrency/lockutils.py:400}}
Feb 08 14:45:23.253275 dv-neutron-819418-3-hyperv devstack@n-api.service[108930]: INFO nova.api.openstack.requestlog [None req-fb3926ea-be1c-489c-a59f-c83263a34008 admin admin] 10.222.0.86 "GET /compute/v2.1/os-services" status: 200 len: 797 microversion: 2.90 time: 0.077040
Feb 08 14:45:23.253811 dv-neutron-819418-3-hyperv devstack@n-api.service[108930]: [pid: 108930|app: 0|req: 36/73] 10.222.0.86 () {60 vars in 1193 bytes} [Tue Feb 8 14:45:23 2022] GET /compute/v2.1/os-services => generated 797 bytes in 78 msecs (HTTP/1.1 200) 9 headers in 359 bytes (1 switches on core 0)
Feb 08 14:45:35.013480 dv-neutron-819418-3-hyperv devstack@n-api.service[108931]: DEBUG nova.api.openstack.wsgi [None req-fb8a9667-1ffb-4663-913d-0030ed79b689 admin admin] Calling method '>' {{(pid=108931) _process_stack /opt/stack/nova/nova/api/openstack/wsgi.py:513}}
Feb 08 14:45:35.014511 dv-neutron-819418-3-hyperv devstack@n-api.service[108931]: INFO nova.api.openstack.requestlog [None req-fb8a9667-1ffb-4663-913d-0030ed79b689 admin admin] 10.222.0.86 "GET /compute/v2.1" status: 200 len: 388 microversion: 2.1 time: 0.001497
Feb 08 14:45:35.014903 dv-neutron-819418-3-hyperv devstack@n-api.service[108931]: [pid: 108931|app: 0|req: 38/74] 10.222.0.86 () {56 vars in 1074 bytes} [Tue Feb 8 14:45:35 2022] GET /compute/v2.1 => generated 388 bytes in 2 msecs (HTTP/1.1 200) 9 headers in 357 bytes (1 switches on core 0)
Feb 08 14:45:35.207905 dv-neutron-819418-3-hyperv devstack@n-api.service[108930]: DEBUG nova.api.openstack.wsgi [None req-696c147e-70f3-43a3-8302-0ee897be4164 admin admin] Calling method '>' {{(pid=108930) _process_stack /opt/stack/nova/nova/api/openstack/wsgi.py:513}}
Feb 08 14:45:35.209108 dv-neutron-819418-3-hyperv devstack@n-api.service[108930]: /usr/local/lib/python3.8/dist-packages/oslo_policy/policy.py:1119: UserWarning: Policy "os_compute_api:os-services:list": "rule:system_reader_api" failed scope check. The token used to make the request was project scoped but the policy requires ['system'] scope. This behavior may change in the future where using the intended scope is required
Feb 08 14:45:35.209108 dv-neutron-819418-3-hyperv devstack@n-api.service[108930]: warnings.warn(msg)
Feb 08 14:45:35.210716 dv-neutron-819418-3-hyperv devstack@n-api.service[108930]: DEBUG oslo_concurrency.lockutils [None req-696c147e-70f3-43a3-8302-0ee897be4164 admin admin] Lock "00000000-0000-0000-0000-000000000000" acquired by "nova.context.set_target_cell..get_or_set_cached_cell_and_set_connections" :: waited 0.000s {{(pid=108930) inner /usr/local/lib/python3.8/dist-packages/oslo_concurrency/lockutils.py:386}}
Feb 08 14:45:35.211159 dv-neutron-819418-3-hyperv devstack@n-api.service[108930]: DEBUG oslo_concurrency.lockutils [None req-696c147e-70f3-43a3-8302-0ee897be4164 admin admin] Lock "00000000-0000-0000-0000-000000000000" "released" by "nova.context.set_target_cell..get_or_set_cached_cell_and_set_connections" :: held 0.000s {{(pid=108930) inner /usr/local/lib/python3.8/dist-packages/oslo_concurrency/lockutils.py:400}}
Feb 08 14:45:35.211965 dv-neutron-819418-3-hyperv devstack@n-api.service[108930]: DEBUG oslo_concurrency.lockutils [None req-696c147e-70f3-43a3-8302-0ee897be4164 admin admin] Lock "b1ae27ea-f697-4623-a185-33bcb2213e45" acquired by "nova.context.set_target_cell..get_or_set_cached_cell_and_set_connections" :: waited 0.000s {{(pid=108930) inner /usr/local/lib/python3.8/dist-packages/oslo_concurrency/lockutils.py:386}}
Feb 08 14:45:35.212394 dv-neutron-819418-3-hyperv devstack@n-api.service[108930]: DEBUG oslo_concurrency.lockutils [None req-696c147e-70f3-43a3-8302-0ee897be4164 admin admin] Lock "b1ae27ea-f697-4623-a185-33bcb2213e45" "released" by "nova.context.set_target_cell..get_or_set_cached_cell_and_set_connections" :: held 0.000s {{(pid=108930) inner /usr/local/lib/python3.8/dist-packages/oslo_concurrency/lockutils.py:400}}
Feb 08 14:45:35.237375 dv-neutron-819418-3-hyperv devstack@n-api.service[108930]: INFO nova.api.openstack.requestlog [None req-696c147e-70f3-43a3-8302-0ee897be4164 admin admin] 10.222.0.86 "GET /compute/v2.1/os-services" status: 200 len: 1041 microversion: 2.90 time: 0.080042
Feb 08 14:45:35.237890 dv-neutron-819418-3-hyperv devstack@n-api.service[108930]: [pid: 108930|app: 0|req: 37/75] 10.222.0.86 () {60 vars in 1193 bytes} [Tue Feb 8 14:45:35 2022] GET /compute/v2.1/os-services => generated 1041 bytes in 81 msecs (HTTP/1.1 200) 9 headers in 360 bytes (1 switches on core 0)
Feb 08 14:45:36.556033 dv-neutron-819418-3-hyperv devstack@n-api.service[108931]: DEBUG nova.api.openstack.wsgi [None req-fb8a9667-1ffb-4663-913d-0030ed79b689 admin admin] Calling method '>' {{(pid=108931) _process_stack /opt/stack/nova/nova/api/openstack/wsgi.py:513}}
Feb 08 14:45:36.557042 dv-neutron-819418-3-hyperv devstack@n-api.service[108931]: INFO nova.api.openstack.requestlog [None req-fb8a9667-1ffb-4663-913d-0030ed79b689 admin admin] 10.222.0.86 "GET /compute/v2.1" status: 200 len: 388 microversion: 2.1 time: 0.001427
Feb 08 14:45:36.557465 dv-neutron-819418-3-hyperv devstack@n-api.service[108931]: [pid: 108931|app: 0|req: 39/76] 10.222.0.86 () {56 vars in 1074 bytes} [Tue Feb 8 14:45:36 2022] GET /compute/v2.1 => generated 388 bytes in 2 msecs (HTTP/1.1 200) 9 headers in 357 bytes (1 switches on core 0)
Feb 08 14:45:36.753754 dv-neutron-819418-3-hyperv devstack@n-api.service[108930]: DEBUG nova.api.openstack.wsgi [None req-0b278ab1-7da6-4b87-a13c-0b112f443ff8 admin admin] Calling method '>' {{(pid=108930) _process_stack /opt/stack/nova/nova/api/openstack/wsgi.py:513}}
Feb 08 14:45:36.754958 dv-neutron-819418-3-hyperv devstack@n-api.service[108930]: /usr/local/lib/python3.8/dist-packages/oslo_policy/policy.py:1119: UserWarning: Policy "os_compute_api:os-services:list": "rule:system_reader_api" failed scope check. The token used to make the request was project scoped but the policy requires ['system'] scope. This behavior may change in the future where using the intended scope is required
Feb 08 14:45:36.754958 dv-neutron-819418-3-hyperv devstack@n-api.service[108930]: warnings.warn(msg)
Feb 08 14:45:36.756573 dv-neutron-819418-3-hyperv devstack@n-api.service[108930]: DEBUG oslo_concurrency.lockutils [None req-0b278ab1-7da6-4b87-a13c-0b112f443ff8 admin admin] Lock "00000000-0000-0000-0000-000000000000" acquired by "nova.context.set_target_cell..get_or_set_cached_cell_and_set_connections" :: waited 0.000s {{(pid=108930) inner /usr/local/lib/python3.8/dist-packages/oslo_concurrency/lockutils.py:386}}
Feb 08 14:45:36.757035 dv-neutron-819418-3-hyperv devstack@n-api.service[108930]: DEBUG oslo_concurrency.lockutils [None req-0b278ab1-7da6-4b87-a13c-0b112f443ff8 admin admin] Lock "00000000-0000-0000-0000-000000000000" "released" by "nova.context.set_target_cell..get_or_set_cached_cell_and_set_connections" :: held 0.001s {{(pid=108930) inner /usr/local/lib/python3.8/dist-packages/oslo_concurrency/lockutils.py:400}}
Feb 08 14:45:36.757879 dv-neutron-819418-3-hyperv devstack@n-api.service[108930]: DEBUG oslo_concurrency.lockutils [None req-0b278ab1-7da6-4b87-a13c-0b112f443ff8 admin admin] Lock "b1ae27ea-f697-4623-a185-33bcb2213e45" acquired by "nova.context.set_target_cell..get_or_set_cached_cell_and_set_connections" :: waited 0.000s {{(pid=108930) inner /usr/local/lib/python3.8/dist-packages/oslo_concurrency/lockutils.py:386}}
Feb 08 14:45:36.758304 dv-neutron-819418-3-hyperv devstack@n-api.service[108930]: DEBUG oslo_concurrency.lockutils [None req-0b278ab1-7da6-4b87-a13c-0b112f443ff8 admin admin] Lock "b1ae27ea-f697-4623-a185-33bcb2213e45" "released" by "nova.context.set_target_cell..get_or_set_cached_cell_and_set_connections" :: held 0.000s {{(pid=108930) inner /usr/local/lib/python3.8/dist-packages/oslo_concurrency/lockutils.py:400}}
Feb 08 14:45:36.780235 dv-neutron-819418-3-hyperv devstack@n-api.service[108930]: INFO nova.api.openstack.requestlog [None req-0b278ab1-7da6-4b87-a13c-0b112f443ff8 admin admin] 10.222.0.86 "GET /compute/v2.1/os-services" status: 200 len: 1041 microversion: 2.90 time: 0.080487
Feb 08 14:45:36.780719 dv-neutron-819418-3-hyperv devstack@n-api.service[108930]: [pid: 108930|app: 0|req: 38/77] 10.222.0.86 () {60 vars in 1193 bytes} [Tue Feb 8 14:45:36 2022] GET /compute/v2.1/os-services => generated 1041 bytes in 82 msecs (HTTP/1.1 200) 9 headers in 360 bytes (2 switches on core 0)
Feb 08 14:46:18.922541 dv-neutron-819418-3-hyperv devstack@n-api.service[108929]: Tue Feb 8 14:46:18 2022 - graceful shutdown triggered...
Feb 08 14:46:18.922021 dv-neutron-819418-3-hyperv systemd[1]: Stopping Devstack devstack@n-api.service...
Feb 08 14:46:18.923631 dv-neutron-819418-3-hyperv devstack@n-api.service[108930]: Gracefully killing worker 1 (pid: 108930)...
