Mar 15 06:16:09.171825 dv-neutron-819418-12-hyperv neutron-server[104324]: DEBUG neutron_lib.callbacks.manager [None req-0d4753cc-2120-4967-b253-16a92bdee0df tempest-ExternalNetworksTestJSON-756608669 tempest-ExternalNetworksTestJSON-756608669-project-admin] Publish callbacks ['neutron.plugins.ml2.plugin.Ml2Plugin._subnet_delete_precommit_handler-3663628'] for subnet (4d601fc3-76d3-4efe-aeff-fecfbf150bbb), precommit_delete {{(pid=104324) _notify_loop /usr/local/lib/python3.8/dist-packages/neutron_lib/callbacks/manager.py:176}}
Mar 15 06:16:09.238623 dv-neutron-819418-12-hyperv neutron-server[104324]: DEBUG neutron_lib.callbacks.manager [None req-c4e62296-c787-437a-9639-bfe968a4ff18 tempest-AllowedAddressPairIpV6TestJSON-249535334 tempest-AllowedAddressPairIpV6TestJSON-249535334-project] Publish callbacks ['neutron.plugins.ml2.plugin.SecurityGroupDbMixin._ensure_default_security_group_handler-3427852'] for port (3721a613-3457-4607-86ff-00749d9c8c77), before_update {{(pid=104324) _notify_loop /usr/local/lib/python3.8/dist-packages/neutron_lib/callbacks/manager.py:176}}
Mar 15 06:16:09.241463 dv-neutron-819418-12-hyperv neutron-server[104325]: DEBUG neutron.api.rpc.handlers.resources_rpc [None req-9b829dab-7308-45ce-86a1-737289111f8f None None] Pushing event updated for resources: {'Port': ['ID=1862db20-381e-4819-88fe-46a731a2215b,revision_number=4']} {{(pid=104325) push /opt/stack/neutron/neutron/api/rpc/handlers/resources_rpc.py:237}}
Mar 15 06:16:09.364939 dv-neutron-819418-12-hyperv neutron-server[104325]: DEBUG neutron.db.provisioning_blocks [None req-c08b9bd5-6e62-4f1d-b25e-52e92df9d30d None None] Provisioning complete for port 3721a613-3457-4607-86ff-00749d9c8c77 triggered by entity DHCP. {{(pid=104325) provisioning_complete /opt/stack/neutron/neutron/db/provisioning_blocks.py:140}}
Mar 15 06:16:09.365513 dv-neutron-819418-12-hyperv neutron-server[104325]: DEBUG neutron_lib.callbacks.manager [None req-c08b9bd5-6e62-4f1d-b25e-52e92df9d30d None None] Publish callbacks ['neutron.plugins.ml2.plugin.Ml2Plugin._port_provisioned-3150590'] for port (3721a613-3457-4607-86ff-00749d9c8c77), provisioning_complete {{(pid=104325) _notify_loop /usr/local/lib/python3.8/dist-packages/neutron_lib/callbacks/manager.py:176}}
Mar 15 06:16:09.413192 dv-neutron-819418-12-hyperv neutron-server[104324]: DEBUG neutron_lib.callbacks.manager [None req-0d4753cc-2120-4967-b253-16a92bdee0df tempest-ExternalNetworksTestJSON-756608669 tempest-ExternalNetworksTestJSON-756608669-project-admin] Publish callbacks ['neutron.plugins.ml2.plugin.Ml2Plugin._subnet_delete_after_delete_handler-3663621', 'neutron.plugins.ml2.ovo_rpc._ObjectChangeHandler.handle_event-621295', 'neutron.api.rpc.agentnotifiers.dhcp_rpc_agent_api.DhcpAgentNotifyAPI._native_event_send_dhcp_notification-539149', 'neutron.services.segments.plugin.NovaSegmentNotifier._notify_subnet_deleted-129323020', 'neutron.services.segments.plugin.SegmentHostRoutes.host_routes_after_delete-128698054'] for subnet (4d601fc3-76d3-4efe-aeff-fecfbf150bbb), after_delete {{(pid=104324) _notify_loop /usr/local/lib/python3.8/dist-packages/neutron_lib/callbacks/manager.py:176}}
Mar 15 06:16:09.425658 dv-neutron-819418-12-hyperv neutron-server[104323]: DEBUG neutron_lib.callbacks.manager [None req-ee5ac72e-ed8b-4486-b3eb-c1428ae78d38 tempest-FloatingIPAdminTestJSON-1134037807 tempest-FloatingIPAdminTestJSON-1134037807-project] Publish callbacks [] for router_gateway (362329ce-9072-4e5f-bccf-bc3da9897b23), before_create {{(pid=104323) _notify_loop /usr/local/lib/python3.8/dist-packages/neutron_lib/callbacks/manager.py:176}}
Mar 15 06:16:09.435771 dv-neutron-819418-12-hyperv neutron-server[104326]: DEBUG neutron.api.rpc.handlers.l3_rpc [None req-a4180680-6872-4fb9-83f3-206704e904e3 None None] Sync routers for ids ['805cb595-75dc-493a-8d13-8e5aa9b52544'] in dv-neutron-819418-12-hyperv {{(pid=104326) sync_routers /opt/stack/neutron/neutron/api/rpc/handlers/l3_rpc.py:125}}
Mar 15 06:16:09.452638 dv-neutron-819418-12-hyperv neutron-server[104326]: DEBUG neutron.db.l3_dvrscheduler_db [None req-a4180680-6872-4fb9-83f3-206704e904e3 None None] Routers {'805cb595-75dc-493a-8d13-8e5aa9b52544'} bound to L3 agent in host dv-neutron-819418-12-hyperv {{(pid=104326) _get_router_ids_for_agent /opt/stack/neutron/neutron/db/l3_dvrscheduler_db.py:421}}
Mar 15 06:16:09.453548 dv-neutron-819418-12-hyperv neutron-server[104326]: DEBUG neutron.db.l3_hamode_db [None req-a4180680-6872-4fb9-83f3-206704e904e3 None None] neutron.services.l3_router.l3_router_plugin.L3RouterPlugin method get_ha_sync_data_for_host called with arguments (, 'dv-neutron-819418-12-hyperv', Agent(admin_state_up=True,agent_type='L3 agent',availability_zone='nova',binary='neutron-l3-agent',configurations={"agent_mode": "legacy", "ex_gw_ports": 1, "extensions": [], "floating_ips": 0, "handle_internal_only_routers": true, "interface_driver": "openvswitch", "interfaces": 1, "log_agent_heartbeats": false, "routers": 1},created_at=2022-03-15T06:07:47Z,description=,heartbeat_timestamp=2022-03-15T06:15:47Z,host='dv-neutron-819418-12-hyperv',id=94384709-1414-4785-a72b-fbc2545c3d33,load=0,resource_versions=,resources_synced=,started_at=2022-03-15T06:07:48Z,topic='l3_agent')) {'router_ids': ['805cb595-75dc-493a-8d13-8e5aa9b52544'], 'active': True} {{(pid=104326) wrapper /usr/local/lib/python3.8/dist-packages/oslo_log/helpers.py:65}}
Mar 15 06:16:09.512805 dv-neutron-819418-12-hyperv neutron-server[104325]: DEBUG neutron.plugins.ml2.plugin [None req-c08b9bd5-6e62-4f1d-b25e-52e92df9d30d None None] Port 3721a613-3457-4607-86ff-00749d9c8c77 cannot update to ACTIVE because it is not bound. {{(pid=104325) _port_provisioned /opt/stack/neutron/neutron/plugins/ml2/plugin.py:343}}
Mar 15 06:16:09.556438 dv-neutron-819418-12-hyperv neutron-server[104324]: DEBUG neutron.api.rpc.handlers.resources_rpc [None req-0d4753cc-2120-4967-b253-16a92bdee0df tempest-ExternalNetworksTestJSON-756608669 tempest-ExternalNetworksTestJSON-756608669-project-admin] Pushing event deleted for resources: {'Subnet': ['ID=4d601fc3-76d3-4efe-aeff-fecfbf150bbb,revision_number=None']} {{(pid=104324) push /opt/stack/neutron/neutron/api/rpc/handlers/resources_rpc.py:237}}
Mar 15 06:16:09.560369 dv-neutron-819418-12-hyperv neutron-server[104323]: DEBUG neutron_lib.callbacks.manager [None req-ee5ac72e-ed8b-4486-b3eb-c1428ae78d38 tempest-FloatingIPAdminTestJSON-1134037807 tempest-FloatingIPAdminTestJSON-1134037807-project] Publish callbacks ['neutron.plugins.ml2.plugin.SecurityGroupDbMixin._ensure_default_security_group_handler-3427852'] for port (None), before_create {{(pid=104323) _notify_loop /usr/local/lib/python3.8/dist-packages/neutron_lib/callbacks/manager.py:176}}
Mar 15 06:16:09.562009 dv-neutron-819418-12-hyperv neutron-server[104325]: DEBUG neutron.db.provisioning_blocks [None req-9b829dab-7308-45ce-86a1-737289111f8f None None] Provisioning complete for port b59844b8-0515-4065-a961-db2c6c4a3829 triggered by entity L2. {{(pid=104325) provisioning_complete /opt/stack/neutron/neutron/db/provisioning_blocks.py:140}}
Mar 15 06:16:09.562451 dv-neutron-819418-12-hyperv neutron-server[104325]: DEBUG neutron_lib.callbacks.manager [None req-9b829dab-7308-45ce-86a1-737289111f8f None None] Publish callbacks ['neutron.plugins.ml2.plugin.Ml2Plugin._port_provisioned-3150590'] for port (b59844b8-0515-4065-a961-db2c6c4a3829), provisioning_complete {{(pid=104325) _notify_loop /usr/local/lib/python3.8/dist-packages/neutron_lib/callbacks/manager.py:176}}
Mar 15 06:16:09.668018 dv-neutron-819418-12-hyperv neutron-server[104326]: DEBUG neutron.db.l3_dvr_db [None req-a4180680-6872-4fb9-83f3-206704e904e3 None None] Set router 805cb595-75dc-493a-8d13-8e5aa9b52544 gateway port host: dv-neutron-819418-12-hyperv {{(pid=104326) _build_routers_list /opt/stack/neutron/neutron/db/l3_dvr_db.py:906}}
Mar 15 06:16:09.668508 dv-neutron-819418-12-hyperv neutron-server[104323]: DEBUG neutron.api.v2.base [None req-0f77e72b-a7e8-495d-9760-092a9787d1cb tempest-AllowedAddressPairTestJSON-600026126 tempest-AllowedAddressPairTestJSON-600026126-project] Request body: {'network': {'name': 'tempest-AllowedAddressPairTestJSON-test-network-1611628037'}} {{(pid=104323) prepare_request_body /opt/stack/neutron/neutron/api/v2/base.py:729}}
Mar 15 06:16:09.762125 dv-neutron-819418-12-hyperv neutron-server[104324]: DEBUG neutron_lib.callbacks.manager [None req-0d4753cc-2120-4967-b253-16a92bdee0df tempest-ExternalNetworksTestJSON-756608669 tempest-ExternalNetworksTestJSON-756608669-project-admin] Publish callbacks ['neutron.plugins.ml2.plugin.Ml2Plugin._network_delete_precommit_handler-3150233', 'neutron.services.segments.db._delete_segments_for_network-8745562144193'] for network (799bf202-0b81-4c0a-bae0-2227e5fdfea2), precommit_delete {{(pid=104324) _notify_loop /usr/local/lib/python3.8/dist-packages/neutron_lib/callbacks/manager.py:176}}
Mar 15 06:16:09.788168 dv-neutron-819418-12-hyperv neutron-server[104325]: DEBUG neutron.plugins.ml2.plugin [None req-9b829dab-7308-45ce-86a1-737289111f8f None None] Current status of the port b59844b8-0515-4065-a961-db2c6c4a3829 is: ACTIVE; New status is: ACTIVE {{(pid=104325) _update_individual_port_db_status /opt/stack/neutron/neutron/plugins/ml2/plugin.py:2256}}
Mar 15 06:16:09.869061 dv-neutron-819418-12-hyperv neutron-server[104323]: INFO neutron.wsgi [None req-a0b3a16e-2b47-4c6d-afe2-d9de70249585 tempest-DHCPAgentSchedulersTestJSON-534515670 tempest-DHCPAgentSchedulersTestJSON-534515670-project-admin] 10.222.0.42 "GET /v2.0/agents/4696d4cb-be20-4539-b0e1-dccb51b88079/dhcp-networks HTTP/1.1" status: 200 len: 8827 time: 1.0545363
Mar 15 06:16:09.889667 dv-neutron-819418-12-hyperv neutron-server[104323]: DEBUG neutron.wsgi [-] (104323) accepted ('10.222.0.42', 41050) {{(pid=104323) server /usr/local/lib/python3.8/dist-packages/eventlet/wsgi.py:1004}}
Mar 15 06:16:10.009332 dv-neutron-819418-12-hyperv neutron-server[104323]: DEBUG neutron.db.db_base_plugin_common [None req-ee5ac72e-ed8b-4486-b3eb-c1428ae78d38 tempest-FloatingIPAdminTestJSON-1134037807 tempest-FloatingIPAdminTestJSON-1134037807-project] Allocated IP 172.26.6.34 (4d505b20-080e-413c-a9b6-11ce204c5701/8fa9efaf-5947-4fec-891d-f690bb753b2e/28c91181-2206-4c7f-b8d7-17b458207f9b) {{(pid=104323) _store_ip_allocation /opt/stack/neutron/neutron/db/db_base_plugin_common.py:131}}
Mar 15 06:16:10.043804 dv-neutron-819418-12-hyperv neutron-server[104323]: DEBUG neutron.wsgi [-] (104323) accepted ('10.222.0.42', 41058) {{(pid=104323) server /usr/local/lib/python3.8/dist-packages/eventlet/wsgi.py:1004}}
Mar 15 06:16:10.060643 dv-neutron-819418-12-hyperv neutron-server[104323]: WARNING keystonemiddleware.auth_token [-] A valid token was submitted as a service token, but it was not a valid service token. This is incorrect but backwards compatible behaviour. This will be removed in future releases.
Mar 15 06:16:10.094840 dv-neutron-819418-12-hyperv neutron-server[104326]: DEBUG neutron.db.l3_hamode_db [None req-a4180680-6872-4fb9-83f3-206704e904e3 None None] neutron.services.l3_router.l3_router_plugin.L3RouterPlugin method _process_sync_ha_data called with arguments (, [{'id': '805cb595-75dc-493a-8d13-8e5aa9b52544', 'name': 'tempest-ServerActionsTestJSON-452802294-router', 'tenant_id': '9b879711e2eb480191622e21c13cb863', 'admin_state_up': True, 'status': 'ACTIVE', 'external_gateway_info': {'network_id': '4d505b20-080e-413c-a9b6-11ce204c5701', 'external_fixed_ips': [{'subnet_id': '8fa9efaf-5947-4fec-891d-f690bb753b2e', 'ip_address': '172.26.6.58'}], 'enable_snat': True}, 'gw_port_id': '1862db20-381e-4819-88fe-46a731a2215b', 'description': '', 'availability_zones': ['nova'], 'distributed': False, 'ha': False, 'ha_vr_id': 0, 'availability_zone_hints': [], 'routes': [], 'flavor_id': None, 'tags': [], 'created_at': '2022-03-15T06:15:53Z', 'updated_at': '2022-03-15T06:16:04Z', 'revision_number': 4, 'project_id': '9b879711e2eb480191622e21c13cb863', 'gw_port': {'id': '1862db20-381e-4819-88fe-46a731a2215b', 'name': '', 'network_id': '4d505b20-080e-413c-a9b6-11ce204c5701', 'tenant_id': '', 'mac_address': 'fa:16:3e:b3:da:de', 'admin_state_up': True, 'status': 'ACTIVE', 'device_id': '805cb595-75dc-493a-8d13-8e5aa9b52544', 'device_owner': 'network:router_gateway', 'standard_attr_id': 95, 'fixed_ips': [{'subnet_id': '8fa9efaf-5947-4fec-891d-f690bb753b2e', 'ip_address': '172.26.6.58', 'prefixlen': 24}], 'allowed_address_pairs': [], 'extra_dhcp_opts': [], 'security_groups': [], 'description': '', 'binding:vnic_type': 'normal', 'binding:profile': {}, 'binding:host_id': 'dv-neutron-819418-12-hyperv', 'binding:vif_type': 'ovs', 'binding:vif_details': {'connectivity': 'l2', 'port_filter': True, 'ovs_hybrid_plug': False, 'datapath_type': 'system', 'bridge_name': 'br-int', 'bound_drivers': {'0': 'openvswitch'}}, 'port_security_enabled': False, 'tags': [], 'created_at': '2022-03-15T06:15:55Z', 'updated_at': '2022-03-15T06:16:08Z', 'revision_number': 4, 'project_id': '', 'subnets': [{'id': '8fa9efaf-5947-4fec-891d-f690bb753b2e', 'cidr': '172.26.6.0/24', 'gateway_ip': '172.26.6.1', 'dns_nameservers': [], 'ipv6_ra_mode': None, 'subnetpool_id': None}], 'extra_subnets': [], 'address_scopes': {4: None, 6: None}, 'mtu': 1500}, 'enable_snat': True, 'gw_port_host': 'dv-neutron-819418-12-hyperv', '_interfaces': [{'id': 'b8b99f94-eb02-4f65-aff7-cdfcd6f7c295', 'name': '', 'network_id': '90f6d129-17fd-4de0-9a1f-15d281e8918e', 'tenant_id': '9b879711e2eb480191622e21c13cb863', 'mac_address': 'fa:16:3e:83:31:0e', 'admin_state_up': True, 'status': 'DOWN', 'device_id': '805cb595-75dc-493a-8d13-8e5aa9b52544', 'device_owner': 'network:router_interface', 'standard_attr_id': 123, 'fixed_ips': [{'subnet_id': '5d60d9b9-f968-4875-9ed8-eae68d1877a8', 'ip_address': '172.20.0.1', 'prefixlen': 28}], 'allowed_address_pairs': [], 'extra_dhcp_opts': [], 'security_groups': [], 'description': '', 'binding:vnic_type': 'normal', 'binding:profile': {}, 'binding:host_id': '', 'binding:vif_type': 'unbound', 'binding:vif_details': {}, 'port_security_enabled': False, 'tags': [], 'created_at': '2022-03-15T06:16:03Z', 'updated_at': '2022-03-15T06:16:05Z', 'revision_number': 2, 'project_id': '9b879711e2eb480191622e21c13cb863', 'subnets': [{'id': '5d60d9b9-f968-4875-9ed8-eae68d1877a8', 'cidr': '172.20.0.0/28', 'gateway_ip': '172.20.0.1', 'dns_nameservers': [], 'ipv6_ra_mode': None, 'subnetpool_id': None}], 'extra_subnets': [], 'address_scopes': {4: None, 6: None}, 'mtu': 1500}]}], 'dv-neutron-819418-12-hyperv', False) {} {{(pid=104326) wrapper /usr/local/lib/python3.8/dist-packages/oslo_log/helpers.py:65}}
Mar 15 06:16:10.163151 dv-neutron-819418-12-hyperv neutron-server[104326]: DEBUG neutron.api.rpc.handlers.l3_rpc [None req-a4180680-6872-4fb9-83f3-206704e904e3 None None] Checking router: 805cb595-75dc-493a-8d13-8e5aa9b52544 for host: dv-neutron-819418-12-hyperv {{(pid=104326) _ensure_host_set_on_ports /opt/stack/neutron/neutron/api/rpc/handlers/l3_rpc.py:155}}
Mar 15 06:16:10.163528 dv-neutron-819418-12-hyperv neutron-server[104326]: DEBUG neutron.api.rpc.handlers.l3_rpc [None req-a4180680-6872-4fb9-83f3-206704e904e3 None None] Updating router 805cb595-75dc-493a-8d13-8e5aa9b52544 port b8b99f94-eb02-4f65-aff7-cdfcd6f7c295 binding host dv-neutron-819418-12-hyperv {{(pid=104326) _ensure_host_set_on_port /opt/stack/neutron/neutron/api/rpc/handlers/l3_rpc.py:205}}
Mar 15 06:16:10.167763 dv-neutron-819418-12-hyperv neutron-server[104323]: DEBUG neutron.pecan_wsgi.hooks.quota_enforcement [None req-0f77e72b-a7e8-495d-9760-092a9787d1cb tempest-AllowedAddressPairTestJSON-600026126 tempest-AllowedAddressPairTestJSON-600026126-project] Made reservation on behalf of e11ac5c9cf324d27bf08d9a1112fc907 for: {'network': 1} {{(pid=104323) before /opt/stack/neutron/neutron/pecan_wsgi/hooks/quota_enforcement.py:53}}
Mar 15 06:16:10.171732 dv-neutron-819418-12-hyperv neutron-server[104323]: DEBUG neutron_lib.callbacks.manager [None req-0f77e72b-a7e8-495d-9760-092a9787d1cb tempest-AllowedAddressPairTestJSON-600026126 tempest-AllowedAddressPairTestJSON-600026126-project] Publish callbacks ['neutron.plugins.ml2.plugin.SecurityGroupDbMixin._ensure_default_security_group_handler-3427852'] for network (None), before_create {{(pid=104323) _notify_loop /usr/local/lib/python3.8/dist-packages/neutron_lib/callbacks/manager.py:176}}
Mar 15 06:16:10.182829 dv-neutron-819418-12-hyperv neutron-server[104324]: DEBUG neutron.services.segments.db [None req-0d4753cc-2120-4967-b253-16a92bdee0df tempest-ExternalNetworksTestJSON-756608669 tempest-ExternalNetworksTestJSON-756608669-project-admin] neutron.services.segments.plugin.Plugin method get_segments called with arguments (,) {'filters': {'network_id': ['799bf202-0b81-4c0a-bae0-2227e5fdfea2']}} {{(pid=104324) wrapper /usr/local/lib/python3.8/dist-packages/oslo_log/helpers.py:65}}
Mar 15 06:16:10.196286 dv-neutron-819418-12-hyperv neutron-server[104325]: DEBUG neutron.plugins.ml2.rpc [None req-9b829dab-7308-45ce-86a1-737289111f8f None None] Device 1862db20-381e-4819-88fe-46a731a2215b up at agent ovs-agent-dv-neutron-819418-12-hyperv {{(pid=104325) update_device_up /opt/stack/neutron/neutron/plugins/ml2/rpc.py:296}}
Mar 15 06:16:10.203804 dv-neutron-819418-12-hyperv neutron-server[104326]: DEBUG neutron_lib.callbacks.manager [None req-a4180680-6872-4fb9-83f3-206704e904e3 None None] Publish callbacks ['neutron.plugins.ml2.plugin.SecurityGroupDbMixin._ensure_default_security_group_handler-3427852'] for port (b8b99f94-eb02-4f65-aff7-cdfcd6f7c295), before_update {{(pid=104326) _notify_loop /usr/local/lib/python3.8/dist-packages/neutron_lib/callbacks/manager.py:176}}
Mar 15 06:16:10.219514 dv-neutron-819418-12-hyperv neutron-server[104324]: DEBUG neutron.services.segments.db [None req-0d4753cc-2120-4967-b253-16a92bdee0df tempest-ExternalNetworksTestJSON-756608669 tempest-ExternalNetworksTestJSON-756608669-project-admin] neutron.services.segments.plugin.Plugin method delete_segment called with arguments (, 'b9a8e2d8-780a-4c82-b567-29a02072d41b') {'for_net_delete': True} {{(pid=104324) wrapper /usr/local/lib/python3.8/dist-packages/oslo_log/helpers.py:65}}
Mar 15 06:16:10.220059 dv-neutron-819418-12-hyperv neutron-server[104324]: DEBUG neutron.services.segments.db [None req-0d4753cc-2120-4967-b253-16a92bdee0df tempest-ExternalNetworksTestJSON-756608669 tempest-ExternalNetworksTestJSON-756608669-project-admin] neutron.services.segments.plugin.Plugin method get_segment called with arguments (, 'b9a8e2d8-780a-4c82-b567-29a02072d41b') {} {{(pid=104324) wrapper /usr/local/lib/python3.8/dist-packages/oslo_log/helpers.py:65}}
Mar 15 06:16:10.268083 dv-neutron-819418-12-hyperv neutron-server[104324]: DEBUG neutron_lib.callbacks.manager [None req-0d4753cc-2120-4967-b253-16a92bdee0df tempest-ExternalNetworksTestJSON-756608669 tempest-ExternalNetworksTestJSON-756608669-project-admin] Publish callbacks ['neutron.plugins.ml2.db._prevent_segment_delete_with_port_bound-8745562146762', 'neutron.services.segments.plugin.Plugin._prevent_segment_delete_with_subnet_associated-129470343'] for segment (b9a8e2d8-780a-4c82-b567-29a02072d41b), before_delete {{(pid=104324) _notify_loop /usr/local/lib/python3.8/dist-packages/neutron_lib/callbacks/manager.py:176}}
Mar 15 06:16:10.318169 dv-neutron-819418-12-hyperv neutron-server[104323]: DEBUG neutron_lib.callbacks.manager [None req-0f77e72b-a7e8-495d-9760-092a9787d1cb tempest-AllowedAddressPairTestJSON-600026126 tempest-AllowedAddressPairTestJSON-600026126-project] Publish callbacks [] for security_group (None), before_create {{(pid=104323) _notify_loop /usr/local/lib/python3.8/dist-packages/neutron_lib/callbacks/manager.py:176}}
Mar 15 06:16:10.322282 dv-neutron-819418-12-hyperv neutron-server[104325]: DEBUG neutron.db.provisioning_blocks [None req-9b829dab-7308-45ce-86a1-737289111f8f None None] Provisioning complete for port 1862db20-381e-4819-88fe-46a731a2215b triggered by entity L2. {{(pid=104325) provisioning_complete /opt/stack/neutron/neutron/db/provisioning_blocks.py:140}}
Mar 15 06:16:10.322793 dv-neutron-819418-12-hyperv neutron-server[104325]: DEBUG neutron_lib.callbacks.manager [None req-9b829dab-7308-45ce-86a1-737289111f8f None None] Publish callbacks ['neutron.plugins.ml2.plugin.Ml2Plugin._port_provisioned-3150590'] for port (1862db20-381e-4819-88fe-46a731a2215b), provisioning_complete {{(pid=104325) _notify_loop /usr/local/lib/python3.8/dist-packages/neutron_lib/callbacks/manager.py:176}}
Mar 15 06:16:10.331152 dv-neutron-819418-12-hyperv neutron-server[104324]: DEBUG neutron_lib.callbacks.manager [None req-0d4753cc-2120-4967-b253-16a92bdee0df tempest-ExternalNetworksTestJSON-756608669 tempest-ExternalNetworksTestJSON-756608669-project-admin] Publish callbacks ['neutron.plugins.ml2.plugin.Ml2Plugin._handle_segment_change-3603519'] for segment (b9a8e2d8-780a-4c82-b567-29a02072d41b), precommit_delete {{(pid=104324) _notify_loop /usr/local/lib/python3.8/dist-packages/neutron_lib/callbacks/manager.py:176}}
Mar 15 06:16:10.343119 dv-neutron-819418-12-hyperv neutron-server[104324]: DEBUG neutron.plugins.ml2.drivers.type_vlan [None req-0d4753cc-2120-4967-b253-16a92bdee0df tempest-ExternalNetworksTestJSON-756608669 tempest-ExternalNetworksTestJSON-756608669-project-admin] Releasing vlan 217 on physical network physnet1 to pool {{(pid=104324) release_segment /opt/stack/neutron/neutron/plugins/ml2/drivers/type_vlan.py:304}}
Mar 15 06:16:10.344251 dv-neutron-819418-12-hyperv neutron-server[104324]: DEBUG neutron_lib.callbacks.manager [None req-0d4753cc-2120-4967-b253-16a92bdee0df tempest-ExternalNetworksTestJSON-756608669 tempest-ExternalNetworksTestJSON-756608669-project-admin] Publish callbacks ['neutron.plugins.ml2.plugin.Ml2Plugin._handle_segment_change-3603519', 'neutron.services.segments.plugin.NovaSegmentNotifier._notify_segment_deleted-129323190'] for segment (b9a8e2d8-780a-4c82-b567-29a02072d41b), after_delete {{(pid=104324) _notify_loop /usr/local/lib/python3.8/dist-packages/neutron_lib/callbacks/manager.py:176}}
Mar 15 06:16:10.347021 dv-neutron-819418-12-hyperv neutron-server[104324]: Traceback (most recent call last):
Mar 15 06:16:10.347021 dv-neutron-819418-12-hyperv neutron-server[104324]: File "/usr/local/lib/python3.8/dist-packages/eventlet/hubs/hub.py", line 476, in fire_timers
Mar 15 06:16:10.347021 dv-neutron-819418-12-hyperv neutron-server[104324]: timer()
Mar 15 06:16:10.347021 dv-neutron-819418-12-hyperv neutron-server[104324]: File "/usr/local/lib/python3.8/dist-packages/eventlet/hubs/timer.py", line 59, in __call__
Mar 15 06:16:10.347021 dv-neutron-819418-12-hyperv neutron-server[104324]: cb(*args, **kw)
Mar 15 06:16:10.347021 dv-neutron-819418-12-hyperv neutron-server[104324]: File "/opt/stack/neutron/neutron/common/utils.py", line 921, in wrapper
Mar 15 06:16:10.347021 dv-neutron-819418-12-hyperv neutron-server[104324]: return func(*args, **kwargs)
Mar 15 06:16:10.347021 dv-neutron-819418-12-hyperv neutron-server[104324]: File "/opt/stack/neutron/neutron/notifiers/batch_notifier.py", line 58, in synced_send
Mar 15 06:16:10.347021 dv-neutron-819418-12-hyperv neutron-server[104324]: self._notify()
Mar 15 06:16:10.347021 dv-neutron-819418-12-hyperv neutron-server[104324]: File "/opt/stack/neutron/neutron/notifiers/batch_notifier.py", line 69, in _notify
Mar 15 06:16:10.347021 dv-neutron-819418-12-hyperv neutron-server[104324]: self.callback(batched_events)
Mar 15 06:16:10.347021 dv-neutron-819418-12-hyperv neutron-server[104324]: File "/opt/stack/neutron/neutron/services/segments/plugin.py", line 211, in _send_notifications
Mar 15 06:16:10.347021 dv-neutron-819418-12-hyperv neutron-server[104324]: event.method(event)
Mar 15 06:16:10.347021 dv-neutron-819418-12-hyperv neutron-server[104324]: File "/opt/stack/neutron/neutron/services/segments/plugin.py", line 383, in _delete_nova_inventory
Mar 15 06:16:10.347021 dv-neutron-819418-12-hyperv neutron-server[104324]: aggregate_id = self._get_aggregate_id(event.segment_id)
Mar 15 06:16:10.347021 dv-neutron-819418-12-hyperv neutron-server[104324]: File "/opt/stack/neutron/neutron/services/segments/plugin.py", line 370, in _get_aggregate_id
Mar 15 06:16:10.347021 dv-neutron-819418-12-hyperv neutron-server[104324]: aggregate_uuid = self.p_client.list_aggregates(
Mar 15 06:16:10.347021 dv-neutron-819418-12-hyperv neutron-server[104324]: File "/usr/local/lib/python3.8/dist-packages/neutron_lib/placement/client.py", line 58, in wrapper
Mar 15 06:16:10.347021 dv-neutron-819418-12-hyperv neutron-server[104324]: return f(self, *a, **k)
Mar 15 06:16:10.347021 dv-neutron-819418-12-hyperv neutron-server[104324]: File "/usr/local/lib/python3.8/dist-packages/neutron_lib/placement/client.py", line 554, in list_aggregates
Mar 15 06:16:10.347021 dv-neutron-819418-12-hyperv neutron-server[104324]: return self._get(url).json()
Mar 15 06:16:10.347021 dv-neutron-819418-12-hyperv neutron-server[104324]: File "/usr/local/lib/python3.8/dist-packages/neutron_lib/placement/client.py", line 190, in _get
Mar 15 06:16:10.347021 dv-neutron-819418-12-hyperv neutron-server[104324]: return self._client.get(url, endpoint_filter=self._ks_filter,
Mar 15 06:16:10.347021 dv-neutron-819418-12-hyperv neutron-server[104324]: File "/usr/local/lib/python3.8/dist-packages/keystoneauth1/session.py", line 1141, in get
Mar 15 06:16:10.347021 dv-neutron-819418-12-hyperv neutron-server[104324]: return self.request(url, 'GET', **kwargs)
Mar 15 06:16:10.347021 dv-neutron-819418-12-hyperv neutron-server[104324]: File "/usr/local/lib/python3.8/dist-packages/keystoneauth1/session.py", line 811, in request
Mar 15 06:16:10.347021 dv-neutron-819418-12-hyperv neutron-server[104324]: base_url = self.get_endpoint(auth, allow=allow,
Mar 15 06:16:10.347021 dv-neutron-819418-12-hyperv neutron-server[104324]: File "/usr/local/lib/python3.8/dist-packages/keystoneauth1/session.py", line 1241, in get_endpoint
Mar 15 06:16:10.347021 dv-neutron-819418-12-hyperv neutron-server[104324]: auth = self._auth_required(auth, 'determine endpoint URL')
Mar 15 06:16:10.347021 dv-neutron-819418-12-hyperv neutron-server[104324]: File "/usr/local/lib/python3.8/dist-packages/keystoneauth1/session.py", line 1181, in _auth_required
Mar 15 06:16:10.347021 dv-neutron-819418-12-hyperv neutron-server[104324]: raise exceptions.MissingAuthPlugin(msg_fmt % msg)
Mar 15 06:16:10.347021 dv-neutron-819418-12-hyperv neutron-server[104324]: keystoneauth1.exceptions.auth_plugins.MissingAuthPlugin: An auth plugin is required to determine endpoint URL
Mar 15 06:16:10.431180 dv-neutron-819418-12-hyperv neutron-server[104324]: DEBUG neutron_lib.callbacks.manager [None req-c4e62296-c787-437a-9639-bfe968a4ff18 tempest-AllowedAddressPairIpV6TestJSON-249535334 tempest-AllowedAddressPairIpV6TestJSON-249535334-project] Publish callbacks [] for port (3721a613-3457-4607-86ff-00749d9c8c77), precommit_update {{(pid=104324) _notify_loop /usr/local/lib/python3.8/dist-packages/neutron_lib/callbacks/manager.py:176}}
Mar 15 06:16:10.472047 dv-neutron-819418-12-hyperv neutron-server[104325]: DEBUG neutron.plugins.ml2.plugin [None req-9b829dab-7308-45ce-86a1-737289111f8f None None] Current status of the port 1862db20-381e-4819-88fe-46a731a2215b is: ACTIVE; New status is: ACTIVE {{(pid=104325) _update_individual_port_db_status /opt/stack/neutron/neutron/plugins/ml2/plugin.py:2256}}
Mar 15 06:16:10.472796 dv-neutron-819418-12-hyperv neutron-server[104325]: DEBUG neutron.plugins.ml2.rpc [None req-9b829dab-7308-45ce-86a1-737289111f8f None None] Device 86292c7f-9159-456e-b867-09cd435b4038 up at agent ovs-agent-dv-neutron-819418-12-hyperv {{(pid=104325) update_device_up /opt/stack/neutron/neutron/plugins/ml2/rpc.py:296}}
Mar 15 06:16:10.485337 dv-neutron-819418-12-hyperv neutron-server[104323]: INFO neutron.wsgi [req-d2a73da2-6d69-4b91-881f-07f5053ad366 req-27e058e8-3f4f-4b81-acfe-0432d870fd37 tempest-ServersTestManualDisk-1772961944 tempest-ServersTestManualDisk-1772961944-project] 10.222.0.42 "GET /v2.0/security-groups?name=tempest-securitygroup--1863696809&fields=id&tenant_id=2d4cf153d74a4cdbb910498671b51905 HTTP/1.1" status: 200 len: 267 time: 0.4271317
Mar 15 06:16:10.516406 dv-neutron-819418-12-hyperv neutron-server[104324]: DEBUG neutron.wsgi [-] (104324) accepted ('10.222.0.42', 41060) {{(pid=104324) server /usr/local/lib/python3.8/dist-packages/eventlet/wsgi.py:1004}}
Mar 15 06:16:10.521592 dv-neutron-819418-12-hyperv neutron-server[104324]: DEBUG neutron.api.v2.base [None req-4019d68b-075b-4134-96af-25f3e0529837 tempest-ServerActionsTestJSON-977482018 tempest-ServerActionsTestJSON-977482018-project] Request body: {'security_group': {'name': 'tempest-securitygroup--341251342', 'description': 'tempest-description--1314436336'}} {{(pid=104324) prepare_request_body /opt/stack/neutron/neutron/api/v2/base.py:729}}
Mar 15 06:16:10.542723 dv-neutron-819418-12-hyperv neutron-server[104325]: DEBUG neutron.db.provisioning_blocks [None req-9b829dab-7308-45ce-86a1-737289111f8f None None] Provisioning complete for port 86292c7f-9159-456e-b867-09cd435b4038 triggered by entity L2. {{(pid=104325) provisioning_complete /opt/stack/neutron/neutron/db/provisioning_blocks.py:140}}
Mar 15 06:16:10.543277 dv-neutron-819418-12-hyperv neutron-server[104325]: DEBUG neutron_lib.callbacks.manager [None req-9b829dab-7308-45ce-86a1-737289111f8f None None] Publish callbacks ['neutron.plugins.ml2.plugin.Ml2Plugin._port_provisioned-3150590'] for port (86292c7f-9159-456e-b867-09cd435b4038), provisioning_complete {{(pid=104325) _notify_loop /usr/local/lib/python3.8/dist-packages/neutron_lib/callbacks/manager.py:176}}
Mar 15 06:16:10.558649 dv-neutron-819418-12-hyperv neutron-server[104324]: DEBUG neutron_lib.callbacks.manager [None req-0d4753cc-2120-4967-b253-16a92bdee0df tempest-ExternalNetworksTestJSON-756608669 tempest-ExternalNetworksTestJSON-756608669-project-admin] Publish callbacks ['neutron.plugins.ml2.plugin.Ml2Plugin._network_delete_after_delete_handler-3150226', 'neutron.plugins.ml2.ovo_rpc._ObjectChangeHandler.handle_event-637680', 'neutron.api.rpc.agentnotifiers.dhcp_rpc_agent_api.DhcpAgentNotifyAPI._native_event_send_dhcp_notification-539149', 'neutron.services.l3_router.l3_router_plugin.DVRResourceOperationHandler.delete_fip_namespaces_for_ext_net-705074'] for network (799bf202-0b81-4c0a-bae0-2227e5fdfea2), after_delete {{(pid=104324) _notify_loop /usr/local/lib/python3.8/dist-packages/neutron_lib/callbacks/manager.py:176}}
Mar 15 06:16:10.560482 dv-neutron-819418-12-hyperv neutron-server[104324]: DEBUG neutron_lib.callbacks.manager [None req-c4e62296-c787-437a-9639-bfe968a4ff18 tempest-AllowedAddressPairIpV6TestJSON-249535334 tempest-AllowedAddressPairIpV6TestJSON-249535334-project] Publish callbacks ['neutron.plugins.ml2.plugin.SecurityGroupServerNotifierRpcMixin._notify_sg_on_port_change-3427960', 'neutron.plugins.ml2.ovo_rpc._ObjectChangeHandler.handle_event-257700', 'neutron.api.rpc.agentnotifiers.dhcp_rpc_agent_api.DhcpAgentNotifyAPI._native_event_send_dhcp_notification-539149', 'neutron.db.l3_db.L3RpcNotifierMixin._notify_gateway_port_ip_changed-8745561994262', 'neutron.db.l3_dvrscheduler_db._notify_l3_agent_port_update-8745561554270', 'neutron.db.l3_hascheduler_db._notify_l3_agent_ha_port_update-8745561554288', 'neutron.services.segments.plugin.NovaSegmentNotifier._notify_port_updated-129323226'] for port (3721a613-3457-4607-86ff-00749d9c8c77), after_update {{(pid=104324) _notify_loop /usr/local/lib/python3.8/dist-packages/neutron_lib/callbacks/manager.py:176}}
Mar 15 06:16:10.585736 dv-neutron-819418-12-hyperv neutron-server[104324]: DEBUG neutron.plugins.ml2.plugin [None req-c4e62296-c787-437a-9639-bfe968a4ff18 tempest-AllowedAddressPairIpV6TestJSON-249535334 tempest-AllowedAddressPairIpV6TestJSON-249535334-project] In _notify_port_updated(), no bound segment for port 3721a613-3457-4607-86ff-00749d9c8c77 on network 5787411e-661e-49f2-9891-f0252ebf7088 {{(pid=104324) _notify_port_updated /opt/stack/neutron/neutron/plugins/ml2/plugin.py:896}}
Mar 15 06:16:10.591664 dv-neutron-819418-12-hyperv neutron-server[104324]: DEBUG neutron.pecan_wsgi.hooks.policy_enforcement [None req-c4e62296-c787-437a-9639-bfe968a4ff18 tempest-AllowedAddressPairIpV6TestJSON-249535334 tempest-AllowedAddressPairIpV6TestJSON-249535334-project] Attributes excluded by policy engine: ['standard_attr_id', 'binding:profile', 'binding:host_id', 'binding:vif_type', 'binding:vif_details'] {{(pid=104324) _exclude_attributes_by_policy /opt/stack/neutron/neutron/pecan_wsgi/hooks/policy_enforcement.py:255}}
Mar 15 06:16:10.598578 dv-neutron-819418-12-hyperv neutron-server[104324]: DEBUG neutron_lib.callbacks.manager [None req-c4e62296-c787-437a-9639-bfe968a4ff18 tempest-AllowedAddressPairIpV6TestJSON-249535334 tempest-AllowedAddressPairIpV6TestJSON-249535334-project] Publish callbacks ['neutron.notifiers.nova.Notifier._send_nova_notification-251958'] for port (None), before_response {{(pid=104324) _notify_loop /usr/local/lib/python3.8/dist-packages/neutron_lib/callbacks/manager.py:176}}
Mar 15 06:16:10.598578 dv-neutron-819418-12-hyperv neutron-server[104324]: INFO neutron.wsgi [None req-c4e62296-c787-437a-9639-bfe968a4ff18 tempest-AllowedAddressPairIpV6TestJSON-249535334 tempest-AllowedAddressPairIpV6TestJSON-249535334-project] 10.222.0.42 "PUT /v2.0/ports/3721a613-3457-4607-86ff-00749d9c8c77 HTTP/1.1" status: 200 len: 1001 time: 1.9517043
Mar 15 06:16:10.603606 dv-neutron-819418-12-hyperv neutron-server[104325]: DEBUG neutron.api.rpc.handlers.dhcp_rpc [None req-a8eeface-5a1e-4e00-b226-d9db00b09a67 None None] Network dc2a3bb6-300d-4e6b-a933-0d2469fe702c requested from dv-neutron-819418-12-hyperv {{(pid=104325) get_network_info /opt/stack/neutron/neutron/api/rpc/handlers/dhcp_rpc.py:191}}
Mar 15 06:16:10.612510 dv-neutron-819418-12-hyperv neutron-server[104324]: DEBUG neutron.wsgi [-] (104324) accepted ('10.222.0.42', 41062) {{(pid=104324) server /usr/local/lib/python3.8/dist-packages/eventlet/wsgi.py:1004}}
Mar 15 06:16:10.612510 dv-neutron-819418-12-hyperv neutron-server[104324]: DEBUG neutron.api.rpc.agentnotifiers.l3_rpc_agent_api [None req-0d4753cc-2120-4967-b253-16a92bdee0df tempest-ExternalNetworksTestJSON-756608669 tempest-ExternalNetworksTestJSON-756608669-project-admin] Fanout notify agent at l3_agent the message fipnamespace_delete_on_ext_net for external_network 799bf202-0b81-4c0a-bae0-2227e5fdfea2 {{(pid=104324) _notification_fanout /opt/stack/neutron/neutron/api/rpc/agentnotifiers/l3_rpc_agent_api.py:120}}
Mar 15 06:16:10.613203 dv-neutron-819418-12-hyperv neutron-server[104324]: DEBUG neutron.api.rpc.handlers.resources_rpc [None req-0d4753cc-2120-4967-b253-16a92bdee0df tempest-ExternalNetworksTestJSON-756608669 tempest-ExternalNetworksTestJSON-756608669-project-admin] Pushing event deleted for resources: {'Network': ['ID=799bf202-0b81-4c0a-bae0-2227e5fdfea2,revision_number=None']} {{(pid=104324) push /opt/stack/neutron/neutron/api/rpc/handlers/resources_rpc.py:237}}
Mar 15 06:16:10.639671 dv-neutron-819418-12-hyperv neutron-server[104324]: DEBUG neutron_lib.callbacks.manager [None req-0d4753cc-2120-4967-b253-16a92bdee0df tempest-ExternalNetworksTestJSON-756608669 tempest-ExternalNetworksTestJSON-756608669-project-admin] Publish callbacks ['neutron.api.rpc.agentnotifiers.dhcp_rpc_agent_api.DhcpAgentNotifyAPI._send_dhcp_notification-539199'] for network (None), before_response {{(pid=104324) _notify_loop /usr/local/lib/python3.8/dist-packages/neutron_lib/callbacks/manager.py:176}}
Mar 15 06:16:10.647526 dv-neutron-819418-12-hyperv neutron-server[104324]: INFO neutron.wsgi [None req-0d4753cc-2120-4967-b253-16a92bdee0df tempest-ExternalNetworksTestJSON-756608669 tempest-ExternalNetworksTestJSON-756608669-project-admin] 10.222.0.42 "DELETE /v2.0/networks/799bf202-0b81-4c0a-bae0-2227e5fdfea2 HTTP/1.1" status: 204 len: 168 time: 3.2467790
Mar 15 06:16:10.663060 dv-neutron-819418-12-hyperv neutron-server[104324]: DEBUG neutron.wsgi [-] (104324) accepted ('10.222.0.42', 41064) {{(pid=104324) server /usr/local/lib/python3.8/dist-packages/eventlet/wsgi.py:1004}}
Mar 15 06:16:10.751535 dv-neutron-819418-12-hyperv neutron-server[104326]: DEBUG neutron_lib.callbacks.manager [None req-a4180680-6872-4fb9-83f3-206704e904e3 None None] Publish callbacks [] for port (b8b99f94-eb02-4f65-aff7-cdfcd6f7c295), precommit_update {{(pid=104326) _notify_loop /usr/local/lib/python3.8/dist-packages/neutron_lib/callbacks/manager.py:176}}
Mar 15 06:16:10.797252 dv-neutron-819418-12-hyperv neutron-server[104324]: INFO neutron.wsgi [None req-4dc53323-0682-4b28-8ba5-1609fa29595a tempest-ExternalNetworksTestJSON-756608669 tempest-ExternalNetworksTestJSON-756608669-project-admin] 10.222.0.42 "GET /v2.0/floatingips HTTP/1.1" status: 200 len: 1170 time: 0.1296868
Mar 15 06:16:10.805392 dv-neutron-819418-12-hyperv neutron-server[104324]: DEBUG neutron.wsgi [-] (104324) accepted ('10.222.0.42', 41066) {{(pid=104324) server /usr/local/lib/python3.8/dist-packages/eventlet/wsgi.py:1004}}
Mar 15 06:16:10.810980 dv-neutron-819418-12-hyperv neutron-server[104324]: DEBUG neutron_lib.callbacks.manager [None req-4019d68b-075b-4134-96af-25f3e0529837 tempest-ServerActionsTestJSON-977482018 tempest-ServerActionsTestJSON-977482018-project] Publish callbacks [] for security_group (None), before_create {{(pid=104324) _notify_loop /usr/local/lib/python3.8/dist-packages/neutron_lib/callbacks/manager.py:176}}
Mar 15 06:16:10.849993 dv-neutron-819418-12-hyperv neutron-server[104326]: DEBUG neutron_lib.callbacks.manager [None req-a4180680-6872-4fb9-83f3-206704e904e3 None None] Publish callbacks ['neutron.plugins.ml2.plugin.SecurityGroupServerNotifierRpcMixin._notify_sg_on_port_change-3427960', 'neutron.plugins.ml2.ovo_rpc._ObjectChangeHandler.handle_event-257700', 'neutron.api.rpc.agentnotifiers.dhcp_rpc_agent_api.DhcpAgentNotifyAPI._native_event_send_dhcp_notification-539149', 'neutron.db.l3_db.L3RpcNotifierMixin._notify_gateway_port_ip_changed-8745561994262', 'neutron.db.l3_dvrscheduler_db._notify_l3_agent_port_update-8745561554270', 'neutron.db.l3_hascheduler_db._notify_l3_agent_ha_port_update-8745561554288'] for port (b8b99f94-eb02-4f65-aff7-cdfcd6f7c295), after_update {{(pid=104326) _notify_loop /usr/local/lib/python3.8/dist-packages/neutron_lib/callbacks/manager.py:176}}
Mar 15 06:16:10.886613 dv-neutron-819418-12-hyperv neutron-server[104324]: DEBUG neutron.pecan_wsgi.hooks.policy_enforcement [None req-82b182dc-53a3-4ef1-a03a-4762236355f7 tempest-ExternalNetworksTestJSON-756608669 tempest-ExternalNetworksTestJSON-756608669-project-admin] Attributes excluded by policy engine: ['standard_attr_id', 'shared', 'segment_id'] {{(pid=104324) _exclude_attributes_by_policy /opt/stack/neutron/neutron/pecan_wsgi/hooks/policy_enforcement.py:255}}
Mar 15 06:16:10.887082 dv-neutron-819418-12-hyperv neutron-server[104324]: DEBUG neutron.pecan_wsgi.hooks.policy_enforcement [None req-82b182dc-53a3-4ef1-a03a-4762236355f7 tempest-ExternalNetworksTestJSON-756608669 tempest-ExternalNetworksTestJSON-756608669-project-admin] Attributes excluded by policy engine: ['standard_attr_id', 'shared', 'segment_id'] {{(pid=104324) _exclude_attributes_by_policy /opt/stack/neutron/neutron/pecan_wsgi/hooks/policy_enforcement.py:255}}
Mar 15 06:16:10.887541 dv-neutron-819418-12-hyperv neutron-server[104324]: DEBUG neutron.pecan_wsgi.hooks.policy_enforcement [None req-82b182dc-53a3-4ef1-a03a-4762236355f7 tempest-ExternalNetworksTestJSON-756608669 tempest-ExternalNetworksTestJSON-756608669-project-admin] Attributes excluded by policy engine: ['standard_attr_id', 'shared', 'segment_id'] {{(pid=104324) _exclude_attributes_by_policy /opt/stack/neutron/neutron/pecan_wsgi/hooks/policy_enforcement.py:255}}
Mar 15 06:16:10.887990 dv-neutron-819418-12-hyperv neutron-server[104324]: DEBUG neutron.pecan_wsgi.hooks.policy_enforcement [None req-82b182dc-53a3-4ef1-a03a-4762236355f7 tempest-ExternalNetworksTestJSON-756608669 tempest-ExternalNetworksTestJSON-756608669-project-admin] Attributes excluded by policy engine: ['standard_attr_id', 'shared', 'segment_id'] {{(pid=104324) _exclude_attributes_by_policy /opt/stack/neutron/neutron/pecan_wsgi/hooks/policy_enforcement.py:255}}
Mar 15 06:16:10.888485 dv-neutron-819418-12-hyperv neutron-server[104324]: DEBUG neutron.pecan_wsgi.hooks.policy_enforcement [None req-82b182dc-53a3-4ef1-a03a-4762236355f7 tempest-ExternalNetworksTestJSON-756608669 tempest-ExternalNetworksTestJSON-756608669-project-admin] Attributes excluded by policy engine: ['standard_attr_id', 'shared', 'segment_id'] {{(pid=104324) _exclude_attributes_by_policy /opt/stack/neutron/neutron/pecan_wsgi/hooks/policy_enforcement.py:255}}
Mar 15 06:16:10.888956 dv-neutron-819418-12-hyperv neutron-server[104324]: DEBUG neutron.pecan_wsgi.hooks.policy_enforcement [None req-82b182dc-53a3-4ef1-a03a-4762236355f7 tempest-ExternalNetworksTestJSON-756608669 tempest-ExternalNetworksTestJSON-756608669-project-admin] Attributes excluded by policy engine: ['standard_attr_id', 'shared', 'segment_id'] {{(pid=104324) _exclude_attributes_by_policy /opt/stack/neutron/neutron/pecan_wsgi/hooks/policy_enforcement.py:255}}
Mar 15 06:16:10.889720 dv-neutron-819418-12-hyperv neutron-server[104324]: DEBUG neutron.pecan_wsgi.hooks.policy_enforcement [None req-82b182dc-53a3-4ef1-a03a-4762236355f7 tempest-ExternalNetworksTestJSON-756608669 tempest-ExternalNetworksTestJSON-756608669-project-admin] Attributes excluded by policy engine: ['standard_attr_id', 'shared', 'segment_id'] {{(pid=104324) _exclude_attributes_by_policy /opt/stack/neutron/neutron/pecan_wsgi/hooks/policy_enforcement.py:255}}
Mar 15 06:16:10.889840 dv-neutron-819418-12-hyperv neutron-server[104324]: DEBUG neutron.pecan_wsgi.hooks.policy_enforcement [None req-82b182dc-53a3-4ef1-a03a-4762236355f7 tempest-ExternalNetworksTestJSON-756608669 tempest-ExternalNetworksTestJSON-756608669-project-admin] Attributes excluded by policy engine: ['standard_attr_id', 'shared', 'segment_id'] {{(pid=104324) _exclude_attributes_by_policy /opt/stack/neutron/neutron/pecan_wsgi/hooks/policy_enforcement.py:255}}
Mar 15 06:16:10.890561 dv-neutron-819418-12-hyperv neutron-server[104324]: DEBUG neutron.pecan_wsgi.hooks.policy_enforcement [None req-82b182dc-53a3-4ef1-a03a-4762236355f7 tempest-ExternalNetworksTestJSON-756608669 tempest-ExternalNetworksTestJSON-756608669-project-admin] Attributes excluded by policy engine: ['standard_attr_id', 'shared', 'segment_id'] {{(pid=104324) _exclude_attributes_by_policy /opt/stack/neutron/neutron/pecan_wsgi/hooks/policy_enforcement.py:255}}
Mar 15 06:16:10.901494 dv-neutron-819418-12-hyperv neutron-server[104324]: INFO neutron.wsgi [None req-82b182dc-53a3-4ef1-a03a-4762236355f7 tempest-ExternalNetworksTestJSON-756608669 tempest-ExternalNetworksTestJSON-756608669-project-admin] 10.222.0.42 "GET /v2.0/subnets HTTP/1.1" status: 200 len: 5810 time: 0.0884922
Mar 15 06:16:10.905202 dv-neutron-819418-12-hyperv neutron-server[104324]: DEBUG neutron.wsgi [-] (104324) accepted ('10.222.0.42', 41068) {{(pid=104324) server /usr/local/lib/python3.8/dist-packages/eventlet/wsgi.py:1004}}
Mar 15 06:16:10.960279 dv-neutron-819418-12-hyperv neutron-server[104325]: DEBUG neutron.db.provisioning_blocks [None req-3a5620c3-ec59-4435-bd51-ad3de2b64f5b None None] Provisioning complete for port 60241d70-ed4b-47a3-831b-f09f4b59bd66 triggered by entity DHCP. {{(pid=104325) provisioning_complete /opt/stack/neutron/neutron/db/provisioning_blocks.py:140}}
Mar 15 06:16:10.960768 dv-neutron-819418-12-hyperv neutron-server[104325]: DEBUG neutron_lib.callbacks.manager [None req-3a5620c3-ec59-4435-bd51-ad3de2b64f5b None None] Publish callbacks ['neutron.plugins.ml2.plugin.Ml2Plugin._port_provisioned-3150590'] for port (60241d70-ed4b-47a3-831b-f09f4b59bd66), provisioning_complete {{(pid=104325) _notify_loop /usr/local/lib/python3.8/dist-packages/neutron_lib/callbacks/manager.py:176}}
Mar 15 06:16:10.969291 dv-neutron-819418-12-hyperv neutron-server[104323]: DEBUG neutron_lib.callbacks.manager [None req-ee5ac72e-ed8b-4486-b3eb-c1428ae78d38 tempest-FloatingIPAdminTestJSON-1134037807 tempest-FloatingIPAdminTestJSON-1134037807-project] Publish callbacks [] for port (28c91181-2206-4c7f-b8d7-17b458207f9b), precommit_create {{(pid=104323) _notify_loop /usr/local/lib/python3.8/dist-packages/neutron_lib/callbacks/manager.py:176}}
Mar 15 06:16:10.995376 dv-neutron-819418-12-hyperv neutron-server[104324]: INFO neutron.api.v2.resource [None req-2f44f25f-73e8-45a0-8e6f-eced20d47b13 tempest-ExternalNetworksTestJSON-756608669 tempest-ExternalNetworksTestJSON-756608669-project-admin] delete failed (client error): The resource could not be found.
Mar 15 06:16:11.001886 dv-neutron-819418-12-hyperv neutron-server[104324]: INFO neutron.wsgi [None req-2f44f25f-73e8-45a0-8e6f-eced20d47b13 tempest-ExternalNetworksTestJSON-756608669 tempest-ExternalNetworksTestJSON-756608669-project-admin] 10.222.0.42 "DELETE /v2.0/floatingips/2e6dec0b-61b8-4ba8-bf15-1822ed1f522d HTTP/1.1" status: 404 len: 345 time: 0.0839231
Mar 15 06:16:11.029652 dv-neutron-819418-12-hyperv neutron-server[104326]: DEBUG neutron.api.rpc.handlers.resources_rpc [None req-46c9dd20-76d6-49f0-8817-b43a303aef68 None None] Pushing event updated for resources: {'Port': ['ID=b8b99f94-eb02-4f65-aff7-cdfcd6f7c295,revision_number=3']} {{(pid=104326) push /opt/stack/neutron/neutron/api/rpc/handlers/resources_rpc.py:237}}
Mar 15 06:16:11.036065 dv-neutron-819418-12-hyperv neutron-server[104323]: DEBUG neutron_lib.callbacks.manager [None req-9f3b0d38-bcc1-4801-b4cd-13a7a4a98cf0 admin admin] Publish callbacks [] for port (c170dfa7-5264-4ebc-810e-107b751e4f67), precommit_update {{(pid=104323) _notify_loop /usr/local/lib/python3.8/dist-packages/neutron_lib/callbacks/manager.py:176}}
Mar 15 06:16:11.037170 dv-neutron-819418-12-hyperv neutron-server[104324]: DEBUG neutron.api.rpc.handlers.resources_rpc [None req-c4e62296-c787-437a-9639-bfe968a4ff18 tempest-AllowedAddressPairIpV6TestJSON-249535334 tempest-AllowedAddressPairIpV6TestJSON-249535334-project] Pushing event updated for resources: {'Port': ['ID=3721a613-3457-4607-86ff-00749d9c8c77,revision_number=2']} {{(pid=104324) push /opt/stack/neutron/neutron/api/rpc/handlers/resources_rpc.py:237}}
Mar 15 06:16:11.040137 dv-neutron-819418-12-hyperv neutron-server[104324]: DEBUG neutron.wsgi [-] (104324) accepted ('10.222.0.42', 41070) {{(pid=104324) server /usr/local/lib/python3.8/dist-packages/eventlet/wsgi.py:1004}}
Mar 15 06:16:11.102491 dv-neutron-819418-12-hyperv neutron-server[104326]: DEBUG neutron.plugins.ml2.managers [None req-a4180680-6872-4fb9-83f3-206704e904e3 None None] Attempting to bind port b8b99f94-eb02-4f65-aff7-cdfcd6f7c295 on host dv-neutron-819418-12-hyperv for vnic_type normal with profile {{(pid=104326) bind_port /opt/stack/neutron/neutron/plugins/ml2/managers.py:795}}
Mar 15 06:16:11.103211 dv-neutron-819418-12-hyperv neutron-server[104326]: DEBUG neutron.plugins.ml2.managers [None req-a4180680-6872-4fb9-83f3-206704e904e3 None None] Attempting to bind port b8b99f94-eb02-4f65-aff7-cdfcd6f7c295 by drivers openvswitch,hyperv on host dv-neutron-819418-12-hyperv at level 0 using segments [{'id': '1d96e0a7-fc99-436a-84bc-1d49c728082b', 'network_type': 'vlan', 'physical_network': 'physnet1', 'segmentation_id': 202, 'network_id': '90f6d129-17fd-4de0-9a1f-15d281e8918e'}] {{(pid=104326) _bind_port_level /opt/stack/neutron/neutron/plugins/ml2/managers.py:820}}
Mar 15 06:16:11.109484 dv-neutron-819418-12-hyperv neutron-server[104326]: DEBUG neutron.plugins.ml2.drivers.mech_agent [None req-a4180680-6872-4fb9-83f3-206704e904e3 None None] Attempting to bind port b8b99f94-eb02-4f65-aff7-cdfcd6f7c295 on network 90f6d129-17fd-4de0-9a1f-15d281e8918e {{(pid=104326) bind_port /opt/stack/neutron/neutron/plugins/ml2/drivers/mech_agent.py:91}}
Mar 15 06:16:11.111966 dv-neutron-819418-12-hyperv neutron-server[104323]: DEBUG neutron_lib.callbacks.manager [None req-0f77e72b-a7e8-495d-9760-092a9787d1cb tempest-AllowedAddressPairTestJSON-600026126 tempest-AllowedAddressPairTestJSON-600026126-project] Publish callbacks [] for security_group (00c9ee26-cda7-4ed8-ac49-4edfd7141069), precommit_create {{(pid=104323) _notify_loop /usr/local/lib/python3.8/dist-packages/neutron_lib/callbacks/manager.py:176}}
