Nov 25 06:05:17.175702 dv-neutron-819253-1-hyperv neutron-server[103466]: DEBUG neutron_lib.callbacks.manager [None req-f7396b19-00d1-4494-a1b3-e91e2a1517c3 admin admin] Publish callbacks ['neutron.services.l3_router.l3_router_plugin.L3_HA_NAT_db_mixin._precommit_router_create-769976', 'neutron.services.l3_router.l3_router_plugin.DVRResourceOperationHandler._set_distributed_flag-768203', 'neutron.services.l3_router.l3_router_plugin.RouterAvailabilityZoneMixin._process_az_request-533535', 'neutron.services.l3_router.service_providers.driver_controller.DriverController._set_router_provider-10125'] for router, precommit_create {{(pid=103466) _notify_loop /usr/local/lib/python3.8/dist-packages/neutron_lib/callbacks/manager.py:175}}
Nov 25 06:05:17.301998 dv-neutron-819253-1-hyperv neutron-server[103468]: DEBUG neutron_lib.callbacks.manager [None req-9b979ef6-dda0-494a-92c8-9dee4db82c39 None None] Publish callbacks [] for port, precommit_create {{(pid=103468) _notify_loop /usr/local/lib/python3.8/dist-packages/neutron_lib/callbacks/manager.py:175}}
Nov 25 06:05:17.337759 dv-neutron-819253-1-hyperv neutron-server[103468]: DEBUG neutron_lib.callbacks.manager [None req-9b979ef6-dda0-494a-92c8-9dee4db82c39 None None] Publish callbacks ['neutron.plugins.ml2.plugin.SecurityGroupServerNotifierRpcMixin._notify_sg_on_port_change-1770300', 'neutron.plugins.ml2.ovo_rpc._ObjectChangeHandler.handle_event-239889', 'neutron.api.rpc.agentnotifiers.dhcp_rpc_agent_api.DhcpAgentNotifyAPI._native_event_send_dhcp_notification-624822', 'neutron.db.l3_dvrscheduler_db._notify_l3_agent_new_port-8787792646009'] for port, after_create {{(pid=103468) _notify_loop /usr/local/lib/python3.8/dist-packages/neutron_lib/callbacks/manager.py:175}}
Nov 25 06:05:17.401858 dv-neutron-819253-1-hyperv neutron-server[103466]: DEBUG neutron.wsgi [-] (103466) accepted ('10.222.0.37', 53718) {{(pid=103466) server /usr/local/lib/python3.8/dist-packages/eventlet/wsgi.py:1004}}
Nov 25 06:05:17.416026 dv-neutron-819253-1-hyperv neutron-server[103466]: DEBUG neutron_lib.callbacks.manager [None req-f7396b19-00d1-4494-a1b3-e91e2a1517c3 admin admin] Publish callbacks [] for router_controller, precommit_add_association {{(pid=103466) _notify_loop /usr/local/lib/python3.8/dist-packages/neutron_lib/callbacks/manager.py:175}}
Nov 25 06:05:17.426044 dv-neutron-819253-1-hyperv neutron-server[103468]: DEBUG neutron.scheduler.dhcp_agent_scheduler [None req-9b979ef6-dda0-494a-92c8-9dee4db82c39 None None] Network af22beec-3d66-4eb3-a128-034a9247ce11 is already hosted by enough agents. {{(pid=103468) _get_dhcp_agents_hosting_network /opt/stack/neutron/neutron/scheduler/dhcp_agent_scheduler.py:275}}
Nov 25 06:05:17.435911 dv-neutron-819253-1-hyperv neutron-server[103468]: DEBUG neutron.scheduler.base_scheduler [None req-9b979ef6-dda0-494a-92c8-9dee4db82c39 None None] Resources bound (agent type, host, resource id): {{(pid=103468) schedule /opt/stack/neutron/neutron/scheduler/base_scheduler.py:57}}
Nov 25 06:05:17.492045 dv-neutron-819253-1-hyperv neutron-server[103468]: DEBUG neutron.db.l3_dvrscheduler_db [None req-9b979ef6-dda0-494a-92c8-9dee4db82c39 None None] Received port after_create {{(pid=103468) _notify_l3_agent_new_port /opt/stack/neutron/neutron/db/l3_dvrscheduler_db.py:535}}
Nov 25 06:05:17.521584 dv-neutron-819253-1-hyperv neutron-server[103468]: DEBUG neutron.api.rpc.handlers.dhcp_rpc [None req-abe7841f-9650-473b-ac6c-15bbe0511db7 None None] Create dhcp port {'port': {'name': '', 'admin_state_up': True, 'device_id': 'dhcp5831f9cb-077a-5c37-a162-c5a967e131a7-ad7ad225-c8c8-42f5-ab62-746b2ee8316d', 'network_id': 'ad7ad225-c8c8-42f5-ab62-746b2ee8316d', 'tenant_id': 'dfd55dc9a7ce4b72812d820a72ddc6d9', 'fixed_ips': [{'subnet_id': '7d21ee92-d0c9-4ac4-9d4e-a0bc8182d0dc'}]}} from dv-neutron-819253-1-hyperv. {{(pid=103468) create_dhcp_port /opt/stack/neutron/neutron/api/rpc/handlers/dhcp_rpc.py:285}}
Nov 25 06:05:17.523680 dv-neutron-819253-1-hyperv neutron-server[103468]: DEBUG neutron_lib.callbacks.manager [None req-abe7841f-9650-473b-ac6c-15bbe0511db7 None None] Publish callbacks ['neutron.plugins.ml2.plugin.SecurityGroupDbMixin._ensure_default_security_group_handler-1770363'] for port, before_create {{(pid=103468) _notify_loop /usr/local/lib/python3.8/dist-packages/neutron_lib/callbacks/manager.py:175}}
Nov 25 06:05:17.529856 dv-neutron-819253-1-hyperv neutron-server[103467]: DEBUG neutron_lib.callbacks.manager [None req-d514bcb5-9821-486d-ab7d-f97fae43f4a9 admin admin] Publish callbacks [] for security_group, before_delete {{(pid=103467) _notify_loop /usr/local/lib/python3.8/dist-packages/neutron_lib/callbacks/manager.py:175}}
Nov 25 06:05:17.606282 dv-neutron-819253-1-hyperv neutron-server[103467]: DEBUG neutron_lib.callbacks.manager [None req-f4f08ee0-5ec4-4561-b4d9-0b250acbc5b8 admin admin] Publish callbacks [] for router_gateway, before_create {{(pid=103467) _notify_loop /usr/local/lib/python3.8/dist-packages/neutron_lib/callbacks/manager.py:175}}
Nov 25 06:05:17.622187 dv-neutron-819253-1-hyperv neutron-server[103467]: DEBUG neutron_lib.callbacks.manager [None req-d514bcb5-9821-486d-ab7d-f97fae43f4a9 admin admin] Publish callbacks [] for security_group, precommit_delete {{(pid=103467) _notify_loop /usr/local/lib/python3.8/dist-packages/neutron_lib/callbacks/manager.py:175}}
Nov 25 06:05:17.649181 dv-neutron-819253-1-hyperv neutron-server[103467]: DEBUG neutron_lib.callbacks.manager [None req-f4f08ee0-5ec4-4561-b4d9-0b250acbc5b8 admin admin] Publish callbacks ['neutron.plugins.ml2.plugin.SecurityGroupDbMixin._ensure_default_security_group_handler-1770363'] for port, before_create {{(pid=103467) _notify_loop /usr/local/lib/python3.8/dist-packages/neutron_lib/callbacks/manager.py:175}}
Nov 25 06:05:17.655075 dv-neutron-819253-1-hyperv neutron-server[103467]: DEBUG neutron_lib.callbacks.manager [None req-bcb432b8-827e-44dc-9100-b3db0e58ec0d admin admin] Publish callbacks [] for security_group, precommit_create {{(pid=103467) _notify_loop /usr/local/lib/python3.8/dist-packages/neutron_lib/callbacks/manager.py:175}}
Nov 25 06:05:17.677531 dv-neutron-819253-1-hyperv neutron-server[103467]: DEBUG neutron_lib.callbacks.manager [None req-bcb432b8-827e-44dc-9100-b3db0e58ec0d admin admin] Publish callbacks ['neutron.plugins.ml2.ovo_rpc._ObjectChangeHandler.handle_event-546081'] for security_group, after_create {{(pid=103467) _notify_loop /usr/local/lib/python3.8/dist-packages/neutron_lib/callbacks/manager.py:175}}
Nov 25 06:05:17.709467 dv-neutron-819253-1-hyperv neutron-server[103466]: DEBUG neutron_lib.callbacks.manager [None req-f7396b19-00d1-4494-a1b3-e91e2a1517c3 admin admin] Publish callbacks [] for router_gateway, precommit_update {{(pid=103466) _notify_loop /usr/local/lib/python3.8/dist-packages/neutron_lib/callbacks/manager.py:175}}
Nov 25 06:05:17.736930 dv-neutron-819253-1-hyperv neutron-server[103468]: DEBUG neutron.plugins.ml2.managers [None req-9b979ef6-dda0-494a-92c8-9dee4db82c39 None None] Attempting to bind port 542449cd-fcab-465a-a143-6648283b7a42 on host dv-neutron-819253-1-hyperv for vnic_type normal with profile {{(pid=103468) bind_port /opt/stack/neutron/neutron/plugins/ml2/managers.py:795}}
Nov 25 06:05:17.737464 dv-neutron-819253-1-hyperv neutron-server[103468]: DEBUG neutron.plugins.ml2.managers [None req-9b979ef6-dda0-494a-92c8-9dee4db82c39 None None] Attempting to bind port 542449cd-fcab-465a-a143-6648283b7a42 by drivers openvswitch,hyperv on host dv-neutron-819253-1-hyperv at level 0 using segments [{'id': '66fd2bda-e32a-473a-bf8b-304b8df731d2', 'network_type': 'vlan', 'physical_network': 'physnet1', 'segmentation_id': 565, 'network_id': 'af22beec-3d66-4eb3-a128-034a9247ce11'}] {{(pid=103468) _bind_port_level /opt/stack/neutron/neutron/plugins/ml2/managers.py:820}}
Nov 25 06:05:17.738077 dv-neutron-819253-1-hyperv neutron-server[103468]: DEBUG neutron.plugins.ml2.drivers.mech_agent [None req-9b979ef6-dda0-494a-92c8-9dee4db82c39 None None] Attempting to bind port 542449cd-fcab-465a-a143-6648283b7a42 on network af22beec-3d66-4eb3-a128-034a9247ce11 {{(pid=103468) bind_port /opt/stack/neutron/neutron/plugins/ml2/drivers/mech_agent.py:91}}
Nov 25 06:05:17.746897 dv-neutron-819253-1-hyperv neutron-server[103468]: DEBUG neutron.plugins.ml2.drivers.mech_agent [None req-9b979ef6-dda0-494a-92c8-9dee4db82c39 None None] Checking agent: {'id': 'f7d79fad-6914-44a4-b33d-3129c22f6caa', 'agent_type': 'Open vSwitch agent', 'binary': 'neutron-openvswitch-agent', 'topic': 'N/A', 'host': 'dv-neutron-819253-1-hyperv', 'admin_state_up': True, 'created_at': datetime.datetime(2021, 11, 25, 5, 57, 56), 'started_at': datetime.datetime(2021, 11, 25, 5, 58, 26), 'heartbeat_timestamp': datetime.datetime(2021, 11, 25, 6, 4, 56), 'description': None, 'resources_synced': None, 'availability_zone': None, 'alive': True, 'configurations': {'arp_responder_enabled': False, 'baremetal_smartnic': False, 'bridge_mappings': {'physnet1': 'br-data'}, 'datapath_type': 'system', 'devices': 0, 'enable_distributed_routing': False, 'extensions': [], 'in_distributed_mode': False, 'integration_bridge': 'br-int', 'l2_population': False, 'log_agent_heartbeats': False, 'ovs_capabilities': {'datapath_types': ['netdev', 'system'], 'iface_types': ['erspan', 'geneve', 'gre', 'internal', 'ip6erspan', 'ip6gre', 'lisp', 'patch', 'stt', 'system', 'tap', 'vxlan']}, 'ovs_hybrid_plug': False, 'resource_provider_bandwidths': {}, 'resource_provider_hypervisors': {'br-data': 'dv-neutron-819253-1-hyperv'}, 'resource_provider_inventory_defaults': {'allocation_ratio': 1.0, 'min_unit': 1, 'step_size': 1, 'reserved': 0}, 'resource_provider_packet_processing_inventory_defaults': {'allocation_ratio': 1.0, 'min_unit': 1, 'step_size': 1, 'reserved': 0}, 'resource_provider_packet_processing_with_direction': {}, 'resource_provider_packet_processing_without_direction': {}, 'tunnel_types': [], 'tunneling_ip': None, 'vhostuser_socket_dir': '/var/run/openvswitch'}, 'resource_versions': {'AddressGroup': '1.2', 'ConntrackHelper': '1.0', 'Log': '1.0', 'Network': '1.1', 'Port': '1.7', 'PortForwarding': '1.2', 'QosPolicy': '1.10', 'SecurityGroup': '1.5', 'SecurityGroupRule': '1.2', 'SubPort': '1.0', 'Subnet': '1.1', 'Trunk': '1.1'}} {{(pid=103468) bind_port /opt/stack/neutron/neutron/plugins/ml2/drivers/mech_agent.py:110}}
Nov 25 06:05:17.747702 dv-neutron-819253-1-hyperv neutron-server[103468]: DEBUG neutron.plugins.ml2.drivers.mech_agent [None req-9b979ef6-dda0-494a-92c8-9dee4db82c39 None None] Checking segment: {'id': '66fd2bda-e32a-473a-bf8b-304b8df731d2', 'network_type': 'vlan', 'physical_network': 'physnet1', 'segmentation_id': 565, 'network_id': 'af22beec-3d66-4eb3-a128-034a9247ce11'} for mappings: {'physnet1': 'br-data'} with network types: ['local', 'flat', 'vlan'] {{(pid=103468) check_segment_for_agent /opt/stack/neutron/neutron/plugins/ml2/drivers/mech_agent.py:371}}
Nov 25 06:05:17.748326 dv-neutron-819253-1-hyperv neutron-server[103468]: DEBUG neutron_lib.callbacks.manager [None req-9b979ef6-dda0-494a-92c8-9dee4db82c39 None None] Publish callbacks [] for ovs_bridge_name, before_read {{(pid=103468) _notify_loop /usr/local/lib/python3.8/dist-packages/neutron_lib/callbacks/manager.py:175}}
Nov 25 06:05:17.748913 dv-neutron-819253-1-hyperv neutron-server[103468]: DEBUG neutron.plugins.ml2.drivers.mech_agent [None req-9b979ef6-dda0-494a-92c8-9dee4db82c39 None None] Bound using segment: {'id': '66fd2bda-e32a-473a-bf8b-304b8df731d2', 'network_type': 'vlan', 'physical_network': 'physnet1', 'segmentation_id': 565, 'network_id': 'af22beec-3d66-4eb3-a128-034a9247ce11'} {{(pid=103468) bind_port /opt/stack/neutron/neutron/plugins/ml2/drivers/mech_agent.py:120}}
Nov 25 06:05:17.749626 dv-neutron-819253-1-hyperv neutron-server[103468]: DEBUG neutron.plugins.ml2.managers [None req-9b979ef6-dda0-494a-92c8-9dee4db82c39 None None] Bound port: 542449cd-fcab-465a-a143-6648283b7a42, host: dv-neutron-819253-1-hyperv, vif_type: ovs, vif_details: {"connectivity": "l2", "port_filter": true, "ovs_hybrid_plug": false, "datapath_type": "system", "bridge_name": "br-int"}, binding_levels: [{'bound_driver': 'openvswitch', 'bound_segment': {'id': '66fd2bda-e32a-473a-bf8b-304b8df731d2', 'network_type': 'vlan', 'physical_network': 'physnet1', 'segmentation_id': 565, 'network_id': 'af22beec-3d66-4eb3-a128-034a9247ce11'}}] {{(pid=103468) _bind_port_level /opt/stack/neutron/neutron/plugins/ml2/managers.py:932}}
Nov 25 06:05:17.750257 dv-neutron-819253-1-hyperv neutron-server[103468]: DEBUG neutron_lib.callbacks.manager [None req-9b979ef6-dda0-494a-92c8-9dee4db82c39 None None] Publish callbacks ['neutron.plugins.ml2.plugin.SecurityGroupDbMixin._ensure_default_security_group_handler-1770363'] for port, before_update {{(pid=103468) _notify_loop /usr/local/lib/python3.8/dist-packages/neutron_lib/callbacks/manager.py:175}}
Nov 25 06:05:17.769000 dv-neutron-819253-1-hyperv neutron-server[103467]: DEBUG neutron.plugins.ml2.drivers.helpers [None req-bcb432b8-827e-44dc-9100-b3db0e58ec0d admin admin] vlan segment allocate from pool success with {'vlan_id': 552, 'physical_network': 'physnet1'} {{(pid=103467) allocate_partially_specified_segment /opt/stack/neutron/neutron/plugins/ml2/drivers/helpers.py:153}}
Nov 25 06:05:17.828403 dv-neutron-819253-1-hyperv neutron-server[103468]: DEBUG neutron.plugins.ml2.db [None req-9b979ef6-dda0-494a-92c8-9dee4db82c39 None None] For port 542449cd-fcab-465a-a143-6648283b7a42, host dv-neutron-819253-1-hyperv, cleared binding levels {{(pid=103468) clear_binding_levels /opt/stack/neutron/neutron/plugins/ml2/db.py:87}}
Nov 25 06:05:17.831081 dv-neutron-819253-1-hyperv neutron-server[103466]: DEBUG neutron.api.v2.base [None req-218349c9-af82-4843-9861-19a82d70bb9f tempest-ExternalNetworksAdminNegativeTestJSON-547638742 tempest-ExternalNetworksAdminNegativeTestJSON-547638742-project-admin] Request body: {'floatingip': {'floating_network_id': 'f40ccb12-556a-463c-b399-1b11eaf5fe97'}} {{(pid=103466) prepare_request_body /opt/stack/neutron/neutron/api/v2/base.py:729}}
Nov 25 06:05:17.831990 dv-neutron-819253-1-hyperv neutron-server[103468]: DEBUG neutron.plugins.ml2.db [None req-9b979ef6-dda0-494a-92c8-9dee4db82c39 None None] For port 542449cd-fcab-465a-a143-6648283b7a42, host dv-neutron-819253-1-hyperv, set binding levels [PortBindingLevel(driver='openvswitch',host='dv-neutron-819253-1-hyperv',level=0,port_id=542449cd-fcab-465a-a143-6648283b7a42,segment=NetworkSegment(66fd2bda-e32a-473a-bf8b-304b8df731d2),segment_id=66fd2bda-e32a-473a-bf8b-304b8df731d2)] {{(pid=103468) set_binding_levels /opt/stack/neutron/neutron/plugins/ml2/db.py:59}}
Nov 25 06:05:17.833489 dv-neutron-819253-1-hyperv neutron-server[103468]: DEBUG neutron.api.rpc.handlers.resources_rpc [None req-9b979ef6-dda0-494a-92c8-9dee4db82c39 None None] Pushing event updated for resources: {'Port': ['ID=542449cd-fcab-465a-a143-6648283b7a42,revision_number=1']} {{(pid=103468) push /opt/stack/neutron/neutron/api/rpc/handlers/resources_rpc.py:237}}
Nov 25 06:05:17.835547 dv-neutron-819253-1-hyperv neutron-server[103467]: DEBUG neutron_lib.callbacks.manager [None req-bcb432b8-827e-44dc-9100-b3db0e58ec0d admin admin] Publish callbacks ['neutron.plugins.ml2.plugin.Ml2Plugin._handle_segment_change-1723259'] for segment, precommit_create {{(pid=103467) _notify_loop /usr/local/lib/python3.8/dist-packages/neutron_lib/callbacks/manager.py:175}}
Nov 25 06:05:17.835904 dv-neutron-819253-1-hyperv neutron-server[103467]: INFO neutron.db.segments_db [None req-bcb432b8-827e-44dc-9100-b3db0e58ec0d admin admin] Added segment 12a27c3b-2c0b-4df3-a3a1-e804e88cc2b2 of type vlan for network ff1e259a-4ceb-4ce1-8ca8-b82c4a907bba
Nov 25 06:05:17.847489 dv-neutron-819253-1-hyperv neutron-server[103467]: DEBUG neutron.api.rpc.handlers.resources_rpc [None req-bcb432b8-827e-44dc-9100-b3db0e58ec0d admin admin] Pushing event updated for resources: {'SecurityGroup': ['ID=dea7eaa3-32ac-427c-ad95-00de21b72470,revision_number=1']} {{(pid=103467) push /opt/stack/neutron/neutron/api/rpc/handlers/resources_rpc.py:237}}
Nov 25 06:05:17.856098 dv-neutron-819253-1-hyperv neutron-server[103468]: DEBUG neutron_lib.callbacks.manager [None req-9b979ef6-dda0-494a-92c8-9dee4db82c39 None None] Publish callbacks ['neutron.plugins.ml2.plugin.SecurityGroupServerNotifierRpcMixin._notify_sg_on_port_change-1770300', 'neutron.plugins.ml2.ovo_rpc._ObjectChangeHandler.handle_event-239889', 'neutron.api.rpc.agentnotifiers.dhcp_rpc_agent_api.DhcpAgentNotifyAPI._native_event_send_dhcp_notification-624822', 'neutron.db.l3_db.L3RpcNotifierMixin._notify_gateway_port_ip_changed-8787793113896', 'neutron.db.l3_dvrscheduler_db._notify_l3_agent_port_update-8787792646027', 'neutron.db.l3_hascheduler_db._notify_l3_agent_ha_port_update-8787792646045'] for port, after_update {{(pid=103468) _notify_loop /usr/local/lib/python3.8/dist-packages/neutron_lib/callbacks/manager.py:175}}
Nov 25 06:05:17.912194 dv-neutron-819253-1-hyperv neutron-server[103467]: DEBUG neutron_lib.callbacks.manager [None req-d514bcb5-9821-486d-ab7d-f97fae43f4a9 admin admin] Publish callbacks ['neutron.plugins.ml2.ovo_rpc._ObjectChangeHandler.handle_event-546081'] for security_group, after_delete {{(pid=103467) _notify_loop /usr/local/lib/python3.8/dist-packages/neutron_lib/callbacks/manager.py:175}}
Nov 25 06:05:17.915087 dv-neutron-819253-1-hyperv neutron-server[103467]: DEBUG neutron_lib.callbacks.manager [None req-d514bcb5-9821-486d-ab7d-f97fae43f4a9 admin admin] Publish callbacks [] for security_group, before_response {{(pid=103467) _notify_loop /usr/local/lib/python3.8/dist-packages/neutron_lib/callbacks/manager.py:175}}
Nov 25 06:05:17.919794 dv-neutron-819253-1-hyperv neutron-server[103467]: INFO neutron.wsgi [None req-d514bcb5-9821-486d-ab7d-f97fae43f4a9 admin admin] 10.222.0.37 "DELETE /v2.0/security-groups/835a8a21-dbdd-4ffa-9d76-e23f691cfaff HTTP/1.1" status: 204 len: 168 time: 0.8949351
Nov 25 06:05:17.927410 dv-neutron-819253-1-hyperv neutron-server[103467]: DEBUG neutron_lib.callbacks.manager [None req-bcb432b8-827e-44dc-9100-b3db0e58ec0d admin admin] Publish callbacks ['neutron.services.auto_allocate.db._ensure_external_network_default_value_callback-8787792602588'] for network, precommit_create {{(pid=103467) _notify_loop /usr/local/lib/python3.8/dist-packages/neutron_lib/callbacks/manager.py:175}}
Nov 25 06:05:17.929562 dv-neutron-819253-1-hyperv neutron-server[103468]: DEBUG neutron.api.rpc.callbacks.version_manager [None req-9b979ef6-dda0-494a-92c8-9dee4db82c39 None None] Version for resource type AddressGroup changed None to 1.2 on consumer Open vSwitch agent@dv-neutron-819253-1-hyperv {{(pid=103468) _set_version /opt/stack/neutron/neutron/api/rpc/callbacks/version_manager.py:113}}
Nov 25 06:05:17.930040 dv-neutron-819253-1-hyperv neutron-server[103468]: DEBUG neutron.api.rpc.callbacks.version_manager [None req-9b979ef6-dda0-494a-92c8-9dee4db82c39 None None] Version for resource type ConntrackHelper changed None to 1.0 on consumer Open vSwitch agent@dv-neutron-819253-1-hyperv {{(pid=103468) _set_version /opt/stack/neutron/neutron/api/rpc/callbacks/version_manager.py:113}}
Nov 25 06:05:17.930473 dv-neutron-819253-1-hyperv neutron-server[103468]: DEBUG neutron.api.rpc.callbacks.version_manager [None req-9b979ef6-dda0-494a-92c8-9dee4db82c39 None None] Version for resource type Log changed None to 1.0 on consumer Open vSwitch agent@dv-neutron-819253-1-hyperv {{(pid=103468) _set_version /opt/stack/neutron/neutron/api/rpc/callbacks/version_manager.py:113}}
Nov 25 06:05:17.930932 dv-neutron-819253-1-hyperv neutron-server[103468]: DEBUG neutron.api.rpc.callbacks.version_manager [None req-9b979ef6-dda0-494a-92c8-9dee4db82c39 None None] Version for resource type Network changed None to 1.1 on consumer Open vSwitch agent@dv-neutron-819253-1-hyperv {{(pid=103468) _set_version /opt/stack/neutron/neutron/api/rpc/callbacks/version_manager.py:113}}
Nov 25 06:05:17.931371 dv-neutron-819253-1-hyperv neutron-server[103468]: DEBUG neutron.api.rpc.callbacks.version_manager [None req-9b979ef6-dda0-494a-92c8-9dee4db82c39 None None] Version for resource type Port changed None to 1.7 on consumer Open vSwitch agent@dv-neutron-819253-1-hyperv {{(pid=103468) _set_version /opt/stack/neutron/neutron/api/rpc/callbacks/version_manager.py:113}}
Nov 25 06:05:17.931805 dv-neutron-819253-1-hyperv neutron-server[103468]: DEBUG neutron.api.rpc.callbacks.version_manager [None req-9b979ef6-dda0-494a-92c8-9dee4db82c39 None None] Version for resource type PortForwarding changed None to 1.2 on consumer Open vSwitch agent@dv-neutron-819253-1-hyperv {{(pid=103468) _set_version /opt/stack/neutron/neutron/api/rpc/callbacks/version_manager.py:113}}
Nov 25 06:05:17.932225 dv-neutron-819253-1-hyperv neutron-server[103468]: DEBUG neutron.api.rpc.callbacks.version_manager [None req-9b979ef6-dda0-494a-92c8-9dee4db82c39 None None] Version for resource type QosPolicy changed None to 1.10 on consumer Open vSwitch agent@dv-neutron-819253-1-hyperv {{(pid=103468) _set_version /opt/stack/neutron/neutron/api/rpc/callbacks/version_manager.py:113}}
Nov 25 06:05:17.932655 dv-neutron-819253-1-hyperv neutron-server[103468]: DEBUG neutron.api.rpc.callbacks.version_manager [None req-9b979ef6-dda0-494a-92c8-9dee4db82c39 None None] Version for resource type SecurityGroup changed None to 1.5 on consumer Open vSwitch agent@dv-neutron-819253-1-hyperv {{(pid=103468) _set_version /opt/stack/neutron/neutron/api/rpc/callbacks/version_manager.py:113}}
Nov 25 06:05:17.933112 dv-neutron-819253-1-hyperv neutron-server[103468]: DEBUG neutron.api.rpc.callbacks.version_manager [None req-9b979ef6-dda0-494a-92c8-9dee4db82c39 None None] Version for resource type SecurityGroupRule changed None to 1.2 on consumer Open vSwitch agent@dv-neutron-819253-1-hyperv {{(pid=103468) _set_version /opt/stack/neutron/neutron/api/rpc/callbacks/version_manager.py:113}}
Nov 25 06:05:17.934064 dv-neutron-819253-1-hyperv neutron-server[103468]: DEBUG neutron.api.rpc.callbacks.version_manager [None req-9b979ef6-dda0-494a-92c8-9dee4db82c39 None None] Version for resource type SubPort changed None to 1.0 on consumer Open vSwitch agent@dv-neutron-819253-1-hyperv {{(pid=103468) _set_version /opt/stack/neutron/neutron/api/rpc/callbacks/version_manager.py:113}}
Nov 25 06:05:17.934817 dv-neutron-819253-1-hyperv neutron-server[103468]: DEBUG neutron.api.rpc.callbacks.version_manager [None req-9b979ef6-dda0-494a-92c8-9dee4db82c39 None None] Version for resource type Subnet changed None to 1.1 on consumer Open vSwitch agent@dv-neutron-819253-1-hyperv {{(pid=103468) _set_version /opt/stack/neutron/neutron/api/rpc/callbacks/version_manager.py:113}}
Nov 25 06:05:17.935233 dv-neutron-819253-1-hyperv neutron-server[103468]: DEBUG neutron.api.rpc.callbacks.version_manager [None req-9b979ef6-dda0-494a-92c8-9dee4db82c39 None None] Version for resource type Trunk changed None to 1.1 on consumer Open vSwitch agent@dv-neutron-819253-1-hyperv {{(pid=103468) _set_version /opt/stack/neutron/neutron/api/rpc/callbacks/version_manager.py:113}}
Nov 25 06:05:17.936396 dv-neutron-819253-1-hyperv neutron-server[103468]: DEBUG neutron.api.rpc.callbacks.version_manager [None req-9b979ef6-dda0-494a-92c8-9dee4db82c39 None None] Tracked resource versions report:
Nov 25 06:05:17.936396 dv-neutron-819253-1-hyperv neutron-server[103468]: pushed versions:
Nov 25 06:05:17.936396 dv-neutron-819253-1-hyperv neutron-server[103468]: { 'AddressGroup': {'1.2'},
Nov 25 06:05:17.936396 dv-neutron-819253-1-hyperv neutron-server[103468]: 'ConntrackHelper': {'1.0'},
Nov 25 06:05:17.936396 dv-neutron-819253-1-hyperv neutron-server[103468]: 'Log': {'1.0'},
Nov 25 06:05:17.936396 dv-neutron-819253-1-hyperv neutron-server[103468]: 'Network': {'1.1'},
Nov 25 06:05:17.936396 dv-neutron-819253-1-hyperv neutron-server[103468]: 'Port': {'1.7'},
Nov 25 06:05:17.936396 dv-neutron-819253-1-hyperv neutron-server[103468]: 'PortForwarding': {'1.2'},
Nov 25 06:05:17.936396 dv-neutron-819253-1-hyperv neutron-server[103468]: 'QosPolicy': {'1.10'},
Nov 25 06:05:17.936396 dv-neutron-819253-1-hyperv neutron-server[103468]: 'SecurityGroup': {'1.5'},
Nov 25 06:05:17.936396 dv-neutron-819253-1-hyperv neutron-server[103468]: 'SecurityGroupRule': {'1.2'},
Nov 25 06:05:17.936396 dv-neutron-819253-1-hyperv neutron-server[103468]: 'SubPort': {'1.0'},
Nov 25 06:05:17.936396 dv-neutron-819253-1-hyperv neutron-server[103468]: 'Subnet': {'1.1'},
Nov 25 06:05:17.936396 dv-neutron-819253-1-hyperv neutron-server[103468]: 'Trunk': {'1.1'}}
Nov 25 06:05:17.936396 dv-neutron-819253-1-hyperv neutron-server[103468]: consumer versions:
Nov 25 06:05:17.936396 dv-neutron-819253-1-hyperv neutron-server[103468]: { DHCP agent@dv-neutron-819253-1-hyperv: {},
Nov 25 06:05:17.936396 dv-neutron-819253-1-hyperv neutron-server[103468]: HyperV agent@hv-neutron-8192: {},
Nov 25 06:05:17.936396 dv-neutron-819253-1-hyperv neutron-server[103468]: L3 agent@dv-neutron-819253-1-hyperv: {},
Nov 25 06:05:17.936396 dv-neutron-819253-1-hyperv neutron-server[103468]: Metadata agent@dv-neutron-819253-1-hyperv: {},
Nov 25 06:05:17.936396 dv-neutron-819253-1-hyperv neutron-server[103468]: Metering agent@dv-neutron-819253-1-hyperv: {},
Nov 25 06:05:17.936396 dv-neutron-819253-1-hyperv neutron-server[103468]: Open vSwitch agent@dv-neutron-819253-1-hyperv: { 'AddressGroup': '1.2',
Nov 25 06:05:17.936396 dv-neutron-819253-1-hyperv neutron-server[103468]: 'ConntrackHelper': '1.0',
Nov 25 06:05:17.936396 dv-neutron-819253-1-hyperv neutron-server[103468]: 'Log': '1.0',
Nov 25 06:05:17.936396 dv-neutron-819253-1-hyperv neutron-server[103468]: 'Network': '1.1',
Nov 25 06:05:17.936396 dv-neutron-819253-1-hyperv neutron-server[103468]: 'Port': '1.7',
Nov 25 06:05:17.936396 dv-neutron-819253-1-hyperv neutron-server[103468]: 'PortForwarding': '1.2',
Nov 25 06:05:17.936396 dv-neutron-819253-1-hyperv neutron-server[103468]: 'QosPolicy': '1.10',
Nov 25 06:05:17.936396 dv-neutron-819253-1-hyperv neutron-server[103468]: 'SecurityGroup': '1.5',
Nov 25 06:05:17.936396 dv-neutron-819253-1-hyperv neutron-server[103468]: 'SecurityGroupRule': '1.2',
Nov 25 06:05:17.936396 dv-neutron-819253-1-hyperv neutron-server[103468]: 'SubPort': '1.0',
Nov 25 06:05:17.936396 dv-neutron-819253-1-hyperv neutron-server[103468]: 'Subnet': '1.1',
Nov 25 06:05:17.936396 dv-neutron-819253-1-hyperv neutron-server[103468]: 'Trunk': '1.1'}}
Nov 25 06:05:17.936396 dv-neutron-819253-1-hyperv neutron-server[103468]: {{(pid=103468) report /opt/stack/neutron/neutron/api/rpc/callbacks/version_manager.py:175}}
Nov 25 06:05:17.958769 dv-neutron-819253-1-hyperv neutron-server[103467]: DEBUG neutron.db.db_base_plugin_common [None req-f4f08ee0-5ec4-4561-b4d9-0b250acbc5b8 admin admin] Allocated IP 172.26.2.79 (f40ccb12-556a-463c-b399-1b11eaf5fe97/604f43ed-d987-44fb-ab39-93f17a8f1ac4/7f6ef335-a1b1-4985-b74d-369325e80f66) {{(pid=103467) _store_ip_allocation /opt/stack/neutron/neutron/db/db_base_plugin_common.py:131}}
Nov 25 06:05:17.962528 dv-neutron-819253-1-hyperv neutron-server[103467]: DEBUG neutron.api.rpc.handlers.resources_rpc [None req-d514bcb5-9821-486d-ab7d-f97fae43f4a9 admin admin] Pushing event deleted for resources: {'SecurityGroup': ['ID=835a8a21-dbdd-4ffa-9d76-e23f691cfaff,revision_number=None']} {{(pid=103467) push /opt/stack/neutron/neutron/api/rpc/handlers/resources_rpc.py:237}}
Nov 25 06:05:17.980727 dv-neutron-819253-1-hyperv neutron-server[103466]: DEBUG neutron_lib.callbacks.manager [None req-218349c9-af82-4843-9861-19a82d70bb9f tempest-ExternalNetworksAdminNegativeTestJSON-547638742 tempest-ExternalNetworksAdminNegativeTestJSON-547638742-project-admin] Publish callbacks [] for floatingip, before_create {{(pid=103466) _notify_loop /usr/local/lib/python3.8/dist-packages/neutron_lib/callbacks/manager.py:175}}
Nov 25 06:05:18.031315 dv-neutron-819253-1-hyperv neutron-server[103466]: DEBUG neutron.wsgi [-] (103466) accepted ('10.222.0.37', 53734) {{(pid=103466) server /usr/local/lib/python3.8/dist-packages/eventlet/wsgi.py:1004}}
Nov 25 06:05:18.102828 dv-neutron-819253-1-hyperv neutron-server[103467]: DEBUG neutron_lib.callbacks.manager [None req-bcb432b8-827e-44dc-9100-b3db0e58ec0d admin admin] Publish callbacks ['neutron.plugins.ml2.ovo_rpc._ObjectChangeHandler.handle_event-546160', 'neutron.api.rpc.agentnotifiers.dhcp_rpc_agent_api.DhcpAgentNotifyAPI._native_event_send_dhcp_notification-624822'] for network, after_create {{(pid=103467) _notify_loop /usr/local/lib/python3.8/dist-packages/neutron_lib/callbacks/manager.py:175}}
Nov 25 06:05:18.108098 dv-neutron-819253-1-hyperv neutron-server[103467]: DEBUG neutron.pecan_wsgi.hooks.policy_enforcement [None req-bcb432b8-827e-44dc-9100-b3db0e58ec0d admin admin] Attributes excluded by policy engine: ['standard_attr_id', 'vlan_transparent'] {{(pid=103467) _exclude_attributes_by_policy /opt/stack/neutron/neutron/pecan_wsgi/hooks/policy_enforcement.py:255}}
Nov 25 06:05:18.108098 dv-neutron-819253-1-hyperv neutron-server[103467]: DEBUG neutron_lib.callbacks.manager [None req-bcb432b8-827e-44dc-9100-b3db0e58ec0d admin admin] Publish callbacks ['neutron.api.rpc.agentnotifiers.dhcp_rpc_agent_api.DhcpAgentNotifyAPI._send_dhcp_notification-624808'] for network, before_response {{(pid=103467) _notify_loop /usr/local/lib/python3.8/dist-packages/neutron_lib/callbacks/manager.py:175}}
Nov 25 06:05:18.140589 dv-neutron-819253-1-hyperv neutron-server[103468]: DEBUG neutron.api.rpc.handlers.resources_rpc [None req-9b979ef6-dda0-494a-92c8-9dee4db82c39 None None] Pushing event updated for resources: {'Port': ['ID=542449cd-fcab-465a-a143-6648283b7a42,revision_number=2']} {{(pid=103468) push /opt/stack/neutron/neutron/api/rpc/handlers/resources_rpc.py:237}}
Nov 25 06:05:18.155430 dv-neutron-819253-1-hyperv neutron-server[103468]: DEBUG neutron.db.db_base_plugin_common [None req-abe7841f-9650-473b-ac6c-15bbe0511db7 None None] Allocated IP 172.20.0.2 (ad7ad225-c8c8-42f5-ab62-746b2ee8316d/7d21ee92-d0c9-4ac4-9d4e-a0bc8182d0dc/08401d4a-04f2-4a34-84bd-063f650137d9) {{(pid=103468) _store_ip_allocation /opt/stack/neutron/neutron/db/db_base_plugin_common.py:131}}
Nov 25 06:05:18.189835 dv-neutron-819253-1-hyperv neutron-server[103467]: DEBUG neutron_lib.callbacks.manager [None req-f4f08ee0-5ec4-4561-b4d9-0b250acbc5b8 admin admin] Publish callbacks [] for port, precommit_create {{(pid=103467) _notify_loop /usr/local/lib/python3.8/dist-packages/neutron_lib/callbacks/manager.py:175}}
Nov 25 06:05:18.394339 dv-neutron-819253-1-hyperv neutron-server[103467]: INFO neutron.wsgi [None req-bcb432b8-827e-44dc-9100-b3db0e58ec0d admin admin] 10.222.0.37 "POST /v2.0/networks HTTP/1.1" status: 201 len: 884 time: 2.4131074
Nov 25 06:05:18.398374 dv-neutron-819253-1-hyperv neutron-server[103467]: DEBUG neutron.wsgi [-] (103467) accepted ('10.222.0.37', 53742) {{(pid=103467) server /usr/local/lib/python3.8/dist-packages/eventlet/wsgi.py:1004}}
Nov 25 06:05:18.410478 dv-neutron-819253-1-hyperv neutron-server[103468]: DEBUG neutron_lib.callbacks.manager [None req-abe7841f-9650-473b-ac6c-15bbe0511db7 None None] Publish callbacks [] for port, precommit_create {{(pid=103468) _notify_loop /usr/local/lib/python3.8/dist-packages/neutron_lib/callbacks/manager.py:175}}
Nov 25 06:05:18.416584 dv-neutron-819253-1-hyperv neutron-server[103467]: DEBUG neutron.api.v2.base [None req-72340dcd-ae25-48ac-a868-81903a2361de admin admin] Request body: {'subnet': {'network_id': 'ff1e259a-4ceb-4ce1-8ca8-b82c4a907bba', 'cidr': '172.20.0.0/28', 'name': 'tempest-ServersTestManualDisk-125795140-subnet', 'tenant_id': '88ee91b7f5464e50a725d9cd42ec280b', 'enable_dhcp': True, 'ip_version': 4}} {{(pid=103467) prepare_request_body /opt/stack/neutron/neutron/api/v2/base.py:729}}
Nov 25 06:05:18.420970 dv-neutron-819253-1-hyperv neutron-server[103468]: DEBUG neutron_lib.callbacks.manager [None req-abe7841f-9650-473b-ac6c-15bbe0511db7 None None] Publish callbacks ['neutron.plugins.ml2.plugin.SecurityGroupServerNotifierRpcMixin._notify_sg_on_port_change-1770300', 'neutron.plugins.ml2.ovo_rpc._ObjectChangeHandler.handle_event-239889', 'neutron.api.rpc.agentnotifiers.dhcp_rpc_agent_api.DhcpAgentNotifyAPI._native_event_send_dhcp_notification-624822', 'neutron.db.l3_dvrscheduler_db._notify_l3_agent_new_port-8787792646009'] for port, after_create {{(pid=103468) _notify_loop /usr/local/lib/python3.8/dist-packages/neutron_lib/callbacks/manager.py:175}}
Nov 25 06:05:18.426410 dv-neutron-819253-1-hyperv neutron-server[103467]: DEBUG neutron_lib.callbacks.manager [None req-f4f08ee0-5ec4-4561-b4d9-0b250acbc5b8 admin admin] Publish callbacks ['neutron.plugins.ml2.plugin.SecurityGroupServerNotifierRpcMixin._notify_sg_on_port_change-1770300', 'neutron.plugins.ml2.ovo_rpc._ObjectChangeHandler.handle_event-239889', 'neutron.api.rpc.agentnotifiers.dhcp_rpc_agent_api.DhcpAgentNotifyAPI._native_event_send_dhcp_notification-624822', 'neutron.db.l3_dvrscheduler_db._notify_l3_agent_new_port-8787792646009'] for port, after_create {{(pid=103467) _notify_loop /usr/local/lib/python3.8/dist-packages/neutron_lib/callbacks/manager.py:175}}
Nov 25 06:05:18.475313 dv-neutron-819253-1-hyperv neutron-server[103467]: DEBUG neutron.api.rpc.handlers.resources_rpc [None req-bcb432b8-827e-44dc-9100-b3db0e58ec0d admin admin] Pushing event updated for resources: {'Network': ['ID=ff1e259a-4ceb-4ce1-8ca8-b82c4a907bba,revision_number=1']} {{(pid=103467) push /opt/stack/neutron/neutron/api/rpc/handlers/resources_rpc.py:237}}
Nov 25 06:05:18.495002 dv-neutron-819253-1-hyperv neutron-server[103468]: DEBUG neutron.plugins.ml2.rpc [None req-5e06a34f-17f2-4bd3-828c-0c681fc4d7c2 None None] Network ff1e259a-4ceb-4ce1-8ca8-b82c4a907bba details requested by agent ovs-agent-dv-neutron-819253-1-hyperv with host dv-neutron-819253-1-hyperv {{(pid=103468) get_network_details /opt/stack/neutron/neutron/plugins/ml2/rpc.py:248}}
Nov 25 06:05:18.502966 dv-neutron-819253-1-hyperv neutron-server[103468]: DEBUG neutron.scheduler.dhcp_agent_scheduler [None req-abe7841f-9650-473b-ac6c-15bbe0511db7 None None] Network ad7ad225-c8c8-42f5-ab62-746b2ee8316d is already hosted by enough agents. {{(pid=103468) _get_dhcp_agents_hosting_network /opt/stack/neutron/neutron/scheduler/dhcp_agent_scheduler.py:275}}
Nov 25 06:05:18.533287 dv-neutron-819253-1-hyperv neutron-server[103468]: DEBUG neutron.scheduler.base_scheduler [None req-abe7841f-9650-473b-ac6c-15bbe0511db7 None None] Resources bound (agent type, host, resource id): {{(pid=103468) schedule /opt/stack/neutron/neutron/scheduler/base_scheduler.py:57}}
Nov 25 06:05:18.573479 dv-neutron-819253-1-hyperv neutron-server[103467]: DEBUG neutron.scheduler.dhcp_agent_scheduler [None req-f4f08ee0-5ec4-4561-b4d9-0b250acbc5b8 admin admin] Network f40ccb12-556a-463c-b399-1b11eaf5fe97 is already hosted by enough agents. {{(pid=103467) _get_dhcp_agents_hosting_network /opt/stack/neutron/neutron/scheduler/dhcp_agent_scheduler.py:275}}
Nov 25 06:05:18.576685 dv-neutron-819253-1-hyperv neutron-server[103466]: DEBUG neutron_lib.callbacks.manager [None req-f7396b19-00d1-4494-a1b3-e91e2a1517c3 admin admin] Publish callbacks [] for router_gateway, before_create {{(pid=103466) _notify_loop /usr/local/lib/python3.8/dist-packages/neutron_lib/callbacks/manager.py:175}}
Nov 25 06:05:18.590036 dv-neutron-819253-1-hyperv neutron-server[103467]: DEBUG neutron.scheduler.base_scheduler [None req-f4f08ee0-5ec4-4561-b4d9-0b250acbc5b8 admin admin] Resources bound (agent type, host, resource id): {{(pid=103467) schedule /opt/stack/neutron/neutron/scheduler/base_scheduler.py:57}}
Nov 25 06:05:18.592104 dv-neutron-819253-1-hyperv neutron-server[103467]: DEBUG neutron.pecan_wsgi.hooks.quota_enforcement [None req-72340dcd-ae25-48ac-a868-81903a2361de admin admin] Made reservation on behalf of 88ee91b7f5464e50a725d9cd42ec280b for: {'subnet': 1} {{(pid=103467) before /opt/stack/neutron/neutron/pecan_wsgi/hooks/quota_enforcement.py:53}}
Nov 25 06:05:18.594586 dv-neutron-819253-1-hyperv neutron-server[103467]: DEBUG neutron_lib.callbacks.manager [None req-72340dcd-ae25-48ac-a868-81903a2361de admin admin] Publish callbacks [] for subnet, before_create {{(pid=103467) _notify_loop /usr/local/lib/python3.8/dist-packages/neutron_lib/callbacks/manager.py:175}}
Nov 25 06:05:18.599252 dv-neutron-819253-1-hyperv neutron-server[103468]: DEBUG neutron.api.rpc.handlers.resources_rpc [None req-abe7841f-9650-473b-ac6c-15bbe0511db7 None None] Pushing event updated for resources: {'Port': ['ID=08401d4a-04f2-4a34-84bd-063f650137d9,revision_number=1']} {{(pid=103468) push /opt/stack/neutron/neutron/api/rpc/handlers/resources_rpc.py:237}}
Nov 25 06:05:18.602550 dv-neutron-819253-1-hyperv neutron-server[103467]: DEBUG neutron.db.l3_dvrscheduler_db [None req-f4f08ee0-5ec4-4561-b4d9-0b250acbc5b8 admin admin] Received port after_create {{(pid=103467) _notify_l3_agent_new_port /opt/stack/neutron/neutron/db/l3_dvrscheduler_db.py:535}}
Nov 25 06:05:18.603714 dv-neutron-819253-1-hyperv neutron-server[103468]: DEBUG neutron.db.l3_dvrscheduler_db [None req-abe7841f-9650-473b-ac6c-15bbe0511db7 None None] Received port after_create {{(pid=103468) _notify_l3_agent_new_port /opt/stack/neutron/neutron/db/l3_dvrscheduler_db.py:535}}
Nov 25 06:05:18.612586 dv-neutron-819253-1-hyperv neutron-server[103466]: DEBUG neutron_lib.callbacks.manager [None req-f7396b19-00d1-4494-a1b3-e91e2a1517c3 admin admin] Publish callbacks ['neutron.plugins.ml2.plugin.SecurityGroupDbMixin._ensure_default_security_group_handler-1770363'] for port, before_create {{(pid=103466) _notify_loop /usr/local/lib/python3.8/dist-packages/neutron_lib/callbacks/manager.py:175}}
Nov 25 06:05:18.626692 dv-neutron-819253-1-hyperv neutron-server[103466]: DEBUG neutron_lib.callbacks.manager [None req-218349c9-af82-4843-9861-19a82d70bb9f tempest-ExternalNetworksAdminNegativeTestJSON-547638742 tempest-ExternalNetworksAdminNegativeTestJSON-547638742-project-admin] Publish callbacks ['neutron.plugins.ml2.plugin.SecurityGroupDbMixin._ensure_default_security_group_handler-1770363'] for port, before_create {{(pid=103466) _notify_loop /usr/local/lib/python3.8/dist-packages/neutron_lib/callbacks/manager.py:175}}
Nov 25 06:05:18.645359 dv-neutron-819253-1-hyperv neutron-server[103466]: DEBUG neutron.api.v2.base [None req-912f3c0a-2e4b-44c2-bdf9-7b47296f4ddf tempest-PortsAdminExtendedAttrsIpV6TestJSON-675055085 tempest-PortsAdminExtendedAttrsIpV6TestJSON-675055085-project] Request body: {'network': {'name': 'tempest-PortsAdminExtendedAttrsIpV6TestJSON-test-network-1304336463'}} {{(pid=103466) prepare_request_body /opt/stack/neutron/neutron/api/v2/base.py:729}}
Nov 25 06:05:18.717179 dv-neutron-819253-1-hyperv neutron-server[103468]: DEBUG neutron.plugins.ml2.managers [None req-abe7841f-9650-473b-ac6c-15bbe0511db7 None None] Attempting to bind port 08401d4a-04f2-4a34-84bd-063f650137d9 on host dv-neutron-819253-1-hyperv for vnic_type normal with profile {{(pid=103468) bind_port /opt/stack/neutron/neutron/plugins/ml2/managers.py:795}}
Nov 25 06:05:18.717703 dv-neutron-819253-1-hyperv neutron-server[103468]: DEBUG neutron.plugins.ml2.managers [None req-abe7841f-9650-473b-ac6c-15bbe0511db7 None None] Attempting to bind port 08401d4a-04f2-4a34-84bd-063f650137d9 by drivers openvswitch,hyperv on host dv-neutron-819253-1-hyperv at level 0 using segments [{'id': 'b51c5af8-bbec-4195-a1cc-0e4ac07dd767', 'network_type': 'vlan', 'physical_network': 'physnet1', 'segmentation_id': 567, 'network_id': 'ad7ad225-c8c8-42f5-ab62-746b2ee8316d'}] {{(pid=103468) _bind_port_level /opt/stack/neutron/neutron/plugins/ml2/managers.py:820}}
Nov 25 06:05:18.718077 dv-neutron-819253-1-hyperv neutron-server[103468]: DEBUG neutron.plugins.ml2.drivers.mech_agent [None req-abe7841f-9650-473b-ac6c-15bbe0511db7 None None] Attempting to bind port 08401d4a-04f2-4a34-84bd-063f650137d9 on network ad7ad225-c8c8-42f5-ab62-746b2ee8316d {{(pid=103468) bind_port /opt/stack/neutron/neutron/plugins/ml2/drivers/mech_agent.py:91}}
Nov 25 06:05:18.730537 dv-neutron-819253-1-hyperv neutron-server[103468]: DEBUG neutron.plugins.ml2.drivers.mech_agent [None req-abe7841f-9650-473b-ac6c-15bbe0511db7 None None] Checking agent: {'id': 'f7d79fad-6914-44a4-b33d-3129c22f6caa', 'agent_type': 'Open vSwitch agent', 'binary': 'neutron-openvswitch-agent', 'topic': 'N/A', 'host': 'dv-neutron-819253-1-hyperv', 'admin_state_up': True, 'created_at': datetime.datetime(2021, 11, 25, 5, 57, 56), 'started_at': datetime.datetime(2021, 11, 25, 5, 58, 26), 'heartbeat_timestamp': datetime.datetime(2021, 11, 25, 6, 4, 56), 'description': None, 'resources_synced': None, 'availability_zone': None, 'alive': True, 'configurations': {'arp_responder_enabled': False, 'baremetal_smartnic': False, 'bridge_mappings': {'physnet1': 'br-data'}, 'datapath_type': 'system', 'devices': 0, 'enable_distributed_routing': False, 'extensions': [], 'in_distributed_mode': False, 'integration_bridge': 'br-int', 'l2_population': False, 'log_agent_heartbeats': False, 'ovs_capabilities': {'datapath_types': ['netdev', 'system'], 'iface_types': ['erspan', 'geneve', 'gre', 'internal', 'ip6erspan', 'ip6gre', 'lisp', 'patch', 'stt', 'system', 'tap', 'vxlan']}, 'ovs_hybrid_plug': False, 'resource_provider_bandwidths': {}, 'resource_provider_hypervisors': {'br-data': 'dv-neutron-819253-1-hyperv'}, 'resource_provider_inventory_defaults': {'allocation_ratio': 1.0, 'min_unit': 1, 'step_size': 1, 'reserved': 0}, 'resource_provider_packet_processing_inventory_defaults': {'allocation_ratio': 1.0, 'min_unit': 1, 'step_size': 1, 'reserved': 0}, 'resource_provider_packet_processing_with_direction': {}, 'resource_provider_packet_processing_without_direction': {}, 'tunnel_types': [], 'tunneling_ip': None, 'vhostuser_socket_dir': '/var/run/openvswitch'}, 'resource_versions': {'AddressGroup': '1.2', 'ConntrackHelper': '1.0', 'Log': '1.0', 'Network': '1.1', 'Port': '1.7', 'PortForwarding': '1.2', 'QosPolicy': '1.10', 'SecurityGroup': '1.5', 'SecurityGroupRule': '1.2', 'SubPort': '1.0', 'Subnet': '1.1', 'Trunk': '1.1'}} {{(pid=103468) bind_port /opt/stack/neutron/neutron/plugins/ml2/drivers/mech_agent.py:110}}
Nov 25 06:05:18.731333 dv-neutron-819253-1-hyperv neutron-server[103468]: DEBUG neutron.plugins.ml2.drivers.mech_agent [None req-abe7841f-9650-473b-ac6c-15bbe0511db7 None None] Checking segment: {'id': 'b51c5af8-bbec-4195-a1cc-0e4ac07dd767', 'network_type': 'vlan', 'physical_network': 'physnet1', 'segmentation_id': 567, 'network_id': 'ad7ad225-c8c8-42f5-ab62-746b2ee8316d'} for mappings: {'physnet1': 'br-data'} with network types: ['local', 'flat', 'vlan'] {{(pid=103468) check_segment_for_agent /opt/stack/neutron/neutron/plugins/ml2/drivers/mech_agent.py:371}}
Nov 25 06:05:18.731745 dv-neutron-819253-1-hyperv neutron-server[103468]: DEBUG neutron_lib.callbacks.manager [None req-abe7841f-9650-473b-ac6c-15bbe0511db7 None None] Publish callbacks [] for ovs_bridge_name, before_read {{(pid=103468) _notify_loop /usr/local/lib/python3.8/dist-packages/neutron_lib/callbacks/manager.py:175}}
Nov 25 06:05:18.732146 dv-neutron-819253-1-hyperv neutron-server[103468]: DEBUG neutron.plugins.ml2.drivers.mech_agent [None req-abe7841f-9650-473b-ac6c-15bbe0511db7 None None] Bound using segment: {'id': 'b51c5af8-bbec-4195-a1cc-0e4ac07dd767', 'network_type': 'vlan', 'physical_network': 'physnet1', 'segmentation_id': 567, 'network_id': 'ad7ad225-c8c8-42f5-ab62-746b2ee8316d'} {{(pid=103468) bind_port /opt/stack/neutron/neutron/plugins/ml2/drivers/mech_agent.py:120}}
Nov 25 06:05:18.732644 dv-neutron-819253-1-hyperv neutron-server[103468]: DEBUG neutron.plugins.ml2.managers [None req-abe7841f-9650-473b-ac6c-15bbe0511db7 None None] Bound port: 08401d4a-04f2-4a34-84bd-063f650137d9, host: dv-neutron-819253-1-hyperv, vif_type: ovs, vif_details: {"connectivity": "l2", "port_filter": true, "ovs_hybrid_plug": false, "datapath_type": "system", "bridge_name": "br-int"}, binding_levels: [{'bound_driver': 'openvswitch', 'bound_segment': {'id': 'b51c5af8-bbec-4195-a1cc-0e4ac07dd767', 'network_type': 'vlan', 'physical_network': 'physnet1', 'segmentation_id': 567, 'network_id': 'ad7ad225-c8c8-42f5-ab62-746b2ee8316d'}}] {{(pid=103468) _bind_port_level /opt/stack/neutron/neutron/plugins/ml2/managers.py:932}}
Nov 25 06:05:18.733035 dv-neutron-819253-1-hyperv neutron-server[103468]: DEBUG neutron_lib.callbacks.manager [None req-abe7841f-9650-473b-ac6c-15bbe0511db7 None None] Publish callbacks ['neutron.plugins.ml2.plugin.SecurityGroupDbMixin._ensure_default_security_group_handler-1770363'] for port, before_update {{(pid=103468) _notify_loop /usr/local/lib/python3.8/dist-packages/neutron_lib/callbacks/manager.py:175}}
Nov 25 06:05:18.775035 dv-neutron-819253-1-hyperv neutron-server[103467]: DEBUG neutron.api.rpc.handlers.resources_rpc [None req-f4f08ee0-5ec4-4561-b4d9-0b250acbc5b8 admin admin] Pushing event updated for resources: {'Port': ['ID=7f6ef335-a1b1-4985-b74d-369325e80f66,revision_number=1']} {{(pid=103467) push /opt/stack/neutron/neutron/api/rpc/handlers/resources_rpc.py:237}}
Nov 25 06:05:18.803876 dv-neutron-819253-1-hyperv neutron-server[103466]: DEBUG neutron.pecan_wsgi.hooks.quota_enforcement [None req-912f3c0a-2e4b-44c2-bdf9-7b47296f4ddf tempest-PortsAdminExtendedAttrsIpV6TestJSON-675055085 tempest-PortsAdminExtendedAttrsIpV6TestJSON-675055085-project] Made reservation on behalf of d684d99756224724aa893f8782d58207 for: {'network': 1} {{(pid=103466) before /opt/stack/neutron/neutron/pecan_wsgi/hooks/quota_enforcement.py:53}}
Nov 25 06:05:18.808167 dv-neutron-819253-1-hyperv neutron-server[103466]: DEBUG neutron_lib.callbacks.manager [None req-912f3c0a-2e4b-44c2-bdf9-7b47296f4ddf tempest-PortsAdminExtendedAttrsIpV6TestJSON-675055085 tempest-PortsAdminExtendedAttrsIpV6TestJSON-675055085-project] Publish callbacks ['neutron.plugins.ml2.plugin.SecurityGroupDbMixin._ensure_default_security_group_handler-1770363'] for network, before_create {{(pid=103466) _notify_loop /usr/local/lib/python3.8/dist-packages/neutron_lib/callbacks/manager.py:175}}
Nov 25 06:05:18.837861 dv-neutron-819253-1-hyperv neutron-server[103466]: DEBUG neutron_lib.callbacks.manager [None req-912f3c0a-2e4b-44c2-bdf9-7b47296f4ddf tempest-PortsAdminExtendedAttrsIpV6TestJSON-675055085 tempest-PortsAdminExtendedAttrsIpV6TestJSON-675055085-project] Publish callbacks [] for security_group, before_create {{(pid=103466) _notify_loop /usr/local/lib/python3.8/dist-packages/neutron_lib/callbacks/manager.py:175}}
Nov 25 06:05:18.873339 dv-neutron-819253-1-hyperv neutron-server[103466]: DEBUG neutron.db.db_base_plugin_common [None req-f7396b19-00d1-4494-a1b3-e91e2a1517c3 admin admin] Allocated IP 172.26.2.211 (f40ccb12-556a-463c-b399-1b11eaf5fe97/604f43ed-d987-44fb-ab39-93f17a8f1ac4/1a1690a7-2ff7-493b-9105-38c97545ed87) {{(pid=103466) _store_ip_allocation /opt/stack/neutron/neutron/db/db_base_plugin_common.py:131}}
Nov 25 06:05:18.901907 dv-neutron-819253-1-hyperv neutron-server[103468]: DEBUG neutron.plugins.ml2.db [None req-abe7841f-9650-473b-ac6c-15bbe0511db7 None None] For port 08401d4a-04f2-4a34-84bd-063f650137d9, host dv-neutron-819253-1-hyperv, cleared binding levels {{(pid=103468) clear_binding_levels /opt/stack/neutron/neutron/plugins/ml2/db.py:87}}
Nov 25 06:05:18.908271 dv-neutron-819253-1-hyperv neutron-server[103468]: DEBUG neutron.plugins.ml2.db [None req-abe7841f-9650-473b-ac6c-15bbe0511db7 None None] For port 08401d4a-04f2-4a34-84bd-063f650137d9, host dv-neutron-819253-1-hyperv, set binding levels [PortBindingLevel(driver='openvswitch',host='dv-neutron-819253-1-hyperv',level=0,port_id=08401d4a-04f2-4a34-84bd-063f650137d9,segment=NetworkSegment(b51c5af8-bbec-4195-a1cc-0e4ac07dd767),segment_id=b51c5af8-bbec-4195-a1cc-0e4ac07dd767)] {{(pid=103468) set_binding_levels /opt/stack/neutron/neutron/plugins/ml2/db.py:59}}
Nov 25 06:05:18.920385 dv-neutron-819253-1-hyperv neutron-server[103468]: DEBUG neutron_lib.callbacks.manager [None req-abe7841f-9650-473b-ac6c-15bbe0511db7 None None] Publish callbacks ['neutron.plugins.ml2.plugin.SecurityGroupServerNotifierRpcMixin._notify_sg_on_port_change-1770300', 'neutron.plugins.ml2.ovo_rpc._ObjectChangeHandler.handle_event-239889', 'neutron.api.rpc.agentnotifiers.dhcp_rpc_agent_api.DhcpAgentNotifyAPI._native_event_send_dhcp_notification-624822', 'neutron.db.l3_db.L3RpcNotifierMixin._notify_gateway_port_ip_changed-8787793113896', 'neutron.db.l3_dvrscheduler_db._notify_l3_agent_port_update-8787792646027', 'neutron.db.l3_hascheduler_db._notify_l3_agent_ha_port_update-8787792646045'] for port, after_update {{(pid=103468) _notify_loop /usr/local/lib/python3.8/dist-packages/neutron_lib/callbacks/manager.py:175}}
Nov 25 06:05:19.068376 dv-neutron-819253-1-hyperv neutron-server[103468]: DEBUG neutron.api.rpc.handlers.resources_rpc [None req-abe7841f-9650-473b-ac6c-15bbe0511db7 None None] Pushing event updated for resources: {'Port': ['ID=08401d4a-04f2-4a34-84bd-063f650137d9,revision_number=2']} {{(pid=103468) push /opt/stack/neutron/neutron/api/rpc/handlers/resources_rpc.py:237}}
Nov 25 06:05:19.098445 dv-neutron-819253-1-hyperv neutron-server[103466]: DEBUG neutron_lib.callbacks.manager [None req-912f3c0a-2e4b-44c2-bdf9-7b47296f4ddf tempest-PortsAdminExtendedAttrsIpV6TestJSON-675055085 tempest-PortsAdminExtendedAttrsIpV6TestJSON-675055085-project] Publish callbacks [] for security_group, precommit_create {{(pid=103466) _notify_loop /usr/local/lib/python3.8/dist-packages/neutron_lib/callbacks/manager.py:175}}
Nov 25 06:05:19.110295 dv-neutron-819253-1-hyperv neutron-server[103466]: DEBUG neutron_lib.callbacks.manager [None req-912f3c0a-2e4b-44c2-bdf9-7b47296f4ddf tempest-PortsAdminExtendedAttrsIpV6TestJSON-675055085 tempest-PortsAdminExtendedAttrsIpV6TestJSON-675055085-project] Publish callbacks ['neutron.plugins.ml2.ovo_rpc._ObjectChangeHandler.handle_event-546081'] for security_group, after_create {{(pid=103466) _notify_loop /usr/local/lib/python3.8/dist-packages/neutron_lib/callbacks/manager.py:175}}
