Nov 25 11:24:24.874402 dv-neutron-819175-1-hyperv devstack@placement-api.service[88737]: DEBUG placement.wsgi [-] ******************************************************************************** {{(pid=88737) log_opt_values /usr/local/lib/python3.8/dist-packages/oslo_config/cfg.py:2613}}
Nov 25 11:24:24.874542 dv-neutron-819175-1-hyperv devstack@placement-api.service[88736]: DEBUG placement.wsgi [-] ******************************************************************************** {{(pid=88736) log_opt_values /usr/local/lib/python3.8/dist-packages/oslo_config/cfg.py:2613}}
Nov 25 11:24:24.875347 dv-neutron-819175-1-hyperv devstack@placement-api.service[88737]: WARNING keystonemiddleware.auth_token [-] AuthToken middleware is set with keystone_authtoken.service_token_roles_required set to False. This is backwards compatible but deprecated behaviour. Please set this to True.
Nov 25 11:24:24.875501 dv-neutron-819175-1-hyperv devstack@placement-api.service[88736]: WARNING keystonemiddleware.auth_token [-] AuthToken middleware is set with keystone_authtoken.service_token_roles_required set to False. This is backwards compatible but deprecated behaviour. Please set this to True.
Nov 25 11:24:25.002390 dv-neutron-819175-1-hyperv devstack@placement-api.service[88736]: WARNING keystonemiddleware.auth_token [-] Configuring www_authenticate_uri to point to the public identity endpoint is required; clients may not be able to authenticate against an admin endpoint
Nov 25 11:24:25.003238 dv-neutron-819175-1-hyperv devstack@placement-api.service[88737]: WARNING keystonemiddleware.auth_token [-] Configuring www_authenticate_uri to point to the public identity endpoint is required; clients may not be able to authenticate against an admin endpoint
Nov 25 11:24:25.011953 dv-neutron-819175-1-hyperv devstack@placement-api.service[88736]: DEBUG oslo_concurrency.lockutils [-] Acquired lock "trait_sync" {{(pid=88736) lock /usr/local/lib/python3.8/dist-packages/oslo_concurrency/lockutils.py:266}}
Nov 25 11:24:25.012860 dv-neutron-819175-1-hyperv devstack@placement-api.service[88737]: DEBUG oslo_concurrency.lockutils [-] Acquired lock "trait_sync" {{(pid=88737) lock /usr/local/lib/python3.8/dist-packages/oslo_concurrency/lockutils.py:266}}
Nov 25 11:24:25.044298 dv-neutron-819175-1-hyperv devstack@placement-api.service[88736]: DEBUG oslo_db.sqlalchemy.engines [-] MySQL server mode set to STRICT_TRANS_TABLES,STRICT_ALL_TABLES,NO_ZERO_IN_DATE,NO_ZERO_DATE,ERROR_FOR_DIVISION_BY_ZERO,TRADITIONAL,NO_ENGINE_SUBSTITUTION {{(pid=88736) _check_effective_sql_mode /usr/local/lib/python3.8/dist-packages/oslo_db/sqlalchemy/engines.py:304}}
Nov 25 11:24:25.045151 dv-neutron-819175-1-hyperv devstack@placement-api.service[88737]: DEBUG oslo_db.sqlalchemy.engines [-] MySQL server mode set to STRICT_TRANS_TABLES,STRICT_ALL_TABLES,NO_ZERO_IN_DATE,NO_ZERO_DATE,ERROR_FOR_DIVISION_BY_ZERO,TRADITIONAL,NO_ENGINE_SUBSTITUTION {{(pid=88737) _check_effective_sql_mode /usr/local/lib/python3.8/dist-packages/oslo_db/sqlalchemy/engines.py:304}}
Nov 25 11:24:25.147152 dv-neutron-819175-1-hyperv devstack@placement-api.service[88737]: DEBUG placement.objects.trait [-] Synced traits from os_traits into API DB: {'HW_NIC_OFFLOAD_UCS', 'HW_GPU_API_OPENGL_V4_3', 'HW_NIC_ACCEL_LZS', 'HW_NIC_OFFLOAD_L2CRC', 'COMPUTE_IMAGE_TYPE_VHDX', 'HW_GPU_API_OPENGL_V4_5', 'COMPUTE_NET_VIF_MODEL_LAN9118', 'HW_GPU_CUDA_COMPUTE_CAPABILITY_V3_2', 'HW_GPU_API_DXVA', 'HW_GPU_CUDA_COMPUTE_CAPABILITY_V2_1', 'HW_NIC_OFFLOAD_SWITCHDEV', 'HW_GPU_CUDA_SDK_V9_2', 'HW_GPU_MAX_DISPLAY_HEADS_4', 'HW_CPU_AARCH64_FPHP', 'HW_GPU_RESOLUTION_W1366H768', 'HW_NIC_SRIOV', 'COMPUTE_NET_VIF_MODEL_NETFRONT', 'HW_CPU_AMD_SEV', 'HW_GPU_RESOLUTION_W1280H768', 'HW_GPU_RESOLUTION_W1600H1200', 'HW_CPU_X86_AVX512DQ', 'COMPUTE_STORAGE_BUS_SCSI', 'COMPUTE_IMAGE_TYPE_AKI', 'HW_GPU_CUDA_SDK_V9_1', 'HW_CPU_AARCH64_SVE', 'HW_CPU_X86_BMI2', 'HW_NIC_OFFLOAD_SG', 'HW_NIC_ACCEL_ECC', 'COMPUTE_SOCKET_PCI_NUMA_AFFINITY', 'COMPUTE_GRAPHICS_MODEL_CIRRUS', 'HW_GPU_CUDA_COMPUTE_CAPABILITY_V3_5', 'HW_GPU_CUDA_COMPUTE_CAPABILITY_V7_2', 'HW_GPU_API_OPENGL_V3_1', 'HW_NIC_OFFLOAD_LRO', 'COMPUTE_VOLUME_MULTI_ATTACH', 'HW_CPU_X86_AVX512IFMA', 'HW_GPU_CUDA_COMPUTE_CAPABILITY_V6_0', 'HW_NIC_OFFLOAD_QINQ', 'HW_CPU_X86_INTEL_MD_CLEAR', 'HW_GPU_API_OPENCL_V2_1', 'COMPUTE_STORAGE_BUS_LXC', 'HW_GPU_RESOLUTION_W1440H900', 'COMPUTE_IMAGE_TYPE_AMI', 'HW_GPU_API_DIRECT3D_V9_0', 'HW_GPU_API_DIRECT3D_V10_0', 'HW_NIC_SRIOV_MULTIQUEUE', 'HW_CPU_X86_3DNOW', 'HW_CPU_X86_MPX', 'HW_GPU_API_DIRECT3D_V11_3', 'HW_GPU_CUDA_COMPUTE_CAPABILITY_V1_0', 'HW_GPU_API_OPENGL_V1_5', 'HW_CPU_X86_AVX', 'HW_GPU_API_OPENGL_V4_0', 'COMPUTE_STATUS_DISABLED', 'HW_NIC_OFFLOAD_GENEVE', 'COMPUTE_NET_ATTACH_INTERFACE_WITH_TAG', 'HW_CPU_X86_PDPE1GB', 'HW_CPU_X86_TSX', 'COMPUTE_DEVICE_TAGGING', 'HW_NIC_OFFLOAD_TCS', 'HW_NIC_DCB_PFC', 'HW_GPU_CUDA_COMPUTE_CAPABILITY_V7_0', 'HW_CPU_AARCH64_FCMA', 'COMPUTE_SAME_HOST_COLD_MIGRATE', 'HW_GPU_CUDA_COMPUTE_CAPABILITY_V1_2', 'HW_NIC_SRIOV_QOS_TX', 'HW_GPU_API_OPENGL_V1_2', 'HW_CPU_X86_INTEL_SSBD', 'COMPUTE_IMAGE_TYPE_ISO', 'COMPUTE_STORAGE_BUS_UML', 'HW_GPU_API_DIRECT2D', 'HW_CPU_AARCH64_CPUID', 'HW_GPU_API_OPENGL_V2_0', 'HW_GPU_RESOLUTION_W1600H900', 'HW_NIC_OFFLOAD_GRE', 'HW_GPU_CUDA_COMPUTE_CAPABILITY_V5_2', 'COMPUTE_IMAGE_TYPE_ARI', 'COMPUTE_GRAPHICS_MODEL_VGA', 'HW_CPU_AARCH64_SHA2', 'HW_GPU_API_VULKAN', 'COMPUTE_STORAGE_BUS_IDE', 'HW_CPU_X86_SSE2', 'HW_GPU_RESOLUTION_W640H480', 'HW_CPU_X86_AVX512VBMI', 'HW_CPU_X86_AMD_SEV', 'HW_GPU_CUDA_SDK_V8_0', 'HW_CPU_X86_SSE42', 'COMPUTE_NET_VIF_MODEL_VMXNET3', 'HW_GPU_API_OPENGL_V4_4', 'HW_CPU_X86_XOP', 'HW_CPU_X86_AVX512GFNI', 'HW_GPU_API_DIRECT3D_V12_0', 'HW_NIC_SRIOV_TRUSTED', 'HW_GPU_MAX_DISPLAY_HEADS_2', 'COMPUTE_NET_VIF_MODEL_NE2K_PCI', 'COMPUTE_NET_VIF_MODEL_E1000E', 'HW_GPU_RESOLUTION_W1680H1050', 'HW_GPU_API_DIRECTX_V12', 'HW_CPU_PPC64LE_POWER8', 'HW_NIC_ACCEL_DEFLATE', 'HW_NIC_ACCEL_RSA', 'HW_CPU_AARCH64_ASIMDRDM', 'HW_NIC_OFFLOAD_GSO', 'HW_CPU_AARCH64_EVTSTRM', 'HW_CPU_X86_FMA3', 'HW_GPU_CUDA_COMPUTE_CAPABILITY_V5_0', 'HW_CPU_X86_MMX', 'HW_GPU_API_DIRECT3D_V11_2', 'HW_GPU_API_OPENGL_V4_2', 'HW_NIC_MULTIQUEUE', 'HW_GPU_RESOLUTION_W2560H1600', 'HW_NIC_OFFLOAD_TXUDP', 'COMPUTE_IMAGE_TYPE_VDI', 'HW_GPU_CUDA_COMPUTE_CAPABILITY_V5_3', 'HW_CPU_AARCH64_AES', 'HW_CPU_X86_ASF', 'HW_NIC_ACCEL_IPSEC', 'COMPUTE_NET_VIF_MODEL_E1000', 'HW_GPU_API_DIRECT3D_V10_1', 'HW_CPU_X86_AVX512ER', 'HW_GPU_API_OPENCL_V1_0', 'HW_CPU_X86_AVX512VL', 'HW_GPU_API_OPENCL_V2_0', 'HW_GPU_CUDA_COMPUTE_CAPABILITY_V3_0', 'HW_GPU_API_OPENCL_V1_2', 'COMPUTE_RESCUE_BFV', 'HW_NIC_DCB_QCN', 'COMPUTE_GRAPHICS_MODEL_VIRTIO', 'HW_CPU_X86_BMI', 'HW_GPU_RESOLUTION_W1360H768', 'HW_CPU_AARCH64_DCPOP', 'HW_CPU_AARCH64_ASIMD', 'HW_GPU_API_OPENGL_V3_0', 'HW_GPU_MAX_DISPLAY_HEADS_6', 'HW_NIC_OFFLOAD_UFO', 'COMPUTE_SECURITY_TPM_2_0', 'COMPUTE_NET_VIF_MODEL_SRIOV', 'COMPUTE_NET_VIF_MODEL_SPAPR_VLAN', 'COMPUTE_STORAGE_BUS_VIRTIO', 'HW_NIC_SRIOV_QOS_RX', 'MISC_SHARES_VIA_AGGREGATE', 'HW_CPU_X86_AVX512VPOPCNTDQ', 'HW_GPU_API_OPENGL_V1_4', 'COMPUTE_EPHEMERAL_ENCRYPTION_LUKS', 'HW_NIC_OFFLOAD_TSO', 'COMPUTE_EPHEMERAL_ENCRYPTION', 'HW_CPU_AARCH64_LRCPC', 'HW_GPU_CUDA_SDK_V10_0', 'COMPUTE_MIGRATE_POST_COPY', 'HW_CPU_PPC64LE_POWER9', 'HW_GPU_RESOLUTION_W2560H1440', 'HW_CPU_X86_VMX', 'HW_NIC_ACCEL_DIFFIEH', 'HW_CPU_AARCH64_JSCVT', 'HW_CPU_X86_AVX512VNNI', 'COMPUTE_NET_VIF_MODEL_PCNET', 'HW_GPU_API_DIRECT3D_V7_0', 'HW_GPU_API_OPENGL_V1_3', 'COMPUTE_IMAGE_TYPE_PLOOP', 'HW_CPU_X86_AVX512F', 'COMPUTE_GRAPHICS_MODEL_VMVGA', 'HW_NIC_VMDQ', 'HW_GPU_CUDA_COMPUTE_CAPABILITY_V1_3', 'COMPUTE_NET_ATTACH_INTERFACE', 'HW_CPU_X86_AVX512BITALG', 'HW_CPU_X86_FMA4', 'HW_GPU_CUDA_COMPUTE_CAPABILITY_V6_2', 'COMPUTE_SECURITY_UEFI_SECURE_BOOT', 'HW_NIC_DCB_ETS', 'HW_GPU_RESOLUTION_W320H240', 'COMPUTE_EPHEMERAL_ENCRYPTION_PLAIN', 'HW_NIC_OFFLOAD_TXVLAN', 'HW_CPU_X86_SSE41', 'HW_GPU_API_DIRECT3D_V11_0', 'COMPUTE_VOLUME_EXTEND', 'COMPUTE_NET_VIF_MODEL_VIRTIO', 'HW_GPU_API_OPENGL_V4_1', 'HW_GPU_API_DIRECT3D_V9_0B', 'HW_GPU_API_DIRECT3D_V9_0C', 'HW_GPU_API_DIRECT3D_V11_1', 'HW_NIC_PROGRAMMABLE_PIPELINE', 'HW_CPU_AARCH64_ATOMICS', 'HW_CPU_X86_AMD_NO_SSB', 'HW_NIC_OFFLOAD_SCS', 'HW_CPU_AARCH64_SHA512', 'HW_CPU_AARCH64_PMULL', 'HW_GPU_CUDA_COMPUTE_CAPABILITY_V6_1', 'HW_GPU_RESOLUTION_W1280H720', 'STORAGE_DISK_HDD', 'HW_CPU_X86_AVX512VPCLMULQDQ', 'HW_CPU_AARCH64_ASIMDDP', 'HW_NIC_OFFLOAD_RDMA', 'HW_GPU_RESOLUTION_W800H600', 'HW_GPU_RESOLUTION_W1920H1080', 'COMPUTE_TRUSTED_CERTS', 'COMPUTE_SECURITY_TPM_1_2', 'HW_GPU_API_OPENCL_V1_1', 'HW_NIC_OFFLOAD_RXVLAN', 'HW_CPU_AARCH64_SHA3', 'HW_CPU_X86_AVX512VBMI2', 'HW_GPU_API_DIRECTX_V11', 'COMPUTE_STORAGE_BUS_SATA', 'HW_CPU_X86_CLMUL', 'COMPUTE_ACCELERATORS', 'HW_GPU_CUDA_COMPUTE_CAPABILITY_V3_7', 'COMPUTE_IMAGE_TYPE_QCOW2', 'HW_CPU_X86_AMD_IBPB', 'COMPUTE_IMAGE_TYPE_VHD', 'HW_GPU_API_DIRECTX_V10', 'HW_GPU_API_OPENGL_V3_2', 'HW_CPU_AARCH64_SM3', 'COMPUTE_MIGRATE_AUTO_CONVERGE', 'COMPUTE_IMAGE_TYPE_VMDK', 'HW_GPU_RESOLUTION_W1152H864', 'HW_CPU_AARCH64_SHA1', 'HW_GPU_CUDA_SDK_V9_0', 'HW_GPU_API_OPENGL_V2_1', 'HW_GPU_CUDA_SDK_V6_5', 'STORAGE_DISK_SSD', 'HW_GPU_RESOLUTION_W1280H1024', 'HW_GPU_MAX_DISPLAY_HEADS_1', 'HW_GPU_CUDA_COMPUTE_CAPABILITY_V1_1', 'HW_GPU_RESOLUTION_W1280H800', 'HW_NIC_OFFLOAD_TX', 'HW_CPU_AARCH64_ASIMDHP', 'HW_CPU_X86_INTEL_SPEC_CTRL', 'HW_GPU_API_OPENCL_V2_2', 'HW_GPU_CUDA_SDK_V7_5', 'HW_NIC_OFFLOAD_RXHASH', 'HW_CPU_X86_F16C', 'HW_CPU_X86_AVX512BW', 'HW_CPU_X86_SSE3', 'HW_CPU_X86_SGX', 'HW_CPU_X86_AMD_SVM', 'HW_GPU_API_OPENGL_V3_3', 'HW_NIC_OFFLOAD_GRO', 'HW_NIC_ACCEL_TLS', 'COMPUTE_IMAGE_TYPE_RAW', 'COMPUTE_NET_VIF_MODEL_RTL8139', 'HW_CPU_X86_AESNI', 'HW_GPU_API_OPENGL_V1_1', 'COMPUTE_NODE', 'HW_CPU_X86_INTEL_PCID', 'HW_CPU_AARCH64_FP', 'HW_CPU_X86_AMD_SSBD', 'HW_GPU_API_DIRECT3D_V8_0', 'HW_GPU_RESOLUTION_W3840H2160', 'COMPUTE_VOLUME_ATTACH_WITH_TAG', 'HW_GPU_API_DIRECT3D_V6_0', 'HW_GPU_RESOLUTION_W1024H600', 'HW_CPU_X86_INTEL_VMX', 'COMPUTE_GRAPHICS_MODEL_NONE', 'COMPUTE_EPHEMERAL_ENCRYPTION_LUKSV2', 'HW_CPU_X86_SHA', 'HW_GPU_RESOLUTION_W1024H768', 'COMPUTE_GRAPHICS_MODEL_XEN', 'HW_CPU_HYPERTHREADING', 'HW_GPU_API_DIRECT3D_V8_1', 'HW_NIC_OFFLOAD_VXLAN', 'HW_NIC_OFFLOAD_LSO', 'HW_CPU_X86_AVX512CD', 'COMPUTE_VOLUME_ATTACH', 'HW_GPU_CUDA_COMPUTE_CAPABILITY_V7_1', 'COMPUTE_STORAGE_BUS_FDC', 'HW_CPU_X86_TBM', 'HW_NIC_OFFLOAD_RX', 'HW_GPU_RESOLUTION_W7680H4320', 'HW_GPU_RESOLUTION_W1920H1200', 'HW_CPU_AARCH64_CRC32', 'HW_CPU_X86_AMD_VIRT_SSBD', 'HW_NIC_ACCEL_SSL', 'HW_NIC_OFFLOAD_FDF', 'HW_NUMA_ROOT', 'HW_CPU_X86_ABM', 'COMPUTE_STORAGE_BUS_XEN', 'HW_CPU_X86_SSSE3', 'COMPUTE_GRAPHICS_MODEL_GOP', 'HW_GPU_MAX_DISPLAY_HEADS_8', 'HW_CPU_X86_AVX512VAES', 'COMPUTE_STORAGE_BUS_USB', 'HW_CPU_AARCH64_SM4', 'HW_CPU_X86_SVM', 'HW_CPU_X86_STIBP', 'HW_CPU_X86_SSE4A', 'COMPUTE_GRAPHICS_MODEL_QXL', 'HW_CPU_X86_AVX512PF', 'HW_GPU_API_DIRECT3D_V9_0L', 'HW_GPU_CUDA_COMPUTE_CAPABILITY_V2_0', 'HW_CPU_X86_SSE', 'COMPUTE_NET_VIF_MODEL_VMXNET', 'HW_CPU_X86_AVX2'} {{(pid=88737) _trait_sync /opt/stack/placement/placement/objects/trait.py:286}}
Nov 25 11:24:25.207032 dv-neutron-819175-1-hyperv devstack@placement-api.service[88736]: DEBUG oslo_db.api [-] DB error: (pymysql.err.OperationalError) (1213, 'Deadlock found when trying to get lock; try restarting transaction')
Nov 25 11:24:25.207032 dv-neutron-819175-1-hyperv devstack@placement-api.service[88736]: [SQL: INSERT INTO traits (created_at, name) VALUES (%(created_at)s, %(name)s)]
Nov 25 11:24:25.207032 dv-neutron-819175-1-hyperv devstack@placement-api.service[88736]: [parameters: ({'created_at': datetime.datetime(2021, 11, 25, 11, 24, 25, 129930), 'name': 'HW_NIC_OFFLOAD_UCS'}, {'created_at': datetime.datetime(2021, 11, 25, 11, 24, 25, 129938), 'name': 'HW_GPU_API_OPENGL_V4_3'}, {'created_at': datetime.datetime(2021, 11, 25, 11, 24, 25, 129942), 'name': 'HW_NIC_ACCEL_LZS'}, {'created_at': datetime.datetime(2021, 11, 25, 11, 24, 25, 129945), 'name': 'HW_NIC_OFFLOAD_L2CRC'}, {'created_at': datetime.datetime(2021, 11, 25, 11, 24, 25, 129948), 'name': 'COMPUTE_IMAGE_TYPE_VHDX'}, {'created_at': datetime.datetime(2021, 11, 25, 11, 24, 25, 129952), 'name': 'HW_GPU_API_OPENGL_V4_5'}, {'created_at': datetime.datetime(2021, 11, 25, 11, 24, 25, 129955), 'name': 'COMPUTE_NET_VIF_MODEL_LAN9118'}, {'created_at': datetime.datetime(2021, 11, 25, 11, 24, 25, 129958), 'name': 'HW_GPU_CUDA_COMPUTE_CAPABILITY_V3_2'} ... displaying 10 of 291 total bound parameter sets ... {'created_at': datetime.datetime(2021, 11, 25, 11, 24, 25, 130875), 'name': 'COMPUTE_NET_VIF_MODEL_VMXNET'}, {'created_at': datetime.datetime(2021, 11, 25, 11, 24, 25, 130878), 'name': 'HW_CPU_X86_AVX2'})]
Nov 25 11:24:25.207032 dv-neutron-819175-1-hyperv devstack@placement-api.service[88736]: (Background on this error at: http://sqlalche.me/e/13/e3q8) {{(pid=88736) _is_exception_expected /usr/local/lib/python3.8/dist-packages/oslo_db/api.py:184}}
Nov 25 11:24:25.207470 dv-neutron-819175-1-hyperv devstack@placement-api.service[88736]: DEBUG oslo_db.api [-] Performing DB retry for function placement.objects.trait._trait_sync {{(pid=88736) wrapper /usr/local/lib/python3.8/dist-packages/oslo_db/api.py:155}}
Nov 25 11:24:25.234449 dv-neutron-819175-1-hyperv devstack@placement-api.service[88737]: DEBUG oslo_concurrency.lockutils [-] Releasing lock "trait_sync" {{(pid=88737) lock /usr/local/lib/python3.8/dist-packages/oslo_concurrency/lockutils.py:282}}
Nov 25 11:24:25.234705 dv-neutron-819175-1-hyperv devstack@placement-api.service[88737]: DEBUG oslo_concurrency.lockutils [-] Acquired lock "resource_classes_sync" {{(pid=88737) lock /usr/local/lib/python3.8/dist-packages/oslo_concurrency/lockutils.py:266}}
Nov 25 11:24:25.238293 dv-neutron-819175-1-hyperv devstack@placement-api.service[88737]: DEBUG placement.objects.resource_class [-] Found existing resource classes in db: [] {{(pid=88737) _resource_classes_sync /opt/stack/placement/placement/objects/resource_class.py:228}}
Nov 25 11:24:25.241130 dv-neutron-819175-1-hyperv devstack@placement-api.service[88737]: DEBUG placement.objects.resource_class [-] Synced resource_classes from os_resource_classes: [{'name': 'VCPU', 'id': 0}, {'name': 'MEMORY_MB', 'id': 1}, {'name': 'DISK_GB', 'id': 2}, {'name': 'PCI_DEVICE', 'id': 3}, {'name': 'SRIOV_NET_VF', 'id': 4}, {'name': 'NUMA_SOCKET', 'id': 5}, {'name': 'NUMA_CORE', 'id': 6}, {'name': 'NUMA_THREAD', 'id': 7}, {'name': 'NUMA_MEMORY_MB', 'id': 8}, {'name': 'IPV4_ADDRESS', 'id': 9}, {'name': 'VGPU', 'id': 10}, {'name': 'VGPU_DISPLAY_HEAD', 'id': 11}, {'name': 'NET_BW_EGR_KILOBIT_PER_SEC', 'id': 12}, {'name': 'NET_BW_IGR_KILOBIT_PER_SEC', 'id': 13}, {'name': 'PCPU', 'id': 14}, {'name': 'MEM_ENCRYPTION_CONTEXT', 'id': 15}, {'name': 'FPGA', 'id': 16}, {'name': 'PGPU', 'id': 17}] {{(pid=88737) _resource_classes_sync /opt/stack/placement/placement/objects/resource_class.py:245}}
Nov 25 11:24:25.303000 dv-neutron-819175-1-hyperv devstack@placement-api.service[88737]: DEBUG oslo_concurrency.lockutils [-] Releasing lock "resource_classes_sync" {{(pid=88737) lock /usr/local/lib/python3.8/dist-packages/oslo_concurrency/lockutils.py:282}}
Nov 25 11:24:25.303166 dv-neutron-819175-1-hyperv devstack@placement-api.service[88737]: WSGI app 0 (mountpoint='') ready in 3 seconds on interpreter 0x555acff159c0 pid: 88737 (default app)
Nov 25 11:24:25.304558 dv-neutron-819175-1-hyperv devstack@placement-api.service[88737]: DEBUG placement.requestlog [None req-eb96ea64-8182-4ab9-b3db-a4243d254f8d None None] Starting request: 10.222.0.31 "GET /placement/" {{(pid=88737) __call__ /opt/stack/placement/placement/requestlog.py:55}}
Nov 25 11:24:25.319672 dv-neutron-819175-1-hyperv devstack@placement-api.service[88737]: INFO placement.requestlog [None req-eb96ea64-8182-4ab9-b3db-a4243d254f8d None None] 10.222.0.31 "GET /placement/" status: 200 len: 136 microversion: 1.0
Nov 25 11:24:25.319905 dv-neutron-819175-1-hyperv devstack@placement-api.service[88737]: [pid: 88737|app: 0|req: 1/1] 10.222.0.31 () {50 vars in 776 bytes} [Thu Nov 25 11:24:25 2021] GET /placement => generated 136 bytes in 16 msecs (HTTP/1.1 200) 6 headers in 224 bytes (1 switches on core 0)
Nov 25 11:24:26.217711 dv-neutron-819175-1-hyperv devstack@placement-api.service[88736]: DEBUG oslo_concurrency.lockutils [-] Releasing lock "trait_sync" {{(pid=88736) lock /usr/local/lib/python3.8/dist-packages/oslo_concurrency/lockutils.py:282}}
Nov 25 11:24:26.218182 dv-neutron-819175-1-hyperv devstack@placement-api.service[88736]: DEBUG oslo_concurrency.lockutils [-] Acquired lock "resource_classes_sync" {{(pid=88736) lock /usr/local/lib/python3.8/dist-packages/oslo_concurrency/lockutils.py:266}}
Nov 25 11:24:26.220700 dv-neutron-819175-1-hyperv devstack@placement-api.service[88736]: DEBUG placement.objects.resource_class [-] Found existing resource classes in db: ['DISK_GB', 'FPGA', 'IPV4_ADDRESS', 'MEMORY_MB', 'MEM_ENCRYPTION_CONTEXT', 'NET_BW_EGR_KILOBIT_PER_SEC', 'NET_BW_IGR_KILOBIT_PER_SEC', 'NUMA_CORE', 'NUMA_MEMORY_MB', 'NUMA_SOCKET', 'NUMA_THREAD', 'PCI_DEVICE', 'PCPU', 'PGPU', 'SRIOV_NET_VF', 'VCPU', 'VGPU', 'VGPU_DISPLAY_HEAD'] {{(pid=88736) _resource_classes_sync /opt/stack/placement/placement/objects/resource_class.py:228}}
Nov 25 11:24:26.221335 dv-neutron-819175-1-hyperv devstack@placement-api.service[88736]: DEBUG oslo_concurrency.lockutils [-] Releasing lock "resource_classes_sync" {{(pid=88736) lock /usr/local/lib/python3.8/dist-packages/oslo_concurrency/lockutils.py:282}}
Nov 25 11:24:26.221501 dv-neutron-819175-1-hyperv devstack@placement-api.service[88736]: WSGI app 0 (mountpoint='') ready in 4 seconds on interpreter 0x555acff159c0 pid: 88736 (default app)
Nov 25 11:25:26.351385 dv-neutron-819175-1-hyperv devstack@placement-api.service[88737]: DEBUG placement.requestlog [None req-648b373b-dca3-4c92-9651-da3732d76d22 None None] Starting request: 10.222.0.31 "GET /placement/" {{(pid=88737) __call__ /opt/stack/placement/placement/requestlog.py:55}}
Nov 25 11:25:26.352348 dv-neutron-819175-1-hyperv devstack@placement-api.service[88737]: INFO placement.requestlog [None req-648b373b-dca3-4c92-9651-da3732d76d22 None None] 10.222.0.31 "GET /placement/" status: 200 len: 136 microversion: 1.0
Nov 25 11:25:26.352685 dv-neutron-819175-1-hyperv devstack@placement-api.service[88737]: [pid: 88737|app: 0|req: 2/2] 10.222.0.31 () {54 vars in 916 bytes} [Thu Nov 25 11:25:26 2021] GET /placement => generated 136 bytes in 1 msecs (HTTP/1.1 200) 6 headers in 224 bytes (1 switches on core 0)
Nov 25 11:25:26.770564 dv-neutron-819175-1-hyperv devstack@placement-api.service[88736]: DEBUG placement.requestlog [None req-87a60f6d-7e5d-4502-89ef-41d2fb2f5f31 None None] Starting request: 10.222.0.31 "GET /placement/" {{(pid=88736) __call__ /opt/stack/placement/placement/requestlog.py:55}}
Nov 25 11:25:26.786540 dv-neutron-819175-1-hyperv devstack@placement-api.service[88736]: INFO placement.requestlog [None req-87a60f6d-7e5d-4502-89ef-41d2fb2f5f31 None None] 10.222.0.31 "GET /placement/" status: 200 len: 136 microversion: 1.0
Nov 25 11:25:26.799040 dv-neutron-819175-1-hyperv devstack@placement-api.service[88736]: [pid: 88736|app: 0|req: 1/3] 10.222.0.31 () {54 vars in 916 bytes} [Thu Nov 25 11:25:26 2021] GET /placement => generated 136 bytes in 29 msecs (HTTP/1.1 200) 6 headers in 224 bytes (1 switches on core 0)
Nov 25 11:25:30.723604 dv-neutron-819175-1-hyperv devstack@placement-api.service[88737]: DEBUG placement.requestlog [None req-c623db31-c91b-4f9d-9058-0f822797bbff None None] Starting request: 10.222.0.31 "GET /placement/" {{(pid=88737) __call__ /opt/stack/placement/placement/requestlog.py:55}}
Nov 25 11:25:30.724846 dv-neutron-819175-1-hyperv devstack@placement-api.service[88737]: INFO placement.requestlog [None req-c623db31-c91b-4f9d-9058-0f822797bbff None None] 10.222.0.31 "GET /placement/" status: 200 len: 136 microversion: 1.0
Nov 25 11:25:30.725222 dv-neutron-819175-1-hyperv devstack@placement-api.service[88737]: [pid: 88737|app: 0|req: 3/4] 10.222.0.31 () {54 vars in 916 bytes} [Thu Nov 25 11:25:30 2021] GET /placement => generated 136 bytes in 2 msecs (HTTP/1.1 200) 6 headers in 224 bytes (2 switches on core 0)
Nov 25 11:25:32.105001 dv-neutron-819175-1-hyperv devstack@placement-api.service[88736]: DEBUG placement.requestlog [None req-4527de3f-0aa2-4e9a-9634-1984623228db None None] Starting request: 10.222.0.31 "GET /placement/" {{(pid=88736) __call__ /opt/stack/placement/placement/requestlog.py:55}}
Nov 25 11:25:32.105975 dv-neutron-819175-1-hyperv devstack@placement-api.service[88736]: INFO placement.requestlog [None req-4527de3f-0aa2-4e9a-9634-1984623228db None None] 10.222.0.31 "GET /placement/" status: 200 len: 136 microversion: 1.0
Nov 25 11:25:32.106158 dv-neutron-819175-1-hyperv devstack@placement-api.service[88736]: [pid: 88736|app: 0|req: 2/5] 10.222.0.31 () {54 vars in 916 bytes} [Thu Nov 25 11:25:32 2021] GET /placement => generated 136 bytes in 2 msecs (HTTP/1.1 200) 6 headers in 224 bytes (1 switches on core 0)
Nov 25 11:27:11.779421 dv-neutron-819175-1-hyperv devstack@placement-api.service[88737]: DEBUG placement.requestlog [None req-91058133-749f-439d-a5b1-43ed9e3e4bcd None None] Starting request: 10.222.0.31 "GET /placement//" {{(pid=88737) __call__ /opt/stack/placement/placement/requestlog.py:55}}
Nov 25 11:27:11.780398 dv-neutron-819175-1-hyperv devstack@placement-api.service[88737]: INFO placement.requestlog [None req-91058133-749f-439d-a5b1-43ed9e3e4bcd None None] 10.222.0.31 "GET /placement//" status: 200 len: 136 microversion: 1.0
Nov 25 11:27:11.780577 dv-neutron-819175-1-hyperv devstack@placement-api.service[88737]: [pid: 88737|app: 0|req: 4/6] 10.222.0.31 () {56 vars in 1106 bytes} [Thu Nov 25 11:27:11 2021] GET /placement/ => generated 136 bytes in 1 msecs (HTTP/1.1 200) 6 headers in 224 bytes (1 switches on core 0)
Nov 25 11:31:01.212389 dv-neutron-819175-1-hyperv devstack@placement-api.service[88736]: DEBUG placement.requestlog [None req-ff9a38e8-8b85-4a6d-8f83-b144c81b6508 None None] Starting request: 10.222.0.65 "GET /placement/" {{(pid=88736) __call__ /opt/stack/placement/placement/requestlog.py:55}}
Nov 25 11:31:01.213379 dv-neutron-819175-1-hyperv devstack@placement-api.service[88736]: INFO placement.requestlog [None req-ff9a38e8-8b85-4a6d-8f83-b144c81b6508 None None] 10.222.0.65 "GET /placement/" status: 200 len: 136 microversion: 1.0
Nov 25 11:31:01.213556 dv-neutron-819175-1-hyperv devstack@placement-api.service[88736]: [pid: 88736|app: 0|req: 3/7] 10.222.0.65 () {54 vars in 913 bytes} [Thu Nov 25 11:31:01 2021] GET /placement => generated 136 bytes in 1 msecs (HTTP/1.1 200) 6 headers in 224 bytes (1 switches on core 0)
Nov 25 11:31:05.148907 dv-neutron-819175-1-hyperv devstack@placement-api.service[88737]: DEBUG placement.requestlog [req-ed24d6ad-c77d-46c5-babe-07958d6ecdb2 req-3e62e3e1-05e0-4969-af63-d448b0aaefdf None None] Starting request: 10.222.0.65 "GET /placement/resource_providers?in_tree=7b31c440-05a2-4615-ae9b-b25a15055b7d" {{(pid=88737) __call__ /opt/stack/placement/placement/requestlog.py:55}}
Nov 25 11:31:05.260571 dv-neutron-819175-1-hyperv devstack@placement-api.service[88737]: INFO placement.requestlog [req-ed24d6ad-c77d-46c5-babe-07958d6ecdb2 req-3e62e3e1-05e0-4969-af63-d448b0aaefdf service placement] 10.222.0.65 "GET /placement/resource_providers?in_tree=7b31c440-05a2-4615-ae9b-b25a15055b7d" status: 200 len: 26 microversion: 1.14
Nov 25 11:31:05.260761 dv-neutron-819175-1-hyperv devstack@placement-api.service[88737]: [pid: 88737|app: 0|req: 5/8] 10.222.0.65 () {60 vars in 1376 bytes} [Thu Nov 25 11:31:05 2021] GET /placement/resource_providers?in_tree=7b31c440-05a2-4615-ae9b-b25a15055b7d => generated 26 bytes in 112 msecs (HTTP/1.1 200) 6 headers in 224 bytes (1 switches on core 0)
Nov 25 11:31:05.268047 dv-neutron-819175-1-hyperv devstack@placement-api.service[88736]: DEBUG placement.requestlog [req-ed24d6ad-c77d-46c5-babe-07958d6ecdb2 req-2c9c3b05-0c3e-478e-b796-adf58ec16e75 None None] Starting request: 10.222.0.65 "POST /placement/resource_providers" {{(pid=88736) __call__ /opt/stack/placement/placement/requestlog.py:55}}
Nov 25 11:31:05.386829 dv-neutron-819175-1-hyperv devstack@placement-api.service[88736]: INFO placement.requestlog [req-ed24d6ad-c77d-46c5-babe-07958d6ecdb2 req-2c9c3b05-0c3e-478e-b796-adf58ec16e75 service placement] 10.222.0.65 "POST /placement/resource_providers" status: 200 len: 838 microversion: 1.20
Nov 25 11:31:05.387091 dv-neutron-819175-1-hyperv devstack@placement-api.service[88736]: [pid: 88736|app: 0|req: 4/9] 10.222.0.65 () {64 vars in 1340 bytes} [Thu Nov 25 11:31:05 2021] POST /placement/resource_providers => generated 838 bytes in 119 msecs (HTTP/1.1 200) 9 headers in 392 bytes (1 switches on core 0)
Nov 25 11:31:05.607099 dv-neutron-819175-1-hyperv devstack@placement-api.service[88737]: DEBUG placement.requestlog [req-ed24d6ad-c77d-46c5-babe-07958d6ecdb2 req-a6900476-bc36-43ca-a0ad-f1b49117e64c None None] Starting request: 10.222.0.65 "PUT /placement/resource_providers/7b31c440-05a2-4615-ae9b-b25a15055b7d/inventories" {{(pid=88737) __call__ /opt/stack/placement/placement/requestlog.py:55}}
Nov 25 11:31:05.699142 dv-neutron-819175-1-hyperv devstack@placement-api.service[88737]: INFO placement.requestlog [req-ed24d6ad-c77d-46c5-babe-07958d6ecdb2 req-a6900476-bc36-43ca-a0ad-f1b49117e64c service placement] 10.222.0.65 "PUT /placement/resource_providers/7b31c440-05a2-4615-ae9b-b25a15055b7d/inventories" status: 200 len: 397 microversion: 1.26
Nov 25 11:31:05.699523 dv-neutron-819175-1-hyperv devstack@placement-api.service[88737]: [pid: 88737|app: 0|req: 6/10] 10.222.0.65 () {64 vars in 1487 bytes} [Thu Nov 25 11:31:05 2021] PUT /placement/resource_providers/7b31c440-05a2-4615-ae9b-b25a15055b7d/inventories => generated 397 bytes in 93 msecs (HTTP/1.1 200) 8 headers in 296 bytes (2 switches on core 0)
Nov 25 11:31:05.709518 dv-neutron-819175-1-hyperv devstack@placement-api.service[88736]: DEBUG placement.requestlog [req-ed24d6ad-c77d-46c5-babe-07958d6ecdb2 req-730427f4-de0f-4b62-8ef5-afd80284c8f2 None None] Starting request: 10.222.0.65 "GET /placement/traits?name=in:COMPUTE_TRUSTED_CERTS,COMPUTE_DEVICE_TAGGING,COMPUTE_NODE,COMPUTE_IMAGE_TYPE_VHDX,COMPUTE_VOLUME_ATTACH_WITH_TAG,COMPUTE_NET_ATTACH_INTERFACE_WITH_TAG,COMPUTE_NET_ATTACH_INTERFACE,COMPUTE_IMAGE_TYPE_VHD,COMPUTE_VOLUME_EXTEND" {{(pid=88736) __call__ /opt/stack/placement/placement/requestlog.py:55}}
Nov 25 11:31:05.720390 dv-neutron-819175-1-hyperv devstack@placement-api.service[88736]: INFO placement.requestlog [req-ed24d6ad-c77d-46c5-babe-07958d6ecdb2 req-730427f4-de0f-4b62-8ef5-afd80284c8f2 service placement] 10.222.0.65 "GET /placement/traits?name=in:COMPUTE_TRUSTED_CERTS,COMPUTE_DEVICE_TAGGING,COMPUTE_NODE,COMPUTE_IMAGE_TYPE_VHDX,COMPUTE_VOLUME_ATTACH_WITH_TAG,COMPUTE_NET_ATTACH_INTERFACE_WITH_TAG,COMPUTE_NET_ATTACH_INTERFACE,COMPUTE_IMAGE_TYPE_VHD,COMPUTE_VOLUME_EXTEND" status: 200 len: 264 microversion: 1.6
Nov 25 11:31:05.720588 dv-neutron-819175-1-hyperv devstack@placement-api.service[88736]: [pid: 88736|app: 0|req: 5/11] 10.222.0.65 () {60 vars in 1715 bytes} [Thu Nov 25 11:31:05 2021] GET /placement/traits?name=in:COMPUTE_TRUSTED_CERTS,COMPUTE_DEVICE_TAGGING,COMPUTE_NODE,COMPUTE_IMAGE_TYPE_VHDX,COMPUTE_VOLUME_ATTACH_WITH_TAG,COMPUTE_NET_ATTACH_INTERFACE_WITH_TAG,COMPUTE_NET_ATTACH_INTERFACE,COMPUTE_IMAGE_TYPE_VHD,COMPUTE_VOLUME_EXTEND => generated 264 bytes in 11 msecs (HTTP/1.1 200) 6 headers in 224 bytes (2 switches on core 0)
Nov 25 11:31:05.728067 dv-neutron-819175-1-hyperv devstack@placement-api.service[88737]: DEBUG placement.requestlog [req-ed24d6ad-c77d-46c5-babe-07958d6ecdb2 req-a2990547-6b72-4ccc-aa18-74647e456585 None None] Starting request: 10.222.0.65 "PUT /placement/resource_providers/7b31c440-05a2-4615-ae9b-b25a15055b7d/traits" {{(pid=88737) __call__ /opt/stack/placement/placement/requestlog.py:55}}
Nov 25 11:31:05.830387 dv-neutron-819175-1-hyperv devstack@placement-api.service[88737]: INFO placement.requestlog [req-ed24d6ad-c77d-46c5-babe-07958d6ecdb2 req-a2990547-6b72-4ccc-aa18-74647e456585 service placement] 10.222.0.65 "PUT /placement/resource_providers/7b31c440-05a2-4615-ae9b-b25a15055b7d/traits" status: 200 len: 299 microversion: 1.6
Nov 25 11:31:05.830771 dv-neutron-819175-1-hyperv devstack@placement-api.service[88737]: [pid: 88737|app: 0|req: 7/12] 10.222.0.65 () {64 vars in 1471 bytes} [Thu Nov 25 11:31:05 2021] PUT /placement/resource_providers/7b31c440-05a2-4615-ae9b-b25a15055b7d/traits => generated 299 bytes in 103 msecs (HTTP/1.1 200) 6 headers in 224 bytes (1 switches on core 0)
Nov 25 11:32:01.500017 dv-neutron-819175-1-hyperv devstack@placement-api.service[88736]: DEBUG placement.requestlog [req-b10a97f8-9f97-4e82-a06d-7d185f9ef03c req-6a7783cd-e85e-4965-acd3-bc05583b504c None None] Starting request: 10.222.0.65 "GET /placement/resource_providers/7b31c440-05a2-4615-ae9b-b25a15055b7d/allocations" {{(pid=88736) __call__ /opt/stack/placement/placement/requestlog.py:55}}
Nov 25 11:32:01.520021 dv-neutron-819175-1-hyperv devstack@placement-api.service[88736]: INFO placement.requestlog [req-b10a97f8-9f97-4e82-a06d-7d185f9ef03c req-6a7783cd-e85e-4965-acd3-bc05583b504c service placement] 10.222.0.65 "GET /placement/resource_providers/7b31c440-05a2-4615-ae9b-b25a15055b7d/allocations" status: 200 len: 54 microversion: 1.0
Nov 25 11:32:01.520373 dv-neutron-819175-1-hyperv devstack@placement-api.service[88736]: [pid: 88736|app: 0|req: 6/13] 10.222.0.65 () {58 vars in 1390 bytes} [Thu Nov 25 11:32:01 2021] GET /placement/resource_providers/7b31c440-05a2-4615-ae9b-b25a15055b7d/allocations => generated 54 bytes in 21 msecs (HTTP/1.1 200) 6 headers in 223 bytes (1 switches on core 0)
Nov 25 11:33:02.312029 dv-neutron-819175-1-hyperv devstack@placement-api.service[88737]: DEBUG placement.requestlog [req-05a369b3-2c96-4469-b214-330c07fbeb25 req-037ba368-8d16-4280-b898-c61758e653ab None None] Starting request: 10.222.0.65 "GET /placement/resource_providers/7b31c440-05a2-4615-ae9b-b25a15055b7d/allocations" {{(pid=88737) __call__ /opt/stack/placement/placement/requestlog.py:55}}
Nov 25 11:33:02.334235 dv-neutron-819175-1-hyperv devstack@placement-api.service[88737]: INFO placement.requestlog [req-05a369b3-2c96-4469-b214-330c07fbeb25 req-037ba368-8d16-4280-b898-c61758e653ab service placement] 10.222.0.65 "GET /placement/resource_providers/7b31c440-05a2-4615-ae9b-b25a15055b7d/allocations" status: 200 len: 54 microversion: 1.0
Nov 25 11:33:02.338449 dv-neutron-819175-1-hyperv devstack@placement-api.service[88737]: [pid: 88737|app: 0|req: 8/14] 10.222.0.65 () {58 vars in 1390 bytes} [Thu Nov 25 11:33:02 2021] GET /placement/resource_providers/7b31c440-05a2-4615-ae9b-b25a15055b7d/allocations => generated 54 bytes in 24 msecs (HTTP/1.1 200) 6 headers in 223 bytes (1 switches on core 0)
Nov 25 11:33:20.668298 dv-neutron-819175-1-hyperv devstack@placement-api.service[88736]: DEBUG placement.requestlog [req-d5d2e7bf-42a1-4483-993d-26a38b496c4c req-c47d8e21-0601-4a5a-8936-ab86884209c8 None None] Starting request: 10.222.0.31 "GET /placement/allocation_candidates?limit=1000&resources=DISK_GB%3A1%2CMEMORY_MB%3A1024%2CVCPU%3A1&root_required=%21COMPUTE_STATUS_DISABLED" {{(pid=88736) __call__ /opt/stack/placement/placement/requestlog.py:55}}
Nov 25 11:33:20.892202 dv-neutron-819175-1-hyperv devstack@placement-api.service[88736]: DEBUG placement.objects.research_context [req-d5d2e7bf-42a1-4483-993d-26a38b496c4c req-c47d8e21-0601-4a5a-8936-ab86884209c8 service placement] getting providers with 1 DISK_GB {{(pid=88736) __init__ /opt/stack/placement/placement/objects/research_context.py:126}}
Nov 25 11:33:20.900283 dv-neutron-819175-1-hyperv devstack@placement-api.service[88736]: DEBUG placement.objects.research_context [req-d5d2e7bf-42a1-4483-993d-26a38b496c4c req-c47d8e21-0601-4a5a-8936-ab86884209c8 service placement] getting providers with 1024 MEMORY_MB {{(pid=88736) __init__ /opt/stack/placement/placement/objects/research_context.py:126}}
Nov 25 11:33:20.905912 dv-neutron-819175-1-hyperv devstack@placement-api.service[88736]: DEBUG placement.objects.research_context [req-d5d2e7bf-42a1-4483-993d-26a38b496c4c req-c47d8e21-0601-4a5a-8936-ab86884209c8 service placement] getting providers with 1 VCPU {{(pid=88736) __init__ /opt/stack/placement/placement/objects/research_context.py:126}}
Nov 25 11:33:20.912198 dv-neutron-819175-1-hyperv devstack@placement-api.service[88736]: DEBUG placement.objects.research_context [req-d5d2e7bf-42a1-4483-993d-26a38b496c4c req-c47d8e21-0601-4a5a-8936-ab86884209c8 service placement] found 1 providers with available 1 DISK_GB {{(pid=88736) get_provider_ids_matching /opt/stack/placement/placement/objects/research_context.py:549}}
Nov 25 11:33:20.912484 dv-neutron-819175-1-hyperv devstack@placement-api.service[88736]: DEBUG placement.objects.research_context [req-d5d2e7bf-42a1-4483-993d-26a38b496c4c req-c47d8e21-0601-4a5a-8936-ab86884209c8 service placement] found 1 providers with available 1024 MEMORY_MB {{(pid=88736) get_provider_ids_matching /opt/stack/placement/placement/objects/research_context.py:549}}
Nov 25 11:33:20.912906 dv-neutron-819175-1-hyperv devstack@placement-api.service[88736]: DEBUG placement.objects.research_context [req-d5d2e7bf-42a1-4483-993d-26a38b496c4c req-c47d8e21-0601-4a5a-8936-ab86884209c8 service placement] found 1 providers after filtering by previous result {{(pid=88736) get_provider_ids_matching /opt/stack/placement/placement/objects/research_context.py:580}}
Nov 25 11:33:20.922687 dv-neutron-819175-1-hyperv devstack@placement-api.service[88736]: DEBUG placement.objects.research_context [req-d5d2e7bf-42a1-4483-993d-26a38b496c4c req-c47d8e21-0601-4a5a-8936-ab86884209c8 service placement] found 1 providers with available 1 VCPU {{(pid=88736) get_provider_ids_matching /opt/stack/placement/placement/objects/research_context.py:549}}
Nov 25 11:33:20.922687 dv-neutron-819175-1-hyperv devstack@placement-api.service[88736]: DEBUG placement.objects.research_context [req-d5d2e7bf-42a1-4483-993d-26a38b496c4c req-c47d8e21-0601-4a5a-8936-ab86884209c8 service placement] found 1 providers after filtering by previous result {{(pid=88736) get_provider_ids_matching /opt/stack/placement/placement/objects/research_context.py:580}}
Nov 25 11:33:20.924848 dv-neutron-819175-1-hyperv devstack@placement-api.service[88736]: DEBUG placement.objects.allocation_candidate [req-d5d2e7bf-42a1-4483-993d-26a38b496c4c req-c47d8e21-0601-4a5a-8936-ab86884209c8 service placement] RequestGroup(use_same_provider=False, resources={DISK_GB:1, MEMORY_MB:1024, VCPU:1}, traits=[], aggregates=[]) (suffix '') returned 1 matches {{(pid=88736) _get_by_requests /opt/stack/placement/placement/objects/allocation_candidate.py:145}}
Nov 25 11:33:20.925205 dv-neutron-819175-1-hyperv devstack@placement-api.service[88736]: DEBUG placement.objects.allocation_candidate [req-d5d2e7bf-42a1-4483-993d-26a38b496c4c req-c47d8e21-0601-4a5a-8936-ab86884209c8 service placement] Merging candidates yields 1 allocation requests and 1 provider summaries {{(pid=88736) _merge_candidates /opt/stack/placement/placement/objects/allocation_candidate.py:783}}
Nov 25 11:33:20.926764 dv-neutron-819175-1-hyperv devstack@placement-api.service[88736]: INFO placement.requestlog [req-d5d2e7bf-42a1-4483-993d-26a38b496c4c req-c47d8e21-0601-4a5a-8936-ab86884209c8 service placement] 10.222.0.31 "GET /placement/allocation_candidates?limit=1000&resources=DISK_GB%3A1%2CMEMORY_MB%3A1024%2CVCPU%3A1&root_required=%21COMPUTE_STATUS_DISABLED" status: 200 len: 764 microversion: 1.35
Nov 25 11:33:20.927091 dv-neutron-819175-1-hyperv devstack@placement-api.service[88736]: [pid: 88736|app: 0|req: 7/15] 10.222.0.31 () {60 vars in 1506 bytes} [Thu Nov 25 11:33:20 2021] GET /placement/allocation_candidates?limit=1000&resources=DISK_GB%3A1%2CMEMORY_MB%3A1024%2CVCPU%3A1&root_required=%21COMPUTE_STATUS_DISABLED => generated 764 bytes in 259 msecs (HTTP/1.1 200) 8 headers in 296 bytes (1 switches on core 0)
Nov 25 11:33:21.082066 dv-neutron-819175-1-hyperv devstack@placement-api.service[88737]: DEBUG placement.requestlog [req-6653c4a7-06ce-4ace-8883-eb50f9b9903b req-fc5db25e-9537-408e-9385-0f3225d8a27d None None] Starting request: 10.222.0.31 "GET /placement/allocation_candidates?limit=1000&resources=DISK_GB%3A1%2CMEMORY_MB%3A1024%2CVCPU%3A1&root_required=%21COMPUTE_STATUS_DISABLED" {{(pid=88737) __call__ /opt/stack/placement/placement/requestlog.py:55}}
Nov 25 11:33:21.082624 dv-neutron-819175-1-hyperv devstack@placement-api.service[88736]: DEBUG placement.requestlog [req-d5d2e7bf-42a1-4483-993d-26a38b496c4c req-5e12d43c-0bae-413e-a363-77a643bcf711 None None] Starting request: 10.222.0.31 "GET /placement/allocations/9ec2dd3f-c8d9-4a96-945f-f43f9d293742" {{(pid=88736) __call__ /opt/stack/placement/placement/requestlog.py:55}}
Nov 25 11:33:21.120746 dv-neutron-819175-1-hyperv devstack@placement-api.service[88737]: DEBUG placement.objects.research_context [req-6653c4a7-06ce-4ace-8883-eb50f9b9903b req-fc5db25e-9537-408e-9385-0f3225d8a27d service placement] getting providers with 1 DISK_GB {{(pid=88737) __init__ /opt/stack/placement/placement/objects/research_context.py:126}}
Nov 25 11:33:21.128518 dv-neutron-819175-1-hyperv devstack@placement-api.service[88737]: DEBUG placement.objects.research_context [req-6653c4a7-06ce-4ace-8883-eb50f9b9903b req-fc5db25e-9537-408e-9385-0f3225d8a27d service placement] getting providers with 1024 MEMORY_MB {{(pid=88737) __init__ /opt/stack/placement/placement/objects/research_context.py:126}}
Nov 25 11:33:21.134848 dv-neutron-819175-1-hyperv devstack@placement-api.service[88737]: DEBUG placement.objects.research_context [req-6653c4a7-06ce-4ace-8883-eb50f9b9903b req-fc5db25e-9537-408e-9385-0f3225d8a27d service placement] getting providers with 1 VCPU {{(pid=88737) __init__ /opt/stack/placement/placement/objects/research_context.py:126}}
Nov 25 11:33:21.142074 dv-neutron-819175-1-hyperv devstack@placement-api.service[88737]: DEBUG placement.objects.research_context [req-6653c4a7-06ce-4ace-8883-eb50f9b9903b req-fc5db25e-9537-408e-9385-0f3225d8a27d service placement] found 1 providers with available 1 DISK_GB {{(pid=88737) get_provider_ids_matching /opt/stack/placement/placement/objects/research_context.py:549}}
Nov 25 11:33:21.142353 dv-neutron-819175-1-hyperv devstack@placement-api.service[88737]: DEBUG placement.objects.research_context [req-6653c4a7-06ce-4ace-8883-eb50f9b9903b req-fc5db25e-9537-408e-9385-0f3225d8a27d service placement] found 1 providers with available 1024 MEMORY_MB {{(pid=88737) get_provider_ids_matching /opt/stack/placement/placement/objects/research_context.py:549}}
Nov 25 11:33:21.142796 dv-neutron-819175-1-hyperv devstack@placement-api.service[88737]: DEBUG placement.objects.research_context [req-6653c4a7-06ce-4ace-8883-eb50f9b9903b req-fc5db25e-9537-408e-9385-0f3225d8a27d service placement] found 1 providers after filtering by previous result {{(pid=88737) get_provider_ids_matching /opt/stack/placement/placement/objects/research_context.py:580}}
Nov 25 11:33:21.143054 dv-neutron-819175-1-hyperv devstack@placement-api.service[88737]: DEBUG placement.objects.research_context [req-6653c4a7-06ce-4ace-8883-eb50f9b9903b req-fc5db25e-9537-408e-9385-0f3225d8a27d service placement] found 1 providers with available 1 VCPU {{(pid=88737) get_provider_ids_matching /opt/stack/placement/placement/objects/research_context.py:549}}
Nov 25 11:33:21.143163 dv-neutron-819175-1-hyperv devstack@placement-api.service[88736]: INFO placement.requestlog [req-d5d2e7bf-42a1-4483-993d-26a38b496c4c req-5e12d43c-0bae-413e-a363-77a643bcf711 service placement] 10.222.0.31 "GET /placement/allocations/9ec2dd3f-c8d9-4a96-945f-f43f9d293742" status: 200 len: 19 microversion: 1.28
Nov 25 11:33:21.143360 dv-neutron-819175-1-hyperv devstack@placement-api.service[88737]: DEBUG placement.objects.research_context [req-6653c4a7-06ce-4ace-8883-eb50f9b9903b req-fc5db25e-9537-408e-9385-0f3225d8a27d service placement] found 1 providers after filtering by previous result {{(pid=88737) get_provider_ids_matching /opt/stack/placement/placement/objects/research_context.py:580}}
Nov 25 11:33:21.143713 dv-neutron-819175-1-hyperv devstack@placement-api.service[88736]: [pid: 88736|app: 0|req: 8/16] 10.222.0.31 () {60 vars in 1380 bytes} [Thu Nov 25 11:33:21 2021] GET /placement/allocations/9ec2dd3f-c8d9-4a96-945f-f43f9d293742 => generated 19 bytes in 61 msecs (HTTP/1.1 200) 8 headers in 295 bytes (2 switches on core 0)
Nov 25 11:33:21.149336 dv-neutron-819175-1-hyperv devstack@placement-api.service[88736]: DEBUG placement.requestlog [req-d5d2e7bf-42a1-4483-993d-26a38b496c4c req-29eb743d-9e35-4468-80ac-c2db900a82c6 None None] Starting request: 10.222.0.31 "PUT /placement/allocations/9ec2dd3f-c8d9-4a96-945f-f43f9d293742" {{(pid=88736) __call__ /opt/stack/placement/placement/requestlog.py:55}}
Nov 25 11:33:21.156897 dv-neutron-819175-1-hyperv devstack@placement-api.service[88737]: DEBUG placement.objects.allocation_candidate [req-6653c4a7-06ce-4ace-8883-eb50f9b9903b req-fc5db25e-9537-408e-9385-0f3225d8a27d service placement] RequestGroup(use_same_provider=False, resources={DISK_GB:1, MEMORY_MB:1024, VCPU:1}, traits=[], aggregates=[]) (suffix '') returned 1 matches {{(pid=88737) _get_by_requests /opt/stack/placement/placement/objects/allocation_candidate.py:145}}
Nov 25 11:33:21.157605 dv-neutron-819175-1-hyperv devstack@placement-api.service[88737]: DEBUG placement.objects.allocation_candidate [req-6653c4a7-06ce-4ace-8883-eb50f9b9903b req-fc5db25e-9537-408e-9385-0f3225d8a27d service placement] Merging candidates yields 1 allocation requests and 1 provider summaries {{(pid=88737) _merge_candidates /opt/stack/placement/placement/objects/allocation_candidate.py:783}}
Nov 25 11:33:21.159529 dv-neutron-819175-1-hyperv devstack@placement-api.service[88737]: INFO placement.requestlog [req-6653c4a7-06ce-4ace-8883-eb50f9b9903b req-fc5db25e-9537-408e-9385-0f3225d8a27d service placement] 10.222.0.31 "GET /placement/allocation_candidates?limit=1000&resources=DISK_GB%3A1%2CMEMORY_MB%3A1024%2CVCPU%3A1&root_required=%21COMPUTE_STATUS_DISABLED" status: 200 len: 764 microversion: 1.35
Nov 25 11:33:21.160217 dv-neutron-819175-1-hyperv devstack@placement-api.service[88737]: [pid: 88737|app: 0|req: 9/17] 10.222.0.31 () {60 vars in 1506 bytes} [Thu Nov 25 11:33:21 2021] GET /placement/allocation_candidates?limit=1000&resources=DISK_GB%3A1%2CMEMORY_MB%3A1024%2CVCPU%3A1&root_required=%21COMPUTE_STATUS_DISABLED => generated 764 bytes in 79 msecs (HTTP/1.1 200) 8 headers in 296 bytes (1 switches on core 0)
Nov 25 11:33:21.277008 dv-neutron-819175-1-hyperv devstack@placement-api.service[88737]: DEBUG placement.requestlog [req-6653c4a7-06ce-4ace-8883-eb50f9b9903b req-30806d9d-55c5-4083-9cdd-c4426cce94f2 None None] Starting request: 10.222.0.31 "GET /placement/allocations/553eda5a-95b3-4598-b65a-2983d29914ed" {{(pid=88737) __call__ /opt/stack/placement/placement/requestlog.py:55}}
Nov 25 11:33:21.289782 dv-neutron-819175-1-hyperv devstack@placement-api.service[88737]: INFO placement.requestlog [req-6653c4a7-06ce-4ace-8883-eb50f9b9903b req-30806d9d-55c5-4083-9cdd-c4426cce94f2 service placement] 10.222.0.31 "GET /placement/allocations/553eda5a-95b3-4598-b65a-2983d29914ed" status: 200 len: 19 microversion: 1.28
Nov 25 11:33:21.289998 dv-neutron-819175-1-hyperv devstack@placement-api.service[88737]: [pid: 88737|app: 0|req: 10/18] 10.222.0.31 () {60 vars in 1380 bytes} [Thu Nov 25 11:33:21 2021] GET /placement/allocations/553eda5a-95b3-4598-b65a-2983d29914ed => generated 19 bytes in 14 msecs (HTTP/1.1 200) 8 headers in 295 bytes (1 switches on core 0)
Nov 25 11:33:21.296173 dv-neutron-819175-1-hyperv devstack@placement-api.service[88737]: DEBUG placement.requestlog [req-6653c4a7-06ce-4ace-8883-eb50f9b9903b req-0909d737-f8e2-43dd-9da1-943eb6d88cfa None None] Starting request: 10.222.0.31 "PUT /placement/allocations/553eda5a-95b3-4598-b65a-2983d29914ed" {{(pid=88737) __call__ /opt/stack/placement/placement/requestlog.py:55}}
Nov 25 11:33:21.492905 dv-neutron-819175-1-hyperv devstack@placement-api.service[88736]: DEBUG placement.handlers.allocation [req-d5d2e7bf-42a1-4483-993d-26a38b496c4c req-29eb743d-9e35-4468-80ac-c2db900a82c6 service placement] Successfully wrote allocations [, , ] {{(pid=88736) _create_allocations /opt/stack/placement/placement/handlers/allocation.py:435}}
Nov 25 11:33:21.493460 dv-neutron-819175-1-hyperv devstack@placement-api.service[88736]: INFO placement.requestlog [req-d5d2e7bf-42a1-4483-993d-26a38b496c4c req-29eb743d-9e35-4468-80ac-c2db900a82c6 service placement] 10.222.0.31 "PUT /placement/allocations/9ec2dd3f-c8d9-4a96-945f-f43f9d293742" status: 204 len: 0 microversion: 1.35
Nov 25 11:33:21.493727 dv-neutron-819175-1-hyperv devstack@placement-api.service[88736]: [pid: 88736|app: 0|req: 9/19] 10.222.0.31 () {64 vars in 1433 bytes} [Thu Nov 25 11:33:21 2021] PUT /placement/allocations/9ec2dd3f-c8d9-4a96-945f-f43f9d293742 => generated 0 bytes in 345 msecs (HTTP/1.1 204) 5 headers in 199 bytes (2 switches on core 0)
Nov 25 11:33:21.590515 dv-neutron-819175-1-hyperv devstack@placement-api.service[88737]: DEBUG placement.objects.allocation [req-6653c4a7-06ce-4ace-8883-eb50f9b9903b req-0909d737-f8e2-43dd-9da1-943eb6d88cfa service placement] Retrying allocations write on resource provider generation conflict {{(pid=88737) replace_all /opt/stack/placement/placement/objects/allocation.py:505}}
Nov 25 11:33:21.681882 dv-neutron-819175-1-hyperv devstack@placement-api.service[88737]: DEBUG placement.handlers.allocation [req-6653c4a7-06ce-4ace-8883-eb50f9b9903b req-0909d737-f8e2-43dd-9da1-943eb6d88cfa service placement] Successfully wrote allocations [, , ] {{(pid=88737) _create_allocations /opt/stack/placement/placement/handlers/allocation.py:435}}
Nov 25 11:33:21.682387 dv-neutron-819175-1-hyperv devstack@placement-api.service[88737]: INFO placement.requestlog [req-6653c4a7-06ce-4ace-8883-eb50f9b9903b req-0909d737-f8e2-43dd-9da1-943eb6d88cfa service placement] 10.222.0.31 "PUT /placement/allocations/553eda5a-95b3-4598-b65a-2983d29914ed" status: 204 len: 0 microversion: 1.35
Nov 25 11:33:21.682886 dv-neutron-819175-1-hyperv devstack@placement-api.service[88737]: [pid: 88737|app: 0|req: 11/20] 10.222.0.31 () {64 vars in 1433 bytes} [Thu Nov 25 11:33:21 2021] PUT /placement/allocations/553eda5a-95b3-4598-b65a-2983d29914ed => generated 0 bytes in 387 msecs (HTTP/1.1 204) 5 headers in 199 bytes (2 switches on core 0)
Nov 25 11:33:22.900801 dv-neutron-819175-1-hyperv devstack@placement-api.service[88736]: DEBUG placement.requestlog [req-d5d2e7bf-42a1-4483-993d-26a38b496c4c req-9fab0fd5-21d9-4a80-b869-a4f3df6d1657 None None] Starting request: 10.222.0.65 "GET /placement/allocations/9ec2dd3f-c8d9-4a96-945f-f43f9d293742" {{(pid=88736) __call__ /opt/stack/placement/placement/requestlog.py:55}}
Nov 25 11:33:22.921846 dv-neutron-819175-1-hyperv devstack@placement-api.service[88736]: INFO placement.requestlog [req-d5d2e7bf-42a1-4483-993d-26a38b496c4c req-9fab0fd5-21d9-4a80-b869-a4f3df6d1657 service placement] 10.222.0.65 "GET /placement/allocations/9ec2dd3f-c8d9-4a96-945f-f43f9d293742" status: 200 len: 258 microversion: 1.28
Nov 25 11:33:22.922417 dv-neutron-819175-1-hyperv devstack@placement-api.service[88736]: [pid: 88736|app: 0|req: 10/21] 10.222.0.65 () {60 vars in 1377 bytes} [Thu Nov 25 11:33:22 2021] GET /placement/allocations/9ec2dd3f-c8d9-4a96-945f-f43f9d293742 => generated 258 bytes in 22 msecs (HTTP/1.1 200) 8 headers in 296 bytes (1 switches on core 0)
Nov 25 11:33:22.980617 dv-neutron-819175-1-hyperv devstack@placement-api.service[88737]: DEBUG placement.requestlog [req-6653c4a7-06ce-4ace-8883-eb50f9b9903b req-23e71b56-09b2-4789-a81f-48a6561213a2 None None] Starting request: 10.222.0.65 "GET /placement/allocations/553eda5a-95b3-4598-b65a-2983d29914ed" {{(pid=88737) __call__ /opt/stack/placement/placement/requestlog.py:55}}
Nov 25 11:33:23.002413 dv-neutron-819175-1-hyperv devstack@placement-api.service[88737]: INFO placement.requestlog [req-6653c4a7-06ce-4ace-8883-eb50f9b9903b req-23e71b56-09b2-4789-a81f-48a6561213a2 service placement] 10.222.0.65 "GET /placement/allocations/553eda5a-95b3-4598-b65a-2983d29914ed" status: 200 len: 258 microversion: 1.28
Nov 25 11:33:23.002645 dv-neutron-819175-1-hyperv devstack@placement-api.service[88737]: [pid: 88737|app: 0|req: 12/22] 10.222.0.65 () {60 vars in 1377 bytes} [Thu Nov 25 11:33:22 2021] GET /placement/allocations/553eda5a-95b3-4598-b65a-2983d29914ed => generated 258 bytes in 22 msecs (HTTP/1.1 200) 8 headers in 296 bytes (1 switches on core 0)
Nov 25 11:33:26.295922 dv-neutron-819175-1-hyperv devstack@placement-api.service[88736]: DEBUG placement.requestlog [req-e5d6ce17-b963-4b10-ad43-84daf0684034 req-427147f3-fa25-478a-a866-bdbd271b3065 None None] Starting request: 10.222.0.31 "GET /placement/allocation_candidates?limit=1000&resources=DISK_GB%3A1%2CMEMORY_MB%3A1024%2CVCPU%3A1&root_required=%21COMPUTE_STATUS_DISABLED" {{(pid=88736) __call__ /opt/stack/placement/placement/requestlog.py:55}}
Nov 25 11:33:26.334544 dv-neutron-819175-1-hyperv devstack@placement-api.service[88736]: DEBUG placement.objects.research_context [req-e5d6ce17-b963-4b10-ad43-84daf0684034 req-427147f3-fa25-478a-a866-bdbd271b3065 service placement] getting providers with 1 DISK_GB {{(pid=88736) __init__ /opt/stack/placement/placement/objects/research_context.py:126}}
Nov 25 11:33:26.342207 dv-neutron-819175-1-hyperv devstack@placement-api.service[88736]: DEBUG placement.objects.research_context [req-e5d6ce17-b963-4b10-ad43-84daf0684034 req-427147f3-fa25-478a-a866-bdbd271b3065 service placement] getting providers with 1024 MEMORY_MB {{(pid=88736) __init__ /opt/stack/placement/placement/objects/research_context.py:126}}
