Nov 25 11:12:44.429889 dv-neutron-819174-1-hyperv neutron-server[102357]: ERROR neutron.plugins.ml2.managers [None req-c3583ec9-e4cd-4cc3-8ed1-e700d840558e tempest-PortsAdminExtendedAttrsTestJSON-1927899996 tempest-PortsAdminExtendedAttrsTestJSON-1927899996-project-admin] Failed to bind port b66f5cd5-1aae-493f-a202-e5c13375f797 on host hv-neutron-8191 for vnic_type normal using segments [{'id': '0a0c02b9-8418-4cf0-baa9-11d67ae0c470', 'network_type': 'vlan', 'physical_network': 'physnet1', 'segmentation_id': 662, 'network_id': 'c68534cc-4c64-4ac4-bc59-f93a9852ead9'}]
Nov 25 11:12:44.431988 dv-neutron-819174-1-hyperv neutron-server[102357]: INFO neutron.plugins.ml2.plugin [None req-c3583ec9-e4cd-4cc3-8ed1-e700d840558e tempest-PortsAdminExtendedAttrsTestJSON-1927899996 tempest-PortsAdminExtendedAttrsTestJSON-1927899996-project-admin] Attempt 8 to bind port b66f5cd5-1aae-493f-a202-e5c13375f797
Nov 25 11:12:44.465986 dv-neutron-819174-1-hyperv neutron-server[102357]: DEBUG neutron.plugins.ml2.managers [None req-c3583ec9-e4cd-4cc3-8ed1-e700d840558e tempest-PortsAdminExtendedAttrsTestJSON-1927899996 tempest-PortsAdminExtendedAttrsTestJSON-1927899996-project-admin] Attempting to bind port b66f5cd5-1aae-493f-a202-e5c13375f797 on host hv-neutron-8191 for vnic_type normal with profile {{(pid=102357) bind_port /opt/stack/neutron/neutron/plugins/ml2/managers.py:790}}
Nov 25 11:12:44.466309 dv-neutron-819174-1-hyperv neutron-server[102357]: DEBUG neutron.plugins.ml2.managers [None req-c3583ec9-e4cd-4cc3-8ed1-e700d840558e tempest-PortsAdminExtendedAttrsTestJSON-1927899996 tempest-PortsAdminExtendedAttrsTestJSON-1927899996-project-admin] Attempting to bind port b66f5cd5-1aae-493f-a202-e5c13375f797 by drivers openvswitch,hyperv on host hv-neutron-8191 at level 0 using segments [{'id': '0a0c02b9-8418-4cf0-baa9-11d67ae0c470', 'network_type': 'vlan', 'physical_network': 'physnet1', 'segmentation_id': 662, 'network_id': 'c68534cc-4c64-4ac4-bc59-f93a9852ead9'}] {{(pid=102357) _bind_port_level /opt/stack/neutron/neutron/plugins/ml2/managers.py:815}}
Nov 25 11:12:44.466637 dv-neutron-819174-1-hyperv neutron-server[102357]: DEBUG neutron.plugins.ml2.drivers.mech_agent [None req-c3583ec9-e4cd-4cc3-8ed1-e700d840558e tempest-PortsAdminExtendedAttrsTestJSON-1927899996 tempest-PortsAdminExtendedAttrsTestJSON-1927899996-project-admin] Attempting to bind port b66f5cd5-1aae-493f-a202-e5c13375f797 on network c68534cc-4c64-4ac4-bc59-f93a9852ead9 {{(pid=102357) bind_port /opt/stack/neutron/neutron/plugins/ml2/drivers/mech_agent.py:91}}
Nov 25 11:12:44.483134 dv-neutron-819174-1-hyperv neutron-server[102356]: INFO neutron.wsgi [None req-fd7cb6b2-b5dc-4b9a-87bc-918d94f4ad28 tempest-DHCPAgentSchedulersTestJSON-1765156724 tempest-DHCPAgentSchedulersTestJSON-1765156724-project-admin] 10.222.0.55 "GET /v2.0/agents/63bd893d-daf6-4685-961f-5dd49842b043/dhcp-networks HTTP/1.1" status: 200 len: 6463 time: 0.3734279
Nov 25 11:12:44.483712 dv-neutron-819174-1-hyperv neutron-server[102357]: DEBUG neutron.plugins.ml2.drivers.mech_agent [None req-c3583ec9-e4cd-4cc3-8ed1-e700d840558e tempest-PortsAdminExtendedAttrsTestJSON-1927899996 tempest-PortsAdminExtendedAttrsTestJSON-1927899996-project-admin] Port b66f5cd5-1aae-493f-a202-e5c13375f797 on network c68534cc-4c64-4ac4-bc59-f93a9852ead9 not bound, no agent of type Open vSwitch agent registered on host hv-neutron-8191 {{(pid=102357) bind_port /opt/stack/neutron/neutron/plugins/ml2/drivers/mech_agent.py:103}}
Nov 25 11:12:44.483712 dv-neutron-819174-1-hyperv neutron-server[102357]: ERROR neutron.plugins.ml2.managers [None req-c3583ec9-e4cd-4cc3-8ed1-e700d840558e tempest-PortsAdminExtendedAttrsTestJSON-1927899996 tempest-PortsAdminExtendedAttrsTestJSON-1927899996-project-admin] Failed to bind port b66f5cd5-1aae-493f-a202-e5c13375f797 on host hv-neutron-8191 for vnic_type normal using segments [{'id': '0a0c02b9-8418-4cf0-baa9-11d67ae0c470', 'network_type': 'vlan', 'physical_network': 'physnet1', 'segmentation_id': 662, 'network_id': 'c68534cc-4c64-4ac4-bc59-f93a9852ead9'}]
Nov 25 11:12:44.483712 dv-neutron-819174-1-hyperv neutron-server[102357]: INFO neutron.plugins.ml2.plugin [None req-c3583ec9-e4cd-4cc3-8ed1-e700d840558e tempest-PortsAdminExtendedAttrsTestJSON-1927899996 tempest-PortsAdminExtendedAttrsTestJSON-1927899996-project-admin] Attempt 9 to bind port b66f5cd5-1aae-493f-a202-e5c13375f797
Nov 25 11:12:44.489388 dv-neutron-819174-1-hyperv neutron-server[102356]: DEBUG neutron.wsgi [-] (102356) accepted ('10.222.0.55', 58360) {{(pid=102356) server /usr/local/lib/python3.8/dist-packages/eventlet/wsgi.py:982}}
Nov 25 11:12:44.526245 dv-neutron-819174-1-hyperv neutron-server[102357]: DEBUG neutron.plugins.ml2.managers [None req-c3583ec9-e4cd-4cc3-8ed1-e700d840558e tempest-PortsAdminExtendedAttrsTestJSON-1927899996 tempest-PortsAdminExtendedAttrsTestJSON-1927899996-project-admin] Attempting to bind port b66f5cd5-1aae-493f-a202-e5c13375f797 on host hv-neutron-8191 for vnic_type normal with profile {{(pid=102357) bind_port /opt/stack/neutron/neutron/plugins/ml2/managers.py:790}}
Nov 25 11:12:44.526691 dv-neutron-819174-1-hyperv neutron-server[102357]: DEBUG neutron.plugins.ml2.managers [None req-c3583ec9-e4cd-4cc3-8ed1-e700d840558e tempest-PortsAdminExtendedAttrsTestJSON-1927899996 tempest-PortsAdminExtendedAttrsTestJSON-1927899996-project-admin] Attempting to bind port b66f5cd5-1aae-493f-a202-e5c13375f797 by drivers openvswitch,hyperv on host hv-neutron-8191 at level 0 using segments [{'id': '0a0c02b9-8418-4cf0-baa9-11d67ae0c470', 'network_type': 'vlan', 'physical_network': 'physnet1', 'segmentation_id': 662, 'network_id': 'c68534cc-4c64-4ac4-bc59-f93a9852ead9'}] {{(pid=102357) _bind_port_level /opt/stack/neutron/neutron/plugins/ml2/managers.py:815}}
Nov 25 11:12:44.527020 dv-neutron-819174-1-hyperv neutron-server[102357]: DEBUG neutron.plugins.ml2.drivers.mech_agent [None req-c3583ec9-e4cd-4cc3-8ed1-e700d840558e tempest-PortsAdminExtendedAttrsTestJSON-1927899996 tempest-PortsAdminExtendedAttrsTestJSON-1927899996-project-admin] Attempting to bind port b66f5cd5-1aae-493f-a202-e5c13375f797 on network c68534cc-4c64-4ac4-bc59-f93a9852ead9 {{(pid=102357) bind_port /opt/stack/neutron/neutron/plugins/ml2/drivers/mech_agent.py:91}}
Nov 25 11:12:44.553577 dv-neutron-819174-1-hyperv neutron-server[102357]: DEBUG neutron.plugins.ml2.drivers.mech_agent [None req-c3583ec9-e4cd-4cc3-8ed1-e700d840558e tempest-PortsAdminExtendedAttrsTestJSON-1927899996 tempest-PortsAdminExtendedAttrsTestJSON-1927899996-project-admin] Port b66f5cd5-1aae-493f-a202-e5c13375f797 on network c68534cc-4c64-4ac4-bc59-f93a9852ead9 not bound, no agent of type Open vSwitch agent registered on host hv-neutron-8191 {{(pid=102357) bind_port /opt/stack/neutron/neutron/plugins/ml2/drivers/mech_agent.py:103}}
Nov 25 11:12:44.553980 dv-neutron-819174-1-hyperv neutron-server[102357]: ERROR neutron.plugins.ml2.managers [None req-c3583ec9-e4cd-4cc3-8ed1-e700d840558e tempest-PortsAdminExtendedAttrsTestJSON-1927899996 tempest-PortsAdminExtendedAttrsTestJSON-1927899996-project-admin] Failed to bind port b66f5cd5-1aae-493f-a202-e5c13375f797 on host hv-neutron-8191 for vnic_type normal using segments [{'id': '0a0c02b9-8418-4cf0-baa9-11d67ae0c470', 'network_type': 'vlan', 'physical_network': 'physnet1', 'segmentation_id': 662, 'network_id': 'c68534cc-4c64-4ac4-bc59-f93a9852ead9'}]
Nov 25 11:12:44.554571 dv-neutron-819174-1-hyperv neutron-server[102357]: INFO neutron.plugins.ml2.plugin [None req-c3583ec9-e4cd-4cc3-8ed1-e700d840558e tempest-PortsAdminExtendedAttrsTestJSON-1927899996 tempest-PortsAdminExtendedAttrsTestJSON-1927899996-project-admin] Attempt 10 to bind port b66f5cd5-1aae-493f-a202-e5c13375f797
Nov 25 11:12:44.560209 dv-neutron-819174-1-hyperv neutron-server[102359]: DEBUG neutron_lib.callbacks.manager [None req-777153b0-0aa8-446a-95ce-83d1a8c23a21 None None] Notify callbacks [] for port, precommit_update {{(pid=102359) _notify_loop /usr/local/lib/python3.8/dist-packages/neutron_lib/callbacks/manager.py:192}}
Nov 25 11:12:44.578918 dv-neutron-819174-1-hyperv neutron-server[102357]: DEBUG neutron.scheduler.l3_agent_scheduler [None req-ef65c72a-1225-45ab-a574-a15af95efb96 admin admin] Router 1f637b45-b6fc-4f08-a5ee-ebfa50d8a7ce has already been hosted by L3 agent fbbd125d-d4cb-4c82-8f12-a14a8294b7b4 {{(pid=102357) _get_candidates /opt/stack/neutron/neutron/scheduler/l3_agent_scheduler.py:126}}
Nov 25 11:12:44.581959 dv-neutron-819174-1-hyperv neutron-server[102359]: DEBUG neutron_lib.callbacks.manager [None req-777153b0-0aa8-446a-95ce-83d1a8c23a21 None None] Notify callbacks ['neutron.plugins.ml2.plugin.SecurityGroupServerNotifierRpcMixin._notify_sg_on_port_change-3686185', 'neutron.plugins.ml2.ovo_rpc._ObjectChangeHandler.handle_event-59194', 'neutron.api.rpc.agentnotifiers.dhcp_rpc_agent_api.DhcpAgentNotifyAPI._native_event_send_dhcp_notification-529369', 'neutron.db.l3_db.L3RpcNotifierMixin._notify_gateway_port_ip_changed-8737370525862', 'neutron.db.l3_dvrscheduler_db._notify_l3_agent_port_update-8737369970791', 'neutron.db.l3_hascheduler_db._notify_l3_agent_ha_port_update-8737369970809'] for port, after_update {{(pid=102359) _notify_loop /usr/local/lib/python3.8/dist-packages/neutron_lib/callbacks/manager.py:192}}
Nov 25 11:12:44.587861 dv-neutron-819174-1-hyperv neutron-server[102357]: DEBUG neutron.plugins.ml2.managers [None req-c3583ec9-e4cd-4cc3-8ed1-e700d840558e tempest-PortsAdminExtendedAttrsTestJSON-1927899996 tempest-PortsAdminExtendedAttrsTestJSON-1927899996-project-admin] Attempting to bind port b66f5cd5-1aae-493f-a202-e5c13375f797 on host hv-neutron-8191 for vnic_type normal with profile {{(pid=102357) bind_port /opt/stack/neutron/neutron/plugins/ml2/managers.py:790}}
Nov 25 11:12:44.588519 dv-neutron-819174-1-hyperv neutron-server[102357]: DEBUG neutron.plugins.ml2.managers [None req-c3583ec9-e4cd-4cc3-8ed1-e700d840558e tempest-PortsAdminExtendedAttrsTestJSON-1927899996 tempest-PortsAdminExtendedAttrsTestJSON-1927899996-project-admin] Attempting to bind port b66f5cd5-1aae-493f-a202-e5c13375f797 by drivers openvswitch,hyperv on host hv-neutron-8191 at level 0 using segments [{'id': '0a0c02b9-8418-4cf0-baa9-11d67ae0c470', 'network_type': 'vlan', 'physical_network': 'physnet1', 'segmentation_id': 662, 'network_id': 'c68534cc-4c64-4ac4-bc59-f93a9852ead9'}] {{(pid=102357) _bind_port_level /opt/stack/neutron/neutron/plugins/ml2/managers.py:815}}
Nov 25 11:12:44.588998 dv-neutron-819174-1-hyperv neutron-server[102357]: DEBUG neutron.plugins.ml2.drivers.mech_agent [None req-c3583ec9-e4cd-4cc3-8ed1-e700d840558e tempest-PortsAdminExtendedAttrsTestJSON-1927899996 tempest-PortsAdminExtendedAttrsTestJSON-1927899996-project-admin] Attempting to bind port b66f5cd5-1aae-493f-a202-e5c13375f797 on network c68534cc-4c64-4ac4-bc59-f93a9852ead9 {{(pid=102357) bind_port /opt/stack/neutron/neutron/plugins/ml2/drivers/mech_agent.py:91}}
Nov 25 11:12:44.610353 dv-neutron-819174-1-hyperv neutron-server[102357]: DEBUG neutron.plugins.ml2.drivers.mech_agent [None req-c3583ec9-e4cd-4cc3-8ed1-e700d840558e tempest-PortsAdminExtendedAttrsTestJSON-1927899996 tempest-PortsAdminExtendedAttrsTestJSON-1927899996-project-admin] Port b66f5cd5-1aae-493f-a202-e5c13375f797 on network c68534cc-4c64-4ac4-bc59-f93a9852ead9 not bound, no agent of type Open vSwitch agent registered on host hv-neutron-8191 {{(pid=102357) bind_port /opt/stack/neutron/neutron/plugins/ml2/drivers/mech_agent.py:103}}
Nov 25 11:12:44.618668 dv-neutron-819174-1-hyperv neutron-server[102356]: INFO neutron.wsgi [None req-076e8bde-c4d9-4255-9633-4e26482ff1ec tempest-DHCPAgentSchedulersTestJSON-1765156724 tempest-DHCPAgentSchedulersTestJSON-1765156724-project-admin] 10.222.0.55 "GET /v2.0/networks/06a8f2b8-5ecd-459c-b60d-529568b772ba/dhcp-agents HTTP/1.1" status: 200 len: 808 time: 0.1240113
Nov 25 11:12:44.619852 dv-neutron-819174-1-hyperv neutron-server[102357]: ERROR neutron.plugins.ml2.managers [None req-c3583ec9-e4cd-4cc3-8ed1-e700d840558e tempest-PortsAdminExtendedAttrsTestJSON-1927899996 tempest-PortsAdminExtendedAttrsTestJSON-1927899996-project-admin] Failed to bind port b66f5cd5-1aae-493f-a202-e5c13375f797 on host hv-neutron-8191 for vnic_type normal using segments [{'id': '0a0c02b9-8418-4cf0-baa9-11d67ae0c470', 'network_type': 'vlan', 'physical_network': 'physnet1', 'segmentation_id': 662, 'network_id': 'c68534cc-4c64-4ac4-bc59-f93a9852ead9'}]
Nov 25 11:12:44.620872 dv-neutron-819174-1-hyperv neutron-server[102357]: DEBUG neutron_lib.callbacks.manager [None req-c3583ec9-e4cd-4cc3-8ed1-e700d840558e tempest-PortsAdminExtendedAttrsTestJSON-1927899996 tempest-PortsAdminExtendedAttrsTestJSON-1927899996-project-admin] Notify callbacks ['neutron.plugins.ml2.plugin.SecurityGroupDbMixin._ensure_default_security_group_handler-3686254'] for port, before_update {{(pid=102357) _notify_loop /usr/local/lib/python3.8/dist-packages/neutron_lib/callbacks/manager.py:192}}
Nov 25 11:12:44.625934 dv-neutron-819174-1-hyperv neutron-server[102356]: DEBUG neutron.wsgi [-] (102356) accepted ('10.222.0.55', 58362) {{(pid=102356) server /usr/local/lib/python3.8/dist-packages/eventlet/wsgi.py:982}}
Nov 25 11:12:44.673023 dv-neutron-819174-1-hyperv neutron-server[102358]: DEBUG neutron_lib.callbacks.manager [None req-79041f1a-49f7-47e0-91ab-4a03c998fe09 None None] Notify callbacks ['neutron.services.segments.db._update_segment_host_mapping_for_agent-8737370454438', 'neutron.plugins.ml2.plugin.Ml2Plugin._retry_binding_revived_agents-3709611'] for agent, after_update {{(pid=102358) _notify_loop /usr/local/lib/python3.8/dist-packages/neutron_lib/callbacks/manager.py:192}}
Nov 25 11:12:44.685477 dv-neutron-819174-1-hyperv neutron-server[102356]: DEBUG neutron.wsgi [-] (102356) accepted ('10.222.0.55', 58366) {{(pid=102356) server /usr/local/lib/python3.8/dist-packages/eventlet/wsgi.py:982}}
Nov 25 11:12:44.692079 dv-neutron-819174-1-hyperv neutron-server[102356]: INFO neutron.wsgi [None req-2b9438aa-1292-44ee-acc8-ee2a5b17ba6f tempest-DHCPAgentSchedulersTestJSON-1765156724 tempest-DHCPAgentSchedulersTestJSON-1765156724-project-admin] 10.222.0.55 "GET /v2.0/networks/06a8f2b8-5ecd-459c-b60d-529568b772ba/dhcp-agents HTTP/1.1" status: 200 len: 808 time: 0.0603113
Nov 25 11:12:44.701940 dv-neutron-819174-1-hyperv neutron-server[102356]: DEBUG neutron.wsgi [-] (102356) accepted ('10.222.0.55', 58368) {{(pid=102356) server /usr/local/lib/python3.8/dist-packages/eventlet/wsgi.py:982}}
Nov 25 11:12:44.717630 dv-neutron-819174-1-hyperv neutron-server[102359]: DEBUG neutron.api.rpc.handlers.resources_rpc [None req-d79912b7-cc9f-48bd-a5a9-ac356583c6cf None None] Pushing event updated for resources: {'Port': ['ID=19971ca5-e561-4846-bdc8-c607c60cbb7c,revision_number=3']} {{(pid=102359) push /opt/stack/neutron/neutron/api/rpc/handlers/resources_rpc.py:237}}
Nov 25 11:12:44.735157 dv-neutron-819174-1-hyperv neutron-server[102358]: DEBUG neutron.db.l3_hamode_db [None req-8dacd35e-1a82-4cec-85db-3e00d067f022 None None] neutron.services.l3_router.l3_router_plugin.L3RouterPlugin method _process_sync_ha_data called with arguments (, [{'id': '4d886842-3678-402f-b0b7-86938216b1f6', 'name': '', 'tenant_id': '99a2dabd0f14435aa7f799f5812feb0d', 'admin_state_up': True, 'status': 'ACTIVE', 'external_gateway_info': {'network_id': '3e90c658-5642-4e4c-9fd0-e9210b2add40', 'external_fixed_ips': [{'subnet_id': '25d6dddb-5eed-4f68-af08-4a74e11bb128', 'ip_address': '2001:db8::97'}], 'enable_snat': True}, 'gw_port_id': 'd496a2d8-9ea8-4ad7-9a3c-29f6155baa4b', 'description': '', 'availability_zones': ['nova'], 'distributed': False, 'ha': False, 'ha_vr_id': 0, 'availability_zone_hints': [], 'routes': [], 'flavor_id': None, 'tags': [], 'created_at': '2021-11-25T11:12:39Z', 'updated_at': '2021-11-25T11:12:42Z', 'revision_number': 3, 'project_id': '99a2dabd0f14435aa7f799f5812feb0d', 'gw_port': {'id': 'd496a2d8-9ea8-4ad7-9a3c-29f6155baa4b', 'name': '', 'network_id': '3e90c658-5642-4e4c-9fd0-e9210b2add40', 'tenant_id': '', 'mac_address': 'fa:16:3e:33:06:e7', 'admin_state_up': True, 'status': 'DOWN', 'device_id': '4d886842-3678-402f-b0b7-86938216b1f6', 'device_owner': 'network:router_gateway', 'standard_attr_id': 120, 'fixed_ips': [{'subnet_id': '25d6dddb-5eed-4f68-af08-4a74e11bb128', 'ip_address': '2001:db8::97', 'prefixlen': 64}], 'allowed_address_pairs': [], 'extra_dhcp_opts': [], 'security_groups': [], 'description': '', 'binding:vnic_type': 'normal', 'binding:profile': {}, 'binding:host_id': '', 'binding:vif_type': 'unbound', 'binding:vif_details': {}, 'port_security_enabled': False, 'tags': [], 'created_at': '2021-11-25T11:12:41Z', 'updated_at': '2021-11-25T11:12:41Z', 'revision_number': 1, 'project_id': '', 'subnets': [{'id': '25d6dddb-5eed-4f68-af08-4a74e11bb128', 'cidr': '2001:db8::/64', 'gateway_ip': '2001:db8::1', 'dns_nameservers': [], 'ipv6_ra_mode': None, 'subnetpool_id': None}], 'extra_subnets': [], 'address_scopes': {4: None, 6: None}, 'mtu': 1500}, 'enable_snat': True, 'gw_port_host': 'dv-neutron-819174-1-hyperv'}], 'dv-neutron-819174-1-hyperv', False) {} {{(pid=102358) wrapper /usr/local/lib/python3.8/dist-packages/oslo_log/helpers.py:65}}
Nov 25 11:12:44.785336 dv-neutron-819174-1-hyperv neutron-server[102356]: DEBUG neutron_lib.callbacks.manager [None req-1ea6931c-5911-41a5-a418-87178812d908 admin admin] Notify callbacks [] for security_group, before_create {{(pid=102356) _notify_loop /usr/local/lib/python3.8/dist-packages/neutron_lib/callbacks/manager.py:192}}
Nov 25 11:12:44.820751 dv-neutron-819174-1-hyperv neutron-server[102356]: DEBUG neutron_lib.callbacks.manager [None req-51bbefcb-f407-4dc0-a1d4-b8f0e889d5e3 tempest-RoutersIpV6AdminTest-842169470 tempest-RoutersIpV6AdminTest-842169470-project-admin] Notify callbacks [] for router, before_delete {{(pid=102356) _notify_loop /usr/local/lib/python3.8/dist-packages/neutron_lib/callbacks/manager.py:192}}
Nov 25 11:12:44.852385 dv-neutron-819174-1-hyperv neutron-server[102358]: DEBUG neutron.api.rpc.handlers.l3_rpc [None req-8dacd35e-1a82-4cec-85db-3e00d067f022 None None] Checking router: 4d886842-3678-402f-b0b7-86938216b1f6 for host: dv-neutron-819174-1-hyperv {{(pid=102358) _ensure_host_set_on_ports /opt/stack/neutron/neutron/api/rpc/handlers/l3_rpc.py:155}}
Nov 25 11:12:44.853886 dv-neutron-819174-1-hyperv neutron-server[102358]: DEBUG neutron.api.rpc.handlers.l3_rpc [None req-8dacd35e-1a82-4cec-85db-3e00d067f022 None None] Updating router 4d886842-3678-402f-b0b7-86938216b1f6 port d496a2d8-9ea8-4ad7-9a3c-29f6155baa4b binding host dv-neutron-819174-1-hyperv {{(pid=102358) _ensure_host_set_on_port /opt/stack/neutron/neutron/api/rpc/handlers/l3_rpc.py:205}}
Nov 25 11:12:44.923714 dv-neutron-819174-1-hyperv neutron-server[102359]: DEBUG neutron.plugins.ml2.managers [None req-777153b0-0aa8-446a-95ce-83d1a8c23a21 None None] Attempting to bind port 19971ca5-e561-4846-bdc8-c607c60cbb7c on host dv-neutron-819174-1-hyperv for vnic_type normal with profile {{(pid=102359) bind_port /opt/stack/neutron/neutron/plugins/ml2/managers.py:790}}
Nov 25 11:12:44.923714 dv-neutron-819174-1-hyperv neutron-server[102359]: DEBUG neutron.plugins.ml2.managers [None req-777153b0-0aa8-446a-95ce-83d1a8c23a21 None None] Attempting to bind port 19971ca5-e561-4846-bdc8-c607c60cbb7c by drivers openvswitch,hyperv on host dv-neutron-819174-1-hyperv at level 0 using segments [{'id': '2b76cf38-2f68-4aee-ac7b-aa019d7ef330', 'network_type': 'vlan', 'physical_network': 'physnet1', 'segmentation_id': 689, 'network_id': '082cd346-423a-4b65-94ad-91864afa0076'}] {{(pid=102359) _bind_port_level /opt/stack/neutron/neutron/plugins/ml2/managers.py:815}}
Nov 25 11:12:44.923714 dv-neutron-819174-1-hyperv neutron-server[102359]: DEBUG neutron.plugins.ml2.drivers.mech_agent [None req-777153b0-0aa8-446a-95ce-83d1a8c23a21 None None] Attempting to bind port 19971ca5-e561-4846-bdc8-c607c60cbb7c on network 082cd346-423a-4b65-94ad-91864afa0076 {{(pid=102359) bind_port /opt/stack/neutron/neutron/plugins/ml2/drivers/mech_agent.py:91}}
Nov 25 11:12:44.930715 dv-neutron-819174-1-hyperv neutron-server[102359]: DEBUG neutron.plugins.ml2.drivers.mech_agent [None req-777153b0-0aa8-446a-95ce-83d1a8c23a21 None None] Checking agent: {'id': '6ee17345-32e2-492f-81c8-de9c051fb5f3', 'agent_type': 'Open vSwitch agent', 'binary': 'neutron-openvswitch-agent', 'topic': 'N/A', 'host': 'dv-neutron-819174-1-hyperv', 'admin_state_up': True, 'created_at': datetime.datetime(2021, 11, 25, 11, 4, 44), 'started_at': datetime.datetime(2021, 11, 25, 11, 5, 14), 'heartbeat_timestamp': datetime.datetime(2021, 11, 25, 11, 12, 44), 'description': None, 'resources_synced': None, 'availability_zone': None, 'alive': True, 'configurations': {'arp_responder_enabled': False, 'baremetal_smartnic': False, 'bridge_mappings': {'physnet1': 'br-data'}, 'datapath_type': 'system', 'devices': 0, 'enable_distributed_routing': False, 'extensions': [], 'in_distributed_mode': False, 'integration_bridge': 'br-int', 'l2_population': False, 'log_agent_heartbeats': False, 'ovs_capabilities': {'datapath_types': ['netdev', 'system'], 'iface_types': ['erspan', 'geneve', 'gre', 'internal', 'ip6erspan', 'ip6gre', 'lisp', 'patch', 'stt', 'system', 'tap', 'vxlan']}, 'ovs_hybrid_plug': False, 'resource_provider_bandwidths': {}, 'resource_provider_hypervisors': {'br-data': 'dv-neutron-819174-1-hyperv'}, 'resource_provider_inventory_defaults': {'allocation_ratio': 1.0, 'min_unit': 1, 'step_size': 1, 'reserved': 0}, 'tunnel_types': [], 'tunneling_ip': None, 'vhostuser_socket_dir': '/var/run/openvswitch'}, 'resource_versions': {'AddressGroup': '1.2', 'ConntrackHelper': '1.0', 'Log': '1.0', 'Network': '1.1', 'Port': '1.7', 'PortForwarding': '1.2', 'QosPolicy': '1.9', 'SecurityGroup': '1.4', 'SecurityGroupRule': '1.2', 'SubPort': '1.0', 'Subnet': '1.1', 'Trunk': '1.1'}} {{(pid=102359) bind_port /opt/stack/neutron/neutron/plugins/ml2/drivers/mech_agent.py:110}}
Nov 25 11:12:44.931080 dv-neutron-819174-1-hyperv neutron-server[102359]: DEBUG neutron.plugins.ml2.drivers.mech_agent [None req-777153b0-0aa8-446a-95ce-83d1a8c23a21 None None] Checking segment: {'id': '2b76cf38-2f68-4aee-ac7b-aa019d7ef330', 'network_type': 'vlan', 'physical_network': 'physnet1', 'segmentation_id': 689, 'network_id': '082cd346-423a-4b65-94ad-91864afa0076'} for mappings: {'physnet1': 'br-data'} with network types: ['local', 'flat', 'vlan'] {{(pid=102359) check_segment_for_agent /opt/stack/neutron/neutron/plugins/ml2/drivers/mech_agent.py:358}}
Nov 25 11:12:44.931922 dv-neutron-819174-1-hyperv neutron-server[102359]: DEBUG neutron_lib.callbacks.manager [None req-777153b0-0aa8-446a-95ce-83d1a8c23a21 None None] Notify callbacks [] for ovs_bridge_name, before_read {{(pid=102359) _notify_loop /usr/local/lib/python3.8/dist-packages/neutron_lib/callbacks/manager.py:192}}
Nov 25 11:12:44.932234 dv-neutron-819174-1-hyperv neutron-server[102359]: DEBUG neutron.plugins.ml2.drivers.mech_agent [None req-777153b0-0aa8-446a-95ce-83d1a8c23a21 None None] Bound using segment: {'id': '2b76cf38-2f68-4aee-ac7b-aa019d7ef330', 'network_type': 'vlan', 'physical_network': 'physnet1', 'segmentation_id': 689, 'network_id': '082cd346-423a-4b65-94ad-91864afa0076'} {{(pid=102359) bind_port /opt/stack/neutron/neutron/plugins/ml2/drivers/mech_agent.py:120}}
Nov 25 11:12:44.932711 dv-neutron-819174-1-hyperv neutron-server[102359]: DEBUG neutron.plugins.ml2.managers [None req-777153b0-0aa8-446a-95ce-83d1a8c23a21 None None] Bound port: 19971ca5-e561-4846-bdc8-c607c60cbb7c, host: dv-neutron-819174-1-hyperv, vif_type: ovs, vif_details: {"connectivity": "l2", "port_filter": true, "ovs_hybrid_plug": false, "datapath_type": "system", "bridge_name": "br-int"}, binding_levels: [{'bound_driver': 'openvswitch', 'bound_segment': {'id': '2b76cf38-2f68-4aee-ac7b-aa019d7ef330', 'network_type': 'vlan', 'physical_network': 'physnet1', 'segmentation_id': 689, 'network_id': '082cd346-423a-4b65-94ad-91864afa0076'}}] {{(pid=102359) _bind_port_level /opt/stack/neutron/neutron/plugins/ml2/managers.py:928}}
Nov 25 11:12:44.933103 dv-neutron-819174-1-hyperv neutron-server[102359]: DEBUG neutron_lib.callbacks.manager [None req-777153b0-0aa8-446a-95ce-83d1a8c23a21 None None] Notify callbacks ['neutron.plugins.ml2.plugin.SecurityGroupDbMixin._ensure_default_security_group_handler-3686254'] for port, before_update {{(pid=102359) _notify_loop /usr/local/lib/python3.8/dist-packages/neutron_lib/callbacks/manager.py:192}}
Nov 25 11:12:44.946795 dv-neutron-819174-1-hyperv neutron-server[102358]: DEBUG neutron_lib.callbacks.manager [None req-8dacd35e-1a82-4cec-85db-3e00d067f022 None None] Notify callbacks ['neutron.plugins.ml2.plugin.SecurityGroupDbMixin._ensure_default_security_group_handler-3686254'] for port, before_update {{(pid=102358) _notify_loop /usr/local/lib/python3.8/dist-packages/neutron_lib/callbacks/manager.py:192}}
Nov 25 11:12:45.002664 dv-neutron-819174-1-hyperv neutron-server[102357]: DEBUG neutron.api.rpc.agentnotifiers.l3_rpc_agent_api [None req-ef65c72a-1225-45ab-a574-a15af95efb96 admin admin] Notify agent at l3_agent.dv-neutron-819174-1-hyperv the message routers_updated {{(pid=102357) _agent_notification /opt/stack/neutron/neutron/api/rpc/agentnotifiers/l3_rpc_agent_api.py:65}}
Nov 25 11:12:45.030646 dv-neutron-819174-1-hyperv neutron-server[102357]: INFO neutron.wsgi [None req-ef65c72a-1225-45ab-a574-a15af95efb96 admin admin] 10.222.0.55 "PUT /v2.0/routers/1f637b45-b6fc-4f08-a5ee-ebfa50d8a7ce/add_router_interface HTTP/1.1" status: 200 len: 503 time: 9.9113741
Nov 25 11:12:45.096742 dv-neutron-819174-1-hyperv neutron-server[102359]: DEBUG neutron.plugins.ml2.db [None req-777153b0-0aa8-446a-95ce-83d1a8c23a21 None None] For port 19971ca5-e561-4846-bdc8-c607c60cbb7c, host dv-neutron-819174-1-hyperv, cleared binding levels {{(pid=102359) clear_binding_levels /opt/stack/neutron/neutron/plugins/ml2/db.py:87}}
Nov 25 11:12:45.099334 dv-neutron-819174-1-hyperv neutron-server[102357]: DEBUG neutron.plugins.ml2.db [None req-c3583ec9-e4cd-4cc3-8ed1-e700d840558e tempest-PortsAdminExtendedAttrsTestJSON-1927899996 tempest-PortsAdminExtendedAttrsTestJSON-1927899996-project-admin] For port b66f5cd5-1aae-493f-a202-e5c13375f797, host hv-neutron-8191, cleared binding levels {{(pid=102357) clear_binding_levels /opt/stack/neutron/neutron/plugins/ml2/db.py:87}}
Nov 25 11:12:45.100072 dv-neutron-819174-1-hyperv neutron-server[102359]: DEBUG neutron.plugins.ml2.db [None req-777153b0-0aa8-446a-95ce-83d1a8c23a21 None None] For port 19971ca5-e561-4846-bdc8-c607c60cbb7c, host dv-neutron-819174-1-hyperv, set binding levels [PortBindingLevel(driver='openvswitch',host='dv-neutron-819174-1-hyperv',level=0,port_id=19971ca5-e561-4846-bdc8-c607c60cbb7c,segment=NetworkSegment(2b76cf38-2f68-4aee-ac7b-aa019d7ef330),segment_id=2b76cf38-2f68-4aee-ac7b-aa019d7ef330)] {{(pid=102359) set_binding_levels /opt/stack/neutron/neutron/plugins/ml2/db.py:59}}
Nov 25 11:12:45.101944 dv-neutron-819174-1-hyperv neutron-server[102357]: DEBUG neutron.plugins.ml2.db [None req-c3583ec9-e4cd-4cc3-8ed1-e700d840558e tempest-PortsAdminExtendedAttrsTestJSON-1927899996 tempest-PortsAdminExtendedAttrsTestJSON-1927899996-project-admin] Attempted to set empty binding levels {{(pid=102357) set_binding_levels /opt/stack/neutron/neutron/plugins/ml2/db.py:65}}
Nov 25 11:12:45.103548 dv-neutron-819174-1-hyperv neutron-server[102359]: DEBUG neutron.api.rpc.handlers.l3_rpc [None req-d6cbe9ef-eb21-4c98-94c9-d4fc80010444 None None] Sync routers for ids ['1f637b45-b6fc-4f08-a5ee-ebfa50d8a7ce'] in dv-neutron-819174-1-hyperv {{(pid=102359) sync_routers /opt/stack/neutron/neutron/api/rpc/handlers/l3_rpc.py:125}}
Nov 25 11:12:45.113565 dv-neutron-819174-1-hyperv neutron-server[102357]: DEBUG neutron_lib.callbacks.manager [None req-c3583ec9-e4cd-4cc3-8ed1-e700d840558e tempest-PortsAdminExtendedAttrsTestJSON-1927899996 tempest-PortsAdminExtendedAttrsTestJSON-1927899996-project-admin] Notify callbacks ['neutron.plugins.ml2.plugin.SecurityGroupServerNotifierRpcMixin._notify_sg_on_port_change-3686185', 'neutron.plugins.ml2.ovo_rpc._ObjectChangeHandler.handle_event-59194', 'neutron.api.rpc.agentnotifiers.dhcp_rpc_agent_api.DhcpAgentNotifyAPI._native_event_send_dhcp_notification-529369', 'neutron.db.l3_db.L3RpcNotifierMixin._notify_gateway_port_ip_changed-8737370525862', 'neutron.db.l3_dvrscheduler_db._notify_l3_agent_port_update-8737369970791', 'neutron.db.l3_hascheduler_db._notify_l3_agent_ha_port_update-8737369970809', 'neutron.services.segments.plugin.NovaSegmentNotifier._notify_port_updated-11831787'] for port, after_update {{(pid=102357) _notify_loop /usr/local/lib/python3.8/dist-packages/neutron_lib/callbacks/manager.py:192}}
Nov 25 11:12:45.118077 dv-neutron-819174-1-hyperv neutron-server[102359]: DEBUG neutron_lib.callbacks.manager [None req-777153b0-0aa8-446a-95ce-83d1a8c23a21 None None] Notify callbacks ['neutron.plugins.ml2.plugin.SecurityGroupServerNotifierRpcMixin._notify_sg_on_port_change-3686185', 'neutron.plugins.ml2.ovo_rpc._ObjectChangeHandler.handle_event-59194', 'neutron.api.rpc.agentnotifiers.dhcp_rpc_agent_api.DhcpAgentNotifyAPI._native_event_send_dhcp_notification-529369', 'neutron.db.l3_db.L3RpcNotifierMixin._notify_gateway_port_ip_changed-8737370525862', 'neutron.db.l3_dvrscheduler_db._notify_l3_agent_port_update-8737369970791', 'neutron.db.l3_hascheduler_db._notify_l3_agent_ha_port_update-8737369970809'] for port, after_update {{(pid=102359) _notify_loop /usr/local/lib/python3.8/dist-packages/neutron_lib/callbacks/manager.py:192}}
Nov 25 11:12:45.127539 dv-neutron-819174-1-hyperv neutron-server[102359]: DEBUG neutron.db.l3_dvrscheduler_db [None req-d6cbe9ef-eb21-4c98-94c9-d4fc80010444 None None] Routers {'1f637b45-b6fc-4f08-a5ee-ebfa50d8a7ce'} bound to L3 agent in host dv-neutron-819174-1-hyperv {{(pid=102359) _get_router_ids_for_agent /opt/stack/neutron/neutron/db/l3_dvrscheduler_db.py:420}}
Nov 25 11:12:45.128177 dv-neutron-819174-1-hyperv neutron-server[102359]: DEBUG neutron.db.l3_hamode_db [None req-d6cbe9ef-eb21-4c98-94c9-d4fc80010444 None None] neutron.services.l3_router.l3_router_plugin.L3RouterPlugin method get_ha_sync_data_for_host called with arguments (, 'dv-neutron-819174-1-hyperv', Agent(admin_state_up=True,agent_type='L3 agent',availability_zone='nova',binary='neutron-l3-agent',configurations={"agent_mode": "legacy", "ex_gw_ports": 3, "extensions": [], "floating_ips": 0, "handle_internal_only_routers": true, "interface_driver": "openvswitch", "interfaces": 1, "log_agent_heartbeats": false, "routers": 3},created_at=2021-11-25T11:04:43Z,description=,heartbeat_timestamp=2021-11-25T11:12:44Z,host='dv-neutron-819174-1-hyperv',id=fbbd125d-d4cb-4c82-8f12-a14a8294b7b4,load=0,resource_versions=,resources_synced=,started_at=2021-11-25T11:04:43Z,topic='l3_agent')) {'router_ids': ['1f637b45-b6fc-4f08-a5ee-ebfa50d8a7ce'], 'active': True} {{(pid=102359) wrapper /usr/local/lib/python3.8/dist-packages/oslo_log/helpers.py:65}}
Nov 25 11:12:45.209465 dv-neutron-819174-1-hyperv neutron-server[102357]: DEBUG neutron.plugins.ml2.plugin [None req-c3583ec9-e4cd-4cc3-8ed1-e700d840558e tempest-PortsAdminExtendedAttrsTestJSON-1927899996 tempest-PortsAdminExtendedAttrsTestJSON-1927899996-project-admin] In _notify_port_updated(), no bound segment for port b66f5cd5-1aae-493f-a202-e5c13375f797 on network c68534cc-4c64-4ac4-bc59-f93a9852ead9 {{(pid=102357) _notify_port_updated /opt/stack/neutron/neutron/plugins/ml2/plugin.py:873}}
Nov 25 11:12:45.211812 dv-neutron-819174-1-hyperv neutron-server[102357]: DEBUG neutron.pecan_wsgi.hooks.policy_enforcement [None req-c3583ec9-e4cd-4cc3-8ed1-e700d840558e tempest-PortsAdminExtendedAttrsTestJSON-1927899996 tempest-PortsAdminExtendedAttrsTestJSON-1927899996-project-admin] Attributes excluded by policy engine: ['standard_attr_id'] {{(pid=102357) _exclude_attributes_by_policy /opt/stack/neutron/neutron/pecan_wsgi/hooks/policy_enforcement.py:255}}
Nov 25 11:12:45.212840 dv-neutron-819174-1-hyperv neutron-server[102357]: DEBUG neutron_lib.callbacks.manager [None req-c3583ec9-e4cd-4cc3-8ed1-e700d840558e tempest-PortsAdminExtendedAttrsTestJSON-1927899996 tempest-PortsAdminExtendedAttrsTestJSON-1927899996-project-admin] Notify callbacks ['neutron.notifiers.nova.Notifier._send_nova_notification-450107'] for port, before_response {{(pid=102357) _notify_loop /usr/local/lib/python3.8/dist-packages/neutron_lib/callbacks/manager.py:192}}
Nov 25 11:12:45.218484 dv-neutron-819174-1-hyperv neutron-server[102357]: INFO neutron.wsgi [None req-c3583ec9-e4cd-4cc3-8ed1-e700d840558e tempest-PortsAdminExtendedAttrsTestJSON-1927899996 tempest-PortsAdminExtendedAttrsTestJSON-1927899996-project-admin] 10.222.0.55 "PUT /v2.0/ports/b66f5cd5-1aae-493f-a202-e5c13375f797 HTTP/1.1" status: 200 len: 977 time: 3.5510027
Nov 25 11:12:45.225245 dv-neutron-819174-1-hyperv neutron-server[102357]: DEBUG neutron.wsgi [-] (102357) accepted ('10.222.0.55', 58388) {{(pid=102357) server /usr/local/lib/python3.8/dist-packages/eventlet/wsgi.py:982}}
Nov 25 11:12:45.276882 dv-neutron-819174-1-hyperv neutron-server[102356]: INFO neutron.wsgi [None req-dc2e9868-3ad1-4e02-9dd1-7d38288fc9ee tempest-DHCPAgentSchedulersTestJSON-1765156724 tempest-DHCPAgentSchedulersTestJSON-1765156724-project-admin] 10.222.0.55 "GET /v2.0/agents/63bd893d-daf6-4685-961f-5dd49842b043/dhcp-networks HTTP/1.1" status: 200 len: 6463 time: 0.5565717
Nov 25 11:12:45.281052 dv-neutron-819174-1-hyperv neutron-server[102356]: DEBUG neutron.wsgi [-] (102356) accepted ('10.222.0.55', 58392) {{(pid=102356) server /usr/local/lib/python3.8/dist-packages/eventlet/wsgi.py:982}}
Nov 25 11:12:45.335514 dv-neutron-819174-1-hyperv neutron-server[102359]: DEBUG neutron.api.rpc.handlers.resources_rpc [None req-d79912b7-cc9f-48bd-a5a9-ac356583c6cf None None] Pushing event updated for resources: {'Port': ['ID=19971ca5-e561-4846-bdc8-c607c60cbb7c,revision_number=4']} {{(pid=102359) push /opt/stack/neutron/neutron/api/rpc/handlers/resources_rpc.py:237}}
Nov 25 11:12:45.363960 dv-neutron-819174-1-hyperv neutron-server[102359]: DEBUG neutron.db.l3_dvrscheduler_db [None req-777153b0-0aa8-446a-95ce-83d1a8c23a21 None None] Routers {'668e989e-fc95-4156-af5c-c48cfc55822c'} bound to L3 agent in host dv-neutron-819174-1-hyperv {{(pid=102359) _get_router_ids_for_agent /opt/stack/neutron/neutron/db/l3_dvrscheduler_db.py:420}}
Nov 25 11:12:45.365744 dv-neutron-819174-1-hyperv neutron-server[102359]: DEBUG neutron.db.l3_hamode_db [None req-777153b0-0aa8-446a-95ce-83d1a8c23a21 None None] neutron.services.l3_router.l3_router_plugin.L3RouterPlugin method get_ha_sync_data_for_host called with arguments (, 'dv-neutron-819174-1-hyperv', Agent(admin_state_up=True,agent_type='L3 agent',availability_zone='nova',binary='neutron-l3-agent',configurations={"agent_mode": "legacy", "ex_gw_ports": 3, "extensions": [], "floating_ips": 0, "handle_internal_only_routers": true, "interface_driver": "openvswitch", "interfaces": 1, "log_agent_heartbeats": false, "routers": 3},created_at=2021-11-25T11:04:43Z,description=,heartbeat_timestamp=2021-11-25T11:12:44Z,host='dv-neutron-819174-1-hyperv',id=fbbd125d-d4cb-4c82-8f12-a14a8294b7b4,load=0,resource_versions=,resources_synced=,started_at=2021-11-25T11:04:43Z,topic='l3_agent')) {'router_ids': ['668e989e-fc95-4156-af5c-c48cfc55822c'], 'active': True} {{(pid=102359) wrapper /usr/local/lib/python3.8/dist-packages/oslo_log/helpers.py:65}}
Nov 25 11:12:45.395161 dv-neutron-819174-1-hyperv neutron-server[102357]: DEBUG neutron.api.rpc.handlers.resources_rpc [None req-c3583ec9-e4cd-4cc3-8ed1-e700d840558e tempest-PortsAdminExtendedAttrsTestJSON-1927899996 tempest-PortsAdminExtendedAttrsTestJSON-1927899996-project-admin] Pushing event updated for resources: {'Port': ['ID=b66f5cd5-1aae-493f-a202-e5c13375f797,revision_number=3']} {{(pid=102357) push /opt/stack/neutron/neutron/api/rpc/handlers/resources_rpc.py:237}}
Nov 25 11:12:45.432578 dv-neutron-819174-1-hyperv neutron-server[102357]: DEBUG neutron.pecan_wsgi.hooks.policy_enforcement [None req-c618b64a-4817-4954-bacd-e23e83bba693 tempest-PortsAdminExtendedAttrsTestJSON-1927899996 tempest-PortsAdminExtendedAttrsTestJSON-1927899996-project-admin] Attributes excluded by policy engine: ['standard_attr_id'] {{(pid=102357) _exclude_attributes_by_policy /opt/stack/neutron/neutron/pecan_wsgi/hooks/policy_enforcement.py:255}}
Nov 25 11:12:45.438856 dv-neutron-819174-1-hyperv neutron-server[102357]: DEBUG neutron.pecan_wsgi.hooks.policy_enforcement [None req-c618b64a-4817-4954-bacd-e23e83bba693 tempest-PortsAdminExtendedAttrsTestJSON-1927899996 tempest-PortsAdminExtendedAttrsTestJSON-1927899996-project-admin] Attributes excluded by policy engine: ['standard_attr_id'] {{(pid=102357) _exclude_attributes_by_policy /opt/stack/neutron/neutron/pecan_wsgi/hooks/policy_enforcement.py:255}}
Nov 25 11:12:45.439721 dv-neutron-819174-1-hyperv neutron-server[102357]: DEBUG neutron.pecan_wsgi.hooks.policy_enforcement [None req-c618b64a-4817-4954-bacd-e23e83bba693 tempest-PortsAdminExtendedAttrsTestJSON-1927899996 tempest-PortsAdminExtendedAttrsTestJSON-1927899996-project-admin] Attributes excluded by policy engine: ['standard_attr_id'] {{(pid=102357) _exclude_attributes_by_policy /opt/stack/neutron/neutron/pecan_wsgi/hooks/policy_enforcement.py:255}}
Nov 25 11:12:45.441545 dv-neutron-819174-1-hyperv neutron-server[102357]: DEBUG neutron.pecan_wsgi.hooks.policy_enforcement [None req-c618b64a-4817-4954-bacd-e23e83bba693 tempest-PortsAdminExtendedAttrsTestJSON-1927899996 tempest-PortsAdminExtendedAttrsTestJSON-1927899996-project-admin] Attributes excluded by policy engine: ['standard_attr_id'] {{(pid=102357) _exclude_attributes_by_policy /opt/stack/neutron/neutron/pecan_wsgi/hooks/policy_enforcement.py:255}}
Nov 25 11:12:45.442156 dv-neutron-819174-1-hyperv neutron-server[102357]: DEBUG neutron.pecan_wsgi.hooks.policy_enforcement [None req-c618b64a-4817-4954-bacd-e23e83bba693 tempest-PortsAdminExtendedAttrsTestJSON-1927899996 tempest-PortsAdminExtendedAttrsTestJSON-1927899996-project-admin] Attributes excluded by policy engine: ['standard_attr_id'] {{(pid=102357) _exclude_attributes_by_policy /opt/stack/neutron/neutron/pecan_wsgi/hooks/policy_enforcement.py:255}}
Nov 25 11:12:45.443039 dv-neutron-819174-1-hyperv neutron-server[102357]: DEBUG neutron.pecan_wsgi.hooks.policy_enforcement [None req-c618b64a-4817-4954-bacd-e23e83bba693 tempest-PortsAdminExtendedAttrsTestJSON-1927899996 tempest-PortsAdminExtendedAttrsTestJSON-1927899996-project-admin] Attributes excluded by policy engine: ['standard_attr_id'] {{(pid=102357) _exclude_attributes_by_policy /opt/stack/neutron/neutron/pecan_wsgi/hooks/policy_enforcement.py:255}}
Nov 25 11:12:45.443782 dv-neutron-819174-1-hyperv neutron-server[102357]: DEBUG neutron.pecan_wsgi.hooks.policy_enforcement [None req-c618b64a-4817-4954-bacd-e23e83bba693 tempest-PortsAdminExtendedAttrsTestJSON-1927899996 tempest-PortsAdminExtendedAttrsTestJSON-1927899996-project-admin] Attributes excluded by policy engine: ['standard_attr_id'] {{(pid=102357) _exclude_attributes_by_policy /opt/stack/neutron/neutron/pecan_wsgi/hooks/policy_enforcement.py:255}}
Nov 25 11:12:45.444676 dv-neutron-819174-1-hyperv neutron-server[102357]: DEBUG neutron.pecan_wsgi.hooks.policy_enforcement [None req-c618b64a-4817-4954-bacd-e23e83bba693 tempest-PortsAdminExtendedAttrsTestJSON-1927899996 tempest-PortsAdminExtendedAttrsTestJSON-1927899996-project-admin] Attributes excluded by policy engine: ['standard_attr_id'] {{(pid=102357) _exclude_attributes_by_policy /opt/stack/neutron/neutron/pecan_wsgi/hooks/policy_enforcement.py:255}}
Nov 25 11:12:45.447594 dv-neutron-819174-1-hyperv neutron-server[102357]: DEBUG neutron.pecan_wsgi.hooks.policy_enforcement [None req-c618b64a-4817-4954-bacd-e23e83bba693 tempest-PortsAdminExtendedAttrsTestJSON-1927899996 tempest-PortsAdminExtendedAttrsTestJSON-1927899996-project-admin] Attributes excluded by policy engine: ['standard_attr_id'] {{(pid=102357) _exclude_attributes_by_policy /opt/stack/neutron/neutron/pecan_wsgi/hooks/policy_enforcement.py:255}}
Nov 25 11:12:45.447594 dv-neutron-819174-1-hyperv neutron-server[102357]: DEBUG neutron.pecan_wsgi.hooks.policy_enforcement [None req-c618b64a-4817-4954-bacd-e23e83bba693 tempest-PortsAdminExtendedAttrsTestJSON-1927899996 tempest-PortsAdminExtendedAttrsTestJSON-1927899996-project-admin] Attributes excluded by policy engine: ['standard_attr_id'] {{(pid=102357) _exclude_attributes_by_policy /opt/stack/neutron/neutron/pecan_wsgi/hooks/policy_enforcement.py:255}}
Nov 25 11:12:45.447594 dv-neutron-819174-1-hyperv neutron-server[102357]: DEBUG neutron.pecan_wsgi.hooks.policy_enforcement [None req-c618b64a-4817-4954-bacd-e23e83bba693 tempest-PortsAdminExtendedAttrsTestJSON-1927899996 tempest-PortsAdminExtendedAttrsTestJSON-1927899996-project-admin] Attributes excluded by policy engine: ['standard_attr_id'] {{(pid=102357) _exclude_attributes_by_policy /opt/stack/neutron/neutron/pecan_wsgi/hooks/policy_enforcement.py:255}}
Nov 25 11:12:45.447594 dv-neutron-819174-1-hyperv neutron-server[102357]: DEBUG neutron.pecan_wsgi.hooks.policy_enforcement [None req-c618b64a-4817-4954-bacd-e23e83bba693 tempest-PortsAdminExtendedAttrsTestJSON-1927899996 tempest-PortsAdminExtendedAttrsTestJSON-1927899996-project-admin] Attributes excluded by policy engine: ['standard_attr_id'] {{(pid=102357) _exclude_attributes_by_policy /opt/stack/neutron/neutron/pecan_wsgi/hooks/policy_enforcement.py:255}}
Nov 25 11:12:45.448101 dv-neutron-819174-1-hyperv neutron-server[102357]: DEBUG neutron.pecan_wsgi.hooks.policy_enforcement [None req-c618b64a-4817-4954-bacd-e23e83bba693 tempest-PortsAdminExtendedAttrsTestJSON-1927899996 tempest-PortsAdminExtendedAttrsTestJSON-1927899996-project-admin] Attributes excluded by policy engine: ['standard_attr_id'] {{(pid=102357) _exclude_attributes_by_policy /opt/stack/neutron/neutron/pecan_wsgi/hooks/policy_enforcement.py:255}}
Nov 25 11:12:45.482041 dv-neutron-819174-1-hyperv neutron-server[102357]: INFO neutron.wsgi [None req-c618b64a-4817-4954-bacd-e23e83bba693 tempest-PortsAdminExtendedAttrsTestJSON-1927899996 tempest-PortsAdminExtendedAttrsTestJSON-1927899996-project-admin] 10.222.0.55 "GET /v2.0/ports HTTP/1.1" status: 200 len: 11859 time: 0.2550054
Nov 25 11:12:45.485659 dv-neutron-819174-1-hyperv neutron-server[102356]: DEBUG neutron.wsgi [-] (102356) accepted ('10.222.0.55', 58400) {{(pid=102356) server /usr/local/lib/python3.8/dist-packages/eventlet/wsgi.py:982}}
Nov 25 11:12:45.491430 dv-neutron-819174-1-hyperv neutron-server[102357]: DEBUG neutron.wsgi [-] (102357) accepted ('10.222.0.55', 58402) {{(pid=102357) server /usr/local/lib/python3.8/dist-packages/eventlet/wsgi.py:982}}
Nov 25 11:12:45.523946 dv-neutron-819174-1-hyperv neutron-server[102356]: DEBUG neutron.api.v2.base [None req-2ddb3acb-f71e-4962-b83a-02275b781b80 tempest-ServerActionsTestJSON-805434461 tempest-ServerActionsTestJSON-805434461-project] Request body: {'security_group': {'name': 'tempest-securitygroup--898916698', 'description': 'tempest-description--549381239'}} {{(pid=102356) prepare_request_body /opt/stack/neutron/neutron/api/v2/base.py:729}}
Nov 25 11:12:45.565194 dv-neutron-819174-1-hyperv neutron-server[102359]: DEBUG neutron.db.l3_dvr_db [None req-777153b0-0aa8-446a-95ce-83d1a8c23a21 None None] Set router 668e989e-fc95-4156-af5c-c48cfc55822c gateway port host: dv-neutron-819174-1-hyperv {{(pid=102359) _build_routers_list /opt/stack/neutron/neutron/db/l3_dvr_db.py:906}}
Nov 25 11:12:45.656657 dv-neutron-819174-1-hyperv neutron-server[102358]: DEBUG neutron.db.provisioning_blocks [None req-c26eae16-b05b-4267-9ea0-b0ac2d571afe None None] Provisioning complete for port 68d28844-4cb8-4d5d-baba-db3bd9e65939 triggered by entity DHCP. {{(pid=102358) provisioning_complete /opt/stack/neutron/neutron/db/provisioning_blocks.py:139}}
Nov 25 11:12:45.657338 dv-neutron-819174-1-hyperv neutron-server[102358]: DEBUG neutron_lib.callbacks.manager [None req-c26eae16-b05b-4267-9ea0-b0ac2d571afe None None] Notify callbacks ['neutron.plugins.ml2.plugin.Ml2Plugin._port_provisioned-3709466'] for port, provisioning_complete {{(pid=102358) _notify_loop /usr/local/lib/python3.8/dist-packages/neutron_lib/callbacks/manager.py:192}}
Nov 25 11:12:45.686880 dv-neutron-819174-1-hyperv neutron-server[102356]: DEBUG neutron_lib.callbacks.manager [None req-2ddb3acb-f71e-4962-b83a-02275b781b80 tempest-ServerActionsTestJSON-805434461 tempest-ServerActionsTestJSON-805434461-project] Notify callbacks [] for security_group, before_create {{(pid=102356) _notify_loop /usr/local/lib/python3.8/dist-packages/neutron_lib/callbacks/manager.py:192}}
Nov 25 11:12:45.700785 dv-neutron-819174-1-hyperv neutron-server[102359]: DEBUG neutron.db.l3_dvr_db [None req-d6cbe9ef-eb21-4c98-94c9-d4fc80010444 None None] Set router 1f637b45-b6fc-4f08-a5ee-ebfa50d8a7ce gateway port host: dv-neutron-819174-1-hyperv {{(pid=102359) _build_routers_list /opt/stack/neutron/neutron/db/l3_dvr_db.py:906}}
Nov 25 11:12:45.721427 dv-neutron-819174-1-hyperv neutron-server[102357]: DEBUG neutron.plugins.ml2.plugin [None req-eb3ec672-8d99-4a3a-8f25-9fd7e7fe93e9 tempest-PortsAdminExtendedAttrsTestJSON-1927899996 tempest-PortsAdminExtendedAttrsTestJSON-1927899996-project-admin] Deleting port b66f5cd5-1aae-493f-a202-e5c13375f797 {{(pid=102357) _pre_delete_port /opt/stack/neutron/neutron/plugins/ml2/plugin.py:1931}}
Nov 25 11:12:45.721427 dv-neutron-819174-1-hyperv neutron-server[102357]: DEBUG neutron_lib.callbacks.manager [None req-eb3ec672-8d99-4a3a-8f25-9fd7e7fe93e9 tempest-PortsAdminExtendedAttrsTestJSON-1927899996 tempest-PortsAdminExtendedAttrsTestJSON-1927899996-project-admin] Notify callbacks ['neutron.db.l3_db.L3_NAT_dbonly_mixin._prevent_l3_port_delete_callback-8737370518878'] for port, before_delete {{(pid=102357) _notify_loop /usr/local/lib/python3.8/dist-packages/neutron_lib/callbacks/manager.py:192}}
Nov 25 11:12:45.780774 dv-neutron-819174-1-hyperv neutron-server[102358]: DEBUG neutron.plugins.ml2.plugin [None req-c26eae16-b05b-4267-9ea0-b0ac2d571afe None None] Port 68d28844-4cb8-4d5d-baba-db3bd9e65939 cannot update to ACTIVE because it is not bound. {{(pid=102358) _port_provisioned /opt/stack/neutron/neutron/plugins/ml2/plugin.py:338}}
Nov 25 11:12:45.866103 dv-neutron-819174-1-hyperv neutron-server[102356]: DEBUG neutron_lib.callbacks.manager [None req-ab67982e-4450-4b2f-a804-7958b59fcb34 tempest-DHCPAgentSchedulersTestJSON-957049426 tempest-DHCPAgentSchedulersTestJSON-957049426-project] Notify callbacks ['neutron.plugins.ml2.plugin.External_net_db_mixin._before_network_delete_handler-3712834'] for network, before_delete {{(pid=102356) _notify_loop /usr/local/lib/python3.8/dist-packages/neutron_lib/callbacks/manager.py:192}}
Nov 25 11:12:45.873178 dv-neutron-819174-1-hyperv neutron-server[102357]: DEBUG neutron.plugins.ml2.db [None req-eb3ec672-8d99-4a3a-8f25-9fd7e7fe93e9 tempest-PortsAdminExtendedAttrsTestJSON-1927899996 tempest-PortsAdminExtendedAttrsTestJSON-1927899996-project-admin] For port b66f5cd5-1aae-493f-a202-e5c13375f797, host hv-neutron-8191, got binding levels [] {{(pid=102357) get_binding_level_objs /opt/stack/neutron/neutron/plugins/ml2/db.py:74}}
Nov 25 11:12:45.873729 dv-neutron-819174-1-hyperv neutron-server[102357]: DEBUG neutron_lib.callbacks.manager [None req-eb3ec672-8d99-4a3a-8f25-9fd7e7fe93e9 tempest-PortsAdminExtendedAttrsTestJSON-1927899996 tempest-PortsAdminExtendedAttrsTestJSON-1927899996-project-admin] Notify callbacks ['neutron.services.l3_router.l3_router_plugin.L3_NAT_dbonly_mixin._precommit_delete_port_callback-536119'] for port, precommit_delete {{(pid=102357) _notify_loop /usr/local/lib/python3.8/dist-packages/neutron_lib/callbacks/manager.py:192}}
Nov 25 11:12:45.898032 dv-neutron-819174-1-hyperv neutron-server[102357]: DEBUG neutron.plugins.ml2.plugin [None req-eb3ec672-8d99-4a3a-8f25-9fd7e7fe93e9 tempest-PortsAdminExtendedAttrsTestJSON-1927899996 tempest-PortsAdminExtendedAttrsTestJSON-1927899996-project-admin] Calling delete_port for b66f5cd5-1aae-493f-a202-e5c13375f797 owned by {{(pid=102357) delete_port /opt/stack/neutron/neutron/plugins/ml2/plugin.py:2009}}
Nov 25 11:12:45.946559 dv-neutron-819174-1-hyperv neutron-server[102358]: DEBUG neutron.db.provisioning_blocks [None req-c64bd165-92b2-4136-819f-e64c793aa9ef None None] Provisioning complete for port 19971ca5-e561-4846-bdc8-c607c60cbb7c triggered by entity DHCP. {{(pid=102358) provisioning_complete /opt/stack/neutron/neutron/db/provisioning_blocks.py:139}}
Nov 25 11:12:45.947072 dv-neutron-819174-1-hyperv neutron-server[102358]: DEBUG neutron_lib.callbacks.manager [None req-c64bd165-92b2-4136-819f-e64c793aa9ef None None] Notify callbacks ['neutron.plugins.ml2.plugin.Ml2Plugin._port_provisioned-3709466'] for port, provisioning_complete {{(pid=102358) _notify_loop /usr/local/lib/python3.8/dist-packages/neutron_lib/callbacks/manager.py:192}}
Nov 25 11:12:45.995702 dv-neutron-819174-1-hyperv neutron-server[102358]: DEBUG neutron_lib.callbacks.manager [None req-8dacd35e-1a82-4cec-85db-3e00d067f022 None None] Notify callbacks [] for port, precommit_update {{(pid=102358) _notify_loop /usr/local/lib/python3.8/dist-packages/neutron_lib/callbacks/manager.py:192}}
Nov 25 11:12:46.013391 dv-neutron-819174-1-hyperv neutron-server[102358]: DEBUG neutron_lib.callbacks.manager [None req-8dacd35e-1a82-4cec-85db-3e00d067f022 None None] Notify callbacks ['neutron.plugins.ml2.plugin.SecurityGroupServerNotifierRpcMixin._notify_sg_on_port_change-3686185', 'neutron.plugins.ml2.ovo_rpc._ObjectChangeHandler.handle_event-59194', 'neutron.api.rpc.agentnotifiers.dhcp_rpc_agent_api.DhcpAgentNotifyAPI._native_event_send_dhcp_notification-529369', 'neutron.db.l3_db.L3RpcNotifierMixin._notify_gateway_port_ip_changed-8737370525862', 'neutron.db.l3_dvrscheduler_db._notify_l3_agent_port_update-8737369970791', 'neutron.db.l3_hascheduler_db._notify_l3_agent_ha_port_update-8737369970809'] for port, after_update {{(pid=102358) _notify_loop /usr/local/lib/python3.8/dist-packages/neutron_lib/callbacks/manager.py:192}}
