Nov 29 05:44:07.026976 dv-neutron-819101-2-hyperv neutron-server[115131]: DEBUG neutron_lib.callbacks.manager [None req-86133206-5734-4b80-9d92-45ab0d832430 tempest-PortsAdminExtendedAttrsTestJSON-437301592 tempest-PortsAdminExtendedAttrsTestJSON-437301592-project-admin] Publish callbacks [] for security_group, before_create {{(pid=115131) _notify_loop /usr/local/lib/python3.8/dist-packages/neutron_lib/callbacks/manager.py:175}}
Nov 29 05:44:07.032757 dv-neutron-819101-2-hyperv neutron-server[115131]: DEBUG neutron_lib.callbacks.manager [None req-4ab283a7-19f1-48af-b6cb-cb84e5c6d8d2 tempest-AllowedAddressPairIpV6TestJSON-896622174 tempest-AllowedAddressPairIpV6TestJSON-896622174-project] Publish callbacks ['neutron.plugins.ml2.plugin.SecurityGroupServerNotifierRpcMixin._notify_sg_on_port_change-721673', 'neutron.plugins.ml2.ovo_rpc._ObjectChangeHandler.handle_event-218231', 'neutron.api.rpc.agentnotifiers.dhcp_rpc_agent_api.DhcpAgentNotifyAPI._native_event_send_dhcp_notification-1620185', 'neutron.db.l3_db.L3RpcNotifierMixin._notify_routers_callback-8782399752295', 'neutron.db.l3_dvrscheduler_db._notify_port_delete-8782399267566', 'neutron.services.segments.plugin.NovaSegmentNotifier._notify_port_created_or_deleted-6150971'] for port, after_delete {{(pid=115131) _notify_loop /usr/local/lib/python3.8/dist-packages/neutron_lib/callbacks/manager.py:175}}
Nov 29 05:44:07.057221 dv-neutron-819101-2-hyperv neutron-server[115131]: DEBUG neutron_lib.callbacks.manager [None req-59eed3ec-6297-47e4-a97f-fc8b03f556d4 tempest-ExternalNetworksAdminNegativeTestJSON-8987859 tempest-ExternalNetworksAdminNegativeTestJSON-8987859-project-admin] Publish callbacks [] for port, precommit_update {{(pid=115131) _notify_loop /usr/local/lib/python3.8/dist-packages/neutron_lib/callbacks/manager.py:175}}
Nov 29 05:44:07.095004 dv-neutron-819101-2-hyperv neutron-server[115131]: DEBUG neutron_lib.callbacks.manager [None req-59eed3ec-6297-47e4-a97f-fc8b03f556d4 tempest-ExternalNetworksAdminNegativeTestJSON-8987859 tempest-ExternalNetworksAdminNegativeTestJSON-8987859-project-admin] Publish callbacks ['neutron.plugins.ml2.plugin.SecurityGroupServerNotifierRpcMixin._notify_sg_on_port_change-721673', 'neutron.plugins.ml2.ovo_rpc._ObjectChangeHandler.handle_event-218231', 'neutron.api.rpc.agentnotifiers.dhcp_rpc_agent_api.DhcpAgentNotifyAPI._native_event_send_dhcp_notification-1620185', 'neutron.db.l3_db.L3RpcNotifierMixin._notify_gateway_port_ip_changed-8782399752313', 'neutron.db.l3_dvrscheduler_db._notify_l3_agent_port_update-8782399267575', 'neutron.db.l3_hascheduler_db._notify_l3_agent_ha_port_update-8782399263757', 'neutron.services.segments.plugin.NovaSegmentNotifier._notify_port_updated-6150964'] for port, after_update {{(pid=115131) _notify_loop /usr/local/lib/python3.8/dist-packages/neutron_lib/callbacks/manager.py:175}}
Nov 29 05:44:07.105727 dv-neutron-819101-2-hyperv neutron-server[115131]: DEBUG neutron.api.rpc.handlers.resources_rpc [None req-4ab283a7-19f1-48af-b6cb-cb84e5c6d8d2 tempest-AllowedAddressPairIpV6TestJSON-896622174 tempest-AllowedAddressPairIpV6TestJSON-896622174-project] Pushing event deleted for resources: {'Port': ['ID=aa80d870-2ff0-4d6c-91bb-fe24d338b94c,revision_number=None']} {{(pid=115131) push /opt/stack/neutron/neutron/api/rpc/handlers/resources_rpc.py:237}}
Nov 29 05:44:07.141698 dv-neutron-819101-2-hyperv neutron-server[115133]: DEBUG neutron.db.provisioning_blocks [None req-85d75441-5d25-45ac-8abe-eb25ce2cf41f None None] Provisioning complete for port 6232873e-01f8-4c05-ba32-f17458d1648b triggered by entity DHCP. {{(pid=115133) provisioning_complete /opt/stack/neutron/neutron/db/provisioning_blocks.py:139}}
Nov 29 05:44:07.142165 dv-neutron-819101-2-hyperv neutron-server[115133]: DEBUG neutron_lib.callbacks.manager [None req-85d75441-5d25-45ac-8abe-eb25ce2cf41f None None] Publish callbacks ['neutron.plugins.ml2.plugin.Ml2Plugin._port_provisioned-1436453'] for port, provisioning_complete {{(pid=115133) _notify_loop /usr/local/lib/python3.8/dist-packages/neutron_lib/callbacks/manager.py:175}}
Nov 29 05:44:07.150704 dv-neutron-819101-2-hyperv neutron-server[115131]: INFO neutron.wsgi [req-0a2de371-7c91-441d-9d9a-42c7e2ab63b1 req-77409e49-0cad-4a6f-824b-b919f794b29f tempest-ServersTestJSON-1475783209 tempest-ServersTestJSON-1475783209-project] 10.222.0.11 "GET /v2.0/security-groups?id=70f25f36-a728-4fc2-a1af-28e2d4c3dade&fields=id&fields=name HTTP/1.1" status: 200 len: 311 time: 0.1709735
Nov 29 05:44:07.179648 dv-neutron-819101-2-hyperv neutron-server[115131]: DEBUG neutron_lib.callbacks.manager [None req-4ab283a7-19f1-48af-b6cb-cb84e5c6d8d2 tempest-AllowedAddressPairIpV6TestJSON-896622174 tempest-AllowedAddressPairIpV6TestJSON-896622174-project] Publish callbacks ['neutron.notifiers.nova.Notifier._send_nova_notification-141591'] for port, before_response {{(pid=115131) _notify_loop /usr/local/lib/python3.8/dist-packages/neutron_lib/callbacks/manager.py:175}}
Nov 29 05:44:07.182865 dv-neutron-819101-2-hyperv neutron-server[115131]: INFO neutron.wsgi [None req-4ab283a7-19f1-48af-b6cb-cb84e5c6d8d2 tempest-AllowedAddressPairIpV6TestJSON-896622174 tempest-AllowedAddressPairIpV6TestJSON-896622174-project] 10.222.0.11 "DELETE /v2.0/ports/aa80d870-2ff0-4d6c-91bb-fe24d338b94c HTTP/1.1" status: 204 len: 168 time: 1.3004694
Nov 29 05:44:07.190453 dv-neutron-819101-2-hyperv neutron-server[115131]: DEBUG neutron.wsgi [-] (115131) accepted ('10.222.0.11', 44674) {{(pid=115131) server /usr/local/lib/python3.8/dist-packages/eventlet/wsgi.py:1004}}
Nov 29 05:44:07.219963 dv-neutron-819101-2-hyperv neutron-server[115133]: DEBUG neutron.plugins.ml2.plugin [None req-85d75441-5d25-45ac-8abe-eb25ce2cf41f None None] Port 6232873e-01f8-4c05-ba32-f17458d1648b cannot update to ACTIVE because it is not bound. {{(pid=115133) _port_provisioned /opt/stack/neutron/neutron/plugins/ml2/plugin.py:342}}
Nov 29 05:44:07.267371 dv-neutron-819101-2-hyperv neutron-server[115131]: DEBUG neutron.api.rpc.handlers.resources_rpc [None req-59eed3ec-6297-47e4-a97f-fc8b03f556d4 tempest-ExternalNetworksAdminNegativeTestJSON-8987859 tempest-ExternalNetworksAdminNegativeTestJSON-8987859-project-admin] Pushing event updated for resources: {'Port': ['ID=7aa674e8-0fa1-4af3-bf20-b154065fa997,revision_number=2']} {{(pid=115131) push /opt/stack/neutron/neutron/api/rpc/handlers/resources_rpc.py:237}}
Nov 29 05:44:07.285260 dv-neutron-819101-2-hyperv neutron-server[115132]: INFO neutron.wsgi [req-8caa471e-b001-443d-9bf6-766fb911fa9a req-601eec57-60d9-4e85-9b2e-9e6b2c966048 service neutron] 10.222.0.20 "GET /v2.0/floatingips?fixed_ip_address=172.20.0.3&port_id=87f36824-cbeb-4037-ae39-69e2c739e54e HTTP/1.1" status: 200 len: 217 time: 0.3318779
Nov 29 05:44:07.289483 dv-neutron-819101-2-hyperv neutron-server[115132]: INFO neutron.wsgi [None req-9e966553-c496-45b9-948c-a305b543953b tempest-FloatingIPAdminTestJSON-1125387514 tempest-FloatingIPAdminTestJSON-1125387514-project] 10.222.0.11 "POST /v2.0/ports HTTP/1.1" status: 201 len: 934 time: 3.4631579
Nov 29 05:44:07.301840 dv-neutron-819101-2-hyperv neutron-server[115132]: DEBUG neutron.wsgi [-] (115132) accepted ('10.222.0.11', 44678) {{(pid=115132) server /usr/local/lib/python3.8/dist-packages/eventlet/wsgi.py:1004}}
Nov 29 05:44:07.316276 dv-neutron-819101-2-hyperv neutron-server[115131]: INFO neutron.pecan_wsgi.hooks.translation [None req-99cdfcef-3902-4cb7-ad8d-1a4998928a04 tempest-AllowedAddressPairIpV6TestJSON-896622174 tempest-AllowedAddressPairIpV6TestJSON-896622174-project] GET failed (client error): The resource could not be found.
Nov 29 05:44:07.318188 dv-neutron-819101-2-hyperv neutron-server[115131]: INFO neutron.wsgi [None req-99cdfcef-3902-4cb7-ad8d-1a4998928a04 tempest-AllowedAddressPairIpV6TestJSON-896622174 tempest-AllowedAddressPairIpV6TestJSON-896622174-project] 10.222.0.11 "GET /v2.0/ports/aa80d870-2ff0-4d6c-91bb-fe24d338b94c HTTP/1.1" status: 404 len: 333 time: 0.1265650
Nov 29 05:44:07.321785 dv-neutron-819101-2-hyperv neutron-server[115131]: DEBUG neutron.wsgi [-] (115131) accepted ('10.222.0.11', 44680) {{(pid=115131) server /usr/local/lib/python3.8/dist-packages/eventlet/wsgi.py:1004}}
Nov 29 05:44:07.372018 dv-neutron-819101-2-hyperv neutron-server[115131]: DEBUG neutron_lib.callbacks.manager [None req-59eed3ec-6297-47e4-a97f-fc8b03f556d4 tempest-ExternalNetworksAdminNegativeTestJSON-8987859 tempest-ExternalNetworksAdminNegativeTestJSON-8987859-project-admin] Publish callbacks ['neutron.services.l3_router.l3_router_plugin.DVRResourceOperationHandler._create_dvr_floating_gw_port-1780361'] for floatingip, after_create {{(pid=115131) _notify_loop /usr/local/lib/python3.8/dist-packages/neutron_lib/callbacks/manager.py:175}}
Nov 29 05:44:07.438835 dv-neutron-819101-2-hyperv neutron-server[115131]: DEBUG neutron_lib.callbacks.manager [None req-59eed3ec-6297-47e4-a97f-fc8b03f556d4 tempest-ExternalNetworksAdminNegativeTestJSON-8987859 tempest-ExternalNetworksAdminNegativeTestJSON-8987859-project-admin] Publish callbacks ['neutron.notifiers.nova.Notifier._send_nova_notification-141591'] for floatingip, before_response {{(pid=115131) _notify_loop /usr/local/lib/python3.8/dist-packages/neutron_lib/callbacks/manager.py:175}}
Nov 29 05:44:07.440014 dv-neutron-819101-2-hyperv neutron-server[115131]: INFO neutron.wsgi [None req-59eed3ec-6297-47e4-a97f-fc8b03f556d4 tempest-ExternalNetworksAdminNegativeTestJSON-8987859 tempest-ExternalNetworksAdminNegativeTestJSON-8987859-project-admin] 10.222.0.11 "POST /v2.0/floatingips HTTP/1.1" status: 201 len: 692 time: 5.0330374
Nov 29 05:44:07.444313 dv-neutron-819101-2-hyperv neutron-server[115131]: DEBUG neutron.wsgi [-] (115131) accepted ('10.222.0.11', 44684) {{(pid=115131) server /usr/local/lib/python3.8/dist-packages/eventlet/wsgi.py:1004}}
Nov 29 05:44:07.449013 dv-neutron-819101-2-hyperv neutron-server[115131]: DEBUG neutron_lib.callbacks.manager [None req-86133206-5734-4b80-9d92-45ab0d832430 tempest-PortsAdminExtendedAttrsTestJSON-437301592 tempest-PortsAdminExtendedAttrsTestJSON-437301592-project-admin] Publish callbacks [] for security_group, precommit_create {{(pid=115131) _notify_loop /usr/local/lib/python3.8/dist-packages/neutron_lib/callbacks/manager.py:175}}
Nov 29 05:44:07.454690 dv-neutron-819101-2-hyperv neutron-server[115131]: DEBUG neutron.api.v2.base [None req-a058a84c-af9f-4846-ad92-b4086c402f87 tempest-ExternalNetworksAdminNegativeTestJSON-8987859 tempest-ExternalNetworksAdminNegativeTestJSON-8987859-project-admin] Request body: {'port': {'name': 'tempest-ExternalNetworksAdminNegativeTestJSON-775196347', 'network_id': '8432c318-e182-470d-9938-75216dfb4d97', 'fixed_ips': [{'ip_address': '172.26.0.32'}]}} {{(pid=115131) prepare_request_body /opt/stack/neutron/neutron/api/v2/base.py:729}}
Nov 29 05:44:07.474227 dv-neutron-819101-2-hyperv neutron-server[115131]: DEBUG neutron_lib.callbacks.manager [None req-86133206-5734-4b80-9d92-45ab0d832430 tempest-PortsAdminExtendedAttrsTestJSON-437301592 tempest-PortsAdminExtendedAttrsTestJSON-437301592-project-admin] Publish callbacks ['neutron.plugins.ml2.ovo_rpc._ObjectChangeHandler.handle_event-1800231'] for security_group, after_create {{(pid=115131) _notify_loop /usr/local/lib/python3.8/dist-packages/neutron_lib/callbacks/manager.py:175}}
Nov 29 05:44:07.487085 dv-neutron-819101-2-hyperv neutron-server[115131]: DEBUG neutron.notifiers.nova [None req-86133206-5734-4b80-9d92-45ab0d832430 tempest-PortsAdminExtendedAttrsTestJSON-437301592 tempest-PortsAdminExtendedAttrsTestJSON-437301592-project-admin] device_id is not set on port 12169c31-69c5-411a-8c5d-6276e844366a yet. {{(pid=115131) _can_notify /opt/stack/neutron/neutron/notifiers/nova.py:190}}
Nov 29 05:44:07.489106 dv-neutron-819101-2-hyperv neutron-server[115132]: DEBUG neutron.plugins.ml2.db [req-8c7c15ca-b536-4c4b-b3ec-3ba9a21062f6 req-145126b8-f294-4d28-8c21-c07ce21d9a2c service neutron] For port 0b5805cb-93c6-4157-a9da-60c5b7d16b92, host hv-neutron-8191, cleared binding levels {{(pid=115132) clear_binding_levels /opt/stack/neutron/neutron/plugins/ml2/db.py:87}}
Nov 29 05:44:07.522641 dv-neutron-819101-2-hyperv neutron-server[115132]: DEBUG neutron.plugins.ml2.db [req-8c7c15ca-b536-4c4b-b3ec-3ba9a21062f6 req-145126b8-f294-4d28-8c21-c07ce21d9a2c service neutron] For port 0b5805cb-93c6-4157-a9da-60c5b7d16b92, host hv-neutron-8191, set binding levels [PortBindingLevel(driver='hyperv',host='hv-neutron-8191',level=0,port_id=0b5805cb-93c6-4157-a9da-60c5b7d16b92,segment=NetworkSegment(9a8fb308-949d-4a35-bf6d-b9d44ff1db6b),segment_id=9a8fb308-949d-4a35-bf6d-b9d44ff1db6b)] {{(pid=115132) set_binding_levels /opt/stack/neutron/neutron/plugins/ml2/db.py:59}}
Nov 29 05:44:07.541766 dv-neutron-819101-2-hyperv neutron-server[115132]: DEBUG neutron.api.v2.base [None req-9b418a19-2ec2-486b-9e5b-139fd204a5dd tempest-FloatingIPAdminTestJSON-945569177 tempest-FloatingIPAdminTestJSON-945569177-project-admin] Request body: {'floatingip': {'floating_network_id': '8432c318-e182-470d-9938-75216dfb4d97', 'project_id': '37789bc2014f49a383943ae227db394a', 'port_id': '6232873e-01f8-4c05-ba32-f17458d1648b'}} {{(pid=115132) prepare_request_body /opt/stack/neutron/neutron/api/v2/base.py:729}}
Nov 29 05:44:07.548271 dv-neutron-819101-2-hyperv neutron-server[115132]: DEBUG neutron_lib.callbacks.manager [req-8c7c15ca-b536-4c4b-b3ec-3ba9a21062f6 req-145126b8-f294-4d28-8c21-c07ce21d9a2c service neutron] Publish callbacks ['neutron.plugins.ml2.plugin.SecurityGroupServerNotifierRpcMixin._notify_sg_on_port_change-721673', 'neutron.plugins.ml2.ovo_rpc._ObjectChangeHandler.handle_event-218231', 'neutron.api.rpc.agentnotifiers.dhcp_rpc_agent_api.DhcpAgentNotifyAPI._native_event_send_dhcp_notification-1620185', 'neutron.db.l3_db.L3RpcNotifierMixin._notify_gateway_port_ip_changed-8782399752313', 'neutron.db.l3_dvrscheduler_db._notify_l3_agent_port_update-8782399267575', 'neutron.db.l3_hascheduler_db._notify_l3_agent_ha_port_update-8782399263757', 'neutron.services.segments.plugin.NovaSegmentNotifier._notify_port_updated-7148116'] for port, after_update {{(pid=115132) _notify_loop /usr/local/lib/python3.8/dist-packages/neutron_lib/callbacks/manager.py:175}}
Nov 29 05:44:07.575766 dv-neutron-819101-2-hyperv neutron-server[115132]: DEBUG neutron.pecan_wsgi.hooks.policy_enforcement [req-8caa471e-b001-443d-9bf6-766fb911fa9a req-b57c224b-488e-4632-b140-d4fa70accf2c service neutron] Attributes excluded by policy engine: ['standard_attr_id', 'shared', 'segment_id'] {{(pid=115132) _exclude_attributes_by_policy /opt/stack/neutron/neutron/pecan_wsgi/hooks/policy_enforcement.py:255}}
Nov 29 05:44:07.577163 dv-neutron-819101-2-hyperv neutron-server[115132]: INFO neutron.wsgi [req-8caa471e-b001-443d-9bf6-766fb911fa9a req-b57c224b-488e-4632-b140-d4fa70accf2c service neutron] 10.222.0.20 "GET /v2.0/subnets?id=82e5ee0f-c121-408a-9355-c7bf10307b3e HTTP/1.1" status: 200 len: 851 time: 0.2832699
Nov 29 05:44:07.579883 dv-neutron-819101-2-hyperv neutron-server[115131]: DEBUG neutron.pecan_wsgi.hooks.quota_enforcement [None req-a058a84c-af9f-4846-ad92-b4086c402f87 tempest-ExternalNetworksAdminNegativeTestJSON-8987859 tempest-ExternalNetworksAdminNegativeTestJSON-8987859-project-admin] Made reservation on behalf of 6997ceb0e39749659d48a0f924a70869 for: {'port': 1} {{(pid=115131) before /opt/stack/neutron/neutron/pecan_wsgi/hooks/quota_enforcement.py:53}}
Nov 29 05:44:07.582232 dv-neutron-819101-2-hyperv neutron-server[115131]: DEBUG neutron_lib.callbacks.manager [None req-a058a84c-af9f-4846-ad92-b4086c402f87 tempest-ExternalNetworksAdminNegativeTestJSON-8987859 tempest-ExternalNetworksAdminNegativeTestJSON-8987859-project-admin] Publish callbacks ['neutron.plugins.ml2.plugin.SecurityGroupDbMixin._ensure_default_security_group_handler-721864'] for port, before_create {{(pid=115131) _notify_loop /usr/local/lib/python3.8/dist-packages/neutron_lib/callbacks/manager.py:175}}
Nov 29 05:44:07.612384 dv-neutron-819101-2-hyperv neutron-server[115131]: DEBUG neutron_lib.callbacks.manager [None req-a058a84c-af9f-4846-ad92-b4086c402f87 tempest-ExternalNetworksAdminNegativeTestJSON-8987859 tempest-ExternalNetworksAdminNegativeTestJSON-8987859-project-admin] Publish callbacks [] for security_group, before_create {{(pid=115131) _notify_loop /usr/local/lib/python3.8/dist-packages/neutron_lib/callbacks/manager.py:175}}
Nov 29 05:44:07.617967 dv-neutron-819101-2-hyperv neutron-server[115131]: DEBUG neutron.api.rpc.handlers.resources_rpc [None req-86133206-5734-4b80-9d92-45ab0d832430 tempest-PortsAdminExtendedAttrsTestJSON-437301592 tempest-PortsAdminExtendedAttrsTestJSON-437301592-project-admin] Pushing event updated for resources: {'SecurityGroup': ['ID=85ab1c57-77cd-4e1f-8b5d-bb54a21a60b1,revision_number=1']} {{(pid=115131) push /opt/stack/neutron/neutron/api/rpc/handlers/resources_rpc.py:237}}
Nov 29 05:44:07.626168 dv-neutron-819101-2-hyperv neutron-server[115131]: DEBUG neutron.plugins.ml2.plugin [None req-89ae88ae-2d1a-4206-b694-56f59780e928 tempest-AllowedAddressPairIpV6TestJSON-896622174 tempest-AllowedAddressPairIpV6TestJSON-896622174-project] Deleting port 6122ffa1-6a67-4f25-8d71-f0dc753109a8 {{(pid=115131) _pre_delete_port /opt/stack/neutron/neutron/plugins/ml2/plugin.py:1936}}
Nov 29 05:44:07.626501 dv-neutron-819101-2-hyperv neutron-server[115131]: DEBUG neutron_lib.callbacks.manager [None req-89ae88ae-2d1a-4206-b694-56f59780e928 tempest-AllowedAddressPairIpV6TestJSON-896622174 tempest-AllowedAddressPairIpV6TestJSON-896622174-project] Publish callbacks ['neutron.db.l3_db.L3_NAT_dbonly_mixin._prevent_l3_port_delete_callback-8782399747597'] for port, before_delete {{(pid=115131) _notify_loop /usr/local/lib/python3.8/dist-packages/neutron_lib/callbacks/manager.py:175}}
Nov 29 05:44:07.626828 dv-neutron-819101-2-hyperv neutron-server[115132]: DEBUG neutron.api.rpc.agentnotifiers.l3_rpc_agent_api [None req-c1d12570-d89b-423a-aca9-c1580d1ec9f9 tempest-FloatingIPNegativeTestJSON-1993249319 tempest-FloatingIPNegativeTestJSON-1993249319-project] Notify agent at l3_agent.dv-neutron-819101-2-hyperv the message routers_updated {{(pid=115132) _agent_notification /opt/stack/neutron/neutron/api/rpc/agentnotifiers/l3_rpc_agent_api.py:65}}
Nov 29 05:44:07.642245 dv-neutron-819101-2-hyperv neutron-server[115132]: INFO neutron.wsgi [None req-c1d12570-d89b-423a-aca9-c1580d1ec9f9 tempest-FloatingIPNegativeTestJSON-1993249319 tempest-FloatingIPNegativeTestJSON-1993249319-project] 10.222.0.11 "PUT /v2.0/routers/544e5e6c-0d88-4027-8e2a-7c5b6a3b09b9/add_router_interface HTTP/1.1" status: 200 len: 503 time: 9.9998915
Nov 29 05:44:07.644097 dv-neutron-819101-2-hyperv neutron-server[115134]: DEBUG neutron.api.rpc.handlers.l3_rpc [None req-1930c68d-24c3-4edc-a849-34f04bdd39cd None None] Sync routers for ids ['544e5e6c-0d88-4027-8e2a-7c5b6a3b09b9'] in dv-neutron-819101-2-hyperv {{(pid=115134) sync_routers /opt/stack/neutron/neutron/api/rpc/handlers/l3_rpc.py:125}}
Nov 29 05:44:07.658996 dv-neutron-819101-2-hyperv neutron-server[115131]: DEBUG neutron.wsgi [-] (115131) accepted ('10.222.0.11', 44686) {{(pid=115131) server /usr/local/lib/python3.8/dist-packages/eventlet/wsgi.py:1004}}
Nov 29 05:44:07.660968 dv-neutron-819101-2-hyperv neutron-server[115134]: DEBUG neutron.db.l3_dvrscheduler_db [None req-1930c68d-24c3-4edc-a849-34f04bdd39cd None None] Routers {'544e5e6c-0d88-4027-8e2a-7c5b6a3b09b9'} bound to L3 agent in host dv-neutron-819101-2-hyperv {{(pid=115134) _get_router_ids_for_agent /opt/stack/neutron/neutron/db/l3_dvrscheduler_db.py:420}}
Nov 29 05:44:07.662139 dv-neutron-819101-2-hyperv neutron-server[115134]: DEBUG neutron.db.l3_hamode_db [None req-1930c68d-24c3-4edc-a849-34f04bdd39cd None None] neutron.services.l3_router.l3_router_plugin.L3RouterPlugin method get_ha_sync_data_for_host called with arguments (, 'dv-neutron-819101-2-hyperv', Agent(admin_state_up=True,agent_type='L3 agent',availability_zone='nova',binary='neutron-l3-agent',configurations={"agent_mode": "legacy", "ex_gw_ports": 3, "extensions": [], "floating_ips": 0, "handle_internal_only_routers": true, "interface_driver": "openvswitch", "interfaces": 3, "log_agent_heartbeats": false, "routers": 3},created_at=2021-11-29T05:36:17Z,description=,heartbeat_timestamp=2021-11-29T05:43:47Z,host='dv-neutron-819101-2-hyperv',id=f2454c96-6566-4f6f-8ae0-7966c4a344fb,load=0,resource_versions=,resources_synced=,started_at=2021-11-29T05:36:17Z,topic='l3_agent')) {'router_ids': ['544e5e6c-0d88-4027-8e2a-7c5b6a3b09b9'], 'active': True} {{(pid=115134) wrapper /usr/local/lib/python3.8/dist-packages/oslo_log/helpers.py:65}}
Nov 29 05:44:07.667413 dv-neutron-819101-2-hyperv neutron-server[115131]: DEBUG neutron.api.v2.base [None req-405485ae-995c-4c04-886a-b4721a280dbc tempest-FloatingIPNegativeTestJSON-1993249319 tempest-FloatingIPNegativeTestJSON-1993249319-project] Request body: {'port': {'network_id': 'dd5268f7-a6c4-4858-8dc3-97bebe0a6b38', 'name': 'tempest-FloatingIPNegativeTestJSON-205348994'}} {{(pid=115131) prepare_request_body /opt/stack/neutron/neutron/api/v2/base.py:729}}
Nov 29 05:44:07.700559 dv-neutron-819101-2-hyperv neutron-server[115132]: DEBUG neutron.pecan_wsgi.hooks.policy_enforcement [req-8c7c15ca-b536-4c4b-b3ec-3ba9a21062f6 req-145126b8-f294-4d28-8c21-c07ce21d9a2c service neutron] Attributes excluded by policy engine: ['standard_attr_id'] {{(pid=115132) _exclude_attributes_by_policy /opt/stack/neutron/neutron/pecan_wsgi/hooks/policy_enforcement.py:255}}
Nov 29 05:44:07.701350 dv-neutron-819101-2-hyperv neutron-server[115132]: DEBUG neutron_lib.callbacks.manager [req-8c7c15ca-b536-4c4b-b3ec-3ba9a21062f6 req-145126b8-f294-4d28-8c21-c07ce21d9a2c service neutron] Publish callbacks ['neutron.notifiers.nova.Notifier._send_nova_notification-141591'] for port, before_response {{(pid=115132) _notify_loop /usr/local/lib/python3.8/dist-packages/neutron_lib/callbacks/manager.py:175}}
Nov 29 05:44:07.702762 dv-neutron-819101-2-hyperv neutron-server[115132]: INFO neutron.wsgi [req-8c7c15ca-b536-4c4b-b3ec-3ba9a21062f6 req-145126b8-f294-4d28-8c21-c07ce21d9a2c service neutron] 10.222.0.20 "PUT /v2.0/ports/0b5805cb-93c6-4157-a9da-60c5b7d16b92 HTTP/1.1" status: 200 len: 1093 time: 2.9092426
Nov 29 05:44:07.706585 dv-neutron-819101-2-hyperv neutron-server[115132]: DEBUG neutron.notifiers.nova [-] Sending events: [{'name': 'network-changed', 'server_uuid': 'f2a70a89-ccb0-49ef-bd6a-9f2abdf7d0ea', 'tag': '0b5805cb-93c6-4157-a9da-60c5b7d16b92'}] {{(pid=115132) send_events /opt/stack/neutron/neutron/notifiers/nova.py:262}}
Nov 29 05:44:07.709140 dv-neutron-819101-2-hyperv neutron-server[115132]: DEBUG novaclient.v2.client [-] REQ: curl -g -i --cacert "/opt/stack/data/ca-bundle.pem" -X POST http://10.222.0.11/compute/v2.1/os-server-external-events -H "Accept: application/json" -H "Content-Type: application/json" -H "User-Agent: python-novaclient" -H "X-Auth-Token: {SHA256}2131fb64eb30c5cf32d3b4634a05a925d1bff7c4852718e240439a74bb68c8ea" -H "X-OpenStack-Nova-API-Version: 2.1" -H "X-OpenStack-Request-ID: req-62f4e30e-d1d2-483d-b03b-f41d3a535bb0" -d '{"events": [{"name": "network-changed", "server_uuid": "f2a70a89-ccb0-49ef-bd6a-9f2abdf7d0ea", "tag": "0b5805cb-93c6-4157-a9da-60c5b7d16b92"}]}' {{(pid=115132) _http_log_request /usr/local/lib/python3.8/dist-packages/keystoneauth1/session.py:519}}
Nov 29 05:44:07.716806 dv-neutron-819101-2-hyperv neutron-server[115134]: DEBUG neutron.db.l3_hamode_db [None req-1930c68d-24c3-4edc-a849-34f04bdd39cd None None] neutron.services.l3_router.l3_router_plugin.L3RouterPlugin method _process_sync_ha_data called with arguments (, [], 'dv-neutron-819101-2-hyperv', False) {} {{(pid=115134) wrapper /usr/local/lib/python3.8/dist-packages/oslo_log/helpers.py:65}}
Nov 29 05:44:07.720262 dv-neutron-819101-2-hyperv neutron-server[115132]: DEBUG neutron.pecan_wsgi.hooks.policy_enforcement [req-841b9420-fc32-4f2b-a3e6-3bea0968a3af req-4e07137e-d602-4f0e-a25d-404de87b2553 tempest-ServersTestManualDisk-2094514121 tempest-ServersTestManualDisk-2094514121-project] Attributes excluded by policy engine: ['standard_attr_id', 'binding:profile', 'binding:host_id', 'binding:vif_type', 'binding:vif_details'] {{(pid=115132) _exclude_attributes_by_policy /opt/stack/neutron/neutron/pecan_wsgi/hooks/policy_enforcement.py:255}}
Nov 29 05:44:07.722312 dv-neutron-819101-2-hyperv neutron-server[115132]: INFO neutron.wsgi [req-841b9420-fc32-4f2b-a3e6-3bea0968a3af req-4e07137e-d602-4f0e-a25d-404de87b2553 tempest-ServersTestManualDisk-2094514121 tempest-ServersTestManualDisk-2094514121-project] 10.222.0.11 "GET /v2.0/ports?device_id=37f1b434-1c20-45e1-9ed8-1e88cf3b3b37 HTTP/1.1" status: 200 len: 943 time: 0.3246861
Nov 29 05:44:07.755046 dv-neutron-819101-2-hyperv neutron-server[115132]: DEBUG neutron_lib.callbacks.manager [None req-9b418a19-2ec2-486b-9e5b-139fd204a5dd tempest-FloatingIPAdminTestJSON-945569177 tempest-FloatingIPAdminTestJSON-945569177-project-admin] Publish callbacks [] for floatingip, before_create {{(pid=115132) _notify_loop /usr/local/lib/python3.8/dist-packages/neutron_lib/callbacks/manager.py:175}}
Nov 29 05:44:07.783051 dv-neutron-819101-2-hyperv neutron-server[115134]: DEBUG neutron.db.l3_dvrscheduler_db [None req-1930c68d-24c3-4edc-a849-34f04bdd39cd None None] Routers {'544e5e6c-0d88-4027-8e2a-7c5b6a3b09b9'} bound to L3 agent in host dv-neutron-819101-2-hyperv {{(pid=115134) _get_router_ids_for_agent /opt/stack/neutron/neutron/db/l3_dvrscheduler_db.py:420}}
Nov 29 05:44:07.784114 dv-neutron-819101-2-hyperv neutron-server[115132]: DEBUG neutron.api.rpc.handlers.resources_rpc [None req-145126b8-f294-4d28-8c21-c07ce21d9a2c service neutron] Pushing event updated for resources: {'Port': ['ID=0b5805cb-93c6-4157-a9da-60c5b7d16b92,revision_number=3']} {{(pid=115132) push /opt/stack/neutron/neutron/api/rpc/handlers/resources_rpc.py:237}}
Nov 29 05:44:07.808378 dv-neutron-819101-2-hyperv neutron-server[115134]: DEBUG neutron.db.l3_hamode_db [None req-1930c68d-24c3-4edc-a849-34f04bdd39cd None None] neutron.services.l3_router.l3_router_plugin.L3RouterPlugin method get_ha_sync_data_for_host called with arguments (, 'dv-neutron-819101-2-hyperv', Agent(admin_state_up=True,agent_type='L3 agent',availability_zone='nova',binary='neutron-l3-agent',configurations={"agent_mode": "legacy", "ex_gw_ports": 3, "extensions": [], "floating_ips": 0, "handle_internal_only_routers": true, "interface_driver": "openvswitch", "interfaces": 3, "log_agent_heartbeats": false, "routers": 3},created_at=2021-11-29T05:36:17Z,description=,heartbeat_timestamp=2021-11-29T05:43:47Z,host='dv-neutron-819101-2-hyperv',id=f2454c96-6566-4f6f-8ae0-7966c4a344fb,load=0,resource_versions=,resources_synced=,started_at=2021-11-29T05:36:17Z,topic='l3_agent')) {'router_ids': ['544e5e6c-0d88-4027-8e2a-7c5b6a3b09b9'], 'active': True} {{(pid=115134) wrapper /usr/local/lib/python3.8/dist-packages/oslo_log/helpers.py:65}}
Nov 29 05:44:07.872299 dv-neutron-819101-2-hyperv neutron-server[115134]: DEBUG neutron.db.l3_hamode_db [None req-1930c68d-24c3-4edc-a849-34f04bdd39cd None None] neutron.services.l3_router.l3_router_plugin.L3RouterPlugin method _process_sync_ha_data called with arguments (, [], 'dv-neutron-819101-2-hyperv', False) {} {{(pid=115134) wrapper /usr/local/lib/python3.8/dist-packages/oslo_log/helpers.py:65}}
Nov 29 05:44:07.873117 dv-neutron-819101-2-hyperv neutron-server[115134]: DEBUG neutron.api.rpc.handlers.l3_rpc [None req-1930c68d-24c3-4edc-a849-34f04bdd39cd None None] The sync data for ids ['544e5e6c-0d88-4027-8e2a-7c5b6a3b09b9'] in dv-neutron-819101-2-hyperv is: [] {{(pid=115134) sync_routers /opt/stack/neutron/neutron/api/rpc/handlers/l3_rpc.py:137}}
Nov 29 05:44:07.913573 dv-neutron-819101-2-hyperv neutron-server[115132]: DEBUG novaclient.v2.client [-] RESP: [200] Connection: close Content-Length: 179 Content-Type: application/json Date: Mon, 29 Nov 2021 05:44:07 GMT OpenStack-API-Version: compute 2.1 Server: Apache/2.4.41 (Ubuntu) Vary: OpenStack-API-Version,X-OpenStack-Nova-API-Version X-OpenStack-Nova-API-Version: 2.1 x-compute-request-id: req-8bd80c38-6baf-4fed-8f47-572c8d3b35c1 x-openstack-request-id: req-8bd80c38-6baf-4fed-8f47-572c8d3b35c1 {{(pid=115132) _http_log_response /usr/local/lib/python3.8/dist-packages/keystoneauth1/session.py:550}}
Nov 29 05:44:07.913767 dv-neutron-819101-2-hyperv neutron-server[115132]: DEBUG novaclient.v2.client [-] RESP BODY: {"events": [{"name": "network-changed", "server_uuid": "f2a70a89-ccb0-49ef-bd6a-9f2abdf7d0ea", "tag": "0b5805cb-93c6-4157-a9da-60c5b7d16b92", "status": "completed", "code": 200}]} {{(pid=115132) _http_log_response /usr/local/lib/python3.8/dist-packages/keystoneauth1/session.py:582}}
Nov 29 05:44:07.914015 dv-neutron-819101-2-hyperv neutron-server[115132]: DEBUG novaclient.v2.client [-] POST call to compute for http://10.222.0.11/compute/v2.1/os-server-external-events used request id req-8bd80c38-6baf-4fed-8f47-572c8d3b35c1 {{(pid=115132) request /usr/local/lib/python3.8/dist-packages/keystoneauth1/session.py:954}}
Nov 29 05:44:07.914409 dv-neutron-819101-2-hyperv neutron-server[115132]: INFO neutron.notifiers.nova [-] Nova event response: {'name': 'network-changed', 'server_uuid': 'f2a70a89-ccb0-49ef-bd6a-9f2abdf7d0ea', 'tag': '0b5805cb-93c6-4157-a9da-60c5b7d16b92', 'status': 'completed', 'code': 200}
Nov 29 05:44:07.925345 dv-neutron-819101-2-hyperv neutron-server[115132]: DEBUG neutron.pecan_wsgi.hooks.policy_enforcement [req-8caa471e-b001-443d-9bf6-766fb911fa9a req-1696689a-5e35-4984-95c6-f7feee1aa859 service neutron] Attributes excluded by policy engine: ['standard_attr_id'] {{(pid=115132) _exclude_attributes_by_policy /opt/stack/neutron/neutron/pecan_wsgi/hooks/policy_enforcement.py:255}}
Nov 29 05:44:07.926848 dv-neutron-819101-2-hyperv neutron-server[115132]: INFO neutron.wsgi [req-8caa471e-b001-443d-9bf6-766fb911fa9a req-1696689a-5e35-4984-95c6-f7feee1aa859 service neutron] 10.222.0.20 "GET /v2.0/ports?network_id=4b453927-d06a-46a9-827d-0882706490b3&device_owner=network%3Adhcp HTTP/1.1" status: 200 len: 1177 time: 0.3156233
Nov 29 05:44:07.937458 dv-neutron-819101-2-hyperv neutron-server[115131]: DEBUG neutron_lib.callbacks.manager [None req-89ae88ae-2d1a-4206-b694-56f59780e928 tempest-AllowedAddressPairIpV6TestJSON-896622174 tempest-AllowedAddressPairIpV6TestJSON-896622174-project] Publish callbacks ['neutron.services.l3_router.l3_router_plugin.L3_NAT_dbonly_mixin._precommit_delete_port_callback-1778825'] for port, precommit_delete {{(pid=115131) _notify_loop /usr/local/lib/python3.8/dist-packages/neutron_lib/callbacks/manager.py:175}}
Nov 29 05:44:07.980448 dv-neutron-819101-2-hyperv neutron-server[115131]: DEBUG neutron.plugins.ml2.plugin [None req-89ae88ae-2d1a-4206-b694-56f59780e928 tempest-AllowedAddressPairIpV6TestJSON-896622174 tempest-AllowedAddressPairIpV6TestJSON-896622174-project] Calling delete_port for 6122ffa1-6a67-4f25-8d71-f0dc753109a8 owned by {{(pid=115131) delete_port /opt/stack/neutron/neutron/plugins/ml2/plugin.py:2014}}
Nov 29 05:44:07.990010 dv-neutron-819101-2-hyperv neutron-server[115132]: INFO neutron.wsgi [req-841b9420-fc32-4f2b-a3e6-3bea0968a3af req-d188e272-3d8e-408d-b93a-53ceefc1c157 tempest-ServersTestManualDisk-2094514121 tempest-ServersTestManualDisk-2094514121-project] 10.222.0.11 "GET /v2.0/security-groups?id=d0a06784-5730-44fc-b585-d1693723adb2&fields=id&fields=name HTTP/1.1" status: 200 len: 311 time: 0.2516837
Nov 29 05:44:08.027042 dv-neutron-819101-2-hyperv neutron-server[115132]: DEBUG neutron_lib.callbacks.manager [None req-9ee03b30-7d4b-4e4f-adf6-b0943215ae7a tempest-AllowedAddressPairTestJSON-1049689996 tempest-AllowedAddressPairTestJSON-1049689996-project] Publish callbacks ['neutron.plugins.ml2.plugin.SecurityGroupServerNotifierRpcMixin._notify_sg_on_port_change-721673', 'neutron.plugins.ml2.ovo_rpc._ObjectChangeHandler.handle_event-218231', 'neutron.api.rpc.agentnotifiers.dhcp_rpc_agent_api.DhcpAgentNotifyAPI._native_event_send_dhcp_notification-1620185', 'neutron.db.l3_db.L3RpcNotifierMixin._notify_routers_callback-8782399752295', 'neutron.db.l3_dvrscheduler_db._notify_port_delete-8782399267566', 'neutron.services.segments.plugin.NovaSegmentNotifier._notify_port_created_or_deleted-7148123'] for port, after_delete {{(pid=115132) _notify_loop /usr/local/lib/python3.8/dist-packages/neutron_lib/callbacks/manager.py:175}}
Nov 29 05:44:08.054378 dv-neutron-819101-2-hyperv neutron-server[115132]: DEBUG neutron.pecan_wsgi.hooks.policy_enforcement [req-8c7c15ca-b536-4c4b-b3ec-3ba9a21062f6 req-bb7e8223-1c7f-4ab0-9f74-eaf5729ad7cf service neutron] Attributes excluded by policy engine: ['standard_attr_id'] {{(pid=115132) _exclude_attributes_by_policy /opt/stack/neutron/neutron/pecan_wsgi/hooks/policy_enforcement.py:255}}
Nov 29 05:44:08.055930 dv-neutron-819101-2-hyperv neutron-server[115132]: INFO neutron.wsgi [req-8c7c15ca-b536-4c4b-b3ec-3ba9a21062f6 req-bb7e8223-1c7f-4ab0-9f74-eaf5729ad7cf service neutron] 10.222.0.20 "GET /v2.0/ports?tenant_id=e50da17ef503431fb1a60829442a90e8&device_id=f2a70a89-ccb0-49ef-bd6a-9f2abdf7d0ea HTTP/1.1" status: 200 len: 1096 time: 0.2332900
Nov 29 05:44:08.086607 dv-neutron-819101-2-hyperv neutron-server[115132]: DEBUG neutron.api.rpc.handlers.resources_rpc [None req-9ee03b30-7d4b-4e4f-adf6-b0943215ae7a tempest-AllowedAddressPairTestJSON-1049689996 tempest-AllowedAddressPairTestJSON-1049689996-project] Pushing event deleted for resources: {'Port': ['ID=ee015e2e-3a9d-48e8-91b3-2222f526d93a,revision_number=None']} {{(pid=115132) push /opt/stack/neutron/neutron/api/rpc/handlers/resources_rpc.py:237}}
Nov 29 05:44:08.099161 dv-neutron-819101-2-hyperv neutron-server[115131]: DEBUG neutron.notifiers.nova [None req-86133206-5734-4b80-9d92-45ab0d832430 tempest-PortsAdminExtendedAttrsTestJSON-437301592 tempest-PortsAdminExtendedAttrsTestJSON-437301592-project-admin] device_id is not set on port 12169c31-69c5-411a-8c5d-6276e844366a yet. {{(pid=115131) _can_notify /opt/stack/neutron/neutron/notifiers/nova.py:190}}
Nov 29 05:44:08.124357 dv-neutron-819101-2-hyperv neutron-server[115131]: DEBUG neutron_lib.callbacks.manager [None req-a058a84c-af9f-4846-ad92-b4086c402f87 tempest-ExternalNetworksAdminNegativeTestJSON-8987859 tempest-ExternalNetworksAdminNegativeTestJSON-8987859-project-admin] Publish callbacks [] for security_group, precommit_create {{(pid=115131) _notify_loop /usr/local/lib/python3.8/dist-packages/neutron_lib/callbacks/manager.py:175}}
Nov 29 05:44:08.131942 dv-neutron-819101-2-hyperv neutron-server[115131]: DEBUG neutron_lib.callbacks.manager [None req-86133206-5734-4b80-9d92-45ab0d832430 tempest-PortsAdminExtendedAttrsTestJSON-437301592 tempest-PortsAdminExtendedAttrsTestJSON-437301592-project-admin] Publish callbacks [] for port, precommit_create {{(pid=115131) _notify_loop /usr/local/lib/python3.8/dist-packages/neutron_lib/callbacks/manager.py:175}}
Nov 29 05:44:08.133326 dv-neutron-819101-2-hyperv neutron-server[115131]: DEBUG neutron.pecan_wsgi.hooks.quota_enforcement [None req-405485ae-995c-4c04-886a-b4721a280dbc tempest-FloatingIPNegativeTestJSON-1993249319 tempest-FloatingIPNegativeTestJSON-1993249319-project] Made reservation on behalf of 26faa209864f4a668ba718a7976bef99 for: {'port': 1} {{(pid=115131) before /opt/stack/neutron/neutron/pecan_wsgi/hooks/quota_enforcement.py:53}}
Nov 29 05:44:08.136913 dv-neutron-819101-2-hyperv neutron-server[115131]: DEBUG neutron_lib.callbacks.manager [None req-405485ae-995c-4c04-886a-b4721a280dbc tempest-FloatingIPNegativeTestJSON-1993249319 tempest-FloatingIPNegativeTestJSON-1993249319-project] Publish callbacks ['neutron.plugins.ml2.plugin.SecurityGroupDbMixin._ensure_default_security_group_handler-721864'] for port, before_create {{(pid=115131) _notify_loop /usr/local/lib/python3.8/dist-packages/neutron_lib/callbacks/manager.py:175}}
Nov 29 05:44:08.142054 dv-neutron-819101-2-hyperv neutron-server[115131]: DEBUG neutron_lib.callbacks.manager [None req-a058a84c-af9f-4846-ad92-b4086c402f87 tempest-ExternalNetworksAdminNegativeTestJSON-8987859 tempest-ExternalNetworksAdminNegativeTestJSON-8987859-project-admin] Publish callbacks ['neutron.plugins.ml2.ovo_rpc._ObjectChangeHandler.handle_event-1800231'] for security_group, after_create {{(pid=115131) _notify_loop /usr/local/lib/python3.8/dist-packages/neutron_lib/callbacks/manager.py:175}}
Nov 29 05:44:08.153313 dv-neutron-819101-2-hyperv neutron-server[115132]: INFO neutron.wsgi [req-8c7c15ca-b536-4c4b-b3ec-3ba9a21062f6 req-ffdcddae-0d9d-466a-ab7a-65bf5e9cd235 service neutron] 10.222.0.20 "GET /v2.0/floatingips?fixed_ip_address=172.20.0.5&port_id=0b5805cb-93c6-4157-a9da-60c5b7d16b92 HTTP/1.1" status: 200 len: 217 time: 0.0777862
Nov 29 05:44:08.164789 dv-neutron-819101-2-hyperv neutron-server[115131]: DEBUG neutron.notifiers.nova [None req-a058a84c-af9f-4846-ad92-b4086c402f87 tempest-ExternalNetworksAdminNegativeTestJSON-8987859 tempest-ExternalNetworksAdminNegativeTestJSON-8987859-project-admin] device_id is not set on port d64ece2c-1b27-4493-a63e-c99ec88cd09d yet. {{(pid=115131) _can_notify /opt/stack/neutron/neutron/notifiers/nova.py:190}}
Nov 29 05:44:08.170837 dv-neutron-819101-2-hyperv neutron-server[115131]: DEBUG neutron_lib.callbacks.manager [None req-86133206-5734-4b80-9d92-45ab0d832430 tempest-PortsAdminExtendedAttrsTestJSON-437301592 tempest-PortsAdminExtendedAttrsTestJSON-437301592-project-admin] Publish callbacks ['neutron.plugins.ml2.plugin.SecurityGroupServerNotifierRpcMixin._notify_sg_on_port_change-721673', 'neutron.plugins.ml2.ovo_rpc._ObjectChangeHandler.handle_event-218231', 'neutron.api.rpc.agentnotifiers.dhcp_rpc_agent_api.DhcpAgentNotifyAPI._native_event_send_dhcp_notification-1620185', 'neutron.db.l3_dvrscheduler_db._notify_l3_agent_new_port-8782399267557', 'neutron.services.segments.plugin.NovaSegmentNotifier._notify_port_created_or_deleted-6150971'] for port, after_create {{(pid=115131) _notify_loop /usr/local/lib/python3.8/dist-packages/neutron_lib/callbacks/manager.py:175}}
Nov 29 05:44:08.240199 dv-neutron-819101-2-hyperv neutron-server[115132]: INFO neutron.wsgi [req-8caa471e-b001-443d-9bf6-766fb911fa9a req-e36bdb86-ad80-4e18-b1c3-d858a996b6a5 service neutron] 10.222.0.20 "GET /v2.0/networks/4b453927-d06a-46a9-827d-0882706490b3?fields=segments HTTP/1.1" status: 200 len: 212 time: 0.2948327
Nov 29 05:44:08.276332 dv-neutron-819101-2-hyperv neutron-server[115131]: DEBUG neutron.notifiers.nova [None req-405485ae-995c-4c04-886a-b4721a280dbc tempest-FloatingIPNegativeTestJSON-1993249319 tempest-FloatingIPNegativeTestJSON-1993249319-project] device_id is not set on port 9f10fe22-9292-498c-aaa3-4d31933b21b0 yet. {{(pid=115131) _can_notify /opt/stack/neutron/neutron/notifiers/nova.py:190}}
Nov 29 05:44:08.320418 dv-neutron-819101-2-hyperv neutron-server[115131]: DEBUG neutron.api.rpc.handlers.resources_rpc [None req-a058a84c-af9f-4846-ad92-b4086c402f87 tempest-ExternalNetworksAdminNegativeTestJSON-8987859 tempest-ExternalNetworksAdminNegativeTestJSON-8987859-project-admin] Pushing event updated for resources: {'SecurityGroup': ['ID=ae3fb7b0-23f7-4527-b3dc-02042dcfa73f,revision_number=1']} {{(pid=115131) push /opt/stack/neutron/neutron/api/rpc/handlers/resources_rpc.py:237}}
Nov 29 05:44:08.341513 dv-neutron-819101-2-hyperv neutron-server[115132]: DEBUG neutron.pecan_wsgi.hooks.policy_enforcement [req-8c7c15ca-b536-4c4b-b3ec-3ba9a21062f6 req-80ba6062-6051-4cda-80bd-76b9fe466d4d service neutron] Attributes excluded by policy engine: ['standard_attr_id', 'shared', 'segment_id'] {{(pid=115132) _exclude_attributes_by_policy /opt/stack/neutron/neutron/pecan_wsgi/hooks/policy_enforcement.py:255}}
Nov 29 05:44:08.342977 dv-neutron-819101-2-hyperv neutron-server[115132]: INFO neutron.wsgi [req-8c7c15ca-b536-4c4b-b3ec-3ba9a21062f6 req-80ba6062-6051-4cda-80bd-76b9fe466d4d service neutron] 10.222.0.20 "GET /v2.0/subnets?id=e89ded80-3217-4221-aa3f-6011f646cf7d HTTP/1.1" status: 200 len: 844 time: 0.1805208
Nov 29 05:44:08.415651 dv-neutron-819101-2-hyperv neutron-server[115132]: DEBUG neutron_lib.callbacks.manager [None req-9b418a19-2ec2-486b-9e5b-139fd204a5dd tempest-FloatingIPAdminTestJSON-945569177 tempest-FloatingIPAdminTestJSON-945569177-project-admin] Publish callbacks ['neutron.plugins.ml2.plugin.SecurityGroupDbMixin._ensure_default_security_group_handler-721864'] for port, before_create {{(pid=115132) _notify_loop /usr/local/lib/python3.8/dist-packages/neutron_lib/callbacks/manager.py:175}}
Nov 29 05:44:08.480830 dv-neutron-819101-2-hyperv neutron-server[115131]: DEBUG neutron.api.rpc.handlers.resources_rpc [None req-86133206-5734-4b80-9d92-45ab0d832430 tempest-PortsAdminExtendedAttrsTestJSON-437301592 tempest-PortsAdminExtendedAttrsTestJSON-437301592-project-admin] Pushing event updated for resources: {'Port': ['ID=12169c31-69c5-411a-8c5d-6276e844366a,revision_number=1']} {{(pid=115131) push /opt/stack/neutron/neutron/api/rpc/handlers/resources_rpc.py:237}}
Nov 29 05:44:08.497764 dv-neutron-819101-2-hyperv neutron-server[115132]: DEBUG neutron_lib.callbacks.manager [None req-9ee03b30-7d4b-4e4f-adf6-b0943215ae7a tempest-AllowedAddressPairTestJSON-1049689996 tempest-AllowedAddressPairTestJSON-1049689996-project] Publish callbacks ['neutron.notifiers.nova.Notifier._send_nova_notification-141591'] for port, before_response {{(pid=115132) _notify_loop /usr/local/lib/python3.8/dist-packages/neutron_lib/callbacks/manager.py:175}}
Nov 29 05:44:08.504010 dv-neutron-819101-2-hyperv neutron-server[115132]: INFO neutron.wsgi [None req-9ee03b30-7d4b-4e4f-adf6-b0943215ae7a tempest-AllowedAddressPairTestJSON-1049689996 tempest-AllowedAddressPairTestJSON-1049689996-project] 10.222.0.11 "DELETE /v2.0/ports/ee015e2e-3a9d-48e8-91b3-2222f526d93a HTTP/1.1" status: 204 len: 168 time: 2.3358462
Nov 29 05:44:08.508802 dv-neutron-819101-2-hyperv neutron-server[115132]: DEBUG neutron.wsgi [-] (115132) accepted ('10.222.0.11', 44692) {{(pid=115132) server /usr/local/lib/python3.8/dist-packages/eventlet/wsgi.py:1004}}
Nov 29 05:44:08.511210 dv-neutron-819101-2-hyperv neutron-server[115132]: INFO neutron.wsgi [req-8caa471e-b001-443d-9bf6-766fb911fa9a req-a363736e-fc3d-4191-ac80-196eca241c1b service neutron] 10.222.0.20 "GET /v2.0/networks/4b453927-d06a-46a9-827d-0882706490b3?fields=provider%3Aphysical_network&fields=provider%3Anetwork_type HTTP/1.1" status: 200 len: 281 time: 0.2581909
Nov 29 05:44:08.526273 dv-neutron-819101-2-hyperv neutron-server[115132]: DEBUG neutron.pecan_wsgi.hooks.policy_enforcement [req-8c7c15ca-b536-4c4b-b3ec-3ba9a21062f6 req-e0fb908c-b94b-4224-98d6-7e267955fdef service neutron] Attributes excluded by policy engine: ['standard_attr_id'] {{(pid=115132) _exclude_attributes_by_policy /opt/stack/neutron/neutron/pecan_wsgi/hooks/policy_enforcement.py:255}}
Nov 29 05:44:08.527810 dv-neutron-819101-2-hyperv neutron-server[115132]: INFO neutron.wsgi [req-8c7c15ca-b536-4c4b-b3ec-3ba9a21062f6 req-e0fb908c-b94b-4224-98d6-7e267955fdef service neutron] 10.222.0.20 "GET /v2.0/ports?network_id=3ddd2a16-2c2a-40fc-9c01-7ce41a18b297&device_owner=network%3Adhcp HTTP/1.1" status: 200 len: 1177 time: 0.1728833
Nov 29 05:44:08.560029 dv-neutron-819101-2-hyperv neutron-server[115132]: INFO neutron.pecan_wsgi.hooks.translation [None req-cb15dc1f-e298-430d-83e3-82421fe8154e tempest-AllowedAddressPairTestJSON-1049689996 tempest-AllowedAddressPairTestJSON-1049689996-project] GET failed (client error): The resource could not be found.
Nov 29 05:44:08.561495 dv-neutron-819101-2-hyperv neutron-server[115132]: INFO neutron.wsgi [None req-cb15dc1f-e298-430d-83e3-82421fe8154e tempest-AllowedAddressPairTestJSON-1049689996 tempest-AllowedAddressPairTestJSON-1049689996-project] 10.222.0.11 "GET /v2.0/ports/ee015e2e-3a9d-48e8-91b3-2222f526d93a HTTP/1.1" status: 404 len: 333 time: 0.0495019
Nov 29 05:44:08.576216 dv-neutron-819101-2-hyperv neutron-server[115132]: DEBUG neutron.wsgi [-] (115132) accepted ('10.222.0.11', 44694) {{(pid=115132) server /usr/local/lib/python3.8/dist-packages/eventlet/wsgi.py:1004}}
Nov 29 05:44:08.606686 dv-neutron-819101-2-hyperv neutron-server[115132]: DEBUG neutron.api.v2.base [None req-4dd8725d-0fa9-4830-8b94-bf7bf36be664 tempest-AllowedAddressPairTestJSON-1049689996 tempest-AllowedAddressPairTestJSON-1049689996-project] Request body: {'port': {'network_id': '84fb47f8-e932-46dd-827a-76dd96400cb9', 'name': 'tempest-AllowedAddressPairTestJSON-1729672532'}} {{(pid=115132) prepare_request_body /opt/stack/neutron/neutron/api/v2/base.py:729}}
Nov 29 05:44:08.748278 dv-neutron-819101-2-hyperv neutron-server[115132]: DEBUG neutron.db.db_base_plugin_common [None req-9b418a19-2ec2-486b-9e5b-139fd204a5dd tempest-FloatingIPAdminTestJSON-945569177 tempest-FloatingIPAdminTestJSON-945569177-project-admin] Allocated IP 172.26.0.59 (8432c318-e182-470d-9938-75216dfb4d97/12a62e32-26fe-4e05-a981-a58389748cf2/73c7578f-f20b-4804-a9f8-e675bb527323) {{(pid=115132) _store_ip_allocation /opt/stack/neutron/neutron/db/db_base_plugin_common.py:131}}
Nov 29 05:44:08.780187 dv-neutron-819101-2-hyperv neutron-server[115132]: DEBUG neutron.pecan_wsgi.hooks.policy_enforcement [req-a5e1ba08-53f7-41a1-b629-a4c84e2b6e02 req-c077d68e-0eeb-4d61-b490-ac959628b1e3 service neutron] Attributes excluded by policy engine: ['standard_attr_id'] {{(pid=115132) _exclude_attributes_by_policy /opt/stack/neutron/neutron/pecan_wsgi/hooks/policy_enforcement.py:255}}
Nov 29 05:44:08.782243 dv-neutron-819101-2-hyperv neutron-server[115132]: INFO neutron.wsgi [req-a5e1ba08-53f7-41a1-b629-a4c84e2b6e02 req-c077d68e-0eeb-4d61-b490-ac959628b1e3 service neutron] 10.222.0.20 "GET /v2.0/ports?tenant_id=0af32f247bc341d2b027c62fd577ae9f&device_id=37f1b434-1c20-45e1-9ed8-1e88cf3b3b37 HTTP/1.1" status: 200 len: 1096 time: 0.2155783
Nov 29 05:44:08.789012 dv-neutron-819101-2-hyperv neutron-server[115131]: DEBUG neutron.plugins.ml2.drivers.mech_agent [None req-86133206-5734-4b80-9d92-45ab0d832430 tempest-PortsAdminExtendedAttrsTestJSON-437301592 tempest-PortsAdminExtendedAttrsTestJSON-437301592-project-admin] Checking segment: {'id': 'fec95988-1522-48e4-8e64-532a6207ac77', 'network_type': 'vlan', 'physical_network': 'physnet1', 'segmentation_id': 544, 'network_id': '9fc02523-5c6c-46e1-92ca-66152b978cc6'} for mappings: {'physnet1': 'br-data'} with network types: ['local', 'flat', 'vlan'] {{(pid=115131) check_segment_for_agent /opt/stack/neutron/neutron/plugins/ml2/drivers/mech_agent.py:371}}
Nov 29 05:44:08.789176 dv-neutron-819101-2-hyperv neutron-server[115131]: DEBUG neutron.scheduler.dhcp_agent_scheduler [None req-86133206-5734-4b80-9d92-45ab0d832430 tempest-PortsAdminExtendedAttrsTestJSON-437301592 tempest-PortsAdminExtendedAttrsTestJSON-437301592-project-admin] Network hostable DHCP agents. Network: 9fc02523-5c6c-46e1-92ca-66152b978cc6, hostable agents: ['932f5ac3-9a8e-48d2-90a2-a7dd6d517407'], hosted agents: [] {{(pid=115131) _get_network_hostable_dhcp_agents /opt/stack/neutron/neutron/scheduler/dhcp_agent_scheduler.py:329}}
Nov 29 05:44:08.802704 dv-neutron-819101-2-hyperv neutron-server[115131]: DEBUG neutron.pecan_wsgi.hooks.policy_enforcement [req-eb913050-d104-488f-9bb1-8e3bcd4ccfa2 req-a068773a-67ff-44f7-9c9d-577a19b78671 tempest-ServersTestJSON-1475783209 tempest-ServersTestJSON-1475783209-project] Attributes excluded by policy engine: ['standard_attr_id', 'binding:profile', 'binding:host_id', 'binding:vif_type', 'binding:vif_details'] {{(pid=115131) _exclude_attributes_by_policy /opt/stack/neutron/neutron/pecan_wsgi/hooks/policy_enforcement.py:255}}
Nov 29 05:44:08.804242 dv-neutron-819101-2-hyperv neutron-server[115131]: INFO neutron.wsgi [req-eb913050-d104-488f-9bb1-8e3bcd4ccfa2 req-a068773a-67ff-44f7-9c9d-577a19b78671 tempest-ServersTestJSON-1475783209 tempest-ServersTestJSON-1475783209-project] 10.222.0.11 "GET /v2.0/ports?device_id=f2a70a89-ccb0-49ef-bd6a-9f2abdf7d0ea HTTP/1.1" status: 200 len: 943 time: 0.5232270
Nov 29 05:44:08.822016 dv-neutron-819101-2-hyperv neutron-server[115131]: DEBUG neutron_lib.callbacks.manager [None req-89ae88ae-2d1a-4206-b694-56f59780e928 tempest-AllowedAddressPairIpV6TestJSON-896622174 tempest-AllowedAddressPairIpV6TestJSON-896622174-project] Publish callbacks ['neutron.plugins.ml2.plugin.SecurityGroupServerNotifierRpcMixin._notify_sg_on_port_change-721673', 'neutron.plugins.ml2.ovo_rpc._ObjectChangeHandler.handle_event-218231', 'neutron.api.rpc.agentnotifiers.dhcp_rpc_agent_api.DhcpAgentNotifyAPI._native_event_send_dhcp_notification-1620185', 'neutron.db.l3_db.L3RpcNotifierMixin._notify_routers_callback-8782399752295', 'neutron.db.l3_dvrscheduler_db._notify_port_delete-8782399267566', 'neutron.services.segments.plugin.NovaSegmentNotifier._notify_port_created_or_deleted-6150971'] for port, after_delete {{(pid=115131) _notify_loop /usr/local/lib/python3.8/dist-packages/neutron_lib/callbacks/manager.py:175}}
Nov 29 05:44:08.824347 dv-neutron-819101-2-hyperv neutron-server[115131]: DEBUG neutron.db.db_base_plugin_common [None req-405485ae-995c-4c04-886a-b4721a280dbc tempest-FloatingIPNegativeTestJSON-1993249319 tempest-FloatingIPNegativeTestJSON-1993249319-project] Allocated IP 172.20.0.9 (dd5268f7-a6c4-4858-8dc3-97bebe0a6b38/8f5d291a-98dd-4681-b48d-42106be1dc2f/9f10fe22-9292-498c-aaa3-4d31933b21b0) {{(pid=115131) _store_ip_allocation /opt/stack/neutron/neutron/db/db_base_plugin_common.py:131}}
Nov 29 05:44:08.876568 dv-neutron-819101-2-hyperv neutron-server[115132]: INFO neutron.wsgi [req-8c7c15ca-b536-4c4b-b3ec-3ba9a21062f6 req-3cf9222a-49c7-44e4-b583-4d3d1afad7d6 service neutron] 10.222.0.20 "GET /v2.0/networks/3ddd2a16-2c2a-40fc-9c01-7ce41a18b297?fields=segments HTTP/1.1" status: 200 len: 212 time: 0.3268280
Nov 29 05:44:08.880214 dv-neutron-819101-2-hyperv neutron-server[115131]: DEBUG neutron.api.rpc.handlers.resources_rpc [None req-89ae88ae-2d1a-4206-b694-56f59780e928 tempest-AllowedAddressPairIpV6TestJSON-896622174 tempest-AllowedAddressPairIpV6TestJSON-896622174-project] Pushing event deleted for resources: {'Port': ['ID=6122ffa1-6a67-4f25-8d71-f0dc753109a8,revision_number=None']} {{(pid=115131) push /opt/stack/neutron/neutron/api/rpc/handlers/resources_rpc.py:237}}
