Nov 29 05:43:31.431799 dv-neutron-819101-2-hyperv neutron-server[115132]: DEBUG neutron_lib.callbacks.manager [None req-17d7ac46-7920-4750-89b0-3e844d41f41c tempest-ExternalNetworksTestJSON-1307944891 tempest-ExternalNetworksTestJSON-1307944891-project-admin] Publish callbacks ['neutron.plugins.ml2.ovo_rpc._ObjectChangeHandler.handle_event-1797877', 'neutron.api.rpc.agentnotifiers.dhcp_rpc_agent_api.DhcpAgentNotifyAPI._native_event_send_dhcp_notification-1620185'] for network, after_create {{(pid=115132) _notify_loop /usr/local/lib/python3.8/dist-packages/neutron_lib/callbacks/manager.py:175}}
Nov 29 05:43:31.433010 dv-neutron-819101-2-hyperv neutron-server[115132]: DEBUG neutron.pecan_wsgi.hooks.policy_enforcement [None req-17d7ac46-7920-4750-89b0-3e844d41f41c tempest-ExternalNetworksTestJSON-1307944891 tempest-ExternalNetworksTestJSON-1307944891-project-admin] Attributes excluded by policy engine: ['standard_attr_id', 'vlan_transparent'] {{(pid=115132) _exclude_attributes_by_policy /opt/stack/neutron/neutron/pecan_wsgi/hooks/policy_enforcement.py:255}}
Nov 29 05:43:31.433722 dv-neutron-819101-2-hyperv neutron-server[115132]: DEBUG neutron_lib.callbacks.manager [None req-17d7ac46-7920-4750-89b0-3e844d41f41c tempest-ExternalNetworksTestJSON-1307944891 tempest-ExternalNetworksTestJSON-1307944891-project-admin] Publish callbacks ['neutron.api.rpc.agentnotifiers.dhcp_rpc_agent_api.DhcpAgentNotifyAPI._send_dhcp_notification-1606179'] for network, before_response {{(pid=115132) _notify_loop /usr/local/lib/python3.8/dist-packages/neutron_lib/callbacks/manager.py:175}}
Nov 29 05:43:31.452973 dv-neutron-819101-2-hyperv neutron-server[115131]: DEBUG neutron_lib.callbacks.manager [None req-edc9bf6a-2d79-459c-bff2-29358a419462 admin admin] Publish callbacks [] for port, precommit_create {{(pid=115131) _notify_loop /usr/local/lib/python3.8/dist-packages/neutron_lib/callbacks/manager.py:175}}
Nov 29 05:43:31.516388 dv-neutron-819101-2-hyperv neutron-server[115133]: DEBUG neutron.db.provisioning_blocks [None req-906ee657-91ef-4072-b846-026c4b8230dc None None] Provisioning complete for port f7469fc0-e687-4c93-9411-64c5b5dcf9a4 triggered by entity DHCP. {{(pid=115133) provisioning_complete /opt/stack/neutron/neutron/db/provisioning_blocks.py:139}}
Nov 29 05:43:31.516797 dv-neutron-819101-2-hyperv neutron-server[115133]: DEBUG neutron_lib.callbacks.manager [None req-906ee657-91ef-4072-b846-026c4b8230dc None None] Publish callbacks ['neutron.plugins.ml2.plugin.Ml2Plugin._port_provisioned-1436453'] for port, provisioning_complete {{(pid=115133) _notify_loop /usr/local/lib/python3.8/dist-packages/neutron_lib/callbacks/manager.py:175}}
Nov 29 05:43:31.521209 dv-neutron-819101-2-hyperv neutron-server[115131]: DEBUG neutron_lib.callbacks.manager [None req-edc9bf6a-2d79-459c-bff2-29358a419462 admin admin] Publish callbacks ['neutron.plugins.ml2.plugin.SecurityGroupServerNotifierRpcMixin._notify_sg_on_port_change-721673', 'neutron.plugins.ml2.ovo_rpc._ObjectChangeHandler.handle_event-218231', 'neutron.api.rpc.agentnotifiers.dhcp_rpc_agent_api.DhcpAgentNotifyAPI._native_event_send_dhcp_notification-1620185', 'neutron.db.l3_dvrscheduler_db._notify_l3_agent_new_port-8782399267557'] for port, after_create {{(pid=115131) _notify_loop /usr/local/lib/python3.8/dist-packages/neutron_lib/callbacks/manager.py:175}}
Nov 29 05:43:31.581932 dv-neutron-819101-2-hyperv neutron-server[115131]: DEBUG neutron.scheduler.dhcp_agent_scheduler [None req-edc9bf6a-2d79-459c-bff2-29358a419462 admin admin] Network 4b453927-d06a-46a9-827d-0882706490b3 is already hosted by enough agents. {{(pid=115131) _get_dhcp_agents_hosting_network /opt/stack/neutron/neutron/scheduler/dhcp_agent_scheduler.py:275}}
Nov 29 05:43:31.593619 dv-neutron-819101-2-hyperv neutron-server[115132]: INFO neutron.wsgi [None req-1aa26a63-aeb7-496b-857e-4f9478a926e0 tempest-RoutersAdminNegativeTest-987034254 tempest-RoutersAdminNegativeTest-987034254-project-admin] 10.222.0.11 "POST /v2.0/ports HTTP/1.1" status: 201 len: 1033 time: 5.3267040
Nov 29 05:43:31.597417 dv-neutron-819101-2-hyperv neutron-server[115132]: DEBUG neutron_lib.callbacks.manager [None req-c8fff0d2-83f6-4a80-9f9c-9eeae577a90a tempest-DHCPAgentSchedulersTestJSON-322436628 tempest-DHCPAgentSchedulersTestJSON-322436628-project] Publish callbacks ['neutron.plugins.ml2.plugin.SecurityGroupDbMixin._ensure_default_security_group_handler-721864'] for port, before_create {{(pid=115132) _notify_loop /usr/local/lib/python3.8/dist-packages/neutron_lib/callbacks/manager.py:175}}
Nov 29 05:43:31.607652 dv-neutron-819101-2-hyperv neutron-server[115132]: DEBUG neutron_lib.callbacks.manager [None req-b0911707-b49e-423f-b0b2-83df7e365dbe admin admin] Publish callbacks ['neutron.services.l3_router.l3_router_plugin.L3_HA_NAT_db_mixin._after_router_create-1783220', 'neutron.services.l3_router.l3_router_plugin.DVRResourceOperationHandler._create_snat_interfaces_after_change-1780275'] for router, after_create {{(pid=115132) _notify_loop /usr/local/lib/python3.8/dist-packages/neutron_lib/callbacks/manager.py:175}}
Nov 29 05:43:31.607652 dv-neutron-819101-2-hyperv neutron-server[115132]: DEBUG neutron.wsgi [-] (115132) accepted ('10.222.0.11', 44000) {{(pid=115132) server /usr/local/lib/python3.8/dist-packages/eventlet/wsgi.py:1004}}
Nov 29 05:43:31.607947 dv-neutron-819101-2-hyperv neutron-server[115131]: DEBUG neutron.scheduler.base_scheduler [None req-edc9bf6a-2d79-459c-bff2-29358a419462 admin admin] Resources bound (agent type, host, resource id): {{(pid=115131) schedule /opt/stack/neutron/neutron/scheduler/base_scheduler.py:57}}
Nov 29 05:43:31.622026 dv-neutron-819101-2-hyperv neutron-server[115131]: DEBUG neutron.db.l3_dvrscheduler_db [None req-edc9bf6a-2d79-459c-bff2-29358a419462 admin admin] Received port after_create {{(pid=115131) _notify_l3_agent_new_port /opt/stack/neutron/neutron/db/l3_dvrscheduler_db.py:535}}
Nov 29 05:43:31.623674 dv-neutron-819101-2-hyperv neutron-server[115132]: DEBUG neutron.api.v2.base [None req-7c6a63e7-5785-40f4-93cf-31506ec60681 tempest-RoutersAdminNegativeTest-987034254 tempest-RoutersAdminNegativeTest-987034254-project-admin] Request body: {'router': {'external_gateway_info': {'network_id': '8432c318-e182-470d-9938-75216dfb4d97', 'external_fixed_ips': [{'subnet_id': '12a62e32-26fe-4e05-a981-a58389748cf2', 'ip_address': '172.26.0.230'}]}}} {{(pid=115132) prepare_request_body /opt/stack/neutron/neutron/api/v2/base.py:729}}
Nov 29 05:43:31.624350 dv-neutron-819101-2-hyperv neutron-server[115131]: DEBUG neutron_lib.callbacks.manager [None req-edc9bf6a-2d79-459c-bff2-29358a419462 admin admin] Publish callbacks ['neutron.services.l3_router.l3_router_plugin.DVRResourceOperationHandler._add_csnat_on_interface_create-1779712'] for router_interface, before_create {{(pid=115131) _notify_loop /usr/local/lib/python3.8/dist-packages/neutron_lib/callbacks/manager.py:175}}
Nov 29 05:43:31.637298 dv-neutron-819101-2-hyperv neutron-server[115132]: INFO neutron.wsgi [None req-17d7ac46-7920-4750-89b0-3e844d41f41c tempest-ExternalNetworksTestJSON-1307944891 tempest-ExternalNetworksTestJSON-1307944891-project-admin] 10.222.0.11 "POST /v2.0/networks HTTP/1.1" status: 201 len: 862 time: 3.0023308
Nov 29 05:43:31.641581 dv-neutron-819101-2-hyperv neutron-server[115132]: DEBUG neutron.wsgi [-] (115132) accepted ('10.222.0.11', 44002) {{(pid=115132) server /usr/local/lib/python3.8/dist-packages/eventlet/wsgi.py:1004}}
Nov 29 05:43:31.681353 dv-neutron-819101-2-hyperv neutron-server[115133]: DEBUG neutron.db.provisioning_blocks [None req-906ee657-91ef-4072-b846-026c4b8230dc None None] Provisioning complete for port 62c3fef5-3e2f-4e99-a3f7-afac4407602c triggered by entity DHCP. {{(pid=115133) provisioning_complete /opt/stack/neutron/neutron/db/provisioning_blocks.py:139}}
Nov 29 05:43:31.681864 dv-neutron-819101-2-hyperv neutron-server[115133]: DEBUG neutron_lib.callbacks.manager [None req-906ee657-91ef-4072-b846-026c4b8230dc None None] Publish callbacks ['neutron.plugins.ml2.plugin.Ml2Plugin._port_provisioned-1436453'] for port, provisioning_complete {{(pid=115133) _notify_loop /usr/local/lib/python3.8/dist-packages/neutron_lib/callbacks/manager.py:175}}
Nov 29 05:43:31.697480 dv-neutron-819101-2-hyperv neutron-server[115132]: DEBUG neutron.api.rpc.handlers.resources_rpc [None req-17d7ac46-7920-4750-89b0-3e844d41f41c tempest-ExternalNetworksTestJSON-1307944891 tempest-ExternalNetworksTestJSON-1307944891-project-admin] Pushing event updated for resources: {'Network': ['ID=c882ddec-f32f-48c0-bc97-a65bc93ef268,revision_number=1']} {{(pid=115132) push /opt/stack/neutron/neutron/api/rpc/handlers/resources_rpc.py:237}}
Nov 29 05:43:31.711939 dv-neutron-819101-2-hyperv neutron-server[115131]: DEBUG neutron.api.rpc.handlers.resources_rpc [None req-edc9bf6a-2d79-459c-bff2-29358a419462 admin admin] Pushing event updated for resources: {'Port': ['ID=90b685c7-1d72-4dec-84a4-5e5aabe0e1e8,revision_number=1']} {{(pid=115131) push /opt/stack/neutron/neutron/api/rpc/handlers/resources_rpc.py:237}}
Nov 29 05:43:31.743666 dv-neutron-819101-2-hyperv neutron-server[115133]: DEBUG neutron.plugins.ml2.rpc [None req-2924badc-a399-436a-a933-f8e708a1c8ea None None] Network c882ddec-f32f-48c0-bc97-a65bc93ef268 details requested by agent ovs-agent-dv-neutron-819101-2-hyperv with host dv-neutron-819101-2-hyperv {{(pid=115133) get_network_details /opt/stack/neutron/neutron/plugins/ml2/rpc.py:248}}
Nov 29 05:43:31.954134 dv-neutron-819101-2-hyperv neutron-server[115131]: DEBUG neutron_lib.callbacks.manager [None req-edc9bf6a-2d79-459c-bff2-29358a419462 admin admin] Publish callbacks ['neutron.plugins.ml2.plugin.SecurityGroupDbMixin._ensure_default_security_group_handler-721864'] for port, before_update {{(pid=115131) _notify_loop /usr/local/lib/python3.8/dist-packages/neutron_lib/callbacks/manager.py:175}}
Nov 29 05:43:31.964188 dv-neutron-819101-2-hyperv neutron-server[115131]: DEBUG neutron.wsgi [-] (115131) accepted ('10.222.0.11', 44006) {{(pid=115131) server /usr/local/lib/python3.8/dist-packages/eventlet/wsgi.py:1004}}
Nov 29 05:43:31.989626 dv-neutron-819101-2-hyperv neutron-server[115132]: DEBUG neutron.notifiers.nova [None req-c8fff0d2-83f6-4a80-9f9c-9eeae577a90a tempest-DHCPAgentSchedulersTestJSON-322436628 tempest-DHCPAgentSchedulersTestJSON-322436628-project] device_id is not set on port 55b37b92-f6e4-48d5-88e1-3d0b7f65c297 yet. {{(pid=115132) _can_notify /opt/stack/neutron/neutron/notifiers/nova.py:190}}
Nov 29 05:43:32.062686 dv-neutron-819101-2-hyperv neutron-server[115133]: DEBUG neutron.db.provisioning_blocks [None req-268c0ba7-e638-4544-bc94-167ddf38abc2 None None] Provisioning complete for port 6122ffa1-6a67-4f25-8d71-f0dc753109a8 triggered by entity DHCP. {{(pid=115133) provisioning_complete /opt/stack/neutron/neutron/db/provisioning_blocks.py:139}}
Nov 29 05:43:32.062686 dv-neutron-819101-2-hyperv neutron-server[115133]: DEBUG neutron_lib.callbacks.manager [None req-268c0ba7-e638-4544-bc94-167ddf38abc2 None None] Publish callbacks ['neutron.plugins.ml2.plugin.Ml2Plugin._port_provisioned-1436453'] for port, provisioning_complete {{(pid=115133) _notify_loop /usr/local/lib/python3.8/dist-packages/neutron_lib/callbacks/manager.py:175}}
Nov 29 05:43:32.076569 dv-neutron-819101-2-hyperv neutron-server[115132]: DEBUG neutron_lib.callbacks.manager [None req-7c6a63e7-5785-40f4-93cf-31506ec60681 tempest-RoutersAdminNegativeTest-987034254 tempest-RoutersAdminNegativeTest-987034254-project-admin] Publish callbacks ['neutron.services.l3_router.l3_router_plugin.L3_HA_NAT_db_mixin._before_router_create_handler-1783233', 'neutron.services.l3_router.service_providers.driver_controller.DriverController._check_router_request-63922'] for router, before_create {{(pid=115132) _notify_loop /usr/local/lib/python3.8/dist-packages/neutron_lib/callbacks/manager.py:175}}
Nov 29 05:43:32.077834 dv-neutron-819101-2-hyperv neutron-server[115132]: DEBUG neutron_lib.callbacks.manager [None req-7c6a63e7-5785-40f4-93cf-31506ec60681 tempest-RoutersAdminNegativeTest-987034254 tempest-RoutersAdminNegativeTest-987034254-project-admin] Publish callbacks ['neutron.services.l3_router.l3_router_plugin.L3_HA_NAT_db_mixin._precommit_router_create-1783213', 'neutron.services.l3_router.l3_router_plugin.DVRResourceOperationHandler._set_distributed_flag-1780224', 'neutron.services.l3_router.l3_router_plugin.RouterAvailabilityZoneMixin._process_az_request-1795272', 'neutron.services.l3_router.service_providers.driver_controller.DriverController._set_router_provider-63947'] for router, precommit_create {{(pid=115132) _notify_loop /usr/local/lib/python3.8/dist-packages/neutron_lib/callbacks/manager.py:175}}
Nov 29 05:43:32.113869 dv-neutron-819101-2-hyperv neutron-server[115133]: DEBUG neutron.plugins.ml2.plugin [None req-268c0ba7-e638-4544-bc94-167ddf38abc2 None None] Port 6122ffa1-6a67-4f25-8d71-f0dc753109a8 cannot update to ACTIVE because it is not bound. {{(pid=115133) _port_provisioned /opt/stack/neutron/neutron/plugins/ml2/plugin.py:342}}
Nov 29 05:43:32.128595 dv-neutron-819101-2-hyperv neutron-server[115133]: DEBUG neutron.db.provisioning_blocks [None req-268c0ba7-e638-4544-bc94-167ddf38abc2 None None] Provisioning complete for port 90b685c7-1d72-4dec-84a4-5e5aabe0e1e8 triggered by entity DHCP. {{(pid=115133) provisioning_complete /opt/stack/neutron/neutron/db/provisioning_blocks.py:139}}
Nov 29 05:43:32.129152 dv-neutron-819101-2-hyperv neutron-server[115133]: DEBUG neutron_lib.callbacks.manager [None req-268c0ba7-e638-4544-bc94-167ddf38abc2 None None] Publish callbacks ['neutron.plugins.ml2.plugin.Ml2Plugin._port_provisioned-1436453'] for port, provisioning_complete {{(pid=115133) _notify_loop /usr/local/lib/python3.8/dist-packages/neutron_lib/callbacks/manager.py:175}}
Nov 29 05:43:32.149943 dv-neutron-819101-2-hyperv neutron-server[115131]: DEBUG neutron_lib.callbacks.manager [None req-7d8be747-c1ff-4f75-aba8-09034334915c admin admin] Publish callbacks [] for security_group, before_create {{(pid=115131) _notify_loop /usr/local/lib/python3.8/dist-packages/neutron_lib/callbacks/manager.py:175}}
Nov 29 05:43:32.178350 dv-neutron-819101-2-hyperv neutron-server[115133]: DEBUG neutron.plugins.ml2.plugin [None req-268c0ba7-e638-4544-bc94-167ddf38abc2 None None] Port 90b685c7-1d72-4dec-84a4-5e5aabe0e1e8 cannot update to ACTIVE because it is not bound. {{(pid=115133) _port_provisioned /opt/stack/neutron/neutron/plugins/ml2/plugin.py:342}}
Nov 29 05:43:32.179880 dv-neutron-819101-2-hyperv neutron-server[115131]: DEBUG neutron_lib.callbacks.manager [None req-edc9bf6a-2d79-459c-bff2-29358a419462 admin admin] Publish callbacks [] for port, precommit_update {{(pid=115131) _notify_loop /usr/local/lib/python3.8/dist-packages/neutron_lib/callbacks/manager.py:175}}
Nov 29 05:43:32.187499 dv-neutron-819101-2-hyperv neutron-server[115131]: DEBUG neutron_lib.callbacks.manager [None req-edc9bf6a-2d79-459c-bff2-29358a419462 admin admin] Publish callbacks ['neutron.plugins.ml2.plugin.SecurityGroupServerNotifierRpcMixin._notify_sg_on_port_change-721673', 'neutron.plugins.ml2.ovo_rpc._ObjectChangeHandler.handle_event-218231', 'neutron.api.rpc.agentnotifiers.dhcp_rpc_agent_api.DhcpAgentNotifyAPI._native_event_send_dhcp_notification-1620185', 'neutron.db.l3_db.L3RpcNotifierMixin._notify_gateway_port_ip_changed-8782399752313', 'neutron.db.l3_dvrscheduler_db._notify_l3_agent_port_update-8782399267575', 'neutron.db.l3_hascheduler_db._notify_l3_agent_ha_port_update-8782399263757'] for port, after_update {{(pid=115131) _notify_loop /usr/local/lib/python3.8/dist-packages/neutron_lib/callbacks/manager.py:175}}
Nov 29 05:43:32.188412 dv-neutron-819101-2-hyperv neutron-server[115131]: DEBUG neutron_lib.callbacks.manager [None req-edc9bf6a-2d79-459c-bff2-29358a419462 admin admin] Publish callbacks ['neutron.api.rpc.agentnotifiers.dhcp_rpc_agent_api.DhcpAgentNotifyAPI._after_router_interface_created-1620171', 'neutron.services.l3_router.l3_router_plugin.DVRResourceOperationHandler._update_snat_v6_addrs_after_intf_update-1779948'] for router_interface, after_create {{(pid=115131) _notify_loop /usr/local/lib/python3.8/dist-packages/neutron_lib/callbacks/manager.py:175}}
Nov 29 05:43:32.190077 dv-neutron-819101-2-hyperv neutron-server[115132]: DEBUG neutron_lib.callbacks.manager [None req-a511d136-7d9f-4c63-bf79-90e27cb4248a tempest-ExternalNetworksTestJSON-1307944891 tempest-ExternalNetworksTestJSON-1307944891-project-admin] Publish callbacks ['neutron.plugins.ml2.plugin.External_net_db_mixin._before_network_delete_handler-543803'] for network, before_delete {{(pid=115132) _notify_loop /usr/local/lib/python3.8/dist-packages/neutron_lib/callbacks/manager.py:175}}
Nov 29 05:43:32.210721 dv-neutron-819101-2-hyperv neutron-server[115132]: DEBUG neutron_lib.callbacks.manager [None req-d0fcd4c6-6060-467c-8b92-fbd501c093e7 tempest-FloatingIPAdminTestJSON-1125387514 tempest-FloatingIPAdminTestJSON-1125387514-project] Publish callbacks [] for port, precommit_create {{(pid=115132) _notify_loop /usr/local/lib/python3.8/dist-packages/neutron_lib/callbacks/manager.py:175}}
Nov 29 05:43:32.212524 dv-neutron-819101-2-hyperv neutron-server[115132]: DEBUG neutron.pecan_wsgi.hooks.quota_enforcement [None req-ba194fbc-5d69-462a-9b52-3fc2402236dc tempest-AllowedAddressPairIpV6TestJSON-896622174 tempest-AllowedAddressPairIpV6TestJSON-896622174-project] Made reservation on behalf of 7fda660ba67540788b3b313ab9b297a8 for: {'port': 1} {{(pid=115132) before /opt/stack/neutron/neutron/pecan_wsgi/hooks/quota_enforcement.py:53}}
Nov 29 05:43:32.287860 dv-neutron-819101-2-hyperv neutron-server[115132]: DEBUG neutron_lib.callbacks.manager [None req-7c6a63e7-5785-40f4-93cf-31506ec60681 tempest-RoutersAdminNegativeTest-987034254 tempest-RoutersAdminNegativeTest-987034254-project-admin] Publish callbacks [] for router_controller, precommit_add_association {{(pid=115132) _notify_loop /usr/local/lib/python3.8/dist-packages/neutron_lib/callbacks/manager.py:175}}
Nov 29 05:43:32.296279 dv-neutron-819101-2-hyperv neutron-server[115131]: DEBUG neutron.api.rpc.handlers.resources_rpc [None req-edc9bf6a-2d79-459c-bff2-29358a419462 admin admin] Pushing event updated for resources: {'Port': ['ID=90b685c7-1d72-4dec-84a4-5e5aabe0e1e8,revision_number=2']} {{(pid=115131) push /opt/stack/neutron/neutron/api/rpc/handlers/resources_rpc.py:237}}
Nov 29 05:43:32.361936 dv-neutron-819101-2-hyperv neutron-server[115131]: DEBUG neutron_lib.callbacks.manager [None req-7d8be747-c1ff-4f75-aba8-09034334915c admin admin] Publish callbacks [] for security_group, precommit_create {{(pid=115131) _notify_loop /usr/local/lib/python3.8/dist-packages/neutron_lib/callbacks/manager.py:175}}
Nov 29 05:43:32.372984 dv-neutron-819101-2-hyperv neutron-server[115131]: DEBUG neutron_lib.callbacks.manager [None req-7d8be747-c1ff-4f75-aba8-09034334915c admin admin] Publish callbacks ['neutron.plugins.ml2.ovo_rpc._ObjectChangeHandler.handle_event-1800231'] for security_group, after_create {{(pid=115131) _notify_loop /usr/local/lib/python3.8/dist-packages/neutron_lib/callbacks/manager.py:175}}
Nov 29 05:43:32.424394 dv-neutron-819101-2-hyperv neutron-server[115131]: INFO neutron.wsgi [None req-7d8be747-c1ff-4f75-aba8-09034334915c admin admin] 10.222.0.11 "GET /v2.0/security-groups?tenant_id=ba07bcda5abf40638ea03f02ad1886ca&name=default HTTP/1.1" status: 200 len: 2994 time: 0.4562402
Nov 29 05:43:32.426205 dv-neutron-819101-2-hyperv neutron-server[115131]: DEBUG neutron.wsgi [-] (115131) accepted ('10.222.0.11', 44010) {{(pid=115131) server /usr/local/lib/python3.8/dist-packages/eventlet/wsgi.py:1004}}
Nov 29 05:43:32.447368 dv-neutron-819101-2-hyperv neutron-server[115131]: DEBUG neutron.scheduler.dhcp_agent_scheduler [None req-edc9bf6a-2d79-459c-bff2-29358a419462 admin admin] Network 4b453927-d06a-46a9-827d-0882706490b3 is already hosted by enough agents. {{(pid=115131) _get_dhcp_agents_hosting_network /opt/stack/neutron/neutron/scheduler/dhcp_agent_scheduler.py:275}}
Nov 29 05:43:32.448332 dv-neutron-819101-2-hyperv neutron-server[115131]: DEBUG neutron.api.rpc.handlers.resources_rpc [None req-7d8be747-c1ff-4f75-aba8-09034334915c admin admin] Pushing event updated for resources: {'SecurityGroup': ['ID=23393cba-f929-4809-b699-7fb01426ae69,revision_number=1']} {{(pid=115131) push /opt/stack/neutron/neutron/api/rpc/handlers/resources_rpc.py:237}}
Nov 29 05:43:32.458577 dv-neutron-819101-2-hyperv neutron-server[115131]: DEBUG neutron.scheduler.base_scheduler [None req-edc9bf6a-2d79-459c-bff2-29358a419462 admin admin] Resources bound (agent type, host, resource id): {{(pid=115131) schedule /opt/stack/neutron/neutron/scheduler/base_scheduler.py:57}}
Nov 29 05:43:32.474141 dv-neutron-819101-2-hyperv neutron-server[115132]: DEBUG neutron.db.db_base_plugin_common [None req-c8fff0d2-83f6-4a80-9f9c-9eeae577a90a tempest-DHCPAgentSchedulersTestJSON-322436628 tempest-DHCPAgentSchedulersTestJSON-322436628-project] Allocated IP 172.20.0.8 (04f868ed-a5cc-40eb-b8b3-23a22fbba37c/aedc8f1a-a0ec-4869-9d92-9ffe5afb436b/55b37b92-f6e4-48d5-88e1-3d0b7f65c297) {{(pid=115132) _store_ip_allocation /opt/stack/neutron/neutron/db/db_base_plugin_common.py:131}}
Nov 29 05:43:32.578172 dv-neutron-819101-2-hyperv neutron-server[115133]: DEBUG neutron.plugins.ml2.rpc [None req-2924badc-a399-436a-a933-f8e708a1c8ea None None] Device 7f3adfbf-d51a-45bf-8e57-2abfdee08c88 up at agent ovs-agent-dv-neutron-819101-2-hyperv {{(pid=115133) update_device_up /opt/stack/neutron/neutron/plugins/ml2/rpc.py:296}}
Nov 29 05:43:32.582336 dv-neutron-819101-2-hyperv neutron-server[115131]: DEBUG neutron_lib.callbacks.manager [None req-a1560f87-e01c-45a9-bfd8-cfc7170e031d admin admin] Publish callbacks [] for security_group, before_delete {{(pid=115131) _notify_loop /usr/local/lib/python3.8/dist-packages/neutron_lib/callbacks/manager.py:175}}
Nov 29 05:43:32.632136 dv-neutron-819101-2-hyperv neutron-server[115131]: DEBUG neutron_lib.callbacks.manager [None req-a1560f87-e01c-45a9-bfd8-cfc7170e031d admin admin] Publish callbacks [] for security_group, precommit_delete {{(pid=115131) _notify_loop /usr/local/lib/python3.8/dist-packages/neutron_lib/callbacks/manager.py:175}}
Nov 29 05:43:32.644344 dv-neutron-819101-2-hyperv neutron-server[115133]: DEBUG neutron.db.provisioning_blocks [None req-2924badc-a399-436a-a933-f8e708a1c8ea None None] Provisioning complete for port 7f3adfbf-d51a-45bf-8e57-2abfdee08c88 triggered by entity L2. {{(pid=115133) provisioning_complete /opt/stack/neutron/neutron/db/provisioning_blocks.py:139}}
Nov 29 05:43:32.644972 dv-neutron-819101-2-hyperv neutron-server[115133]: DEBUG neutron_lib.callbacks.manager [None req-2924badc-a399-436a-a933-f8e708a1c8ea None None] Publish callbacks ['neutron.plugins.ml2.plugin.Ml2Plugin._port_provisioned-1436453'] for port, provisioning_complete {{(pid=115133) _notify_loop /usr/local/lib/python3.8/dist-packages/neutron_lib/callbacks/manager.py:175}}
Nov 29 05:43:32.670532 dv-neutron-819101-2-hyperv neutron-server[115132]: DEBUG neutron_lib.callbacks.manager [None req-7c6a63e7-5785-40f4-93cf-31506ec60681 tempest-RoutersAdminNegativeTest-987034254 tempest-RoutersAdminNegativeTest-987034254-project-admin] Publish callbacks [] for router_gateway, precommit_update {{(pid=115132) _notify_loop /usr/local/lib/python3.8/dist-packages/neutron_lib/callbacks/manager.py:175}}
Nov 29 05:43:32.677643 dv-neutron-819101-2-hyperv neutron-server[115132]: DEBUG neutron_lib.callbacks.manager [None req-d0fcd4c6-6060-467c-8b92-fbd501c093e7 tempest-FloatingIPAdminTestJSON-1125387514 tempest-FloatingIPAdminTestJSON-1125387514-project] Publish callbacks ['neutron.plugins.ml2.plugin.SecurityGroupServerNotifierRpcMixin._notify_sg_on_port_change-721673', 'neutron.plugins.ml2.ovo_rpc._ObjectChangeHandler.handle_event-218231', 'neutron.api.rpc.agentnotifiers.dhcp_rpc_agent_api.DhcpAgentNotifyAPI._native_event_send_dhcp_notification-1620185', 'neutron.db.l3_dvrscheduler_db._notify_l3_agent_new_port-8782399267557'] for port, after_create {{(pid=115132) _notify_loop /usr/local/lib/python3.8/dist-packages/neutron_lib/callbacks/manager.py:175}}
Nov 29 05:43:32.710237 dv-neutron-819101-2-hyperv neutron-server[115132]: DEBUG neutron_lib.callbacks.manager [None req-a511d136-7d9f-4c63-bf79-90e27cb4248a tempest-ExternalNetworksTestJSON-1307944891 tempest-ExternalNetworksTestJSON-1307944891-project-admin] Publish callbacks ['neutron.plugins.ml2.plugin.Ml2Plugin._network_delete_precommit_handler-1435102', 'neutron.services.segments.db._delete_segments_for_network-8782399823656'] for network, precommit_delete {{(pid=115132) _notify_loop /usr/local/lib/python3.8/dist-packages/neutron_lib/callbacks/manager.py:175}}
Nov 29 05:43:32.714873 dv-neutron-819101-2-hyperv neutron-server[115131]: DEBUG neutron_lib.callbacks.manager [None req-a1560f87-e01c-45a9-bfd8-cfc7170e031d admin admin] Publish callbacks ['neutron.plugins.ml2.ovo_rpc._ObjectChangeHandler.handle_event-1800231'] for security_group, after_delete {{(pid=115131) _notify_loop /usr/local/lib/python3.8/dist-packages/neutron_lib/callbacks/manager.py:175}}
Nov 29 05:43:32.716855 dv-neutron-819101-2-hyperv neutron-server[115131]: DEBUG neutron_lib.callbacks.manager [None req-a1560f87-e01c-45a9-bfd8-cfc7170e031d admin admin] Publish callbacks [] for security_group, before_response {{(pid=115131) _notify_loop /usr/local/lib/python3.8/dist-packages/neutron_lib/callbacks/manager.py:175}}
Nov 29 05:43:32.718113 dv-neutron-819101-2-hyperv neutron-server[115131]: INFO neutron.wsgi [None req-a1560f87-e01c-45a9-bfd8-cfc7170e031d admin admin] 10.222.0.11 "DELETE /v2.0/security-groups/23393cba-f929-4809-b699-7fb01426ae69 HTTP/1.1" status: 204 len: 168 time: 0.2909796
Nov 29 05:43:32.758052 dv-neutron-819101-2-hyperv neutron-server[115131]: DEBUG neutron.api.rpc.handlers.resources_rpc [None req-a1560f87-e01c-45a9-bfd8-cfc7170e031d admin admin] Pushing event deleted for resources: {'SecurityGroup': ['ID=23393cba-f929-4809-b699-7fb01426ae69,revision_number=None']} {{(pid=115131) push /opt/stack/neutron/neutron/api/rpc/handlers/resources_rpc.py:237}}
Nov 29 05:43:32.784077 dv-neutron-819101-2-hyperv neutron-server[115133]: DEBUG neutron.api.rpc.handlers.dhcp_rpc [None req-b17ae801-f87f-481b-9c0f-acf5aef928cf None None] Network 04f868ed-a5cc-40eb-b8b3-23a22fbba37c requested from dv-neutron-819101-2-hyperv {{(pid=115133) get_network_info /opt/stack/neutron/neutron/api/rpc/handlers/dhcp_rpc.py:218}}
Nov 29 05:43:32.815130 dv-neutron-819101-2-hyperv neutron-server[115132]: DEBUG neutron.api.rpc.handlers.resources_rpc [None req-d0fcd4c6-6060-467c-8b92-fbd501c093e7 tempest-FloatingIPAdminTestJSON-1125387514 tempest-FloatingIPAdminTestJSON-1125387514-project] Pushing event updated for resources: {'Port': ['ID=0082c1c6-51d0-484f-b886-3c6b339528f9,revision_number=1']} {{(pid=115132) push /opt/stack/neutron/neutron/api/rpc/handlers/resources_rpc.py:237}}
Nov 29 05:43:32.818213 dv-neutron-819101-2-hyperv neutron-server[115131]: DEBUG neutron.scheduler.l3_agent_scheduler [None req-edc9bf6a-2d79-459c-bff2-29358a419462 admin admin] Router e0906fda-d48b-4a49-b081-db5eed492321 has already been hosted by L3 agent f2454c96-6566-4f6f-8ae0-7966c4a344fb {{(pid=115131) _get_candidates /opt/stack/neutron/neutron/scheduler/l3_agent_scheduler.py:126}}
Nov 29 05:43:32.826429 dv-neutron-819101-2-hyperv neutron-server[115132]: DEBUG neutron_lib.callbacks.manager [None req-ba194fbc-5d69-462a-9b52-3fc2402236dc tempest-AllowedAddressPairIpV6TestJSON-896622174 tempest-AllowedAddressPairIpV6TestJSON-896622174-project] Publish callbacks ['neutron.plugins.ml2.plugin.SecurityGroupDbMixin._ensure_default_security_group_handler-721864'] for port, before_create {{(pid=115132) _notify_loop /usr/local/lib/python3.8/dist-packages/neutron_lib/callbacks/manager.py:175}}
Nov 29 05:43:32.866534 dv-neutron-819101-2-hyperv neutron-server[115132]: DEBUG neutron.scheduler.dhcp_agent_scheduler [None req-d0fcd4c6-6060-467c-8b92-fbd501c093e7 tempest-FloatingIPAdminTestJSON-1125387514 tempest-FloatingIPAdminTestJSON-1125387514-project] Network 8432c318-e182-470d-9938-75216dfb4d97 is already hosted by enough agents. {{(pid=115132) _get_dhcp_agents_hosting_network /opt/stack/neutron/neutron/scheduler/dhcp_agent_scheduler.py:275}}
Nov 29 05:43:32.882558 dv-neutron-819101-2-hyperv neutron-server[115132]: DEBUG neutron.scheduler.base_scheduler [None req-d0fcd4c6-6060-467c-8b92-fbd501c093e7 tempest-FloatingIPAdminTestJSON-1125387514 tempest-FloatingIPAdminTestJSON-1125387514-project] Resources bound (agent type, host, resource id): {{(pid=115132) schedule /opt/stack/neutron/neutron/scheduler/base_scheduler.py:57}}
Nov 29 05:43:32.885959 dv-neutron-819101-2-hyperv neutron-server[115132]: DEBUG neutron.db.l3_dvrscheduler_db [None req-d0fcd4c6-6060-467c-8b92-fbd501c093e7 tempest-FloatingIPAdminTestJSON-1125387514 tempest-FloatingIPAdminTestJSON-1125387514-project] Received port after_create {{(pid=115132) _notify_l3_agent_new_port /opt/stack/neutron/neutron/db/l3_dvrscheduler_db.py:535}}
Nov 29 05:43:32.894204 dv-neutron-819101-2-hyperv neutron-server[115132]: DEBUG neutron_lib.callbacks.manager [None req-a511d136-7d9f-4c63-bf79-90e27cb4248a tempest-ExternalNetworksTestJSON-1307944891 tempest-ExternalNetworksTestJSON-1307944891-project-admin] Subscribe: > segment before_delete 55550000 {{(pid=115132) subscribe /usr/local/lib/python3.8/dist-packages/neutron_lib/callbacks/manager.py:45}}
Nov 29 05:43:32.894585 dv-neutron-819101-2-hyperv neutron-server[115132]: DEBUG neutron_lib.callbacks.manager [None req-a511d136-7d9f-4c63-bf79-90e27cb4248a tempest-ExternalNetworksTestJSON-1307944891 tempest-ExternalNetworksTestJSON-1307944891-project-admin] Subscribe: > subnet precommit_delete_associations 55550000 {{(pid=115132) subscribe /usr/local/lib/python3.8/dist-packages/neutron_lib/callbacks/manager.py:45}}
Nov 29 05:43:32.895343 dv-neutron-819101-2-hyperv neutron-server[115132]: DEBUG neutron_lib.callbacks.manager [None req-a511d136-7d9f-4c63-bf79-90e27cb4248a tempest-ExternalNetworksTestJSON-1307944891 tempest-ExternalNetworksTestJSON-1307944891-project-admin] Subscribe: > segment_host_mapping after_create 55550000 {{(pid=115132) subscribe /usr/local/lib/python3.8/dist-packages/neutron_lib/callbacks/manager.py:45}}
Nov 29 05:43:32.895669 dv-neutron-819101-2-hyperv neutron-server[115132]: DEBUG neutron_lib.callbacks.manager [None req-a511d136-7d9f-4c63-bf79-90e27cb4248a tempest-ExternalNetworksTestJSON-1307944891 tempest-ExternalNetworksTestJSON-1307944891-project-admin] Subscribe: > port after_create 55550000 {{(pid=115132) subscribe /usr/local/lib/python3.8/dist-packages/neutron_lib/callbacks/manager.py:45}}
Nov 29 05:43:32.896030 dv-neutron-819101-2-hyperv neutron-server[115132]: DEBUG neutron_lib.callbacks.manager [None req-a511d136-7d9f-4c63-bf79-90e27cb4248a tempest-ExternalNetworksTestJSON-1307944891 tempest-ExternalNetworksTestJSON-1307944891-project-admin] Subscribe: > port after_delete 55550000 {{(pid=115132) subscribe /usr/local/lib/python3.8/dist-packages/neutron_lib/callbacks/manager.py:45}}
Nov 29 05:43:32.896349 dv-neutron-819101-2-hyperv neutron-server[115132]: DEBUG neutron_lib.callbacks.manager [None req-a511d136-7d9f-4c63-bf79-90e27cb4248a tempest-ExternalNetworksTestJSON-1307944891 tempest-ExternalNetworksTestJSON-1307944891-project-admin] Subscribe: > port after_update 55550000 {{(pid=115132) subscribe /usr/local/lib/python3.8/dist-packages/neutron_lib/callbacks/manager.py:45}}
Nov 29 05:43:32.896681 dv-neutron-819101-2-hyperv neutron-server[115132]: DEBUG neutron_lib.callbacks.manager [None req-a511d136-7d9f-4c63-bf79-90e27cb4248a tempest-ExternalNetworksTestJSON-1307944891 tempest-ExternalNetworksTestJSON-1307944891-project-admin] Subscribe: > segment after_delete 55550000 {{(pid=115132) subscribe /usr/local/lib/python3.8/dist-packages/neutron_lib/callbacks/manager.py:45}}
Nov 29 05:43:32.897002 dv-neutron-819101-2-hyperv neutron-server[115132]: DEBUG neutron_lib.callbacks.manager [None req-a511d136-7d9f-4c63-bf79-90e27cb4248a tempest-ExternalNetworksTestJSON-1307944891 tempest-ExternalNetworksTestJSON-1307944891-project-admin] Subscribe: > subnet after_create 55550000 {{(pid=115132) subscribe /usr/local/lib/python3.8/dist-packages/neutron_lib/callbacks/manager.py:45}}
Nov 29 05:43:32.897322 dv-neutron-819101-2-hyperv neutron-server[115132]: DEBUG neutron_lib.callbacks.manager [None req-a511d136-7d9f-4c63-bf79-90e27cb4248a tempest-ExternalNetworksTestJSON-1307944891 tempest-ExternalNetworksTestJSON-1307944891-project-admin] Subscribe: > subnet after_delete 55550000 {{(pid=115132) subscribe /usr/local/lib/python3.8/dist-packages/neutron_lib/callbacks/manager.py:45}}
Nov 29 05:43:32.897627 dv-neutron-819101-2-hyperv neutron-server[115132]: DEBUG neutron_lib.callbacks.manager [None req-a511d136-7d9f-4c63-bf79-90e27cb4248a tempest-ExternalNetworksTestJSON-1307944891 tempest-ExternalNetworksTestJSON-1307944891-project-admin] Subscribe: > subnet after_update 55550000 {{(pid=115132) subscribe /usr/local/lib/python3.8/dist-packages/neutron_lib/callbacks/manager.py:45}}
Nov 29 05:43:32.979086 dv-neutron-819101-2-hyperv neutron-server[115133]: DEBUG neutron_lib.callbacks.manager [None req-2924badc-a399-436a-a933-f8e708a1c8ea None None] Publish callbacks ['neutron.plugins.ml2.plugin.SecurityGroupDbMixin._ensure_default_security_group_handler-721864'] for port, before_update {{(pid=115133) _notify_loop /usr/local/lib/python3.8/dist-packages/neutron_lib/callbacks/manager.py:175}}
Nov 29 05:43:32.998765 dv-neutron-819101-2-hyperv neutron-server[115133]: DEBUG neutron.db.provisioning_blocks [None req-2acafac3-3c3c-4293-aad8-0a3a73f8425d None None] Provisioning complete for port 7f3adfbf-d51a-45bf-8e57-2abfdee08c88 triggered by entity DHCP. {{(pid=115133) provisioning_complete /opt/stack/neutron/neutron/db/provisioning_blocks.py:139}}
Nov 29 05:43:32.999059 dv-neutron-819101-2-hyperv neutron-server[115133]: DEBUG neutron_lib.callbacks.manager [None req-2acafac3-3c3c-4293-aad8-0a3a73f8425d None None] Publish callbacks ['neutron.plugins.ml2.plugin.Ml2Plugin._port_provisioned-1436453'] for port, provisioning_complete {{(pid=115133) _notify_loop /usr/local/lib/python3.8/dist-packages/neutron_lib/callbacks/manager.py:175}}
Nov 29 05:43:33.005149 dv-neutron-819101-2-hyperv neutron-server[115131]: DEBUG neutron.api.rpc.agentnotifiers.l3_rpc_agent_api [None req-edc9bf6a-2d79-459c-bff2-29358a419462 admin admin] Notify agent at l3_agent.dv-neutron-819101-2-hyperv the message routers_updated {{(pid=115131) _agent_notification /opt/stack/neutron/neutron/api/rpc/agentnotifiers/l3_rpc_agent_api.py:65}}
Nov 29 05:43:33.011975 dv-neutron-819101-2-hyperv neutron-server[115134]: DEBUG neutron_lib.callbacks.manager [None req-d502168d-e8d5-49be-9b44-2afcb2b85e35 None None] Publish callbacks [] for port, precommit_update {{(pid=115134) _notify_loop /usr/local/lib/python3.8/dist-packages/neutron_lib/callbacks/manager.py:175}}
Nov 29 05:43:33.019390 dv-neutron-819101-2-hyperv neutron-server[115134]: DEBUG neutron_lib.callbacks.manager [None req-d502168d-e8d5-49be-9b44-2afcb2b85e35 None None] Publish callbacks ['neutron.plugins.ml2.plugin.SecurityGroupServerNotifierRpcMixin._notify_sg_on_port_change-721673', 'neutron.plugins.ml2.ovo_rpc._ObjectChangeHandler.handle_event-218231', 'neutron.api.rpc.agentnotifiers.dhcp_rpc_agent_api.DhcpAgentNotifyAPI._native_event_send_dhcp_notification-1620185', 'neutron.db.l3_db.L3RpcNotifierMixin._notify_gateway_port_ip_changed-8782399752313', 'neutron.db.l3_dvrscheduler_db._notify_l3_agent_port_update-8782399267575', 'neutron.db.l3_hascheduler_db._notify_l3_agent_ha_port_update-8782399263757'] for port, after_update {{(pid=115134) _notify_loop /usr/local/lib/python3.8/dist-packages/neutron_lib/callbacks/manager.py:175}}
Nov 29 05:43:33.024959 dv-neutron-819101-2-hyperv neutron-server[115131]: INFO neutron.wsgi [None req-edc9bf6a-2d79-459c-bff2-29358a419462 admin admin] 10.222.0.11 "PUT /v2.0/routers/e0906fda-d48b-4a49-b081-db5eed492321/add_router_interface HTTP/1.1" status: 200 len: 503 time: 3.4712582
Nov 29 05:43:33.082509 dv-neutron-819101-2-hyperv neutron-server[115134]: DEBUG neutron.plugins.ml2.managers [None req-d502168d-e8d5-49be-9b44-2afcb2b85e35 None None] Attempting to bind port db50f0f6-21a5-4931-b38c-17af47da0a4c on host dv-neutron-819101-2-hyperv for vnic_type normal with profile {{(pid=115134) bind_port /opt/stack/neutron/neutron/plugins/ml2/managers.py:795}}
Nov 29 05:43:33.082874 dv-neutron-819101-2-hyperv neutron-server[115134]: DEBUG neutron.plugins.ml2.managers [None req-d502168d-e8d5-49be-9b44-2afcb2b85e35 None None] Attempting to bind port db50f0f6-21a5-4931-b38c-17af47da0a4c by drivers openvswitch,hyperv on host dv-neutron-819101-2-hyperv at level 0 using segments [{'id': '5be07db8-9f14-4aff-a56a-be63f3707df3', 'network_type': 'flat', 'physical_network': 'physnet1', 'segmentation_id': None, 'network_id': '8432c318-e182-470d-9938-75216dfb4d97'}] {{(pid=115134) _bind_port_level /opt/stack/neutron/neutron/plugins/ml2/managers.py:820}}
Nov 29 05:43:33.083388 dv-neutron-819101-2-hyperv neutron-server[115134]: DEBUG neutron.plugins.ml2.drivers.mech_agent [None req-d502168d-e8d5-49be-9b44-2afcb2b85e35 None None] Attempting to bind port db50f0f6-21a5-4931-b38c-17af47da0a4c on network 8432c318-e182-470d-9938-75216dfb4d97 {{(pid=115134) bind_port /opt/stack/neutron/neutron/plugins/ml2/drivers/mech_agent.py:91}}
Nov 29 05:43:33.087348 dv-neutron-819101-2-hyperv neutron-server[115134]: DEBUG neutron.api.rpc.handlers.resources_rpc [None req-ab373001-546d-4b01-9fa6-0709f3ff2dab None None] Pushing event updated for resources: {'Port': ['ID=db50f0f6-21a5-4931-b38c-17af47da0a4c,revision_number=2']} {{(pid=115134) push /opt/stack/neutron/neutron/api/rpc/handlers/resources_rpc.py:237}}
Nov 29 05:43:33.093267 dv-neutron-819101-2-hyperv neutron-server[115134]: DEBUG neutron.plugins.ml2.drivers.mech_agent [None req-d502168d-e8d5-49be-9b44-2afcb2b85e35 None None] Checking agent: {'id': '7b549aad-7c27-4548-afcf-7522dfe89af0', 'agent_type': 'Open vSwitch agent', 'binary': 'neutron-openvswitch-agent', 'topic': 'N/A', 'host': 'dv-neutron-819101-2-hyperv', 'admin_state_up': True, 'created_at': datetime.datetime(2021, 11, 29, 5, 36, 20), 'started_at': datetime.datetime(2021, 11, 29, 5, 36, 50), 'heartbeat_timestamp': datetime.datetime(2021, 11, 29, 5, 43, 20), 'description': None, 'resources_synced': None, 'availability_zone': None, 'alive': True, 'configurations': {'arp_responder_enabled': False, 'baremetal_smartnic': False, 'bridge_mappings': {'physnet1': 'br-data'}, 'datapath_type': 'system', 'devices': 0, 'enable_distributed_routing': False, 'extensions': [], 'in_distributed_mode': False, 'integration_bridge': 'br-int', 'l2_population': False, 'log_agent_heartbeats': False, 'ovs_capabilities': {'datapath_types': ['netdev', 'system'], 'iface_types': ['erspan', 'geneve', 'gre', 'internal', 'ip6erspan', 'ip6gre', 'lisp', 'patch', 'stt', 'system', 'tap', 'vxlan']}, 'ovs_hybrid_plug': False, 'resource_provider_bandwidths': {}, 'resource_provider_hypervisors': {'br-data': 'dv-neutron-819101-2-hyperv'}, 'resource_provider_inventory_defaults': {'allocation_ratio': 1.0, 'min_unit': 1, 'step_size': 1, 'reserved': 0}, 'resource_provider_packet_processing_inventory_defaults': {'allocation_ratio': 1.0, 'min_unit': 1, 'step_size': 1, 'reserved': 0}, 'resource_provider_packet_processing_with_direction': {}, 'resource_provider_packet_processing_without_direction': {}, 'tunnel_types': [], 'tunneling_ip': None, 'vhostuser_socket_dir': '/var/run/openvswitch'}, 'resource_versions': {'AddressGroup': '1.2', 'ConntrackHelper': '1.0', 'Log': '1.0', 'Network': '1.1', 'Port': '1.7', 'PortForwarding': '1.2', 'QosPolicy': '1.10', 'SecurityGroup': '1.5', 'SecurityGroupRule': '1.2', 'SubPort': '1.0', 'Subnet': '1.1', 'Trunk': '1.1'}} {{(pid=115134) bind_port /opt/stack/neutron/neutron/plugins/ml2/drivers/mech_agent.py:110}}
Nov 29 05:43:33.093895 dv-neutron-819101-2-hyperv neutron-server[115134]: DEBUG neutron.plugins.ml2.drivers.mech_agent [None req-d502168d-e8d5-49be-9b44-2afcb2b85e35 None None] Checking segment: {'id': '5be07db8-9f14-4aff-a56a-be63f3707df3', 'network_type': 'flat', 'physical_network': 'physnet1', 'segmentation_id': None, 'network_id': '8432c318-e182-470d-9938-75216dfb4d97'} for mappings: {'physnet1': 'br-data'} with network types: ['local', 'flat', 'vlan'] {{(pid=115134) check_segment_for_agent /opt/stack/neutron/neutron/plugins/ml2/drivers/mech_agent.py:371}}
Nov 29 05:43:33.094437 dv-neutron-819101-2-hyperv neutron-server[115134]: DEBUG neutron_lib.callbacks.manager [None req-d502168d-e8d5-49be-9b44-2afcb2b85e35 None None] Publish callbacks [] for ovs_bridge_name, before_read {{(pid=115134) _notify_loop /usr/local/lib/python3.8/dist-packages/neutron_lib/callbacks/manager.py:175}}
Nov 29 05:43:33.094975 dv-neutron-819101-2-hyperv neutron-server[115134]: DEBUG neutron.plugins.ml2.drivers.mech_agent [None req-d502168d-e8d5-49be-9b44-2afcb2b85e35 None None] Bound using segment: {'id': '5be07db8-9f14-4aff-a56a-be63f3707df3', 'network_type': 'flat', 'physical_network': 'physnet1', 'segmentation_id': None, 'network_id': '8432c318-e182-470d-9938-75216dfb4d97'} {{(pid=115134) bind_port /opt/stack/neutron/neutron/plugins/ml2/drivers/mech_agent.py:120}}
Nov 29 05:43:33.096187 dv-neutron-819101-2-hyperv neutron-server[115134]: DEBUG neutron.plugins.ml2.managers [None req-d502168d-e8d5-49be-9b44-2afcb2b85e35 None None] Bound port: db50f0f6-21a5-4931-b38c-17af47da0a4c, host: dv-neutron-819101-2-hyperv, vif_type: ovs, vif_details: {"connectivity": "l2", "port_filter": true, "ovs_hybrid_plug": false, "datapath_type": "system", "bridge_name": "br-int"}, binding_levels: [{'bound_driver': 'openvswitch', 'bound_segment': {'id': '5be07db8-9f14-4aff-a56a-be63f3707df3', 'network_type': 'flat', 'physical_network': 'physnet1', 'segmentation_id': None, 'network_id': '8432c318-e182-470d-9938-75216dfb4d97'}}] {{(pid=115134) _bind_port_level /opt/stack/neutron/neutron/plugins/ml2/managers.py:932}}
Nov 29 05:43:33.096711 dv-neutron-819101-2-hyperv neutron-server[115134]: DEBUG neutron_lib.callbacks.manager [None req-d502168d-e8d5-49be-9b44-2afcb2b85e35 None None] Publish callbacks ['neutron.plugins.ml2.plugin.SecurityGroupDbMixin._ensure_default_security_group_handler-721864'] for port, before_update {{(pid=115134) _notify_loop /usr/local/lib/python3.8/dist-packages/neutron_lib/callbacks/manager.py:175}}
Nov 29 05:43:33.103133 dv-neutron-819101-2-hyperv neutron-server[115134]: DEBUG neutron.api.rpc.callbacks.version_manager [None req-ab373001-546d-4b01-9fa6-0709f3ff2dab None None] Version for resource type AddressGroup changed None to 1.2 on consumer Open vSwitch agent@dv-neutron-819101-2-hyperv {{(pid=115134) _set_version /opt/stack/neutron/neutron/api/rpc/callbacks/version_manager.py:113}}
Nov 29 05:43:33.103753 dv-neutron-819101-2-hyperv neutron-server[115134]: DEBUG neutron.api.rpc.callbacks.version_manager [None req-ab373001-546d-4b01-9fa6-0709f3ff2dab None None] Version for resource type ConntrackHelper changed None to 1.0 on consumer Open vSwitch agent@dv-neutron-819101-2-hyperv {{(pid=115134) _set_version /opt/stack/neutron/neutron/api/rpc/callbacks/version_manager.py:113}}
Nov 29 05:43:33.104805 dv-neutron-819101-2-hyperv neutron-server[115134]: DEBUG neutron.api.rpc.callbacks.version_manager [None req-ab373001-546d-4b01-9fa6-0709f3ff2dab None None] Version for resource type Log changed None to 1.0 on consumer Open vSwitch agent@dv-neutron-819101-2-hyperv {{(pid=115134) _set_version /opt/stack/neutron/neutron/api/rpc/callbacks/version_manager.py:113}}
Nov 29 05:43:33.105321 dv-neutron-819101-2-hyperv neutron-server[115134]: DEBUG neutron.api.rpc.callbacks.version_manager [None req-ab373001-546d-4b01-9fa6-0709f3ff2dab None None] Version for resource type Network changed None to 1.1 on consumer Open vSwitch agent@dv-neutron-819101-2-hyperv {{(pid=115134) _set_version /opt/stack/neutron/neutron/api/rpc/callbacks/version_manager.py:113}}
Nov 29 05:43:33.105826 dv-neutron-819101-2-hyperv neutron-server[115134]: DEBUG neutron.api.rpc.callbacks.version_manager [None req-ab373001-546d-4b01-9fa6-0709f3ff2dab None None] Version for resource type Port changed None to 1.7 on consumer Open vSwitch agent@dv-neutron-819101-2-hyperv {{(pid=115134) _set_version /opt/stack/neutron/neutron/api/rpc/callbacks/version_manager.py:113}}
Nov 29 05:43:33.106343 dv-neutron-819101-2-hyperv neutron-server[115134]: DEBUG neutron.api.rpc.callbacks.version_manager [None req-ab373001-546d-4b01-9fa6-0709f3ff2dab None None] Version for resource type PortForwarding changed None to 1.2 on consumer Open vSwitch agent@dv-neutron-819101-2-hyperv {{(pid=115134) _set_version /opt/stack/neutron/neutron/api/rpc/callbacks/version_manager.py:113}}
Nov 29 05:43:33.106846 dv-neutron-819101-2-hyperv neutron-server[115134]: DEBUG neutron.api.rpc.callbacks.version_manager [None req-ab373001-546d-4b01-9fa6-0709f3ff2dab None None] Version for resource type QosPolicy changed None to 1.10 on consumer Open vSwitch agent@dv-neutron-819101-2-hyperv {{(pid=115134) _set_version /opt/stack/neutron/neutron/api/rpc/callbacks/version_manager.py:113}}
Nov 29 05:43:33.107368 dv-neutron-819101-2-hyperv neutron-server[115134]: DEBUG neutron.api.rpc.callbacks.version_manager [None req-ab373001-546d-4b01-9fa6-0709f3ff2dab None None] Version for resource type SecurityGroup changed None to 1.5 on consumer Open vSwitch agent@dv-neutron-819101-2-hyperv {{(pid=115134) _set_version /opt/stack/neutron/neutron/api/rpc/callbacks/version_manager.py:113}}
Nov 29 05:43:33.107909 dv-neutron-819101-2-hyperv neutron-server[115134]: DEBUG neutron.api.rpc.callbacks.version_manager [None req-ab373001-546d-4b01-9fa6-0709f3ff2dab None None] Version for resource type SecurityGroupRule changed None to 1.2 on consumer Open vSwitch agent@dv-neutron-819101-2-hyperv {{(pid=115134) _set_version /opt/stack/neutron/neutron/api/rpc/callbacks/version_manager.py:113}}
Nov 29 05:43:33.108405 dv-neutron-819101-2-hyperv neutron-server[115134]: DEBUG neutron.api.rpc.callbacks.version_manager [None req-ab373001-546d-4b01-9fa6-0709f3ff2dab None None] Version for resource type SubPort changed None to 1.0 on consumer Open vSwitch agent@dv-neutron-819101-2-hyperv {{(pid=115134) _set_version /opt/stack/neutron/neutron/api/rpc/callbacks/version_manager.py:113}}
Nov 29 05:43:33.108892 dv-neutron-819101-2-hyperv neutron-server[115134]: DEBUG neutron.api.rpc.callbacks.version_manager [None req-ab373001-546d-4b01-9fa6-0709f3ff2dab None None] Version for resource type Subnet changed None to 1.1 on consumer Open vSwitch agent@dv-neutron-819101-2-hyperv {{(pid=115134) _set_version /opt/stack/neutron/neutron/api/rpc/callbacks/version_manager.py:113}}
Nov 29 05:43:33.109512 dv-neutron-819101-2-hyperv neutron-server[115134]: DEBUG neutron.api.rpc.callbacks.version_manager [None req-ab373001-546d-4b01-9fa6-0709f3ff2dab None None] Version for resource type Trunk changed None to 1.1 on consumer Open vSwitch agent@dv-neutron-819101-2-hyperv {{(pid=115134) _set_version /opt/stack/neutron/neutron/api/rpc/callbacks/version_manager.py:113}}
Nov 29 05:43:33.110808 dv-neutron-819101-2-hyperv neutron-server[115134]: DEBUG neutron.api.rpc.callbacks.version_manager [None req-ab373001-546d-4b01-9fa6-0709f3ff2dab None None] Tracked resource versions report:
Nov 29 05:43:33.110808 dv-neutron-819101-2-hyperv neutron-server[115134]: pushed versions:
Nov 29 05:43:33.110808 dv-neutron-819101-2-hyperv neutron-server[115134]: { 'AddressGroup': {'1.2'},
Nov 29 05:43:33.110808 dv-neutron-819101-2-hyperv neutron-server[115134]: 'ConntrackHelper': {'1.0'},
Nov 29 05:43:33.110808 dv-neutron-819101-2-hyperv neutron-server[115134]: 'Log': {'1.0'},
Nov 29 05:43:33.110808 dv-neutron-819101-2-hyperv neutron-server[115134]: 'Network': {'1.1'},
Nov 29 05:43:33.110808 dv-neutron-819101-2-hyperv neutron-server[115134]: 'Port': {'1.7'},
Nov 29 05:43:33.110808 dv-neutron-819101-2-hyperv neutron-server[115134]: 'PortForwarding': {'1.2'},
Nov 29 05:43:33.110808 dv-neutron-819101-2-hyperv neutron-server[115134]: 'QosPolicy': {'1.10'},
Nov 29 05:43:33.110808 dv-neutron-819101-2-hyperv neutron-server[115134]: 'SecurityGroup': {'1.5'},
Nov 29 05:43:33.110808 dv-neutron-819101-2-hyperv neutron-server[115134]: 'SecurityGroupRule': {'1.2'},
Nov 29 05:43:33.110808 dv-neutron-819101-2-hyperv neutron-server[115134]: 'SubPort': {'1.0'},
Nov 29 05:43:33.110808 dv-neutron-819101-2-hyperv neutron-server[115134]: 'Subnet': {'1.1'},
Nov 29 05:43:33.110808 dv-neutron-819101-2-hyperv neutron-server[115134]: 'Trunk': {'1.1'}}
Nov 29 05:43:33.110808 dv-neutron-819101-2-hyperv neutron-server[115134]: consumer versions:
Nov 29 05:43:33.110808 dv-neutron-819101-2-hyperv neutron-server[115134]: { DHCP agent@dv-neutron-819101-2-hyperv: {},
Nov 29 05:43:33.110808 dv-neutron-819101-2-hyperv neutron-server[115134]: HyperV agent@hv-neutron-8191: {},
Nov 29 05:43:33.110808 dv-neutron-819101-2-hyperv neutron-server[115134]: L3 agent@dv-neutron-819101-2-hyperv: {},
Nov 29 05:43:33.110808 dv-neutron-819101-2-hyperv neutron-server[115134]: Metadata agent@dv-neutron-819101-2-hyperv: {},
Nov 29 05:43:33.110808 dv-neutron-819101-2-hyperv neutron-server[115134]: Metering agent@dv-neutron-819101-2-hyperv: {},
Nov 29 05:43:33.110808 dv-neutron-819101-2-hyperv neutron-server[115134]: Open vSwitch agent@dv-neutron-819101-2-hyperv: { 'AddressGroup': '1.2',
Nov 29 05:43:33.110808 dv-neutron-819101-2-hyperv neutron-server[115134]: 'ConntrackHelper': '1.0',
Nov 29 05:43:33.110808 dv-neutron-819101-2-hyperv neutron-server[115134]: 'Log': '1.0',
Nov 29 05:43:33.110808 dv-neutron-819101-2-hyperv neutron-server[115134]: 'Network': '1.1',
Nov 29 05:43:33.110808 dv-neutron-819101-2-hyperv neutron-server[115134]: 'Port': '1.7',
Nov 29 05:43:33.110808 dv-neutron-819101-2-hyperv neutron-server[115134]: 'PortForwarding': '1.2',
Nov 29 05:43:33.110808 dv-neutron-819101-2-hyperv neutron-server[115134]: 'QosPolicy': '1.10',
