Nov 29 05:44:08.881310 dv-neutron-819101-2-hyperv neutron-server[115131]: DEBUG neutron.scheduler.dhcp_agent_scheduler [None req-86133206-5734-4b80-9d92-45ab0d832430 tempest-PortsAdminExtendedAttrsTestJSON-437301592 tempest-PortsAdminExtendedAttrsTestJSON-437301592-project-admin] Network 9fc02523-5c6c-46e1-92ca-66152b978cc6 is scheduled to be hosted by DHCP agent 932f5ac3-9a8e-48d2-90a2-a7dd6d517407 with binding_index 1 {{(pid=115131) bind /opt/stack/neutron/neutron/scheduler/dhcp_agent_scheduler.py:227}}
Nov 29 05:44:08.940865 dv-neutron-819101-2-hyperv neutron-server[115131]: DEBUG neutron.scheduler.base_scheduler [None req-86133206-5734-4b80-9d92-45ab0d832430 tempest-PortsAdminExtendedAttrsTestJSON-437301592 tempest-PortsAdminExtendedAttrsTestJSON-437301592-project-admin] Resources bound (agent type, host, resource id): (DHCP agent, dv-neutron-819101-2-hyperv, 9fc02523-5c6c-46e1-92ca-66152b978cc6) {{(pid=115131) schedule /opt/stack/neutron/neutron/scheduler/base_scheduler.py:57}}
Nov 29 05:44:08.942748 dv-neutron-819101-2-hyperv neutron-server[115131]: DEBUG neutron_lib.callbacks.manager [None req-89ae88ae-2d1a-4206-b694-56f59780e928 tempest-AllowedAddressPairIpV6TestJSON-896622174 tempest-AllowedAddressPairIpV6TestJSON-896622174-project] Publish callbacks ['neutron.notifiers.nova.Notifier._send_nova_notification-141591'] for port, before_response {{(pid=115131) _notify_loop /usr/local/lib/python3.8/dist-packages/neutron_lib/callbacks/manager.py:175}}
Nov 29 05:44:08.946042 dv-neutron-819101-2-hyperv neutron-server[115131]: INFO neutron.wsgi [None req-89ae88ae-2d1a-4206-b694-56f59780e928 tempest-AllowedAddressPairIpV6TestJSON-896622174 tempest-AllowedAddressPairIpV6TestJSON-896622174-project] 10.222.0.11 "DELETE /v2.0/ports/6122ffa1-6a67-4f25-8d71-f0dc753109a8 HTTP/1.1" status: 204 len: 168 time: 1.6208010
Nov 29 05:44:08.950825 dv-neutron-819101-2-hyperv neutron-server[115132]: DEBUG neutron.wsgi [-] (115132) accepted ('10.222.0.11', 44696) {{(pid=115132) server /usr/local/lib/python3.8/dist-packages/eventlet/wsgi.py:1004}}
Nov 29 05:44:08.956642 dv-neutron-819101-2-hyperv neutron-server[115133]: DEBUG neutron.api.rpc.handlers.dhcp_rpc [None req-f062fabb-5666-4f6f-83a9-e44da48f7fd5 None None] Network 9fc02523-5c6c-46e1-92ca-66152b978cc6 requested from dv-neutron-819101-2-hyperv {{(pid=115133) get_network_info /opt/stack/neutron/neutron/api/rpc/handlers/dhcp_rpc.py:218}}
Nov 29 05:44:08.961629 dv-neutron-819101-2-hyperv neutron-server[115131]: DEBUG neutron.db.l3_dvrscheduler_db [None req-86133206-5734-4b80-9d92-45ab0d832430 tempest-PortsAdminExtendedAttrsTestJSON-437301592 tempest-PortsAdminExtendedAttrsTestJSON-437301592-project-admin] Received port after_create {{(pid=115131) _notify_l3_agent_new_port /opt/stack/neutron/neutron/db/l3_dvrscheduler_db.py:535}}
Nov 29 05:44:09.003394 dv-neutron-819101-2-hyperv neutron-server[115131]: INFO neutron.wsgi [req-eb913050-d104-488f-9bb1-8e3bcd4ccfa2 req-0786f093-c8bf-43c8-956c-3b712b4951b9 tempest-ServersTestJSON-1475783209 tempest-ServersTestJSON-1475783209-project] 10.222.0.11 "GET /v2.0/security-groups?id=70f25f36-a728-4fc2-a1af-28e2d4c3dade&fields=id&fields=name HTTP/1.1" status: 200 len: 311 time: 0.1851995
Nov 29 05:44:09.007525 dv-neutron-819101-2-hyperv neutron-server[115131]: DEBUG neutron.plugins.ml2.managers [None req-86133206-5734-4b80-9d92-45ab0d832430 tempest-PortsAdminExtendedAttrsTestJSON-437301592 tempest-PortsAdminExtendedAttrsTestJSON-437301592-project-admin] Attempting to bind port 12169c31-69c5-411a-8c5d-6276e844366a on host hv-neutron-8191 for vnic_type normal with profile {{(pid=115131) bind_port /opt/stack/neutron/neutron/plugins/ml2/managers.py:795}}
Nov 29 05:44:09.007919 dv-neutron-819101-2-hyperv neutron-server[115131]: DEBUG neutron.plugins.ml2.managers [None req-86133206-5734-4b80-9d92-45ab0d832430 tempest-PortsAdminExtendedAttrsTestJSON-437301592 tempest-PortsAdminExtendedAttrsTestJSON-437301592-project-admin] Attempting to bind port 12169c31-69c5-411a-8c5d-6276e844366a by drivers openvswitch,hyperv on host hv-neutron-8191 at level 0 using segments [{'id': 'fec95988-1522-48e4-8e64-532a6207ac77', 'network_type': 'vlan', 'physical_network': 'physnet1', 'segmentation_id': 544, 'network_id': '9fc02523-5c6c-46e1-92ca-66152b978cc6'}] {{(pid=115131) _bind_port_level /opt/stack/neutron/neutron/plugins/ml2/managers.py:820}}
Nov 29 05:44:09.008295 dv-neutron-819101-2-hyperv neutron-server[115131]: DEBUG neutron.plugins.ml2.drivers.mech_agent [None req-86133206-5734-4b80-9d92-45ab0d832430 tempest-PortsAdminExtendedAttrsTestJSON-437301592 tempest-PortsAdminExtendedAttrsTestJSON-437301592-project-admin] Attempting to bind port 12169c31-69c5-411a-8c5d-6276e844366a on network 9fc02523-5c6c-46e1-92ca-66152b978cc6 {{(pid=115131) bind_port /opt/stack/neutron/neutron/plugins/ml2/drivers/mech_agent.py:91}}
Nov 29 05:44:09.034360 dv-neutron-819101-2-hyperv neutron-server[115131]: DEBUG neutron.plugins.ml2.drivers.mech_agent [None req-86133206-5734-4b80-9d92-45ab0d832430 tempest-PortsAdminExtendedAttrsTestJSON-437301592 tempest-PortsAdminExtendedAttrsTestJSON-437301592-project-admin] Port 12169c31-69c5-411a-8c5d-6276e844366a on network 9fc02523-5c6c-46e1-92ca-66152b978cc6 not bound, no agent of type Open vSwitch agent registered on host hv-neutron-8191 {{(pid=115131) bind_port /opt/stack/neutron/neutron/plugins/ml2/drivers/mech_agent.py:103}}
Nov 29 05:44:09.034699 dv-neutron-819101-2-hyperv neutron-server[115131]: ERROR neutron.plugins.ml2.managers [None req-86133206-5734-4b80-9d92-45ab0d832430 tempest-PortsAdminExtendedAttrsTestJSON-437301592 tempest-PortsAdminExtendedAttrsTestJSON-437301592-project-admin] Failed to bind port 12169c31-69c5-411a-8c5d-6276e844366a on host hv-neutron-8191 for vnic_type normal using segments [{'id': 'fec95988-1522-48e4-8e64-532a6207ac77', 'network_type': 'vlan', 'physical_network': 'physnet1', 'segmentation_id': 544, 'network_id': '9fc02523-5c6c-46e1-92ca-66152b978cc6'}]
Nov 29 05:44:09.084613 dv-neutron-819101-2-hyperv neutron-server[115131]: INFO neutron.plugins.ml2.plugin [None req-86133206-5734-4b80-9d92-45ab0d832430 tempest-PortsAdminExtendedAttrsTestJSON-437301592 tempest-PortsAdminExtendedAttrsTestJSON-437301592-project-admin] Attempt 2 to bind port 12169c31-69c5-411a-8c5d-6276e844366a
Nov 29 05:44:09.107595 dv-neutron-819101-2-hyperv neutron-server[115131]: DEBUG neutron.plugins.ml2.managers [None req-86133206-5734-4b80-9d92-45ab0d832430 tempest-PortsAdminExtendedAttrsTestJSON-437301592 tempest-PortsAdminExtendedAttrsTestJSON-437301592-project-admin] Attempting to bind port 12169c31-69c5-411a-8c5d-6276e844366a on host hv-neutron-8191 for vnic_type normal with profile {{(pid=115131) bind_port /opt/stack/neutron/neutron/plugins/ml2/managers.py:795}}
Nov 29 05:44:09.108191 dv-neutron-819101-2-hyperv neutron-server[115131]: DEBUG neutron.plugins.ml2.managers [None req-86133206-5734-4b80-9d92-45ab0d832430 tempest-PortsAdminExtendedAttrsTestJSON-437301592 tempest-PortsAdminExtendedAttrsTestJSON-437301592-project-admin] Attempting to bind port 12169c31-69c5-411a-8c5d-6276e844366a by drivers openvswitch,hyperv on host hv-neutron-8191 at level 0 using segments [{'id': 'fec95988-1522-48e4-8e64-532a6207ac77', 'network_type': 'vlan', 'physical_network': 'physnet1', 'segmentation_id': 544, 'network_id': '9fc02523-5c6c-46e1-92ca-66152b978cc6'}] {{(pid=115131) _bind_port_level /opt/stack/neutron/neutron/plugins/ml2/managers.py:820}}
Nov 29 05:44:09.108669 dv-neutron-819101-2-hyperv neutron-server[115131]: DEBUG neutron.plugins.ml2.drivers.mech_agent [None req-86133206-5734-4b80-9d92-45ab0d832430 tempest-PortsAdminExtendedAttrsTestJSON-437301592 tempest-PortsAdminExtendedAttrsTestJSON-437301592-project-admin] Attempting to bind port 12169c31-69c5-411a-8c5d-6276e844366a on network 9fc02523-5c6c-46e1-92ca-66152b978cc6 {{(pid=115131) bind_port /opt/stack/neutron/neutron/plugins/ml2/drivers/mech_agent.py:91}}
Nov 29 05:44:09.115813 dv-neutron-819101-2-hyperv neutron-server[115131]: DEBUG neutron.plugins.ml2.drivers.mech_agent [None req-86133206-5734-4b80-9d92-45ab0d832430 tempest-PortsAdminExtendedAttrsTestJSON-437301592 tempest-PortsAdminExtendedAttrsTestJSON-437301592-project-admin] Port 12169c31-69c5-411a-8c5d-6276e844366a on network 9fc02523-5c6c-46e1-92ca-66152b978cc6 not bound, no agent of type Open vSwitch agent registered on host hv-neutron-8191 {{(pid=115131) bind_port /opt/stack/neutron/neutron/plugins/ml2/drivers/mech_agent.py:103}}
Nov 29 05:44:09.116359 dv-neutron-819101-2-hyperv neutron-server[115131]: ERROR neutron.plugins.ml2.managers [None req-86133206-5734-4b80-9d92-45ab0d832430 tempest-PortsAdminExtendedAttrsTestJSON-437301592 tempest-PortsAdminExtendedAttrsTestJSON-437301592-project-admin] Failed to bind port 12169c31-69c5-411a-8c5d-6276e844366a on host hv-neutron-8191 for vnic_type normal using segments [{'id': 'fec95988-1522-48e4-8e64-532a6207ac77', 'network_type': 'vlan', 'physical_network': 'physnet1', 'segmentation_id': 544, 'network_id': '9fc02523-5c6c-46e1-92ca-66152b978cc6'}]
Nov 29 05:44:09.118655 dv-neutron-819101-2-hyperv neutron-server[115131]: INFO neutron.plugins.ml2.plugin [None req-86133206-5734-4b80-9d92-45ab0d832430 tempest-PortsAdminExtendedAttrsTestJSON-437301592 tempest-PortsAdminExtendedAttrsTestJSON-437301592-project-admin] Attempt 3 to bind port 12169c31-69c5-411a-8c5d-6276e844366a
Nov 29 05:44:09.169403 dv-neutron-819101-2-hyperv neutron-server[115131]: DEBUG neutron.plugins.ml2.managers [None req-86133206-5734-4b80-9d92-45ab0d832430 tempest-PortsAdminExtendedAttrsTestJSON-437301592 tempest-PortsAdminExtendedAttrsTestJSON-437301592-project-admin] Attempting to bind port 12169c31-69c5-411a-8c5d-6276e844366a on host hv-neutron-8191 for vnic_type normal with profile {{(pid=115131) bind_port /opt/stack/neutron/neutron/plugins/ml2/managers.py:795}}
Nov 29 05:44:09.169403 dv-neutron-819101-2-hyperv neutron-server[115131]: DEBUG neutron.plugins.ml2.managers [None req-86133206-5734-4b80-9d92-45ab0d832430 tempest-PortsAdminExtendedAttrsTestJSON-437301592 tempest-PortsAdminExtendedAttrsTestJSON-437301592-project-admin] Attempting to bind port 12169c31-69c5-411a-8c5d-6276e844366a by drivers openvswitch,hyperv on host hv-neutron-8191 at level 0 using segments [{'id': 'fec95988-1522-48e4-8e64-532a6207ac77', 'network_type': 'vlan', 'physical_network': 'physnet1', 'segmentation_id': 544, 'network_id': '9fc02523-5c6c-46e1-92ca-66152b978cc6'}] {{(pid=115131) _bind_port_level /opt/stack/neutron/neutron/plugins/ml2/managers.py:820}}
Nov 29 05:44:09.169719 dv-neutron-819101-2-hyperv neutron-server[115131]: DEBUG neutron.plugins.ml2.drivers.mech_agent [None req-86133206-5734-4b80-9d92-45ab0d832430 tempest-PortsAdminExtendedAttrsTestJSON-437301592 tempest-PortsAdminExtendedAttrsTestJSON-437301592-project-admin] Attempting to bind port 12169c31-69c5-411a-8c5d-6276e844366a on network 9fc02523-5c6c-46e1-92ca-66152b978cc6 {{(pid=115131) bind_port /opt/stack/neutron/neutron/plugins/ml2/drivers/mech_agent.py:91}}
Nov 29 05:44:09.180317 dv-neutron-819101-2-hyperv neutron-server[115131]: DEBUG neutron.plugins.ml2.drivers.mech_agent [None req-86133206-5734-4b80-9d92-45ab0d832430 tempest-PortsAdminExtendedAttrsTestJSON-437301592 tempest-PortsAdminExtendedAttrsTestJSON-437301592-project-admin] Port 12169c31-69c5-411a-8c5d-6276e844366a on network 9fc02523-5c6c-46e1-92ca-66152b978cc6 not bound, no agent of type Open vSwitch agent registered on host hv-neutron-8191 {{(pid=115131) bind_port /opt/stack/neutron/neutron/plugins/ml2/drivers/mech_agent.py:103}}
Nov 29 05:44:09.180652 dv-neutron-819101-2-hyperv neutron-server[115131]: ERROR neutron.plugins.ml2.managers [None req-86133206-5734-4b80-9d92-45ab0d832430 tempest-PortsAdminExtendedAttrsTestJSON-437301592 tempest-PortsAdminExtendedAttrsTestJSON-437301592-project-admin] Failed to bind port 12169c31-69c5-411a-8c5d-6276e844366a on host hv-neutron-8191 for vnic_type normal using segments [{'id': 'fec95988-1522-48e4-8e64-532a6207ac77', 'network_type': 'vlan', 'physical_network': 'physnet1', 'segmentation_id': 544, 'network_id': '9fc02523-5c6c-46e1-92ca-66152b978cc6'}]
Nov 29 05:44:09.186159 dv-neutron-819101-2-hyperv neutron-server[115131]: INFO neutron.plugins.ml2.plugin [None req-86133206-5734-4b80-9d92-45ab0d832430 tempest-PortsAdminExtendedAttrsTestJSON-437301592 tempest-PortsAdminExtendedAttrsTestJSON-437301592-project-admin] Attempt 4 to bind port 12169c31-69c5-411a-8c5d-6276e844366a
Nov 29 05:44:09.217781 dv-neutron-819101-2-hyperv neutron-server[115131]: DEBUG neutron.plugins.ml2.managers [None req-86133206-5734-4b80-9d92-45ab0d832430 tempest-PortsAdminExtendedAttrsTestJSON-437301592 tempest-PortsAdminExtendedAttrsTestJSON-437301592-project-admin] Attempting to bind port 12169c31-69c5-411a-8c5d-6276e844366a on host hv-neutron-8191 for vnic_type normal with profile {{(pid=115131) bind_port /opt/stack/neutron/neutron/plugins/ml2/managers.py:795}}
Nov 29 05:44:09.218115 dv-neutron-819101-2-hyperv neutron-server[115131]: DEBUG neutron.plugins.ml2.managers [None req-86133206-5734-4b80-9d92-45ab0d832430 tempest-PortsAdminExtendedAttrsTestJSON-437301592 tempest-PortsAdminExtendedAttrsTestJSON-437301592-project-admin] Attempting to bind port 12169c31-69c5-411a-8c5d-6276e844366a by drivers openvswitch,hyperv on host hv-neutron-8191 at level 0 using segments [{'id': 'fec95988-1522-48e4-8e64-532a6207ac77', 'network_type': 'vlan', 'physical_network': 'physnet1', 'segmentation_id': 544, 'network_id': '9fc02523-5c6c-46e1-92ca-66152b978cc6'}] {{(pid=115131) _bind_port_level /opt/stack/neutron/neutron/plugins/ml2/managers.py:820}}
Nov 29 05:44:09.218448 dv-neutron-819101-2-hyperv neutron-server[115131]: DEBUG neutron.plugins.ml2.drivers.mech_agent [None req-86133206-5734-4b80-9d92-45ab0d832430 tempest-PortsAdminExtendedAttrsTestJSON-437301592 tempest-PortsAdminExtendedAttrsTestJSON-437301592-project-admin] Attempting to bind port 12169c31-69c5-411a-8c5d-6276e844366a on network 9fc02523-5c6c-46e1-92ca-66152b978cc6 {{(pid=115131) bind_port /opt/stack/neutron/neutron/plugins/ml2/drivers/mech_agent.py:91}}
Nov 29 05:44:09.223417 dv-neutron-819101-2-hyperv neutron-server[115131]: DEBUG neutron_lib.callbacks.manager [None req-405485ae-995c-4c04-886a-b4721a280dbc tempest-FloatingIPNegativeTestJSON-1993249319 tempest-FloatingIPNegativeTestJSON-1993249319-project] Publish callbacks [] for port, precommit_create {{(pid=115131) _notify_loop /usr/local/lib/python3.8/dist-packages/neutron_lib/callbacks/manager.py:175}}
Nov 29 05:44:09.230852 dv-neutron-819101-2-hyperv neutron-server[115131]: DEBUG neutron.plugins.ml2.drivers.mech_agent [None req-86133206-5734-4b80-9d92-45ab0d832430 tempest-PortsAdminExtendedAttrsTestJSON-437301592 tempest-PortsAdminExtendedAttrsTestJSON-437301592-project-admin] Port 12169c31-69c5-411a-8c5d-6276e844366a on network 9fc02523-5c6c-46e1-92ca-66152b978cc6 not bound, no agent of type Open vSwitch agent registered on host hv-neutron-8191 {{(pid=115131) bind_port /opt/stack/neutron/neutron/plugins/ml2/drivers/mech_agent.py:103}}
Nov 29 05:44:09.231183 dv-neutron-819101-2-hyperv neutron-server[115131]: ERROR neutron.plugins.ml2.managers [None req-86133206-5734-4b80-9d92-45ab0d832430 tempest-PortsAdminExtendedAttrsTestJSON-437301592 tempest-PortsAdminExtendedAttrsTestJSON-437301592-project-admin] Failed to bind port 12169c31-69c5-411a-8c5d-6276e844366a on host hv-neutron-8191 for vnic_type normal using segments [{'id': 'fec95988-1522-48e4-8e64-532a6207ac77', 'network_type': 'vlan', 'physical_network': 'physnet1', 'segmentation_id': 544, 'network_id': '9fc02523-5c6c-46e1-92ca-66152b978cc6'}]
Nov 29 05:44:09.232812 dv-neutron-819101-2-hyperv neutron-server[115131]: INFO neutron.plugins.ml2.plugin [None req-86133206-5734-4b80-9d92-45ab0d832430 tempest-PortsAdminExtendedAttrsTestJSON-437301592 tempest-PortsAdminExtendedAttrsTestJSON-437301592-project-admin] Attempt 5 to bind port 12169c31-69c5-411a-8c5d-6276e844366a
Nov 29 05:44:09.250167 dv-neutron-819101-2-hyperv neutron-server[115131]: DEBUG neutron.plugins.ml2.managers [None req-86133206-5734-4b80-9d92-45ab0d832430 tempest-PortsAdminExtendedAttrsTestJSON-437301592 tempest-PortsAdminExtendedAttrsTestJSON-437301592-project-admin] Attempting to bind port 12169c31-69c5-411a-8c5d-6276e844366a on host hv-neutron-8191 for vnic_type normal with profile {{(pid=115131) bind_port /opt/stack/neutron/neutron/plugins/ml2/managers.py:795}}
Nov 29 05:44:09.250527 dv-neutron-819101-2-hyperv neutron-server[115131]: DEBUG neutron.plugins.ml2.managers [None req-86133206-5734-4b80-9d92-45ab0d832430 tempest-PortsAdminExtendedAttrsTestJSON-437301592 tempest-PortsAdminExtendedAttrsTestJSON-437301592-project-admin] Attempting to bind port 12169c31-69c5-411a-8c5d-6276e844366a by drivers openvswitch,hyperv on host hv-neutron-8191 at level 0 using segments [{'id': 'fec95988-1522-48e4-8e64-532a6207ac77', 'network_type': 'vlan', 'physical_network': 'physnet1', 'segmentation_id': 544, 'network_id': '9fc02523-5c6c-46e1-92ca-66152b978cc6'}] {{(pid=115131) _bind_port_level /opt/stack/neutron/neutron/plugins/ml2/managers.py:820}}
Nov 29 05:44:09.250856 dv-neutron-819101-2-hyperv neutron-server[115131]: DEBUG neutron.plugins.ml2.drivers.mech_agent [None req-86133206-5734-4b80-9d92-45ab0d832430 tempest-PortsAdminExtendedAttrsTestJSON-437301592 tempest-PortsAdminExtendedAttrsTestJSON-437301592-project-admin] Attempting to bind port 12169c31-69c5-411a-8c5d-6276e844366a on network 9fc02523-5c6c-46e1-92ca-66152b978cc6 {{(pid=115131) bind_port /opt/stack/neutron/neutron/plugins/ml2/drivers/mech_agent.py:91}}
Nov 29 05:44:09.263642 dv-neutron-819101-2-hyperv neutron-server[115131]: DEBUG neutron.plugins.ml2.drivers.mech_agent [None req-86133206-5734-4b80-9d92-45ab0d832430 tempest-PortsAdminExtendedAttrsTestJSON-437301592 tempest-PortsAdminExtendedAttrsTestJSON-437301592-project-admin] Port 12169c31-69c5-411a-8c5d-6276e844366a on network 9fc02523-5c6c-46e1-92ca-66152b978cc6 not bound, no agent of type Open vSwitch agent registered on host hv-neutron-8191 {{(pid=115131) bind_port /opt/stack/neutron/neutron/plugins/ml2/drivers/mech_agent.py:103}}
Nov 29 05:44:09.264135 dv-neutron-819101-2-hyperv neutron-server[115131]: ERROR neutron.plugins.ml2.managers [None req-86133206-5734-4b80-9d92-45ab0d832430 tempest-PortsAdminExtendedAttrsTestJSON-437301592 tempest-PortsAdminExtendedAttrsTestJSON-437301592-project-admin] Failed to bind port 12169c31-69c5-411a-8c5d-6276e844366a on host hv-neutron-8191 for vnic_type normal using segments [{'id': 'fec95988-1522-48e4-8e64-532a6207ac77', 'network_type': 'vlan', 'physical_network': 'physnet1', 'segmentation_id': 544, 'network_id': '9fc02523-5c6c-46e1-92ca-66152b978cc6'}]
Nov 29 05:44:09.265691 dv-neutron-819101-2-hyperv neutron-server[115131]: INFO neutron.plugins.ml2.plugin [None req-86133206-5734-4b80-9d92-45ab0d832430 tempest-PortsAdminExtendedAttrsTestJSON-437301592 tempest-PortsAdminExtendedAttrsTestJSON-437301592-project-admin] Attempt 6 to bind port 12169c31-69c5-411a-8c5d-6276e844366a
Nov 29 05:44:09.284424 dv-neutron-819101-2-hyperv neutron-server[115131]: DEBUG neutron.plugins.ml2.managers [None req-86133206-5734-4b80-9d92-45ab0d832430 tempest-PortsAdminExtendedAttrsTestJSON-437301592 tempest-PortsAdminExtendedAttrsTestJSON-437301592-project-admin] Attempting to bind port 12169c31-69c5-411a-8c5d-6276e844366a on host hv-neutron-8191 for vnic_type normal with profile {{(pid=115131) bind_port /opt/stack/neutron/neutron/plugins/ml2/managers.py:795}}
Nov 29 05:44:09.284759 dv-neutron-819101-2-hyperv neutron-server[115131]: DEBUG neutron.plugins.ml2.managers [None req-86133206-5734-4b80-9d92-45ab0d832430 tempest-PortsAdminExtendedAttrsTestJSON-437301592 tempest-PortsAdminExtendedAttrsTestJSON-437301592-project-admin] Attempting to bind port 12169c31-69c5-411a-8c5d-6276e844366a by drivers openvswitch,hyperv on host hv-neutron-8191 at level 0 using segments [{'id': 'fec95988-1522-48e4-8e64-532a6207ac77', 'network_type': 'vlan', 'physical_network': 'physnet1', 'segmentation_id': 544, 'network_id': '9fc02523-5c6c-46e1-92ca-66152b978cc6'}] {{(pid=115131) _bind_port_level /opt/stack/neutron/neutron/plugins/ml2/managers.py:820}}
Nov 29 05:44:09.285090 dv-neutron-819101-2-hyperv neutron-server[115131]: DEBUG neutron.plugins.ml2.drivers.mech_agent [None req-86133206-5734-4b80-9d92-45ab0d832430 tempest-PortsAdminExtendedAttrsTestJSON-437301592 tempest-PortsAdminExtendedAttrsTestJSON-437301592-project-admin] Attempting to bind port 12169c31-69c5-411a-8c5d-6276e844366a on network 9fc02523-5c6c-46e1-92ca-66152b978cc6 {{(pid=115131) bind_port /opt/stack/neutron/neutron/plugins/ml2/drivers/mech_agent.py:91}}
Nov 29 05:44:09.290276 dv-neutron-819101-2-hyperv neutron-server[115131]: DEBUG neutron.plugins.ml2.drivers.mech_agent [None req-86133206-5734-4b80-9d92-45ab0d832430 tempest-PortsAdminExtendedAttrsTestJSON-437301592 tempest-PortsAdminExtendedAttrsTestJSON-437301592-project-admin] Port 12169c31-69c5-411a-8c5d-6276e844366a on network 9fc02523-5c6c-46e1-92ca-66152b978cc6 not bound, no agent of type Open vSwitch agent registered on host hv-neutron-8191 {{(pid=115131) bind_port /opt/stack/neutron/neutron/plugins/ml2/drivers/mech_agent.py:103}}
Nov 29 05:44:09.290705 dv-neutron-819101-2-hyperv neutron-server[115131]: ERROR neutron.plugins.ml2.managers [None req-86133206-5734-4b80-9d92-45ab0d832430 tempest-PortsAdminExtendedAttrsTestJSON-437301592 tempest-PortsAdminExtendedAttrsTestJSON-437301592-project-admin] Failed to bind port 12169c31-69c5-411a-8c5d-6276e844366a on host hv-neutron-8191 for vnic_type normal using segments [{'id': 'fec95988-1522-48e4-8e64-532a6207ac77', 'network_type': 'vlan', 'physical_network': 'physnet1', 'segmentation_id': 544, 'network_id': '9fc02523-5c6c-46e1-92ca-66152b978cc6'}]
Nov 29 05:44:09.291188 dv-neutron-819101-2-hyperv neutron-server[115131]: INFO neutron.plugins.ml2.plugin [None req-86133206-5734-4b80-9d92-45ab0d832430 tempest-PortsAdminExtendedAttrsTestJSON-437301592 tempest-PortsAdminExtendedAttrsTestJSON-437301592-project-admin] Attempt 7 to bind port 12169c31-69c5-411a-8c5d-6276e844366a
Nov 29 05:44:09.295621 dv-neutron-819101-2-hyperv neutron-server[115131]: DEBUG neutron_lib.callbacks.manager [None req-405485ae-995c-4c04-886a-b4721a280dbc tempest-FloatingIPNegativeTestJSON-1993249319 tempest-FloatingIPNegativeTestJSON-1993249319-project] Publish callbacks ['neutron.plugins.ml2.plugin.SecurityGroupServerNotifierRpcMixin._notify_sg_on_port_change-721673', 'neutron.plugins.ml2.ovo_rpc._ObjectChangeHandler.handle_event-218231', 'neutron.api.rpc.agentnotifiers.dhcp_rpc_agent_api.DhcpAgentNotifyAPI._native_event_send_dhcp_notification-1620185', 'neutron.db.l3_dvrscheduler_db._notify_l3_agent_new_port-8782399267557', 'neutron.services.segments.plugin.NovaSegmentNotifier._notify_port_created_or_deleted-6150971'] for port, after_create {{(pid=115131) _notify_loop /usr/local/lib/python3.8/dist-packages/neutron_lib/callbacks/manager.py:175}}
Nov 29 05:44:09.334509 dv-neutron-819101-2-hyperv neutron-server[115131]: DEBUG neutron.plugins.ml2.managers [None req-86133206-5734-4b80-9d92-45ab0d832430 tempest-PortsAdminExtendedAttrsTestJSON-437301592 tempest-PortsAdminExtendedAttrsTestJSON-437301592-project-admin] Attempting to bind port 12169c31-69c5-411a-8c5d-6276e844366a on host hv-neutron-8191 for vnic_type normal with profile {{(pid=115131) bind_port /opt/stack/neutron/neutron/plugins/ml2/managers.py:795}}
Nov 29 05:44:09.334844 dv-neutron-819101-2-hyperv neutron-server[115131]: DEBUG neutron.plugins.ml2.managers [None req-86133206-5734-4b80-9d92-45ab0d832430 tempest-PortsAdminExtendedAttrsTestJSON-437301592 tempest-PortsAdminExtendedAttrsTestJSON-437301592-project-admin] Attempting to bind port 12169c31-69c5-411a-8c5d-6276e844366a by drivers openvswitch,hyperv on host hv-neutron-8191 at level 0 using segments [{'id': 'fec95988-1522-48e4-8e64-532a6207ac77', 'network_type': 'vlan', 'physical_network': 'physnet1', 'segmentation_id': 544, 'network_id': '9fc02523-5c6c-46e1-92ca-66152b978cc6'}] {{(pid=115131) _bind_port_level /opt/stack/neutron/neutron/plugins/ml2/managers.py:820}}
Nov 29 05:44:09.335177 dv-neutron-819101-2-hyperv neutron-server[115131]: DEBUG neutron.plugins.ml2.drivers.mech_agent [None req-86133206-5734-4b80-9d92-45ab0d832430 tempest-PortsAdminExtendedAttrsTestJSON-437301592 tempest-PortsAdminExtendedAttrsTestJSON-437301592-project-admin] Attempting to bind port 12169c31-69c5-411a-8c5d-6276e844366a on network 9fc02523-5c6c-46e1-92ca-66152b978cc6 {{(pid=115131) bind_port /opt/stack/neutron/neutron/plugins/ml2/drivers/mech_agent.py:91}}
Nov 29 05:44:09.349120 dv-neutron-819101-2-hyperv neutron-server[115131]: DEBUG neutron.plugins.ml2.drivers.mech_agent [None req-86133206-5734-4b80-9d92-45ab0d832430 tempest-PortsAdminExtendedAttrsTestJSON-437301592 tempest-PortsAdminExtendedAttrsTestJSON-437301592-project-admin] Port 12169c31-69c5-411a-8c5d-6276e844366a on network 9fc02523-5c6c-46e1-92ca-66152b978cc6 not bound, no agent of type Open vSwitch agent registered on host hv-neutron-8191 {{(pid=115131) bind_port /opt/stack/neutron/neutron/plugins/ml2/drivers/mech_agent.py:103}}
Nov 29 05:44:09.349452 dv-neutron-819101-2-hyperv neutron-server[115131]: ERROR neutron.plugins.ml2.managers [None req-86133206-5734-4b80-9d92-45ab0d832430 tempest-PortsAdminExtendedAttrsTestJSON-437301592 tempest-PortsAdminExtendedAttrsTestJSON-437301592-project-admin] Failed to bind port 12169c31-69c5-411a-8c5d-6276e844366a on host hv-neutron-8191 for vnic_type normal using segments [{'id': 'fec95988-1522-48e4-8e64-532a6207ac77', 'network_type': 'vlan', 'physical_network': 'physnet1', 'segmentation_id': 544, 'network_id': '9fc02523-5c6c-46e1-92ca-66152b978cc6'}]
Nov 29 05:44:09.354043 dv-neutron-819101-2-hyperv neutron-server[115131]: INFO neutron.plugins.ml2.plugin [None req-86133206-5734-4b80-9d92-45ab0d832430 tempest-PortsAdminExtendedAttrsTestJSON-437301592 tempest-PortsAdminExtendedAttrsTestJSON-437301592-project-admin] Attempt 8 to bind port 12169c31-69c5-411a-8c5d-6276e844366a
Nov 29 05:44:09.360742 dv-neutron-819101-2-hyperv neutron-server[115131]: DEBUG neutron.scheduler.dhcp_agent_scheduler [None req-405485ae-995c-4c04-886a-b4721a280dbc tempest-FloatingIPNegativeTestJSON-1993249319 tempest-FloatingIPNegativeTestJSON-1993249319-project] Network dd5268f7-a6c4-4858-8dc3-97bebe0a6b38 is already hosted by enough agents. {{(pid=115131) _get_dhcp_agents_hosting_network /opt/stack/neutron/neutron/scheduler/dhcp_agent_scheduler.py:275}}
Nov 29 05:44:09.370135 dv-neutron-819101-2-hyperv neutron-server[115131]: DEBUG neutron.scheduler.base_scheduler [None req-405485ae-995c-4c04-886a-b4721a280dbc tempest-FloatingIPNegativeTestJSON-1993249319 tempest-FloatingIPNegativeTestJSON-1993249319-project] Resources bound (agent type, host, resource id): {{(pid=115131) schedule /opt/stack/neutron/neutron/scheduler/base_scheduler.py:57}}
Nov 29 05:44:09.372651 dv-neutron-819101-2-hyperv neutron-server[115131]: DEBUG neutron.db.l3_dvrscheduler_db [None req-405485ae-995c-4c04-886a-b4721a280dbc tempest-FloatingIPNegativeTestJSON-1993249319 tempest-FloatingIPNegativeTestJSON-1993249319-project] Received port after_create {{(pid=115131) _notify_l3_agent_new_port /opt/stack/neutron/neutron/db/l3_dvrscheduler_db.py:535}}
Nov 29 05:44:09.381824 dv-neutron-819101-2-hyperv neutron-server[115131]: DEBUG neutron.plugins.ml2.managers [None req-86133206-5734-4b80-9d92-45ab0d832430 tempest-PortsAdminExtendedAttrsTestJSON-437301592 tempest-PortsAdminExtendedAttrsTestJSON-437301592-project-admin] Attempting to bind port 12169c31-69c5-411a-8c5d-6276e844366a on host hv-neutron-8191 for vnic_type normal with profile {{(pid=115131) bind_port /opt/stack/neutron/neutron/plugins/ml2/managers.py:795}}
Nov 29 05:44:09.382185 dv-neutron-819101-2-hyperv neutron-server[115131]: DEBUG neutron.plugins.ml2.managers [None req-86133206-5734-4b80-9d92-45ab0d832430 tempest-PortsAdminExtendedAttrsTestJSON-437301592 tempest-PortsAdminExtendedAttrsTestJSON-437301592-project-admin] Attempting to bind port 12169c31-69c5-411a-8c5d-6276e844366a by drivers openvswitch,hyperv on host hv-neutron-8191 at level 0 using segments [{'id': 'fec95988-1522-48e4-8e64-532a6207ac77', 'network_type': 'vlan', 'physical_network': 'physnet1', 'segmentation_id': 544, 'network_id': '9fc02523-5c6c-46e1-92ca-66152b978cc6'}] {{(pid=115131) _bind_port_level /opt/stack/neutron/neutron/plugins/ml2/managers.py:820}}
Nov 29 05:44:09.382544 dv-neutron-819101-2-hyperv neutron-server[115131]: DEBUG neutron.plugins.ml2.drivers.mech_agent [None req-86133206-5734-4b80-9d92-45ab0d832430 tempest-PortsAdminExtendedAttrsTestJSON-437301592 tempest-PortsAdminExtendedAttrsTestJSON-437301592-project-admin] Attempting to bind port 12169c31-69c5-411a-8c5d-6276e844366a on network 9fc02523-5c6c-46e1-92ca-66152b978cc6 {{(pid=115131) bind_port /opt/stack/neutron/neutron/plugins/ml2/drivers/mech_agent.py:91}}
Nov 29 05:44:09.404099 dv-neutron-819101-2-hyperv neutron-server[115131]: DEBUG neutron.api.rpc.handlers.resources_rpc [None req-405485ae-995c-4c04-886a-b4721a280dbc tempest-FloatingIPNegativeTestJSON-1993249319 tempest-FloatingIPNegativeTestJSON-1993249319-project] Pushing event updated for resources: {'Port': ['ID=9f10fe22-9292-498c-aaa3-4d31933b21b0,revision_number=1']} {{(pid=115131) push /opt/stack/neutron/neutron/api/rpc/handlers/resources_rpc.py:237}}
Nov 29 05:44:09.412403 dv-neutron-819101-2-hyperv neutron-server[115131]: DEBUG neutron.plugins.ml2.drivers.mech_agent [None req-86133206-5734-4b80-9d92-45ab0d832430 tempest-PortsAdminExtendedAttrsTestJSON-437301592 tempest-PortsAdminExtendedAttrsTestJSON-437301592-project-admin] Port 12169c31-69c5-411a-8c5d-6276e844366a on network 9fc02523-5c6c-46e1-92ca-66152b978cc6 not bound, no agent of type Open vSwitch agent registered on host hv-neutron-8191 {{(pid=115131) bind_port /opt/stack/neutron/neutron/plugins/ml2/drivers/mech_agent.py:103}}
Nov 29 05:44:09.412403 dv-neutron-819101-2-hyperv neutron-server[115131]: ERROR neutron.plugins.ml2.managers [None req-86133206-5734-4b80-9d92-45ab0d832430 tempest-PortsAdminExtendedAttrsTestJSON-437301592 tempest-PortsAdminExtendedAttrsTestJSON-437301592-project-admin] Failed to bind port 12169c31-69c5-411a-8c5d-6276e844366a on host hv-neutron-8191 for vnic_type normal using segments [{'id': 'fec95988-1522-48e4-8e64-532a6207ac77', 'network_type': 'vlan', 'physical_network': 'physnet1', 'segmentation_id': 544, 'network_id': '9fc02523-5c6c-46e1-92ca-66152b978cc6'}]
Nov 29 05:44:09.417137 dv-neutron-819101-2-hyperv neutron-server[115131]: INFO neutron.plugins.ml2.plugin [None req-86133206-5734-4b80-9d92-45ab0d832430 tempest-PortsAdminExtendedAttrsTestJSON-437301592 tempest-PortsAdminExtendedAttrsTestJSON-437301592-project-admin] Attempt 9 to bind port 12169c31-69c5-411a-8c5d-6276e844366a
Nov 29 05:44:09.433717 dv-neutron-819101-2-hyperv neutron-server[115132]: DEBUG neutron.db.db_base_plugin_v2 [None req-98390318-04a5-4de1-bbe2-e4a9b908c6a8 tempest-AllowedAddressPairIpV6TestJSON-896622174 tempest-AllowedAddressPairIpV6TestJSON-896622174-project] Deleting subnet 87338461-e166-425e-81b1-9dd14c99a836 {{(pid=115132) delete_subnet /opt/stack/neutron/neutron/db/db_base_plugin_v2.py:1059}}
Nov 29 05:44:09.438741 dv-neutron-819101-2-hyperv neutron-server[115131]: DEBUG neutron.plugins.ml2.managers [None req-86133206-5734-4b80-9d92-45ab0d832430 tempest-PortsAdminExtendedAttrsTestJSON-437301592 tempest-PortsAdminExtendedAttrsTestJSON-437301592-project-admin] Attempting to bind port 12169c31-69c5-411a-8c5d-6276e844366a on host hv-neutron-8191 for vnic_type normal with profile {{(pid=115131) bind_port /opt/stack/neutron/neutron/plugins/ml2/managers.py:795}}
Nov 29 05:44:09.439074 dv-neutron-819101-2-hyperv neutron-server[115131]: DEBUG neutron.plugins.ml2.managers [None req-86133206-5734-4b80-9d92-45ab0d832430 tempest-PortsAdminExtendedAttrsTestJSON-437301592 tempest-PortsAdminExtendedAttrsTestJSON-437301592-project-admin] Attempting to bind port 12169c31-69c5-411a-8c5d-6276e844366a by drivers openvswitch,hyperv on host hv-neutron-8191 at level 0 using segments [{'id': 'fec95988-1522-48e4-8e64-532a6207ac77', 'network_type': 'vlan', 'physical_network': 'physnet1', 'segmentation_id': 544, 'network_id': '9fc02523-5c6c-46e1-92ca-66152b978cc6'}] {{(pid=115131) _bind_port_level /opt/stack/neutron/neutron/plugins/ml2/managers.py:820}}
Nov 29 05:44:09.439405 dv-neutron-819101-2-hyperv neutron-server[115131]: DEBUG neutron.plugins.ml2.drivers.mech_agent [None req-86133206-5734-4b80-9d92-45ab0d832430 tempest-PortsAdminExtendedAttrsTestJSON-437301592 tempest-PortsAdminExtendedAttrsTestJSON-437301592-project-admin] Attempting to bind port 12169c31-69c5-411a-8c5d-6276e844366a on network 9fc02523-5c6c-46e1-92ca-66152b978cc6 {{(pid=115131) bind_port /opt/stack/neutron/neutron/plugins/ml2/drivers/mech_agent.py:91}}
Nov 29 05:44:09.451426 dv-neutron-819101-2-hyperv neutron-server[115131]: DEBUG neutron.pecan_wsgi.hooks.policy_enforcement [None req-405485ae-995c-4c04-886a-b4721a280dbc tempest-FloatingIPNegativeTestJSON-1993249319 tempest-FloatingIPNegativeTestJSON-1993249319-project] Attributes excluded by policy engine: ['standard_attr_id', 'binding:profile', 'binding:host_id', 'binding:vif_type', 'binding:vif_details', 'network'] {{(pid=115131) _exclude_attributes_by_policy /opt/stack/neutron/neutron/pecan_wsgi/hooks/policy_enforcement.py:255}}
Nov 29 05:44:09.451663 dv-neutron-819101-2-hyperv neutron-server[115132]: DEBUG neutron_lib.callbacks.manager [None req-98390318-04a5-4de1-bbe2-e4a9b908c6a8 tempest-AllowedAddressPairIpV6TestJSON-896622174 tempest-AllowedAddressPairIpV6TestJSON-896622174-project] Publish callbacks [] for subnet, before_delete {{(pid=115132) _notify_loop /usr/local/lib/python3.8/dist-packages/neutron_lib/callbacks/manager.py:175}}
Nov 29 05:44:09.452093 dv-neutron-819101-2-hyperv neutron-server[115131]: DEBUG neutron_lib.callbacks.manager [None req-405485ae-995c-4c04-886a-b4721a280dbc tempest-FloatingIPNegativeTestJSON-1993249319 tempest-FloatingIPNegativeTestJSON-1993249319-project] Publish callbacks ['neutron.notifiers.nova.Notifier._send_nova_notification-141591'] for port, before_response {{(pid=115131) _notify_loop /usr/local/lib/python3.8/dist-packages/neutron_lib/callbacks/manager.py:175}}
Nov 29 05:44:09.456335 dv-neutron-819101-2-hyperv neutron-server[115131]: DEBUG neutron.plugins.ml2.drivers.mech_agent [None req-86133206-5734-4b80-9d92-45ab0d832430 tempest-PortsAdminExtendedAttrsTestJSON-437301592 tempest-PortsAdminExtendedAttrsTestJSON-437301592-project-admin] Port 12169c31-69c5-411a-8c5d-6276e844366a on network 9fc02523-5c6c-46e1-92ca-66152b978cc6 not bound, no agent of type Open vSwitch agent registered on host hv-neutron-8191 {{(pid=115131) bind_port /opt/stack/neutron/neutron/plugins/ml2/drivers/mech_agent.py:103}}
Nov 29 05:44:09.456667 dv-neutron-819101-2-hyperv neutron-server[115131]: ERROR neutron.plugins.ml2.managers [None req-86133206-5734-4b80-9d92-45ab0d832430 tempest-PortsAdminExtendedAttrsTestJSON-437301592 tempest-PortsAdminExtendedAttrsTestJSON-437301592-project-admin] Failed to bind port 12169c31-69c5-411a-8c5d-6276e844366a on host hv-neutron-8191 for vnic_type normal using segments [{'id': 'fec95988-1522-48e4-8e64-532a6207ac77', 'network_type': 'vlan', 'physical_network': 'physnet1', 'segmentation_id': 544, 'network_id': '9fc02523-5c6c-46e1-92ca-66152b978cc6'}]
Nov 29 05:44:09.458729 dv-neutron-819101-2-hyperv neutron-server[115132]: DEBUG neutron.pecan_wsgi.hooks.quota_enforcement [None req-4dd8725d-0fa9-4830-8b94-bf7bf36be664 tempest-AllowedAddressPairTestJSON-1049689996 tempest-AllowedAddressPairTestJSON-1049689996-project] Made reservation on behalf of 44ceec21d7264664863a4b00a757bcf9 for: {'port': 1} {{(pid=115132) before /opt/stack/neutron/neutron/pecan_wsgi/hooks/quota_enforcement.py:53}}
Nov 29 05:44:09.459581 dv-neutron-819101-2-hyperv neutron-server[115131]: INFO neutron.plugins.ml2.plugin [None req-86133206-5734-4b80-9d92-45ab0d832430 tempest-PortsAdminExtendedAttrsTestJSON-437301592 tempest-PortsAdminExtendedAttrsTestJSON-437301592-project-admin] Attempt 10 to bind port 12169c31-69c5-411a-8c5d-6276e844366a
Nov 29 05:44:09.462600 dv-neutron-819101-2-hyperv neutron-server[115132]: DEBUG neutron_lib.callbacks.manager [None req-4dd8725d-0fa9-4830-8b94-bf7bf36be664 tempest-AllowedAddressPairTestJSON-1049689996 tempest-AllowedAddressPairTestJSON-1049689996-project] Publish callbacks ['neutron.plugins.ml2.plugin.SecurityGroupDbMixin._ensure_default_security_group_handler-721864'] for port, before_create {{(pid=115132) _notify_loop /usr/local/lib/python3.8/dist-packages/neutron_lib/callbacks/manager.py:175}}
Nov 29 05:44:09.481174 dv-neutron-819101-2-hyperv neutron-server[115131]: DEBUG neutron.plugins.ml2.managers [None req-86133206-5734-4b80-9d92-45ab0d832430 tempest-PortsAdminExtendedAttrsTestJSON-437301592 tempest-PortsAdminExtendedAttrsTestJSON-437301592-project-admin] Attempting to bind port 12169c31-69c5-411a-8c5d-6276e844366a on host hv-neutron-8191 for vnic_type normal with profile {{(pid=115131) bind_port /opt/stack/neutron/neutron/plugins/ml2/managers.py:795}}
Nov 29 05:44:09.481513 dv-neutron-819101-2-hyperv neutron-server[115131]: DEBUG neutron.plugins.ml2.managers [None req-86133206-5734-4b80-9d92-45ab0d832430 tempest-PortsAdminExtendedAttrsTestJSON-437301592 tempest-PortsAdminExtendedAttrsTestJSON-437301592-project-admin] Attempting to bind port 12169c31-69c5-411a-8c5d-6276e844366a by drivers openvswitch,hyperv on host hv-neutron-8191 at level 0 using segments [{'id': 'fec95988-1522-48e4-8e64-532a6207ac77', 'network_type': 'vlan', 'physical_network': 'physnet1', 'segmentation_id': 544, 'network_id': '9fc02523-5c6c-46e1-92ca-66152b978cc6'}] {{(pid=115131) _bind_port_level /opt/stack/neutron/neutron/plugins/ml2/managers.py:820}}
Nov 29 05:44:09.481982 dv-neutron-819101-2-hyperv neutron-server[115131]: DEBUG neutron.plugins.ml2.drivers.mech_agent [None req-86133206-5734-4b80-9d92-45ab0d832430 tempest-PortsAdminExtendedAttrsTestJSON-437301592 tempest-PortsAdminExtendedAttrsTestJSON-437301592-project-admin] Attempting to bind port 12169c31-69c5-411a-8c5d-6276e844366a on network 9fc02523-5c6c-46e1-92ca-66152b978cc6 {{(pid=115131) bind_port /opt/stack/neutron/neutron/plugins/ml2/drivers/mech_agent.py:91}}
Nov 29 05:44:09.488171 dv-neutron-819101-2-hyperv neutron-server[115131]: INFO neutron.wsgi [None req-405485ae-995c-4c04-886a-b4721a280dbc tempest-FloatingIPNegativeTestJSON-1993249319 tempest-FloatingIPNegativeTestJSON-1993249319-project] 10.222.0.11 "POST /v2.0/ports HTTP/1.1" status: 201 len: 936 time: 1.8281446
Nov 29 05:44:09.491654 dv-neutron-819101-2-hyperv neutron-server[115131]: DEBUG neutron.plugins.ml2.drivers.mech_agent [None req-86133206-5734-4b80-9d92-45ab0d832430 tempest-PortsAdminExtendedAttrsTestJSON-437301592 tempest-PortsAdminExtendedAttrsTestJSON-437301592-project-admin] Port 12169c31-69c5-411a-8c5d-6276e844366a on network 9fc02523-5c6c-46e1-92ca-66152b978cc6 not bound, no agent of type Open vSwitch agent registered on host hv-neutron-8191 {{(pid=115131) bind_port /opt/stack/neutron/neutron/plugins/ml2/drivers/mech_agent.py:103}}
Nov 29 05:44:09.491654 dv-neutron-819101-2-hyperv neutron-server[115131]: ERROR neutron.plugins.ml2.managers [None req-86133206-5734-4b80-9d92-45ab0d832430 tempest-PortsAdminExtendedAttrsTestJSON-437301592 tempest-PortsAdminExtendedAttrsTestJSON-437301592-project-admin] Failed to bind port 12169c31-69c5-411a-8c5d-6276e844366a on host hv-neutron-8191 for vnic_type normal using segments [{'id': 'fec95988-1522-48e4-8e64-532a6207ac77', 'network_type': 'vlan', 'physical_network': 'physnet1', 'segmentation_id': 544, 'network_id': '9fc02523-5c6c-46e1-92ca-66152b978cc6'}]
Nov 29 05:44:09.491890 dv-neutron-819101-2-hyperv neutron-server[115131]: DEBUG neutron_lib.callbacks.manager [None req-86133206-5734-4b80-9d92-45ab0d832430 tempest-PortsAdminExtendedAttrsTestJSON-437301592 tempest-PortsAdminExtendedAttrsTestJSON-437301592-project-admin] Publish callbacks ['neutron.plugins.ml2.plugin.SecurityGroupDbMixin._ensure_default_security_group_handler-721864'] for port, before_update {{(pid=115131) _notify_loop /usr/local/lib/python3.8/dist-packages/neutron_lib/callbacks/manager.py:175}}
Nov 29 05:44:09.494330 dv-neutron-819101-2-hyperv neutron-server[115131]: DEBUG neutron.wsgi [-] (115131) accepted ('10.222.0.11', 44700) {{(pid=115131) server /usr/local/lib/python3.8/dist-packages/eventlet/wsgi.py:1004}}
Nov 29 05:44:09.498722 dv-neutron-819101-2-hyperv neutron-server[115131]: DEBUG neutron.api.v2.base [None req-de9e6c37-a632-49cb-85b8-6a65b7bd531b tempest-FloatingIPNegativeTestJSON-1993249319 tempest-FloatingIPNegativeTestJSON-1993249319-project] Request body: {'floatingip': {'floating_network_id': '8432c318-e182-470d-9938-75216dfb4d97'}} {{(pid=115131) prepare_request_body /opt/stack/neutron/neutron/api/v2/base.py:729}}
Nov 29 05:44:09.549803 dv-neutron-819101-2-hyperv neutron-server[115132]: DEBUG neutron.pecan_wsgi.hooks.policy_enforcement [req-a5e1ba08-53f7-41a1-b629-a4c84e2b6e02 req-f3e3b409-0998-497a-bb34-2d099359d99b service neutron] Attributes excluded by policy engine: ['standard_attr_id', 'vlan_transparent'] {{(pid=115132) _exclude_attributes_by_policy /opt/stack/neutron/neutron/pecan_wsgi/hooks/policy_enforcement.py:255}}
Nov 29 05:44:09.551375 dv-neutron-819101-2-hyperv neutron-server[115132]: INFO neutron.wsgi [req-a5e1ba08-53f7-41a1-b629-a4c84e2b6e02 req-f3e3b409-0998-497a-bb34-2d099359d99b service neutron] 10.222.0.20 "GET /v2.0/networks?id=4b453927-d06a-46a9-827d-0882706490b3 HTTP/1.1" status: 200 len: 913 time: 0.7573483
Nov 29 05:44:09.563977 dv-neutron-819101-2-hyperv neutron-server[115131]: DEBUG neutron_lib.callbacks.manager [None req-de9e6c37-a632-49cb-85b8-6a65b7bd531b tempest-FloatingIPNegativeTestJSON-1993249319 tempest-FloatingIPNegativeTestJSON-1993249319-project] Publish callbacks [] for floatingip, before_create {{(pid=115131) _notify_loop /usr/local/lib/python3.8/dist-packages/neutron_lib/callbacks/manager.py:175}}
Nov 29 05:44:09.575593 dv-neutron-819101-2-hyperv neutron-server[115132]: DEBUG neutron_lib.callbacks.manager [None req-9b418a19-2ec2-486b-9e5b-139fd204a5dd tempest-FloatingIPAdminTestJSON-945569177 tempest-FloatingIPAdminTestJSON-945569177-project-admin] Publish callbacks [] for port, precommit_create {{(pid=115132) _notify_loop /usr/local/lib/python3.8/dist-packages/neutron_lib/callbacks/manager.py:175}}
Nov 29 05:44:09.600162 dv-neutron-819101-2-hyperv neutron-server[115132]: DEBUG neutron.notifiers.nova [None req-4dd8725d-0fa9-4830-8b94-bf7bf36be664 tempest-AllowedAddressPairTestJSON-1049689996 tempest-AllowedAddressPairTestJSON-1049689996-project] device_id is not set on port db71f11d-f5c7-49d7-ba96-0c4e0903a3c6 yet. {{(pid=115132) _can_notify /opt/stack/neutron/neutron/notifiers/nova.py:190}}
Nov 29 05:44:09.602327 dv-neutron-819101-2-hyperv neutron-server[115133]: DEBUG neutron.db.provisioning_blocks [None req-204cec2b-a835-4b10-a66b-85da601f9bad None None] Provisioning complete for port 9f10fe22-9292-498c-aaa3-4d31933b21b0 triggered by entity DHCP. {{(pid=115133) provisioning_complete /opt/stack/neutron/neutron/db/provisioning_blocks.py:139}}
Nov 29 05:44:09.602759 dv-neutron-819101-2-hyperv neutron-server[115133]: DEBUG neutron_lib.callbacks.manager [None req-204cec2b-a835-4b10-a66b-85da601f9bad None None] Publish callbacks ['neutron.plugins.ml2.plugin.Ml2Plugin._port_provisioned-1436453'] for port, provisioning_complete {{(pid=115133) _notify_loop /usr/local/lib/python3.8/dist-packages/neutron_lib/callbacks/manager.py:175}}
Nov 29 05:44:09.627315 dv-neutron-819101-2-hyperv neutron-server[115131]: DEBUG neutron.plugins.ml2.db [None req-86133206-5734-4b80-9d92-45ab0d832430 tempest-PortsAdminExtendedAttrsTestJSON-437301592 tempest-PortsAdminExtendedAttrsTestJSON-437301592-project-admin] For port 12169c31-69c5-411a-8c5d-6276e844366a, host hv-neutron-8191, cleared binding levels {{(pid=115131) clear_binding_levels /opt/stack/neutron/neutron/plugins/ml2/db.py:87}}
Nov 29 05:44:09.627734 dv-neutron-819101-2-hyperv neutron-server[115131]: DEBUG neutron.plugins.ml2.db [None req-86133206-5734-4b80-9d92-45ab0d832430 tempest-PortsAdminExtendedAttrsTestJSON-437301592 tempest-PortsAdminExtendedAttrsTestJSON-437301592-project-admin] Attempted to set empty binding levels {{(pid=115131) set_binding_levels /opt/stack/neutron/neutron/plugins/ml2/db.py:65}}
Nov 29 05:44:09.633467 dv-neutron-819101-2-hyperv neutron-server[115131]: DEBUG neutron_lib.callbacks.manager [None req-86133206-5734-4b80-9d92-45ab0d832430 tempest-PortsAdminExtendedAttrsTestJSON-437301592 tempest-PortsAdminExtendedAttrsTestJSON-437301592-project-admin] Publish callbacks ['neutron.plugins.ml2.plugin.SecurityGroupServerNotifierRpcMixin._notify_sg_on_port_change-721673', 'neutron.plugins.ml2.ovo_rpc._ObjectChangeHandler.handle_event-218231', 'neutron.api.rpc.agentnotifiers.dhcp_rpc_agent_api.DhcpAgentNotifyAPI._native_event_send_dhcp_notification-1620185', 'neutron.db.l3_db.L3RpcNotifierMixin._notify_gateway_port_ip_changed-8782399752313', 'neutron.db.l3_dvrscheduler_db._notify_l3_agent_port_update-8782399267575', 'neutron.db.l3_hascheduler_db._notify_l3_agent_ha_port_update-8782399263757', 'neutron.services.segments.plugin.NovaSegmentNotifier._notify_port_updated-6150964'] for port, after_update {{(pid=115131) _notify_loop /usr/local/lib/python3.8/dist-packages/neutron_lib/callbacks/manager.py:175}}
Nov 29 05:44:09.638196 dv-neutron-819101-2-hyperv neutron-server[115133]: DEBUG neutron.plugins.ml2.plugin [None req-204cec2b-a835-4b10-a66b-85da601f9bad None None] Port 9f10fe22-9292-498c-aaa3-4d31933b21b0 cannot update to ACTIVE because it is not bound. {{(pid=115133) _port_provisioned /opt/stack/neutron/neutron/plugins/ml2/plugin.py:342}}
Nov 29 05:44:09.638829 dv-neutron-819101-2-hyperv neutron-server[115132]: DEBUG neutron_lib.callbacks.manager [None req-98390318-04a5-4de1-bbe2-e4a9b908c6a8 tempest-AllowedAddressPairIpV6TestJSON-896622174 tempest-AllowedAddressPairIpV6TestJSON-896622174-project] Publish callbacks ['neutron.services.segments.plugin.Plugin._validate_auto_address_subnet_delete-1542665'] for subnet, precommit_delete_associations {{(pid=115132) _notify_loop /usr/local/lib/python3.8/dist-packages/neutron_lib/callbacks/manager.py:175}}
Nov 29 05:44:09.665130 dv-neutron-819101-2-hyperv neutron-server[115132]: INFO neutron.wsgi [req-a5e1ba08-53f7-41a1-b629-a4c84e2b6e02 req-35a57743-2208-4230-9baa-2a49282647cd service neutron] 10.222.0.20 "GET /v2.0/floatingips?fixed_ip_address=172.20.0.3&port_id=87f36824-cbeb-4037-ae39-69e2c739e54e HTTP/1.1" status: 200 len: 217 time: 0.0985458
Nov 29 05:44:09.667082 dv-neutron-819101-2-hyperv neutron-server[115132]: INFO neutron.wsgi [req-8c7c15ca-b536-4c4b-b3ec-3ba9a21062f6 req-648e8dd0-308f-460b-883c-bcdda8bebb68 service neutron] 10.222.0.20 "GET /v2.0/networks/3ddd2a16-2c2a-40fc-9c01-7ce41a18b297?fields=provider%3Aphysical_network&fields=provider%3Anetwork_type HTTP/1.1" status: 200 len: 281 time: 0.7570391
Nov 29 05:44:09.676137 dv-neutron-819101-2-hyperv neutron-server[115131]: DEBUG neutron.pecan_wsgi.hooks.policy_enforcement [None req-86133206-5734-4b80-9d92-45ab0d832430 tempest-PortsAdminExtendedAttrsTestJSON-437301592 tempest-PortsAdminExtendedAttrsTestJSON-437301592-project-admin] Attributes excluded by policy engine: ['standard_attr_id'] {{(pid=115131) _exclude_attributes_by_policy /opt/stack/neutron/neutron/pecan_wsgi/hooks/policy_enforcement.py:255}}
Nov 29 05:44:09.677500 dv-neutron-819101-2-hyperv neutron-server[115131]: DEBUG neutron_lib.callbacks.manager [None req-86133206-5734-4b80-9d92-45ab0d832430 tempest-PortsAdminExtendedAttrsTestJSON-437301592 tempest-PortsAdminExtendedAttrsTestJSON-437301592-project-admin] Publish callbacks ['neutron.notifiers.nova.Notifier._send_nova_notification-141591'] for port, before_response {{(pid=115131) _notify_loop /usr/local/lib/python3.8/dist-packages/neutron_lib/callbacks/manager.py:175}}
Nov 29 05:44:09.688577 dv-neutron-819101-2-hyperv neutron-server[115132]: DEBUG neutron.pecan_wsgi.hooks.policy_enforcement [req-6b317fb9-191e-4c91-bf57-18d9e9e9709d req-c18ce535-089d-484e-8be7-0fc67ebf38af tempest-ServersTestManualDisk-2094514121 tempest-ServersTestManualDisk-2094514121-project] Attributes excluded by policy engine: ['standard_attr_id', 'binding:profile', 'binding:host_id', 'binding:vif_type', 'binding:vif_details'] {{(pid=115132) _exclude_attributes_by_policy /opt/stack/neutron/neutron/pecan_wsgi/hooks/policy_enforcement.py:255}}
Nov 29 05:44:09.690114 dv-neutron-819101-2-hyperv neutron-server[115132]: INFO neutron.wsgi [req-6b317fb9-191e-4c91-bf57-18d9e9e9709d req-c18ce535-089d-484e-8be7-0fc67ebf38af tempest-ServersTestManualDisk-2094514121 tempest-ServersTestManualDisk-2094514121-project] 10.222.0.11 "GET /v2.0/ports?device_id=37f1b434-1c20-45e1-9ed8-1e88cf3b3b37 HTTP/1.1" status: 200 len: 943 time: 0.3022587
Nov 29 05:44:09.716571 dv-neutron-819101-2-hyperv neutron-server[115131]: INFO neutron.wsgi [None req-86133206-5734-4b80-9d92-45ab0d832430 tempest-PortsAdminExtendedAttrsTestJSON-437301592 tempest-PortsAdminExtendedAttrsTestJSON-437301592-project-admin] 10.222.0.11 "POST /v2.0/ports HTTP/1.1" status: 201 len: 981 time: 2.8624473
Nov 29 05:44:09.718119 dv-neutron-819101-2-hyperv neutron-server[115131]: DEBUG neutron.api.rpc.handlers.resources_rpc [None req-86133206-5734-4b80-9d92-45ab0d832430 tempest-PortsAdminExtendedAttrsTestJSON-437301592 tempest-PortsAdminExtendedAttrsTestJSON-437301592-project-admin] Pushing event updated for resources: {'Port': ['ID=12169c31-69c5-411a-8c5d-6276e844366a,revision_number=2']} {{(pid=115131) push /opt/stack/neutron/neutron/api/rpc/handlers/resources_rpc.py:237}}
