Nov 24 15:08:45.074858 dv-neutron-818889-2-hyperv neutron-server[103497]: INFO neutron.wsgi [None req-fa7d8be6-a29f-4cc4-901d-80fd1a1ad255 tempest-AllowedAddressPairIpV6TestJSON-114734244 tempest-AllowedAddressPairIpV6TestJSON-114734244-project] 10.222.0.59 "POST /v2.0/subnets HTTP/1.1" status: 201 len: 821 time: 2.3837368
Nov 24 15:08:45.076000 dv-neutron-818889-2-hyperv neutron-server[103497]: DEBUG neutron_lib.callbacks.manager [None req-e7b80a89-ca2f-4dd9-9890-fc2a3a4b0899 tempest-ServersTestJSON-334025840 tempest-ServersTestJSON-334025840-project] Publish callbacks ['neutron.plugins.ml2.ovo_rpc._ObjectChangeHandler.handle_event-1862018'] for security_group_rule, after_create {{(pid=103497) _notify_loop /usr/local/lib/python3.8/dist-packages/neutron_lib/callbacks/manager.py:175}}
Nov 24 15:08:45.080415 dv-neutron-818889-2-hyperv neutron-server[103497]: INFO neutron.wsgi [req-804253e0-3db4-4c1c-be62-f1ea52f78a20 req-07f1e36c-f97e-4670-855e-c19e5f8469ad service neutron] 10.222.0.59 "GET /v2.0/networks/cd182565-2d94-484e-8c12-a538e301f31d?fields=provider%3Aphysical_network&fields=provider%3Anetwork_type HTTP/1.1" status: 200 len: 281 time: 1.0488040
Nov 24 15:08:45.102895 dv-neutron-818889-2-hyperv neutron-server[103498]: DEBUG neutron.plugins.ml2.rpc [None req-de27f93e-6d95-483a-93de-33840dd797d6 None None] Device 954a6bb5-4a84-4f46-bb3d-6f5223e07408 up at agent ovs-agent-dv-neutron-818889-2-hyperv {{(pid=103498) update_device_up /opt/stack/neutron/neutron/plugins/ml2/rpc.py:296}}
Nov 24 15:08:45.106786 dv-neutron-818889-2-hyperv neutron-server[103498]: DEBUG neutron.db.provisioning_blocks [None req-0ba8ba37-f1e0-416f-a04b-08978ef2e0f0 None None] Provisioning complete for port 25648671-937c-4796-8e6d-5f82bc811309 triggered by entity DHCP. {{(pid=103498) provisioning_complete /opt/stack/neutron/neutron/db/provisioning_blocks.py:139}}
Nov 24 15:08:45.107167 dv-neutron-818889-2-hyperv neutron-server[103498]: DEBUG neutron_lib.callbacks.manager [None req-0ba8ba37-f1e0-416f-a04b-08978ef2e0f0 None None] Publish callbacks ['neutron.plugins.ml2.plugin.Ml2Plugin._port_provisioned-597634'] for port, provisioning_complete {{(pid=103498) _notify_loop /usr/local/lib/python3.8/dist-packages/neutron_lib/callbacks/manager.py:175}}
Nov 24 15:08:45.116483 dv-neutron-818889-2-hyperv neutron-server[103497]: DEBUG neutron.wsgi [-] (103497) accepted ('10.222.0.59', 51078) {{(pid=103497) server /usr/local/lib/python3.8/dist-packages/eventlet/wsgi.py:1004}}
Nov 24 15:08:45.123318 dv-neutron-818889-2-hyperv neutron-server[103497]: DEBUG neutron.api.rpc.handlers.resources_rpc [None req-e7b80a89-ca2f-4dd9-9890-fc2a3a4b0899 tempest-ServersTestJSON-334025840 tempest-ServersTestJSON-334025840-project] Pushing event updated for resources: {'SecurityGroupRule': ['ID=694307f6-f828-42d1-809c-2a49d8bf4d2e,revision_number=0']} {{(pid=103497) push /opt/stack/neutron/neutron/api/rpc/handlers/resources_rpc.py:237}}
Nov 24 15:08:45.127356 dv-neutron-818889-2-hyperv neutron-server[103497]: DEBUG neutron_lib.callbacks.manager [None req-0cad844b-f66b-400a-923e-81ee5f2388e7 tempest-RoutersIpV6AdminTest-2087119874 tempest-RoutersIpV6AdminTest-2087119874-project-admin] Publish callbacks ['neutron.plugins.ml2.plugin.SecurityGroupServerNotifierRpcMixin._notify_sg_on_port_change-586311', 'neutron.plugins.ml2.ovo_rpc._ObjectChangeHandler.handle_event-137926', 'neutron.api.rpc.agentnotifiers.dhcp_rpc_agent_api.DhcpAgentNotifyAPI._native_event_send_dhcp_notification-1609509', 'neutron.db.l3_db.L3RpcNotifierMixin._notify_routers_callback-8739337029488', 'neutron.db.l3_dvrscheduler_db._notify_port_delete-8739336531173', 'neutron.services.segments.plugin.NovaSegmentNotifier._notify_port_created_or_deleted-30230014'] for port, after_delete {{(pid=103497) _notify_loop /usr/local/lib/python3.8/dist-packages/neutron_lib/callbacks/manager.py:175}}
Nov 24 15:08:45.132104 dv-neutron-818889-2-hyperv neutron-server[103497]: DEBUG neutron.api.v2.base [None req-9a548c67-3822-4ff2-a1b6-e2b04829825f tempest-AllowedAddressPairIpV6TestJSON-114734244 tempest-AllowedAddressPairIpV6TestJSON-114734244-project] Request body: {'port': {'network_id': 'f4320515-1f8d-4fbc-92a0-d3d133f1011d', 'name': 'tempest-AllowedAddressPairIpV6TestJSON-1549065753'}} {{(pid=103497) prepare_request_body /opt/stack/neutron/neutron/api/v2/base.py:729}}
Nov 24 15:08:45.191559 dv-neutron-818889-2-hyperv neutron-server[103497]: DEBUG neutron.api.rpc.handlers.resources_rpc [None req-0cad844b-f66b-400a-923e-81ee5f2388e7 tempest-RoutersIpV6AdminTest-2087119874 tempest-RoutersIpV6AdminTest-2087119874-project-admin] Pushing event deleted for resources: {'Port': ['ID=ca5be6bb-05c0-4c1c-8293-91ca3ee23545,revision_number=None']} {{(pid=103497) push /opt/stack/neutron/neutron/api/rpc/handlers/resources_rpc.py:237}}
Nov 24 15:08:45.203429 dv-neutron-818889-2-hyperv neutron-server[103498]: DEBUG neutron_lib.callbacks.manager [None req-374f71f3-125c-48ef-8404-956f21d7afd3 None None] Publish callbacks ['neutron.services.segments.db._update_segment_host_mapping_for_agent-8739336977857', 'neutron.plugins.ml2.plugin.Ml2Plugin._retry_binding_revived_agents-597333'] for agent, after_update {{(pid=103498) _notify_loop /usr/local/lib/python3.8/dist-packages/neutron_lib/callbacks/manager.py:175}}
Nov 24 15:08:45.256778 dv-neutron-818889-2-hyperv neutron-server[103497]: DEBUG neutron_lib.callbacks.manager [None req-e7b80a89-ca2f-4dd9-9890-fc2a3a4b0899 tempest-ServersTestJSON-334025840 tempest-ServersTestJSON-334025840-project] Publish callbacks [] for security_group_rule, before_response {{(pid=103497) _notify_loop /usr/local/lib/python3.8/dist-packages/neutron_lib/callbacks/manager.py:175}}
Nov 24 15:08:45.263168 dv-neutron-818889-2-hyperv neutron-server[103497]: INFO neutron.wsgi [None req-e7b80a89-ca2f-4dd9-9890-fc2a3a4b0899 tempest-ServersTestJSON-334025840 tempest-ServersTestJSON-334025840-project] 10.222.0.59 "POST /v2.0/security-group-rules HTTP/1.1" status: 201 len: 769 time: 1.6945100
Nov 24 15:08:45.285979 dv-neutron-818889-2-hyperv neutron-server[103497]: DEBUG neutron_lib.callbacks.manager [None req-0cad844b-f66b-400a-923e-81ee5f2388e7 tempest-RoutersIpV6AdminTest-2087119874 tempest-RoutersIpV6AdminTest-2087119874-project-admin] Publish callbacks ['neutron.services.l3_router.l3_router_plugin.DVRResourceOperationHandler._delete_dvr_internal_ports-1663102'] for router_gateway, after_delete {{(pid=103497) _notify_loop /usr/local/lib/python3.8/dist-packages/neutron_lib/callbacks/manager.py:175}}
Nov 24 15:08:45.287782 dv-neutron-818889-2-hyperv neutron-server[103498]: DEBUG neutron.db.l3_hamode_db [None req-f5ac3a90-3d24-4658-a6cf-55b7d0a5171f None None] neutron.services.l3_router.l3_router_plugin.L3RouterPlugin method _process_sync_ha_data called with arguments (, [{'id': '6f6b28d2-f391-46dc-b4e0-651828baf4b9', 'name': '', 'tenant_id': '486242dfd1f0451a9a0cce3dc43ec545', 'admin_state_up': True, 'status': 'ACTIVE', 'external_gateway_info': {'network_id': '1eb13eb9-a901-4a3d-a810-6a985fd08a49', 'external_fixed_ips': [{'subnet_id': '3eaaab91-eb8c-41c5-a1d2-83d4ce1b8b74', 'ip_address': '2001:db8::af'}], 'enable_snat': True}, 'gw_port_id': 'ca5be6bb-05c0-4c1c-8293-91ca3ee23545', 'description': '', 'availability_zones': ['nova'], 'distributed': False, 'ha': False, 'ha_vr_id': 0, 'availability_zone_hints': [], 'routes': [], 'flavor_id': None, 'tags': [], 'created_at': '2021-11-24T15:08:32Z', 'updated_at': '2021-11-24T15:08:38Z', 'revision_number': 3, 'project_id': '486242dfd1f0451a9a0cce3dc43ec545', 'gw_port': {'id': 'ca5be6bb-05c0-4c1c-8293-91ca3ee23545', 'name': '', 'network_id': '1eb13eb9-a901-4a3d-a810-6a985fd08a49', 'tenant_id': '', 'mac_address': 'fa:16:3e:18:71:54', 'admin_state_up': True, 'status': 'DOWN', 'device_id': '6f6b28d2-f391-46dc-b4e0-651828baf4b9', 'device_owner': 'network:router_gateway', 'standard_attr_id': 134, 'fixed_ips': [{'subnet_id': '3eaaab91-eb8c-41c5-a1d2-83d4ce1b8b74', 'ip_address': '2001:db8::af', 'prefixlen': 64}], 'allowed_address_pairs': [], 'extra_dhcp_opts': [], 'security_groups': [], 'description': '', 'binding:vnic_type': 'normal', 'binding:profile': {}, 'binding:host_id': 'dv-neutron-818889-2-hyperv', 'binding:vif_type': 'ovs', 'binding:vif_details': {'connectivity': 'l2', 'port_filter': True, 'ovs_hybrid_plug': False, 'datapath_type': 'system', 'bridge_name': 'br-int'}, 'port_security_enabled': False, 'tags': [], 'created_at': '2021-11-24T15:08:35Z', 'updated_at': '2021-11-24T15:08:43Z', 'revision_number': 3, 'project_id': '', 'subnets': [{'id': '3eaaab91-eb8c-41c5-a1d2-83d4ce1b8b74', 'cidr': '2001:db8::/64', 'gateway_ip': '2001:db8::1', 'dns_nameservers': [], 'ipv6_ra_mode': None, 'subnetpool_id': None}], 'extra_subnets': [], 'address_scopes': {4: None, 6: None}, 'mtu': 1500}, 'enable_snat': True, 'gw_port_host': 'dv-neutron-818889-2-hyperv'}], 'dv-neutron-818889-2-hyperv', False) {} {{(pid=103498) wrapper /usr/local/lib/python3.8/dist-packages/oslo_log/helpers.py:65}}
Nov 24 15:08:45.301774 dv-neutron-818889-2-hyperv neutron-server[103496]: DEBUG neutron.wsgi [-] (103496) accepted ('10.222.0.59', 51080) {{(pid=103496) server /usr/local/lib/python3.8/dist-packages/eventlet/wsgi.py:1004}}
Nov 24 15:08:45.303835 dv-neutron-818889-2-hyperv neutron-server[103496]: DEBUG neutron_lib.callbacks.manager [None req-95ff71ac-e30e-48fa-81d4-6c95608843c6 admin admin] Publish callbacks [] for security_group, before_delete {{(pid=103496) _notify_loop /usr/local/lib/python3.8/dist-packages/neutron_lib/callbacks/manager.py:175}}
Nov 24 15:08:45.310160 dv-neutron-818889-2-hyperv neutron-server[103498]: DEBUG neutron.db.db_base_plugin_common [None req-19e91380-0320-42ca-a4d6-a27e47d8e14d None None] Allocated IP 172.20.0.2 (56d735cb-699d-4897-9b37-bae2d9b2373e/0ed58337-0ec0-4414-9cdc-ea590518e2b5/b7955c79-6696-4016-8acb-8cff9589f578) {{(pid=103498) _store_ip_allocation /opt/stack/neutron/neutron/db/db_base_plugin_common.py:131}}
Nov 24 15:08:45.353019 dv-neutron-818889-2-hyperv neutron-server[103496]: DEBUG neutron_lib.callbacks.manager [None req-95ff71ac-e30e-48fa-81d4-6c95608843c6 admin admin] Publish callbacks [] for security_group, precommit_delete {{(pid=103496) _notify_loop /usr/local/lib/python3.8/dist-packages/neutron_lib/callbacks/manager.py:175}}
Nov 24 15:08:45.407719 dv-neutron-818889-2-hyperv neutron-server[103497]: DEBUG neutron_lib.callbacks.manager [None req-0cad844b-f66b-400a-923e-81ee5f2388e7 tempest-RoutersIpV6AdminTest-2087119874 tempest-RoutersIpV6AdminTest-2087119874-project-admin] Publish callbacks ['neutron.services.l3_router.l3_router_plugin.L3_HA_NAT_db_mixin._release_router_vr_id-1662512', 'neutron.services.l3_router.service_providers.driver_controller.DriverController._clear_router_provider-7151'] for router, precommit_delete {{(pid=103497) _notify_loop /usr/local/lib/python3.8/dist-packages/neutron_lib/callbacks/manager.py:175}}
Nov 24 15:08:45.410242 dv-neutron-818889-2-hyperv neutron-server[103497]: DEBUG neutron_lib.callbacks.manager [None req-0cad844b-f66b-400a-923e-81ee5f2388e7 tempest-RoutersIpV6AdminTest-2087119874 tempest-RoutersIpV6AdminTest-2087119874-project-admin] Publish callbacks [] for router_controller, precommit_delete_associations {{(pid=103497) _notify_loop /usr/local/lib/python3.8/dist-packages/neutron_lib/callbacks/manager.py:175}}
Nov 24 15:08:45.498931 dv-neutron-818889-2-hyperv neutron-server[103497]: DEBUG neutron_lib.callbacks.manager [None req-0cad844b-f66b-400a-923e-81ee5f2388e7 tempest-RoutersIpV6AdminTest-2087119874 tempest-RoutersIpV6AdminTest-2087119874-project-admin] Publish callbacks ['neutron.services.l3_router.l3_router_plugin.L3_HA_NAT_db_mixin._cleanup_ha_network_handler-1663228'] for router, after_delete {{(pid=103497) _notify_loop /usr/local/lib/python3.8/dist-packages/neutron_lib/callbacks/manager.py:175}}
Nov 24 15:08:45.500085 dv-neutron-818889-2-hyperv neutron-server[103496]: DEBUG neutron.api.v2.base [None req-ab0afc11-a3be-44cd-8777-05961538e5c6 tempest-ServersTestJSON-334025840 tempest-ServersTestJSON-334025840-project] Request body: {'floatingip': {'floating_network_id': 'db7e65ae-bb4d-4d0a-91c5-fe0b10996fad'}} {{(pid=103496) prepare_request_body /opt/stack/neutron/neutron/api/v2/base.py:729}}
Nov 24 15:08:45.504938 dv-neutron-818889-2-hyperv neutron-server[103497]: DEBUG neutron.api.rpc.agentnotifiers.l3_rpc_agent_api [None req-0cad844b-f66b-400a-923e-81ee5f2388e7 tempest-RoutersIpV6AdminTest-2087119874 tempest-RoutersIpV6AdminTest-2087119874-project-admin] Fanout notify agent at l3_agent the message router_deleted on router 6f6b28d2-f391-46dc-b4e0-651828baf4b9 {{(pid=103497) _notification_fanout /opt/stack/neutron/neutron/api/rpc/agentnotifiers/l3_rpc_agent_api.py:114}}
Nov 24 15:08:45.520084 dv-neutron-818889-2-hyperv neutron-server[103497]: DEBUG neutron_lib.callbacks.manager [None req-0cad844b-f66b-400a-923e-81ee5f2388e7 tempest-RoutersIpV6AdminTest-2087119874 tempest-RoutersIpV6AdminTest-2087119874-project-admin] Publish callbacks [] for router, before_response {{(pid=103497) _notify_loop /usr/local/lib/python3.8/dist-packages/neutron_lib/callbacks/manager.py:175}}
Nov 24 15:08:45.525314 dv-neutron-818889-2-hyperv neutron-server[103497]: INFO neutron.wsgi [None req-0cad844b-f66b-400a-923e-81ee5f2388e7 tempest-RoutersIpV6AdminTest-2087119874 tempest-RoutersIpV6AdminTest-2087119874-project-admin] 10.222.0.59 "DELETE /v2.0/routers/6f6b28d2-f391-46dc-b4e0-651828baf4b9 HTTP/1.1" status: 204 len: 168 time: 4.3505189
Nov 24 15:08:45.526390 dv-neutron-818889-2-hyperv neutron-server[103497]: DEBUG neutron.wsgi [-] (103497) accepted ('10.222.0.59', 51082) {{(pid=103497) server /usr/local/lib/python3.8/dist-packages/eventlet/wsgi.py:1004}}
Nov 24 15:08:45.535339 dv-neutron-818889-2-hyperv neutron-server[103496]: DEBUG neutron_lib.callbacks.manager [None req-95ff71ac-e30e-48fa-81d4-6c95608843c6 admin admin] Publish callbacks ['neutron.plugins.ml2.ovo_rpc._ObjectChangeHandler.handle_event-1868088'] for security_group, after_delete {{(pid=103496) _notify_loop /usr/local/lib/python3.8/dist-packages/neutron_lib/callbacks/manager.py:175}}
Nov 24 15:08:45.543331 dv-neutron-818889-2-hyperv neutron-server[103496]: DEBUG neutron_lib.callbacks.manager [None req-95ff71ac-e30e-48fa-81d4-6c95608843c6 admin admin] Publish callbacks [] for security_group, before_response {{(pid=103496) _notify_loop /usr/local/lib/python3.8/dist-packages/neutron_lib/callbacks/manager.py:175}}
Nov 24 15:08:45.547437 dv-neutron-818889-2-hyperv neutron-server[103496]: INFO neutron.wsgi [None req-95ff71ac-e30e-48fa-81d4-6c95608843c6 admin admin] 10.222.0.59 "DELETE /v2.0/security-groups/b88a783a-0461-4c3f-b9da-3ca4280a5c1e HTTP/1.1" status: 204 len: 168 time: 1.0557246
Nov 24 15:08:45.567343 dv-neutron-818889-2-hyperv neutron-server[103498]: DEBUG neutron.api.rpc.handlers.dhcp_rpc [None req-44be321d-b9ac-4758-92d7-ec81864ca2d3 None None] Create dhcp port {'port': {'name': '', 'admin_state_up': True, 'device_id': 'dhcp7b686e26-a4ac-56b8-8e5e-f60ae8e9bbdf-f4320515-1f8d-4fbc-92a0-d3d133f1011d', 'network_id': 'f4320515-1f8d-4fbc-92a0-d3d133f1011d', 'tenant_id': '35aa1754dfac4836be04e3fd48434ebd', 'fixed_ips': [{'subnet_id': '34db8505-3fe7-4fa7-a0de-6c903a24029a'}]}} from dv-neutron-818889-2-hyperv. {{(pid=103498) create_dhcp_port /opt/stack/neutron/neutron/api/rpc/handlers/dhcp_rpc.py:285}}
Nov 24 15:08:45.567986 dv-neutron-818889-2-hyperv neutron-server[103498]: DEBUG neutron_lib.callbacks.manager [None req-44be321d-b9ac-4758-92d7-ec81864ca2d3 None None] Publish callbacks ['neutron.plugins.ml2.plugin.SecurityGroupDbMixin._ensure_default_security_group_handler-587906'] for port, before_create {{(pid=103498) _notify_loop /usr/local/lib/python3.8/dist-packages/neutron_lib/callbacks/manager.py:175}}
Nov 24 15:08:45.682085 dv-neutron-818889-2-hyperv neutron-server[103497]: DEBUG neutron.db.db_base_plugin_v2 [None req-29a3b702-9ed7-4d79-81c6-14908ebfc07d tempest-RoutersIpV6AdminTest-2087119874 tempest-RoutersIpV6AdminTest-2087119874-project-admin] Deleting subnet 3eaaab91-eb8c-41c5-a1d2-83d4ce1b8b74 {{(pid=103497) delete_subnet /opt/stack/neutron/neutron/db/db_base_plugin_v2.py:1059}}
Nov 24 15:08:45.686350 dv-neutron-818889-2-hyperv neutron-server[103498]: DEBUG neutron.api.rpc.handlers.l3_rpc [None req-f5ac3a90-3d24-4658-a6cf-55b7d0a5171f None None] The sync data for ids ['6f6b28d2-f391-46dc-b4e0-651828baf4b9'] in dv-neutron-818889-2-hyperv is: [{'id': '6f6b28d2-f391-46dc-b4e0-651828baf4b9', 'name': '', 'tenant_id': '486242dfd1f0451a9a0cce3dc43ec545', 'admin_state_up': True, 'status': 'ACTIVE', 'external_gateway_info': {'network_id': '1eb13eb9-a901-4a3d-a810-6a985fd08a49', 'external_fixed_ips': [{'subnet_id': '3eaaab91-eb8c-41c5-a1d2-83d4ce1b8b74', 'ip_address': '2001:db8::af'}], 'enable_snat': True}, 'gw_port_id': 'ca5be6bb-05c0-4c1c-8293-91ca3ee23545', 'description': '', 'availability_zones': ['nova'], 'distributed': False, 'ha': False, 'ha_vr_id': 0, 'availability_zone_hints': [], 'routes': [], 'flavor_id': None, 'tags': [], 'created_at': '2021-11-24T15:08:32Z', 'updated_at': '2021-11-24T15:08:38Z', 'revision_number': 3, 'project_id': '486242dfd1f0451a9a0cce3dc43ec545', 'gw_port': {'id': 'ca5be6bb-05c0-4c1c-8293-91ca3ee23545', 'name': '', 'network_id': '1eb13eb9-a901-4a3d-a810-6a985fd08a49', 'tenant_id': '', 'mac_address': 'fa:16:3e:18:71:54', 'admin_state_up': True, 'status': 'DOWN', 'device_id': '6f6b28d2-f391-46dc-b4e0-651828baf4b9', 'device_owner': 'network:router_gateway', 'standard_attr_id': 134, 'fixed_ips': [{'subnet_id': '3eaaab91-eb8c-41c5-a1d2-83d4ce1b8b74', 'ip_address': '2001:db8::af', 'prefixlen': 64}], 'allowed_address_pairs': [], 'extra_dhcp_opts': [], 'security_groups': [], 'description': '', 'binding:vnic_type': 'normal', 'binding:profile': {}, 'binding:host_id': 'dv-neutron-818889-2-hyperv', 'binding:vif_type': 'ovs', 'binding:vif_details': {'connectivity': 'l2', 'port_filter': True, 'ovs_hybrid_plug': False, 'datapath_type': 'system', 'bridge_name': 'br-int'}, 'port_security_enabled': False, 'tags': [], 'created_at': '2021-11-24T15:08:35Z', 'updated_at': '2021-11-24T15:08:43Z', 'revision_number': 3, 'project_id': '', 'subnets': [{'id': '3eaaab91-eb8c-41c5-a1d2-83d4ce1b8b74', 'cidr': '2001:db8::/64', 'gateway_ip': '2001:db8::1', 'dns_nameservers': [], 'ipv6_ra_mode': None, 'subnetpool_id': None}], 'extra_subnets': [], 'address_scopes': {4: None, 6: None}, 'mtu': 1500}, 'enable_snat': True, 'gw_port_host': 'dv-neutron-818889-2-hyperv'}] {{(pid=103498) sync_routers /opt/stack/neutron/neutron/api/rpc/handlers/l3_rpc.py:137}}
Nov 24 15:08:45.693159 dv-neutron-818889-2-hyperv neutron-server[103497]: DEBUG neutron_lib.callbacks.manager [None req-29a3b702-9ed7-4d79-81c6-14908ebfc07d tempest-RoutersIpV6AdminTest-2087119874 tempest-RoutersIpV6AdminTest-2087119874-project-admin] Publish callbacks [] for subnet, before_delete {{(pid=103497) _notify_loop /usr/local/lib/python3.8/dist-packages/neutron_lib/callbacks/manager.py:175}}
Nov 24 15:08:45.701013 dv-neutron-818889-2-hyperv neutron-server[103496]: DEBUG neutron_lib.callbacks.manager [None req-ab0afc11-a3be-44cd-8777-05961538e5c6 tempest-ServersTestJSON-334025840 tempest-ServersTestJSON-334025840-project] Publish callbacks [] for floatingip, before_create {{(pid=103496) _notify_loop /usr/local/lib/python3.8/dist-packages/neutron_lib/callbacks/manager.py:175}}
Nov 24 15:08:45.702835 dv-neutron-818889-2-hyperv neutron-server[103498]: DEBUG neutron_lib.callbacks.manager [None req-0ba8ba37-f1e0-416f-a04b-08978ef2e0f0 None None] Publish callbacks ['neutron.plugins.ml2.plugin.SecurityGroupDbMixin._ensure_default_security_group_handler-587906'] for port, before_update {{(pid=103498) _notify_loop /usr/local/lib/python3.8/dist-packages/neutron_lib/callbacks/manager.py:175}}
Nov 24 15:08:45.733530 dv-neutron-818889-2-hyperv neutron-server[103496]: DEBUG neutron_lib.callbacks.manager [None req-21b5a308-0b51-4ea5-bae4-eae7995d1988 tempest-MeteringTestJSON-244140196 tempest-MeteringTestJSON-244140196-project-admin] Publish callbacks [] for metering_label, before_response {{(pid=103496) _notify_loop /usr/local/lib/python3.8/dist-packages/neutron_lib/callbacks/manager.py:175}}
Nov 24 15:08:45.734842 dv-neutron-818889-2-hyperv neutron-server[103496]: INFO neutron.wsgi [None req-21b5a308-0b51-4ea5-bae4-eae7995d1988 tempest-MeteringTestJSON-244140196 tempest-MeteringTestJSON-244140196-project-admin] 10.222.0.59 "DELETE /v2.0/metering/metering-labels/cb7fc5d9-fe5f-4992-840d-8dacf813d262 HTTP/1.1" status: 204 len: 168 time: 1.2288442
Nov 24 15:08:45.769497 dv-neutron-818889-2-hyperv neutron-server[103498]: DEBUG neutron_lib.callbacks.manager [None req-19e91380-0320-42ca-a4d6-a27e47d8e14d None None] Publish callbacks [] for port, precommit_create {{(pid=103498) _notify_loop /usr/local/lib/python3.8/dist-packages/neutron_lib/callbacks/manager.py:175}}
Nov 24 15:08:45.769693 dv-neutron-818889-2-hyperv neutron-server[103496]: DEBUG neutron.api.rpc.handlers.resources_rpc [None req-95ff71ac-e30e-48fa-81d4-6c95608843c6 admin admin] Pushing event deleted for resources: {'SecurityGroup': ['ID=b88a783a-0461-4c3f-b9da-3ca4280a5c1e,revision_number=None']} {{(pid=103496) push /opt/stack/neutron/neutron/api/rpc/handlers/resources_rpc.py:237}}
Nov 24 15:08:45.789392 dv-neutron-818889-2-hyperv neutron-server[103497]: DEBUG neutron.pecan_wsgi.hooks.quota_enforcement [None req-9a548c67-3822-4ff2-a1b6-e2b04829825f tempest-AllowedAddressPairIpV6TestJSON-114734244 tempest-AllowedAddressPairIpV6TestJSON-114734244-project] Made reservation on behalf of 35aa1754dfac4836be04e3fd48434ebd for: {'port': 1} {{(pid=103497) before /opt/stack/neutron/neutron/pecan_wsgi/hooks/quota_enforcement.py:53}}
Nov 24 15:08:45.793489 dv-neutron-818889-2-hyperv neutron-server[103497]: DEBUG neutron_lib.callbacks.manager [None req-9a548c67-3822-4ff2-a1b6-e2b04829825f tempest-AllowedAddressPairIpV6TestJSON-114734244 tempest-AllowedAddressPairIpV6TestJSON-114734244-project] Publish callbacks ['neutron.plugins.ml2.plugin.SecurityGroupDbMixin._ensure_default_security_group_handler-587906'] for port, before_create {{(pid=103497) _notify_loop /usr/local/lib/python3.8/dist-packages/neutron_lib/callbacks/manager.py:175}}
Nov 24 15:08:45.794827 dv-neutron-818889-2-hyperv neutron-server[103496]: DEBUG neutron_lib.callbacks.manager [None req-d5a8c769-e438-4845-8651-ed15334cd0c0 tempest-ServerActionsTestJSON-2008280333 tempest-ServerActionsTestJSON-2008280333-project] Publish callbacks ['neutron.plugins.ml2.plugin.SecurityGroupDbMixin._ensure_default_security_group_handler-587906'] for port, before_create {{(pid=103496) _notify_loop /usr/local/lib/python3.8/dist-packages/neutron_lib/callbacks/manager.py:175}}
Nov 24 15:08:45.808061 dv-neutron-818889-2-hyperv neutron-server[103497]: DEBUG neutron_lib.callbacks.manager [None req-29a3b702-9ed7-4d79-81c6-14908ebfc07d tempest-RoutersIpV6AdminTest-2087119874 tempest-RoutersIpV6AdminTest-2087119874-project-admin] Publish callbacks ['neutron.services.segments.plugin.Plugin._validate_auto_address_subnet_delete-29424089'] for subnet, precommit_delete_associations {{(pid=103497) _notify_loop /usr/local/lib/python3.8/dist-packages/neutron_lib/callbacks/manager.py:175}}
Nov 24 15:08:45.870164 dv-neutron-818889-2-hyperv neutron-server[103498]: DEBUG neutron.plugins.ml2.db [None req-0ba8ba37-f1e0-416f-a04b-08978ef2e0f0 None None] For port 25648671-937c-4796-8e6d-5f82bc811309, host dv-neutron-818889-2-hyperv, got binding levels [PortBindingLevel(driver='openvswitch',host='dv-neutron-818889-2-hyperv',level=0,port_id=25648671-937c-4796-8e6d-5f82bc811309,segment=NetworkSegment(92c8e5a9-14c6-401f-b27c-98fe06892f6c),segment_id=92c8e5a9-14c6-401f-b27c-98fe06892f6c)] {{(pid=103498) get_binding_level_objs /opt/stack/neutron/neutron/plugins/ml2/db.py:74}}
Nov 24 15:08:45.939005 dv-neutron-818889-2-hyperv neutron-server[103498]: DEBUG neutron_lib.callbacks.manager [None req-19e91380-0320-42ca-a4d6-a27e47d8e14d None None] Publish callbacks ['neutron.plugins.ml2.plugin.SecurityGroupServerNotifierRpcMixin._notify_sg_on_port_change-586311', 'neutron.plugins.ml2.ovo_rpc._ObjectChangeHandler.handle_event-137926', 'neutron.api.rpc.agentnotifiers.dhcp_rpc_agent_api.DhcpAgentNotifyAPI._native_event_send_dhcp_notification-1609509', 'neutron.db.l3_dvrscheduler_db._notify_l3_agent_new_port-8739336531164'] for port, after_create {{(pid=103498) _notify_loop /usr/local/lib/python3.8/dist-packages/neutron_lib/callbacks/manager.py:175}}
Nov 24 15:08:45.958666 dv-neutron-818889-2-hyperv neutron-server[103498]: DEBUG neutron.db.provisioning_blocks [None req-de27f93e-6d95-483a-93de-33840dd797d6 None None] Provisioning complete for port 954a6bb5-4a84-4f46-bb3d-6f5223e07408 triggered by entity L2. {{(pid=103498) provisioning_complete /opt/stack/neutron/neutron/db/provisioning_blocks.py:139}}
Nov 24 15:08:45.959488 dv-neutron-818889-2-hyperv neutron-server[103498]: DEBUG neutron_lib.callbacks.manager [None req-de27f93e-6d95-483a-93de-33840dd797d6 None None] Publish callbacks ['neutron.plugins.ml2.plugin.Ml2Plugin._port_provisioned-597634'] for port, provisioning_complete {{(pid=103498) _notify_loop /usr/local/lib/python3.8/dist-packages/neutron_lib/callbacks/manager.py:175}}
Nov 24 15:08:46.012242 dv-neutron-818889-2-hyperv neutron-server[103497]: DEBUG neutron.notifiers.nova [None req-9a548c67-3822-4ff2-a1b6-e2b04829825f tempest-AllowedAddressPairIpV6TestJSON-114734244 tempest-AllowedAddressPairIpV6TestJSON-114734244-project] device_id is not set on port dd342264-5549-453b-999d-076becd2849d yet. {{(pid=103497) _can_notify /opt/stack/neutron/neutron/notifiers/nova.py:190}}
Nov 24 15:08:46.026922 dv-neutron-818889-2-hyperv neutron-server[103498]: DEBUG neutron_lib.callbacks.manager [None req-0ba8ba37-f1e0-416f-a04b-08978ef2e0f0 None None] Publish callbacks ['neutron.plugins.ml2.plugin.SecurityGroupServerNotifierRpcMixin._notify_sg_on_port_change-586311', 'neutron.plugins.ml2.ovo_rpc._ObjectChangeHandler.handle_event-137926', 'neutron.api.rpc.agentnotifiers.dhcp_rpc_agent_api.DhcpAgentNotifyAPI._native_event_send_dhcp_notification-1609509', 'neutron.db.l3_db.L3RpcNotifierMixin._notify_gateway_port_ip_changed-8739337029834', 'neutron.db.l3_dvrscheduler_db._notify_l3_agent_port_update-8739336531182', 'neutron.db.l3_hascheduler_db._notify_l3_agent_ha_port_update-8739336533508'] for port, after_update {{(pid=103498) _notify_loop /usr/local/lib/python3.8/dist-packages/neutron_lib/callbacks/manager.py:175}}
Nov 24 15:08:46.054391 dv-neutron-818889-2-hyperv neutron-server[103496]: DEBUG neutron_lib.callbacks.manager [None req-ab0afc11-a3be-44cd-8777-05961538e5c6 tempest-ServersTestJSON-334025840 tempest-ServersTestJSON-334025840-project] Publish callbacks ['neutron.plugins.ml2.plugin.SecurityGroupDbMixin._ensure_default_security_group_handler-587906'] for port, before_create {{(pid=103496) _notify_loop /usr/local/lib/python3.8/dist-packages/neutron_lib/callbacks/manager.py:175}}
Nov 24 15:08:46.156760 dv-neutron-818889-2-hyperv neutron-server[103496]: DEBUG neutron.wsgi [-] (103496) accepted ('10.222.0.59', 51112) {{(pid=103496) server /usr/local/lib/python3.8/dist-packages/eventlet/wsgi.py:1004}}
Nov 24 15:08:46.213068 dv-neutron-818889-2-hyperv neutron-server[103496]: DEBUG neutron.db.db_base_plugin_common [None req-d5a8c769-e438-4845-8651-ed15334cd0c0 tempest-ServerActionsTestJSON-2008280333 tempest-ServerActionsTestJSON-2008280333-project] Allocated IP 172.26.7.231 (db7e65ae-bb4d-4d0a-91c5-fe0b10996fad/b55ce4fc-184f-4980-9328-759d7e1b9050/52bed45d-00e9-4fba-ad17-a9f459a6a0df) {{(pid=103496) _store_ip_allocation /opt/stack/neutron/neutron/db/db_base_plugin_common.py:131}}
Nov 24 15:08:46.263595 dv-neutron-818889-2-hyperv neutron-server[103498]: DEBUG neutron.scheduler.dhcp_agent_scheduler [None req-19e91380-0320-42ca-a4d6-a27e47d8e14d None None] Network 56d735cb-699d-4897-9b37-bae2d9b2373e is already hosted by enough agents. {{(pid=103498) _get_dhcp_agents_hosting_network /opt/stack/neutron/neutron/scheduler/dhcp_agent_scheduler.py:275}}
Nov 24 15:08:46.273904 dv-neutron-818889-2-hyperv neutron-server[103498]: DEBUG neutron.scheduler.base_scheduler [None req-19e91380-0320-42ca-a4d6-a27e47d8e14d None None] Resources bound (agent type, host, resource id): {{(pid=103498) schedule /opt/stack/neutron/neutron/scheduler/base_scheduler.py:57}}
Nov 24 15:08:46.286767 dv-neutron-818889-2-hyperv neutron-server[103498]: DEBUG neutron.db.l3_dvrscheduler_db [None req-19e91380-0320-42ca-a4d6-a27e47d8e14d None None] Received port after_create {{(pid=103498) _notify_l3_agent_new_port /opt/stack/neutron/neutron/db/l3_dvrscheduler_db.py:535}}
Nov 24 15:08:46.300807 dv-neutron-818889-2-hyperv neutron-server[103498]: DEBUG neutron.api.rpc.handlers.resources_rpc [None req-19e91380-0320-42ca-a4d6-a27e47d8e14d None None] Pushing event updated for resources: {'Port': ['ID=b7955c79-6696-4016-8acb-8cff9589f578,revision_number=1']} {{(pid=103498) push /opt/stack/neutron/neutron/api/rpc/handlers/resources_rpc.py:237}}
Nov 24 15:08:46.442870 dv-neutron-818889-2-hyperv neutron-server[103498]: DEBUG neutron.plugins.ml2.managers [None req-19e91380-0320-42ca-a4d6-a27e47d8e14d None None] Attempting to bind port b7955c79-6696-4016-8acb-8cff9589f578 on host dv-neutron-818889-2-hyperv for vnic_type normal with profile {{(pid=103498) bind_port /opt/stack/neutron/neutron/plugins/ml2/managers.py:795}}
Nov 24 15:08:46.443247 dv-neutron-818889-2-hyperv neutron-server[103498]: DEBUG neutron.plugins.ml2.managers [None req-19e91380-0320-42ca-a4d6-a27e47d8e14d None None] Attempting to bind port b7955c79-6696-4016-8acb-8cff9589f578 by drivers openvswitch,hyperv on host dv-neutron-818889-2-hyperv at level 0 using segments [{'id': '830c5b47-356e-48d0-ae89-9b68bea531dc', 'network_type': 'vlan', 'physical_network': 'physnet1', 'segmentation_id': 556, 'network_id': '56d735cb-699d-4897-9b37-bae2d9b2373e'}] {{(pid=103498) _bind_port_level /opt/stack/neutron/neutron/plugins/ml2/managers.py:820}}
Nov 24 15:08:46.443614 dv-neutron-818889-2-hyperv neutron-server[103498]: DEBUG neutron.plugins.ml2.drivers.mech_agent [None req-19e91380-0320-42ca-a4d6-a27e47d8e14d None None] Attempting to bind port b7955c79-6696-4016-8acb-8cff9589f578 on network 56d735cb-699d-4897-9b37-bae2d9b2373e {{(pid=103498) bind_port /opt/stack/neutron/neutron/plugins/ml2/drivers/mech_agent.py:91}}
Nov 24 15:08:46.458206 dv-neutron-818889-2-hyperv neutron-server[103498]: DEBUG neutron.api.rpc.handlers.resources_rpc [None req-0ba8ba37-f1e0-416f-a04b-08978ef2e0f0 None None] Pushing event updated for resources: {'Port': ['ID=25648671-937c-4796-8e6d-5f82bc811309,revision_number=5']} {{(pid=103498) push /opt/stack/neutron/neutron/api/rpc/handlers/resources_rpc.py:237}}
Nov 24 15:08:46.461174 dv-neutron-818889-2-hyperv neutron-server[103498]: DEBUG neutron.plugins.ml2.drivers.mech_agent [None req-19e91380-0320-42ca-a4d6-a27e47d8e14d None None] Checking agent: {'id': 'e366222d-92f2-41ec-8293-8b6362b4a900', 'agent_type': 'Open vSwitch agent', 'binary': 'neutron-openvswitch-agent', 'topic': 'N/A', 'host': 'dv-neutron-818889-2-hyperv', 'admin_state_up': True, 'created_at': datetime.datetime(2021, 11, 24, 15, 1, 4), 'started_at': datetime.datetime(2021, 11, 24, 15, 1, 34), 'heartbeat_timestamp': datetime.datetime(2021, 11, 24, 15, 8, 34), 'description': None, 'resources_synced': None, 'availability_zone': None, 'alive': True, 'configurations': {'arp_responder_enabled': False, 'baremetal_smartnic': False, 'bridge_mappings': {'physnet1': 'br-data'}, 'datapath_type': 'system', 'devices': 0, 'enable_distributed_routing': False, 'extensions': [], 'in_distributed_mode': False, 'integration_bridge': 'br-int', 'l2_population': False, 'log_agent_heartbeats': False, 'ovs_capabilities': {'datapath_types': ['netdev', 'system'], 'iface_types': ['erspan', 'geneve', 'gre', 'internal', 'ip6erspan', 'ip6gre', 'lisp', 'patch', 'stt', 'system', 'tap', 'vxlan']}, 'ovs_hybrid_plug': False, 'resource_provider_bandwidths': {}, 'resource_provider_hypervisors': {'br-data': 'dv-neutron-818889-2-hyperv'}, 'resource_provider_inventory_defaults': {'allocation_ratio': 1.0, 'min_unit': 1, 'step_size': 1, 'reserved': 0}, 'resource_provider_packet_processing_inventory_defaults': {'allocation_ratio': 1.0, 'min_unit': 1, 'step_size': 1, 'reserved': 0}, 'resource_provider_packet_processing_with_direction': {}, 'resource_provider_packet_processing_without_direction': {}, 'tunnel_types': [], 'tunneling_ip': None, 'vhostuser_socket_dir': '/var/run/openvswitch'}, 'resource_versions': {'AddressGroup': '1.2', 'ConntrackHelper': '1.0', 'Log': '1.0', 'Network': '1.1', 'Port': '1.7', 'PortForwarding': '1.2', 'QosPolicy': '1.10', 'SecurityGroup': '1.5', 'SecurityGroupRule': '1.2', 'SubPort': '1.0', 'Subnet': '1.1', 'Trunk': '1.1'}} {{(pid=103498) bind_port /opt/stack/neutron/neutron/plugins/ml2/drivers/mech_agent.py:110}}
Nov 24 15:08:46.462138 dv-neutron-818889-2-hyperv neutron-server[103498]: DEBUG neutron.plugins.ml2.drivers.mech_agent [None req-19e91380-0320-42ca-a4d6-a27e47d8e14d None None] Checking segment: {'id': '830c5b47-356e-48d0-ae89-9b68bea531dc', 'network_type': 'vlan', 'physical_network': 'physnet1', 'segmentation_id': 556, 'network_id': '56d735cb-699d-4897-9b37-bae2d9b2373e'} for mappings: {'physnet1': 'br-data'} with network types: ['local', 'flat', 'vlan'] {{(pid=103498) check_segment_for_agent /opt/stack/neutron/neutron/plugins/ml2/drivers/mech_agent.py:371}}
Nov 24 15:08:46.462582 dv-neutron-818889-2-hyperv neutron-server[103498]: DEBUG neutron_lib.callbacks.manager [None req-19e91380-0320-42ca-a4d6-a27e47d8e14d None None] Publish callbacks [] for ovs_bridge_name, before_read {{(pid=103498) _notify_loop /usr/local/lib/python3.8/dist-packages/neutron_lib/callbacks/manager.py:175}}
Nov 24 15:08:46.463229 dv-neutron-818889-2-hyperv neutron-server[103498]: DEBUG neutron.plugins.ml2.drivers.mech_agent [None req-19e91380-0320-42ca-a4d6-a27e47d8e14d None None] Bound using segment: {'id': '830c5b47-356e-48d0-ae89-9b68bea531dc', 'network_type': 'vlan', 'physical_network': 'physnet1', 'segmentation_id': 556, 'network_id': '56d735cb-699d-4897-9b37-bae2d9b2373e'} {{(pid=103498) bind_port /opt/stack/neutron/neutron/plugins/ml2/drivers/mech_agent.py:120}}
Nov 24 15:08:46.463726 dv-neutron-818889-2-hyperv neutron-server[103498]: DEBUG neutron.plugins.ml2.managers [None req-19e91380-0320-42ca-a4d6-a27e47d8e14d None None] Bound port: b7955c79-6696-4016-8acb-8cff9589f578, host: dv-neutron-818889-2-hyperv, vif_type: ovs, vif_details: {"connectivity": "l2", "port_filter": true, "ovs_hybrid_plug": false, "datapath_type": "system", "bridge_name": "br-int"}, binding_levels: [{'bound_driver': 'openvswitch', 'bound_segment': {'id': '830c5b47-356e-48d0-ae89-9b68bea531dc', 'network_type': 'vlan', 'physical_network': 'physnet1', 'segmentation_id': 556, 'network_id': '56d735cb-699d-4897-9b37-bae2d9b2373e'}}] {{(pid=103498) _bind_port_level /opt/stack/neutron/neutron/plugins/ml2/managers.py:932}}
Nov 24 15:08:46.464109 dv-neutron-818889-2-hyperv neutron-server[103498]: DEBUG neutron_lib.callbacks.manager [None req-19e91380-0320-42ca-a4d6-a27e47d8e14d None None] Publish callbacks ['neutron.plugins.ml2.plugin.SecurityGroupDbMixin._ensure_default_security_group_handler-587906'] for port, before_update {{(pid=103498) _notify_loop /usr/local/lib/python3.8/dist-packages/neutron_lib/callbacks/manager.py:175}}
Nov 24 15:08:46.468548 dv-neutron-818889-2-hyperv neutron-server[103498]: DEBUG neutron.plugins.ml2.rpc [None req-de27f93e-6d95-483a-93de-33840dd797d6 None None] Device 25648671-937c-4796-8e6d-5f82bc811309 up at agent ovs-agent-dv-neutron-818889-2-hyperv {{(pid=103498) update_device_up /opt/stack/neutron/neutron/plugins/ml2/rpc.py:296}}
Nov 24 15:08:46.501382 dv-neutron-818889-2-hyperv neutron-server[103497]: DEBUG neutron.wsgi [-] (103497) accepted ('10.222.0.59', 51122) {{(pid=103497) server /usr/local/lib/python3.8/dist-packages/eventlet/wsgi.py:1004}}
Nov 24 15:08:46.510016 dv-neutron-818889-2-hyperv neutron-server[103497]: DEBUG neutron_lib.callbacks.manager [None req-29a3b702-9ed7-4d79-81c6-14908ebfc07d tempest-RoutersIpV6AdminTest-2087119874 tempest-RoutersIpV6AdminTest-2087119874-project-admin] Publish callbacks ['neutron.plugins.ml2.plugin.Ml2Plugin._subnet_delete_precommit_handler-938676'] for subnet, precommit_delete {{(pid=103497) _notify_loop /usr/local/lib/python3.8/dist-packages/neutron_lib/callbacks/manager.py:175}}
Nov 24 15:08:46.523953 dv-neutron-818889-2-hyperv neutron-server[103496]: DEBUG neutron_lib.callbacks.manager [None req-d5a8c769-e438-4845-8651-ed15334cd0c0 tempest-ServerActionsTestJSON-2008280333 tempest-ServerActionsTestJSON-2008280333-project] Publish callbacks [] for port, precommit_create {{(pid=103496) _notify_loop /usr/local/lib/python3.8/dist-packages/neutron_lib/callbacks/manager.py:175}}
Nov 24 15:08:46.584454 dv-neutron-818889-2-hyperv neutron-server[103497]: DEBUG neutron_lib.callbacks.manager [None req-29a3b702-9ed7-4d79-81c6-14908ebfc07d tempest-RoutersIpV6AdminTest-2087119874 tempest-RoutersIpV6AdminTest-2087119874-project-admin] Publish callbacks ['neutron.plugins.ml2.plugin.Ml2Plugin._subnet_delete_after_delete_handler-937031', 'neutron.plugins.ml2.ovo_rpc._ObjectChangeHandler.handle_event-1875049', 'neutron.api.rpc.agentnotifiers.dhcp_rpc_agent_api.DhcpAgentNotifyAPI._native_event_send_dhcp_notification-1609509', 'neutron.services.segments.plugin.NovaSegmentNotifier._notify_subnet_deleted-30229901', 'neutron.services.segments.plugin.SegmentHostRoutes.host_routes_after_delete-29703707'] for subnet, after_delete {{(pid=103497) _notify_loop /usr/local/lib/python3.8/dist-packages/neutron_lib/callbacks/manager.py:175}}
Nov 24 15:08:46.592784 dv-neutron-818889-2-hyperv neutron-server[103498]: DEBUG neutron.plugins.ml2.db [None req-19e91380-0320-42ca-a4d6-a27e47d8e14d None None] For port b7955c79-6696-4016-8acb-8cff9589f578, host dv-neutron-818889-2-hyperv, cleared binding levels {{(pid=103498) clear_binding_levels /opt/stack/neutron/neutron/plugins/ml2/db.py:87}}
Nov 24 15:08:46.598718 dv-neutron-818889-2-hyperv neutron-server[103498]: DEBUG neutron.db.provisioning_blocks [None req-de27f93e-6d95-483a-93de-33840dd797d6 None None] Provisioning complete for port 25648671-937c-4796-8e6d-5f82bc811309 triggered by entity L2. {{(pid=103498) provisioning_complete /opt/stack/neutron/neutron/db/provisioning_blocks.py:139}}
Nov 24 15:08:46.599102 dv-neutron-818889-2-hyperv neutron-server[103498]: DEBUG neutron_lib.callbacks.manager [None req-de27f93e-6d95-483a-93de-33840dd797d6 None None] Publish callbacks ['neutron.plugins.ml2.plugin.Ml2Plugin._port_provisioned-597634'] for port, provisioning_complete {{(pid=103498) _notify_loop /usr/local/lib/python3.8/dist-packages/neutron_lib/callbacks/manager.py:175}}
Nov 24 15:08:46.615768 dv-neutron-818889-2-hyperv neutron-server[103496]: DEBUG neutron_lib.callbacks.manager [None req-d5a8c769-e438-4845-8651-ed15334cd0c0 tempest-ServerActionsTestJSON-2008280333 tempest-ServerActionsTestJSON-2008280333-project] Publish callbacks ['neutron.plugins.ml2.plugin.SecurityGroupServerNotifierRpcMixin._notify_sg_on_port_change-586311', 'neutron.plugins.ml2.ovo_rpc._ObjectChangeHandler.handle_event-137926', 'neutron.api.rpc.agentnotifiers.dhcp_rpc_agent_api.DhcpAgentNotifyAPI._native_event_send_dhcp_notification-1609509', 'neutron.db.l3_dvrscheduler_db._notify_l3_agent_new_port-8739336531164', 'neutron.services.segments.plugin.NovaSegmentNotifier._notify_port_created_or_deleted-33441089'] for port, after_create {{(pid=103496) _notify_loop /usr/local/lib/python3.8/dist-packages/neutron_lib/callbacks/manager.py:175}}
Nov 24 15:08:46.626437 dv-neutron-818889-2-hyperv neutron-server[103497]: DEBUG neutron_lib.callbacks.manager [None req-29a3b702-9ed7-4d79-81c6-14908ebfc07d tempest-RoutersIpV6AdminTest-2087119874 tempest-RoutersIpV6AdminTest-2087119874-project-admin] Publish callbacks [] for subnet, before_response {{(pid=103497) _notify_loop /usr/local/lib/python3.8/dist-packages/neutron_lib/callbacks/manager.py:175}}
Nov 24 15:08:46.631546 dv-neutron-818889-2-hyperv neutron-server[103497]: INFO neutron.wsgi [None req-29a3b702-9ed7-4d79-81c6-14908ebfc07d tempest-RoutersIpV6AdminTest-2087119874 tempest-RoutersIpV6AdminTest-2087119874-project-admin] 10.222.0.59 "DELETE /v2.0/subnets/3eaaab91-eb8c-41c5-a1d2-83d4ce1b8b74 HTTP/1.1" status: 204 len: 168 time: 1.1042469
Nov 24 15:08:46.653306 dv-neutron-818889-2-hyperv neutron-server[103497]: DEBUG neutron_lib.callbacks.manager [None req-129f5365-2e68-4331-b9b6-ede35b4610b4 admin admin] Publish callbacks [] for security_group, before_create {{(pid=103497) _notify_loop /usr/local/lib/python3.8/dist-packages/neutron_lib/callbacks/manager.py:175}}
Nov 24 15:08:46.662213 dv-neutron-818889-2-hyperv neutron-server[103497]: DEBUG neutron.wsgi [-] (103497) accepted ('10.222.0.59', 51124) {{(pid=103497) server /usr/local/lib/python3.8/dist-packages/eventlet/wsgi.py:1004}}
Nov 24 15:08:46.662772 dv-neutron-818889-2-hyperv neutron-server[103497]: DEBUG neutron.wsgi [-] (103497) accepted ('10.222.0.59', 51126) {{(pid=103497) server /usr/local/lib/python3.8/dist-packages/eventlet/wsgi.py:1004}}
Nov 24 15:08:46.666274 dv-neutron-818889-2-hyperv neutron-server[103497]: DEBUG neutron.db.db_base_plugin_common [None req-c2a2d79f-344a-4e46-998a-086f05f8fc1b tempest-ExtraDHCPOptionsTestJSON-1602127321 tempest-ExtraDHCPOptionsTestJSON-1602127321-project] Allocated IP 172.20.0.5 (56d735cb-699d-4897-9b37-bae2d9b2373e/0ed58337-0ec0-4414-9cdc-ea590518e2b5/d0cc02a7-682f-4b64-9dc3-ce78ab0fd6c6) {{(pid=103497) _store_ip_allocation /opt/stack/neutron/neutron/db/db_base_plugin_common.py:131}}
Nov 24 15:08:46.681451 dv-neutron-818889-2-hyperv neutron-server[103498]: DEBUG neutron.plugins.ml2.db [None req-19e91380-0320-42ca-a4d6-a27e47d8e14d None None] For port b7955c79-6696-4016-8acb-8cff9589f578, host dv-neutron-818889-2-hyperv, set binding levels [PortBindingLevel(driver='openvswitch',host='dv-neutron-818889-2-hyperv',level=0,port_id=b7955c79-6696-4016-8acb-8cff9589f578,segment=NetworkSegment(830c5b47-356e-48d0-ae89-9b68bea531dc),segment_id=830c5b47-356e-48d0-ae89-9b68bea531dc)] {{(pid=103498) set_binding_levels /opt/stack/neutron/neutron/plugins/ml2/db.py:59}}
Nov 24 15:08:46.697150 dv-neutron-818889-2-hyperv neutron-server[103498]: DEBUG neutron_lib.callbacks.manager [None req-19e91380-0320-42ca-a4d6-a27e47d8e14d None None] Publish callbacks ['neutron.plugins.ml2.plugin.SecurityGroupServerNotifierRpcMixin._notify_sg_on_port_change-586311', 'neutron.plugins.ml2.ovo_rpc._ObjectChangeHandler.handle_event-137926', 'neutron.api.rpc.agentnotifiers.dhcp_rpc_agent_api.DhcpAgentNotifyAPI._native_event_send_dhcp_notification-1609509', 'neutron.db.l3_db.L3RpcNotifierMixin._notify_gateway_port_ip_changed-8739337029834', 'neutron.db.l3_dvrscheduler_db._notify_l3_agent_port_update-8739336531182', 'neutron.db.l3_hascheduler_db._notify_l3_agent_ha_port_update-8739336533508'] for port, after_update {{(pid=103498) _notify_loop /usr/local/lib/python3.8/dist-packages/neutron_lib/callbacks/manager.py:175}}
Nov 24 15:08:46.765777 dv-neutron-818889-2-hyperv neutron-server[103497]: DEBUG neutron_lib.callbacks.manager [None req-129f5365-2e68-4331-b9b6-ede35b4610b4 admin admin] Publish callbacks [] for security_group, precommit_create {{(pid=103497) _notify_loop /usr/local/lib/python3.8/dist-packages/neutron_lib/callbacks/manager.py:175}}
Nov 24 15:08:46.775898 dv-neutron-818889-2-hyperv neutron-server[103496]: DEBUG neutron.scheduler.dhcp_agent_scheduler [None req-d5a8c769-e438-4845-8651-ed15334cd0c0 tempest-ServerActionsTestJSON-2008280333 tempest-ServerActionsTestJSON-2008280333-project] Network db7e65ae-bb4d-4d0a-91c5-fe0b10996fad is already hosted by enough agents. {{(pid=103496) _get_dhcp_agents_hosting_network /opt/stack/neutron/neutron/scheduler/dhcp_agent_scheduler.py:275}}
Nov 24 15:08:46.789734 dv-neutron-818889-2-hyperv neutron-server[103496]: DEBUG neutron.scheduler.base_scheduler [None req-d5a8c769-e438-4845-8651-ed15334cd0c0 tempest-ServerActionsTestJSON-2008280333 tempest-ServerActionsTestJSON-2008280333-project] Resources bound (agent type, host, resource id): {{(pid=103496) schedule /opt/stack/neutron/neutron/scheduler/base_scheduler.py:57}}
Nov 24 15:08:46.810314 dv-neutron-818889-2-hyperv neutron-server[103496]: DEBUG neutron.db.l3_dvrscheduler_db [None req-d5a8c769-e438-4845-8651-ed15334cd0c0 tempest-ServerActionsTestJSON-2008280333 tempest-ServerActionsTestJSON-2008280333-project] Received port after_create {{(pid=103496) _notify_l3_agent_new_port /opt/stack/neutron/neutron/db/l3_dvrscheduler_db.py:535}}
Nov 24 15:08:46.816292 dv-neutron-818889-2-hyperv neutron-server[103496]: WARNING keystonemiddleware.auth_token [-] A valid token was submitted as a service token, but it was not a valid service token. This is incorrect but backwards compatible behaviour. This will be removed in future releases.
Nov 24 15:08:46.823642 dv-neutron-818889-2-hyperv neutron-server[103498]: DEBUG neutron.api.rpc.handlers.resources_rpc [None req-19e91380-0320-42ca-a4d6-a27e47d8e14d None None] Pushing event updated for resources: {'Port': ['ID=b7955c79-6696-4016-8acb-8cff9589f578,revision_number=2']} {{(pid=103498) push /opt/stack/neutron/neutron/api/rpc/handlers/resources_rpc.py:237}}
Nov 24 15:08:46.849561 dv-neutron-818889-2-hyperv neutron-server[103497]: DEBUG neutron.api.rpc.handlers.resources_rpc [None req-29a3b702-9ed7-4d79-81c6-14908ebfc07d tempest-RoutersIpV6AdminTest-2087119874 tempest-RoutersIpV6AdminTest-2087119874-project-admin] Pushing event deleted for resources: {'Subnet': ['ID=3eaaab91-eb8c-41c5-a1d2-83d4ce1b8b74,revision_number=None']} {{(pid=103497) push /opt/stack/neutron/neutron/api/rpc/handlers/resources_rpc.py:237}}
Nov 24 15:08:46.858308 dv-neutron-818889-2-hyperv neutron-server[103497]: DEBUG neutron_lib.callbacks.manager [None req-129f5365-2e68-4331-b9b6-ede35b4610b4 admin admin] Publish callbacks ['neutron.plugins.ml2.ovo_rpc._ObjectChangeHandler.handle_event-1868088'] for security_group, after_create {{(pid=103497) _notify_loop /usr/local/lib/python3.8/dist-packages/neutron_lib/callbacks/manager.py:175}}
Nov 24 15:08:46.865090 dv-neutron-818889-2-hyperv neutron-server[103496]: DEBUG neutron.api.rpc.handlers.resources_rpc [None req-d5a8c769-e438-4845-8651-ed15334cd0c0 tempest-ServerActionsTestJSON-2008280333 tempest-ServerActionsTestJSON-2008280333-project] Pushing event updated for resources: {'Port': ['ID=52bed45d-00e9-4fba-ad17-a9f459a6a0df,revision_number=1']} {{(pid=103496) push /opt/stack/neutron/neutron/api/rpc/handlers/resources_rpc.py:237}}
Nov 24 15:08:46.898026 dv-neutron-818889-2-hyperv neutron-server[103496]: DEBUG neutron.db.db_base_plugin_common [None req-ab0afc11-a3be-44cd-8777-05961538e5c6 tempest-ServersTestJSON-334025840 tempest-ServersTestJSON-334025840-project] Allocated IP 172.26.7.216 (db7e65ae-bb4d-4d0a-91c5-fe0b10996fad/b55ce4fc-184f-4980-9328-759d7e1b9050/1775674f-5ec9-4ef2-acf2-d2efba2670b2) {{(pid=103496) _store_ip_allocation /opt/stack/neutron/neutron/db/db_base_plugin_common.py:131}}
Nov 24 15:08:46.943443 dv-neutron-818889-2-hyperv neutron-server[103496]: INFO neutron.wsgi [req-ddd7e6d9-a149-456b-acf1-6f83d523743a req-71cbbd9f-6727-46f9-89c1-ac42bb7ddbe9 tempest-ServersTestManualDisk-12442051 tempest-ServersTestManualDisk-12442051-project] 10.222.0.59 "GET /v2.0/ports?device_id=2e33d611-76ba-4c31-acc2-f47e7cfa5ec5 HTTP/1.1" status: 200 len: 210 time: 0.7749259
Nov 24 15:08:47.088103 dv-neutron-818889-2-hyperv neutron-server[103498]: DEBUG neutron.plugins.ml2.rpc [None req-de27f93e-6d95-483a-93de-33840dd797d6 None None] Device 25648671-937c-4796-8e6d-5f82bc811309 up at agent ovs-agent-dv-neutron-818889-2-hyperv {{(pid=103498) update_device_up /opt/stack/neutron/neutron/plugins/ml2/rpc.py:296}}
Nov 24 15:08:47.123615 dv-neutron-818889-2-hyperv neutron-server[103497]: DEBUG neutron.api.rpc.handlers.resources_rpc [None req-129f5365-2e68-4331-b9b6-ede35b4610b4 admin admin] Pushing event updated for resources: {'SecurityGroup': ['ID=6d579679-f8f4-4250-9315-e6e07a132fa2,revision_number=1']} {{(pid=103497) push /opt/stack/neutron/neutron/api/rpc/handlers/resources_rpc.py:237}}
Nov 24 15:08:47.185310 dv-neutron-818889-2-hyperv neutron-server[103497]: DEBUG neutron.db.db_base_plugin_common [None req-9a548c67-3822-4ff2-a1b6-e2b04829825f tempest-AllowedAddressPairIpV6TestJSON-114734244 tempest-AllowedAddressPairIpV6TestJSON-114734244-project] Allocated IP 2001:db8::28b (f4320515-1f8d-4fbc-92a0-d3d133f1011d/34db8505-3fe7-4fa7-a0de-6c903a24029a/dd342264-5549-453b-999d-076becd2849d) {{(pid=103497) _store_ip_allocation /opt/stack/neutron/neutron/db/db_base_plugin_common.py:131}}
Nov 24 15:08:47.191206 dv-neutron-818889-2-hyperv neutron-server[103497]: DEBUG neutron_lib.callbacks.manager [None req-3b45cab3-3c8a-4ed4-a359-23b0d3050d2b tempest-RoutersIpV6AdminTest-2087119874 tempest-RoutersIpV6AdminTest-2087119874-project-admin] Publish callbacks ['neutron.plugins.ml2.plugin.External_net_db_mixin._before_network_delete_handler-932269'] for network, before_delete {{(pid=103497) _notify_loop /usr/local/lib/python3.8/dist-packages/neutron_lib/callbacks/manager.py:175}}
Nov 24 15:08:47.204992 dv-neutron-818889-2-hyperv neutron-server[103497]: DEBUG neutron_lib.callbacks.manager [None req-35006359-b2a8-4687-a391-3aad1a55db90 admin admin] Publish callbacks [] for security_group, before_create {{(pid=103497) _notify_loop /usr/local/lib/python3.8/dist-packages/neutron_lib/callbacks/manager.py:175}}
Nov 24 15:08:47.242338 dv-neutron-818889-2-hyperv neutron-server[103497]: INFO neutron.wsgi [None req-129f5365-2e68-4331-b9b6-ede35b4610b4 admin admin] 10.222.0.59 "GET /v2.0/security-groups?tenant_id=25b23dfceaf6498388c5997ad5067012&name=default HTTP/1.1" status: 200 len: 2996 time: 0.6702871
